000
CDUS44 KHGX 232127
CLICLL


CLIMATE REPORT
NATIONAL WEATHER SERVICE HOUSTON/GALVESTON TX
424 PM CDT TUE AUG 23 2016


...................................

...THE COLLEGE STATION CLIMATE SUMMARY FOR AUGUST 23 2016...
VALID TODAY AS OF 400 PM LOCAL TIME.

CLIMATE NORMAL PERIOD 1981 TO 2010
CLIMATE RECORD PERIOD 1902 TO 2016


WEATHER ITEM   OBSERVED TIME   RECORD YEAR NORMAL DEPARTURE LAST
                VALUE   (LST)  VALUE       VALUE  FROM      YEAR
                                                  NORMAL
..................................................................
TEMPERATURE (F)
 TODAY
  MAXIMUM         93    251 PM 108    1917  96     -3       99
  MINIMUM         77    353 AM  59    1949  74      3       77
  AVERAGE         85                        85      0       88

PRECIPITATION (IN)
  TODAY            T             1.34 1945   0.10  -0.10     0.00
  MONTH TO DATE    8.12                      1.84   6.28     0.20
  SINCE JUN 1     10.94                      8.43   2.51     5.72
  SINCE JAN 1     36.34                     24.68  11.66    33.49

SNOWFALL (IN)
  TODAY            0.0
  MONTH TO DATE    0.0
  SINCE JUL 1      0.0

DEGREE DAYS
 HEATING
  TODAY            0                         0      0        0
  MONTH TO DATE    0                         0      0        0
  SINCE JUN 1      0                         0      0        0
  SINCE JUL 1      0                         0      0        0

 COOLING
  TODAY           20                        20      0       23
  MONTH TO DATE  457                       478    -21      510
  SINCE JUN 1   1671                      1605     66     1645
  SINCE JAN 1   2227                      2193     34     2216
..................................................................


WIND (MPH)
  HIGHEST WIND SPEED    17   HIGHEST WIND DIRECTION     S (180)
  HIGHEST GUST SPEED    22   HIGHEST GUST DIRECTION    SW (210)
  AVERAGE WIND SPEED    10.5


SKY COVER
  AVERAGE SKY COVER 0.5


WEATHER CONDITIONS
 THE FOLLOWING WEATHER WAS RECORDED TODAY.
  LIGHT RAIN


RELATIVE HUMIDITY (PERCENT)
 HIGHEST   100           400 AM
 LOWEST     52           200 PM
 AVERAGE    76

..........................................................


THE COLLEGE STATION CLIMATE NORMALS FOR TOMORROW
                         NORMAL    RECORD    YEAR
 MAXIMUM TEMPERATURE (F)   96       107      2010
 MINIMUM TEMPERATURE (F)   74        61      1923


SUNRISE AND SUNSET
AUGUST 23 2016........SUNRISE   657 AM CDT   SUNSET   758 PM CDT
AUGUST 24 2016........SUNRISE   658 AM CDT   SUNSET   757 PM CDT


-  INDICATES NEGATIVE NUMBERS.
R  INDICATES RECORD WAS SET OR TIED.
MM INDICATES DATA IS MISSING.
T  INDICATES TRACE AMOUNT.




$$
