000
CDUS44 KHGX 030739
CLICLL


CLIMATE REPORT
NATIONAL WEATHER SERVICE HOUSTON/GALVESTON TX
238 AM CDT TUE MAY 3 2016


...................................

...THE COLLEGE STATION CLIMATE SUMMARY FOR MAY 2 2016...

CLIMATE NORMAL PERIOD 1981 TO 2010
CLIMATE RECORD PERIOD 1902 TO 2016


WEATHER ITEM   OBSERVED TIME   RECORD YEAR NORMAL DEPARTURE LAST
                VALUE   (LST)  VALUE       VALUE  FROM      YEAR
                                                  NORMAL
..................................................................
TEMPERATURE (F)
 YESTERDAY
  MAXIMUM         68    348 PM  95    1964  83    -15       82
  MINIMUM         59   1159 PM  46    1929  63     -4       58
  AVERAGE         64                        73     -9       70

PRECIPITATION (IN)
  YESTERDAY        0.01          2.87 1916   0.13  -0.12     0.00
  MONTH TO DATE    0.01                      0.26  -0.25     0.00
  SINCE MAR 1      9.86                      6.09   3.77    10.63
  SINCE JAN 1     12.48                     12.18   0.30    18.04

SNOWFALL (IN)
  YESTERDAY        0.0
  MONTH TO DATE    0.0
  SINCE JUL 1      0.0

DEGREE DAYS
 HEATING
  YESTERDAY        1                         0      1        0
  MONTH TO DATE    1                         0      1        0
  SINCE MAR 1    100                       219   -119      227
  SINCE JUL 1   1147                      1606   -459     1768

 COOLING
  YESTERDAY        0                         8     -8        5
  MONTH TO DATE   10                        16     -6       10
  SINCE MAR 1    256                       227     29      248
  SINCE JAN 1    281                       255     26      249
..................................................................


WIND (MPH)
  HIGHEST WIND SPEED    21   HIGHEST WIND DIRECTION     N (350)
  HIGHEST GUST SPEED    28   HIGHEST GUST DIRECTION     N (360)
  AVERAGE WIND SPEED    12.8


SKY COVER
  AVERAGE SKY COVER 0.9


WEATHER CONDITIONS
 THE FOLLOWING WEATHER WAS RECORDED YESTERDAY.
  LIGHT RAIN


RELATIVE HUMIDITY (PERCENT)
 HIGHEST    84           200 AM
 LOWEST     67           600 PM
 AVERAGE    76

..........................................................


THE COLLEGE STATION CLIMATE NORMALS FOR TODAY
                         NORMAL    RECORD    YEAR
 MAXIMUM TEMPERATURE (F)   83        93      1920
 MINIMUM TEMPERATURE (F)   63        43      2013


SUNRISE AND SUNSET
MAY  3 2016...........SUNRISE   640 AM CDT   SUNSET   805 PM CDT
MAY  4 2016...........SUNRISE   639 AM CDT   SUNSET   806 PM CDT


-  INDICATES NEGATIVE NUMBERS.
R  INDICATES RECORD WAS SET OR TIED.
MM INDICATES DATA IS MISSING.
T  INDICATES TRACE AMOUNT.




$$
