000
CDUS44 KHGX 010832
CLICLL


CLIMATE REPORT
NATIONAL WEATHER SERVICE HOUSTON/GALVESTON TX
221 AM CST SUN MAR 1 2015


...................................

...THE COLLEGE STATION CLIMATE SUMMARY FOR FEBRUARY 28 2015...

CLIMATE NORMAL PERIOD 1981 TO 2010
CLIMATE RECORD PERIOD 1902 TO 2015


WEATHER ITEM   OBSERVED TIME   RECORD YEAR NORMAL DEPARTURE LAST
                VALUE   (LST)  VALUE       VALUE  FROM      YEAR
                                                  NORMAL
..................................................................
TEMPERATURE (F)
 YESTERDAY
  MAXIMUM         49    513 PM  88    1932  68    -19       72
  MINIMUM         37    816 AM  28    1962  47    -10       41
  AVERAGE         43                        58    -15       57

PRECIPITATION (IN)
  YESTERDAY        0.01          1.01 1914   0.10  -0.09     0.00
  MONTH TO DATE    0.75                      2.85  -2.10     0.89
  SINCE DEC 1      9.98                      9.32   0.66     2.94
  SINCE JAN 1      7.41                      6.09   1.32     2.18

SNOWFALL (IN)
  YESTERDAY       MM
  MONTH TO DATE    T
  SINCE JUL 1      T

DEGREE DAYS
 HEATING
  YESTERDAY       22                         9     13        8
  MONTH TO DATE  397                       309     88      375
  SINCE DEC 1   1246                      1162     84     1422
  SINCE JUL 1   1541                      1387    154     1724

 COOLING
  YESTERDAY        0                         1     -1        0
  MONTH TO DATE    1                        17    -16       21
  SINCE DEC 1     11                        44    -33       35
  SINCE JAN 1      1                        28    -27       21
..................................................................


WIND (MPH)
  HIGHEST WIND SPEED    13   HIGHEST WIND DIRECTION    NE (60)
  HIGHEST GUST SPEED    17   HIGHEST GUST DIRECTION    NE (60)
  AVERAGE WIND SPEED     7.1


SKY COVER
  AVERAGE SKY COVER 1.0


WEATHER CONDITIONS
 THE FOLLOWING WEATHER WAS RECORDED YESTERDAY.
  LIGHT RAIN
  FOG


RELATIVE HUMIDITY (PERCENT)
 HIGHEST    82          1100 PM
 LOWEST     60           100 PM
 AVERAGE    71

..........................................................


THE COLLEGE STATION CLIMATE NORMALS FOR TODAY
                         NORMAL    RECORD    YEAR
 MAXIMUM TEMPERATURE (F)   68        85      1916
 MINIMUM TEMPERATURE (F)   48        24      1980


SUNRISE AND SUNSET
MARCH  1 2015.........SUNRISE   652 AM CST   SUNSET   624 PM CST
MARCH  2 2015.........SUNRISE   651 AM CST   SUNSET   625 PM CST


-  INDICATES NEGATIVE NUMBERS.
R  INDICATES RECORD WAS SET OR TIED.
MM INDICATES DATA IS MISSING.
T  INDICATES TRACE AMOUNT.




$$
