000
CDUS44 KHGX 062117
CLICLL


CLIMATE REPORT
NATIONAL WEATHER SERVICE HOUSTON/GALVESTON TX
416 PM CDT MON JUL 6 2015


...................................

...THE COLLEGE STATION CLIMATE SUMMARY FOR JULY 6 2015...
VALID TODAY AS OF 400 PM LOCAL TIME.

CLIMATE NORMAL PERIOD 1981 TO 2010
CLIMATE RECORD PERIOD 1902 TO 2015


WEATHER ITEM   OBSERVED TIME   RECORD YEAR NORMAL DEPARTURE LAST
                VALUE   (LST)  VALUE       VALUE  FROM      YEAR
                                                  NORMAL
..................................................................
TEMPERATURE (F)
 TODAY
  MAXIMUM         92    240 PM 103    1939  94     -2       91
  MINIMUM         78    623 AM  63    1924  75      3       72
  AVERAGE         85                        84      1       82

PRECIPITATION (IN)
  TODAY            0.00          3.13 1958   0.09  -0.09     0.05
  MONTH TO DATE    0.20                      0.52  -0.32     0.16
  SINCE JUN 1      5.41                      4.97   0.44     1.77
  SINCE JAN 1     33.18                     21.22  11.96    15.80

SNOWFALL (IN)
  TODAY            0.0
  MONTH TO DATE    0.0
  SINCE JUL 1      0.0

DEGREE DAYS
 HEATING
  TODAY            0                         0      0        0
  MONTH TO DATE    0                         0      0        0
  SINCE JUN 1      0                         0      0        0
  SINCE JUL 1      0                         0      0        0

 COOLING
  TODAY           20                        19      1       17
  MONTH TO DATE  109                       114     -5      106
  SINCE JUN 1    614                       630    -16      633
  SINCE JAN 1   1185                      1218    -33     1120
..................................................................


WIND (MPH)
  HIGHEST WIND SPEED    22   HIGHEST WIND DIRECTION     S (170)
  HIGHEST GUST SPEED    27   HIGHEST GUST DIRECTION     S (160)
  AVERAGE WIND SPEED    12.1


SKY COVER
  AVERAGE SKY COVER 0.6


WEATHER CONDITIONS
 THE FOLLOWING WEATHER WAS RECORDED TODAY.
  FOG


RELATIVE HUMIDITY (PERCENT)
 HIGHEST    91           100 AM
 LOWEST     49           200 PM
 AVERAGE    70

..........................................................


THE COLLEGE STATION CLIMATE NORMALS FOR TOMORROW
                         NORMAL    RECORD    YEAR
 MAXIMUM TEMPERATURE (F)   94       104      1939
 MINIMUM TEMPERATURE (F)   75        64      1968


SUNRISE AND SUNSET
JULY  6 2015..........SUNRISE   629 AM CDT   SUNSET   832 PM CDT
JULY  7 2015..........SUNRISE   629 AM CDT   SUNSET   831 PM CDT


-  INDICATES NEGATIVE NUMBERS.
R  INDICATES RECORD WAS SET OR TIED.
MM INDICATES DATA IS MISSING.
T  INDICATES TRACE AMOUNT.




$$
