000
CDUS44 KHGX 272123
CLICLL


CLIMATE REPORT
NATIONAL WEATHER SERVICE HOUSTON/GALVESTON TX
421 PM CDT WED JUL 27 2016


...................................

...THE COLLEGE STATION CLIMATE SUMMARY FOR JULY 27 2016...
VALID TODAY AS OF 400 PM LOCAL TIME.

CLIMATE NORMAL PERIOD 1981 TO 2010
CLIMATE RECORD PERIOD 1902 TO 2016


WEATHER ITEM   OBSERVED TIME   RECORD YEAR NORMAL DEPARTURE LAST
                VALUE   (LST)  VALUE       VALUE  FROM      YEAR
                                                  NORMAL
..................................................................
TEMPERATURE (F)
 TODAY
  MAXIMUM         91   1006 AM 104    1944  96     -5       97
  MINIMUM         75    550 AM  67    1911  75      0       77
  AVERAGE         83                        85     -2       87

PRECIPITATION (IN)
  TODAY            0.18          1.32 1971   0.06   0.12     0.00
  MONTH TO DATE    0.24                      1.89  -1.65     0.20
  SINCE JUN 1      2.82                      6.34  -3.52     5.41
  SINCE JAN 1     28.22                     22.59   5.63    33.18

SNOWFALL (IN)
  TODAY            0.0
  MONTH TO DATE    0.0
  SINCE JUL 1      0.0

DEGREE DAYS
 HEATING
  TODAY            0                         0      0        0
  MONTH TO DATE    0                         0      0        0
  SINCE JUN 1      0                         0      0        0
  SINCE JUL 1      0                         0      0        0

 COOLING
  TODAY           18                        20     -2       22
  MONTH TO DATE  593                       529     64      537
  SINCE JUN 1   1129                      1045     84     1042
  SINCE JAN 1   1685                      1633     52     1613
..................................................................


WIND (MPH)
  HIGHEST WIND SPEED    24   HIGHEST WIND DIRECTION    SW (240)
  HIGHEST GUST SPEED    29   HIGHEST GUST DIRECTION     W (250)
  AVERAGE WIND SPEED     5.0


SKY COVER
  AVERAGE SKY COVER 0.4


WEATHER CONDITIONS
 THE FOLLOWING WEATHER WAS RECORDED TODAY.
  THUNDERSTORM
  HEAVY RAIN
  RAIN
  LIGHT RAIN
  FOG
  HAZE


RELATIVE HUMIDITY (PERCENT)
 HIGHEST   100           600 AM
 LOWEST     68          1000 AM
 AVERAGE    84

..........................................................


THE COLLEGE STATION CLIMATE NORMALS FOR TOMORROW
                         NORMAL    RECORD    YEAR
 MAXIMUM TEMPERATURE (F)   96       105      1995
 MINIMUM TEMPERATURE (F)   75        64      1994


SUNRISE AND SUNSET
JULY 27 2016..........SUNRISE   641 AM CDT   SUNSET   823 PM CDT
JULY 28 2016..........SUNRISE   641 AM CDT   SUNSET   822 PM CDT


-  INDICATES NEGATIVE NUMBERS.
R  INDICATES RECORD WAS SET OR TIED.
MM INDICATES DATA IS MISSING.
T  INDICATES TRACE AMOUNT.




$$
