000
CDUS44 KHGX 300717
CLICLL


CLIMATE REPORT
NATIONAL WEATHER SERVICE HOUSTON/GALVESTON TX
217 AM CDT THU OCT 30 2014


...................................

...THE COLLEGE STATION CLIMATE SUMMARY FOR OCTOBER 29 2014...

CLIMATE NORMAL PERIOD 1981 TO 2010
CLIMATE RECORD PERIOD 1902 TO 2014


WEATHER ITEM   OBSERVED TIME   RECORD YEAR NORMAL DEPARTURE LAST
                VALUE   (LST)  VALUE       VALUE  FROM      YEAR
                                                  NORMAL
..................................................................
TEMPERATURE (F)
 YESTERDAY
  MAXIMUM         77    429 PM  90    1938  77      0       84
  MINIMUM         61   1159 PM  32    1910  57      4       69
  AVERAGE         69                        67      2       77

PRECIPITATION (IN)
  YESTERDAY        0.00          2.04 1976   0.15  -0.15     0.00
  MONTH TO DATE    1.81                      4.65  -2.84     7.10
  SINCE SEP 1      8.38                      7.83   0.55    12.29
  SINCE JAN 1     31.15                     33.35  -2.20    32.02

SNOWFALL (IN)
  YESTERDAY        0.0
  MONTH TO DATE    0.0
  SINCE JUL 1      0.0

DEGREE DAYS
 HEATING
  YESTERDAY        0                         3     -3        0
  MONTH TO DATE    1                        27    -26       19
  SINCE SEP 1      1                        29    -28       19
  SINCE JUL 1      1                        29    -28       19

 COOLING
  YESTERDAY        4                         5     -1       12
  MONTH TO DATE  230                       208     22      183
  SINCE SEP 1    703                       658     45      739
  SINCE JAN 1   2910                      3004    -94     3216
..................................................................


WIND (MPH)
  HIGHEST WIND SPEED    16   HIGHEST WIND DIRECTION    NE (30)
  HIGHEST GUST SPEED    20   HIGHEST GUST DIRECTION     N (20)
  AVERAGE WIND SPEED     6.8


SKY COVER
  AVERAGE SKY COVER 0.6


WEATHER CONDITIONS
 THE FOLLOWING WEATHER WAS RECORDED YESTERDAY.
  FOG


RELATIVE HUMIDITY (PERCENT)
 HIGHEST    93           500 AM
 LOWEST     60           400 PM
 AVERAGE    77

..........................................................


THE COLLEGE STATION CLIMATE NORMALS FOR TODAY
                         NORMAL    RECORD    YEAR
 MAXIMUM TEMPERATURE (F)   77        96      1927
 MINIMUM TEMPERATURE (F)   56        29      1917


SUNRISE AND SUNSET
OCTOBER 30 2014.......SUNRISE   739 AM CDT   SUNSET   639 PM CDT
OCTOBER 31 2014.......SUNRISE   739 AM CDT   SUNSET   638 PM CDT


-  INDICATES NEGATIVE NUMBERS.
R  INDICATES RECORD WAS SET OR TIED.
MM INDICATES DATA IS MISSING.
T  INDICATES TRACE AMOUNT.




$$
