000
CDUS42 KGSP 250631
CLICLT

CLIMATE REPORT
NATIONAL WEATHER SERVICE GREENVILLE-SPARTANBURG SC
229 AM EDT SUN SEP 25 2016


...................................

...THE CHARLOTTE NC CLIMATE SUMMARY FOR SEPTEMBER 24 2016...

CLIMATE NORMAL PERIOD 1981 TO 2010
CLIMATE RECORD PERIOD 1878 TO 2016


WEATHER ITEM   OBSERVED TIME   RECORD YEAR NORMAL DEPARTURE LAST
                VALUE   (LST)  VALUE       VALUE  FROM      YEAR
                                                  NORMAL
..................................................................
TEMPERATURE (F)
 YESTERDAY
  MAXIMUM         93    402 PM  95    1895  79     14       73
  MINIMUM         63    632 AM  43    1999  57      6       61
  AVERAGE         78                        68     10       67

PRECIPITATION (IN)
  YESTERDAY        0.00          3.89 1947   0.10  -0.10     0.28
  MONTH TO DATE    1.26                      2.56  -1.30     1.46
  SINCE SEP 1      1.26                      2.56  -1.30     1.46
  SINCE JAN 1     22.80                     31.16  -8.36    23.88

SNOWFALL (IN)
  YESTERDAY        0.0           0.0    MM   0.0    0.0      0.0
  MONTH TO DATE    0.0                       0.0    0.0      0.0
  SINCE SEP 1      0.0                       0.0    0.0      0.0
  SINCE JUL 1      0.0                       0.0    0.0      0.0
  SNOW DEPTH       0

DEGREE DAYS
 HEATING
  YESTERDAY        0                         1     -1        0
  MONTH TO DATE    0                         9     -9        4
  SINCE SEP 1      0                         9     -9        4
  SINCE JUL 1      0                         9     -9        4

 COOLING
  YESTERDAY       13                         4      9        2
  MONTH TO DATE  300                       177    123      214
  SINCE SEP 1    300                       177    123      214
  SINCE JAN 1   2067                      1454    613     1955
..................................................................


WIND (MPH)
  HIGHEST WIND SPEED    10   HIGHEST WIND DIRECTION     S (170)
  HIGHEST GUST SPEED    13   HIGHEST GUST DIRECTION    NE (60)
  AVERAGE WIND SPEED     3.6


SKY COVER
  POSSIBLE SUNSHINE  MM
  AVERAGE SKY COVER 0.1


WEATHER CONDITIONS
 THE FOLLOWING WEATHER WAS RECORDED YESTERDAY.
  NO SIGNIFICANT WEATHER WAS OBSERVED.


RELATIVE HUMIDITY (PERCENT)
 HIGHEST    93          1200 AM
 LOWEST     32           300 PM
 AVERAGE    63

..........................................................


THE CHARLOTTE NC CLIMATE NORMALS FOR TODAY
                         NORMAL    RECORD    YEAR
 MAXIMUM TEMPERATURE (F)   78        94      2010
                                             1961
 MINIMUM TEMPERATURE (F)   57        40      1887


SUNRISE AND SUNSET
SEPTEMBER 25 2016.....SUNRISE   714 AM EDT   SUNSET   716 PM EDT
SEPTEMBER 26 2016.....SUNRISE   715 AM EDT   SUNSET   714 PM EDT


-  INDICATES NEGATIVE NUMBERS.
R  INDICATES RECORD WAS SET OR TIED.
MM INDICATES DATA IS MISSING.
T  INDICATES TRACE AMOUNT.




$$
