000
CDUS42 KGSP 242031
CLICLT

CLIMATE REPORT
NATIONAL WEATHER SERVICE GREENVILLE-SPARTANBURG SC
429 PM EDT SAT JUN 24 2017


...................................

...THE CHARLOTTE NC CLIMATE SUMMARY FOR JUNE 24 2017...
VALID TODAY AS OF 0400 PM LOCAL TIME.

CLIMATE NORMAL PERIOD 1981 TO 2010
CLIMATE RECORD PERIOD 1878 TO 2017


WEATHER ITEM   OBSERVED TIME   RECORD YEAR NORMAL DEPARTURE LAST
                VALUE   (LST)  VALUE       VALUE  FROM      YEAR
                                                  NORMAL
..................................................................
TEMPERATURE (F)
 TODAY
  MAXIMUM         85    215 PM 102    1930  88     -3       94
  MINIMUM         73    529 AM  55    1972  66      7       71
                                      1936
  AVERAGE         79                        77      2       83

PRECIPITATION (IN)
  TODAY            T             1.25 1980   0.12  -0.12     0.00
  MONTH TO DATE    3.90                      3.08   0.82     1.24
  SINCE JUN 1      3.90                      3.08   0.82     1.24
  SINCE JAN 1     24.82                     20.04   4.78    16.53

SNOWFALL (IN)
  TODAY            0.0           0.0    MM   0.0    0.0      0.0
  MONTH TO DATE    0.0                       0.0    0.0      0.0
  SINCE JUN 1      0.0                       0.0    0.0      0.0
  SINCE JUL 1      2.2                       4.3   -2.1      3.3
  SNOW DEPTH       0

DEGREE DAYS
 HEATING
  TODAY            0                         0      0        0
  MONTH TO DATE    0                         0      0        0
  SINCE JUN 1      0                         0      0        0
  SINCE JUL 1   2392                      3385   -993     2568

 COOLING
  TODAY           14                        12      2       18
  MONTH TO DATE  282                       235     47      323
  SINCE JUN 1    282                       235     47      323
  SINCE JAN 1    585                       398    187      568
..................................................................


WIND (MPH)
  HIGHEST WIND SPEED    13   HIGHEST WIND DIRECTION    SW (220)
  HIGHEST GUST SPEED    17   HIGHEST GUST DIRECTION    SW (230)
  AVERAGE WIND SPEED     7.3


SKY COVER
  POSSIBLE SUNSHINE  MM
  AVERAGE SKY COVER 0.7


WEATHER CONDITIONS
 THE FOLLOWING WEATHER WAS RECORDED TODAY.
  THUNDERSTORM
  HEAVY RAIN
  LIGHT RAIN
  FOG


RELATIVE HUMIDITY (PERCENT)
 HIGHEST    87           200 AM
 LOWEST     65           200 PM
 AVERAGE    76

..........................................................


THE CHARLOTTE NC CLIMATE NORMALS FOR TOMORROW
                         NORMAL    RECORD    YEAR
 MAXIMUM TEMPERATURE (F)   88       102      1914
 MINIMUM TEMPERATURE (F)   67        53      1889


SUNRISE AND SUNSET
JUNE 24 2017..........SUNRISE   610 AM EDT   SUNSET   842 PM EDT
JUNE 25 2017..........SUNRISE   611 AM EDT   SUNSET   842 PM EDT


-  INDICATES NEGATIVE NUMBERS.
R  INDICATES RECORD WAS SET OR TIED.
MM INDICATES DATA IS MISSING.
T  INDICATES TRACE AMOUNT.

$$
