000
CDUS42 KGSP 240634
CLICLT

CLIMATE REPORT
NATIONAL WEATHER SERVICE GREENVILLE-SPARTANBURG SC
232 AM EDT THU JUL 24 2014


...................................

...THE CHARLOTTE NC CLIMATE SUMMARY FOR JULY 23 2014...

CLIMATE NORMAL PERIOD 1981 TO 2010
CLIMATE RECORD PERIOD 1878 TO 2014


WEATHER ITEM   OBSERVED TIME   RECORD YEAR NORMAL DEPARTURE LAST
                VALUE   (LST)  VALUE       VALUE  FROM      YEAR
                                                  NORMAL
..................................................................
TEMPERATURE (F)
 YESTERDAY
  MAXIMUM         90    422 PM 101    1987  89      1       88
                                      1952
  MINIMUM         69    505 AM  56    2007  68      1       73
  AVERAGE         80                        79      1       81

PRECIPITATION (IN)
  YESTERDAY        0.00          6.88 1997   0.13  -0.13      T
  MONTH TO DATE    2.63                      2.62   0.01     5.92
  SINCE JUN 1      5.48                      6.36  -0.88    13.23
  SINCE JAN 1     28.27                     23.32   4.95    31.98

SNOWFALL (IN)
  YESTERDAY        0.0           0.0    MM   0.0    0.0      0.0
  MONTH TO DATE    0.0                       0.0    0.0      0.0
  SINCE JUN 1      0.0                       0.0    0.0      0.0
  SINCE JUL 1      0.0                       0.0    0.0      0.0
  SNOW DEPTH       0

DEGREE DAYS
 HEATING
  YESTERDAY        0                         0      0        0
  MONTH TO DATE    0                         0      0        0
  SINCE JUN 1      0                         3     -3        0
  SINCE JUL 1      0                         0      0        0

 COOLING
  YESTERDAY       15                        14      1       16
  MONTH TO DATE  302                       315    -13      317
  SINCE JUN 1    675                       626     49      664
  SINCE JAN 1    903                       789    114      833
..................................................................


WIND (MPH)
  HIGHEST WIND SPEED    10   HIGHEST WIND DIRECTION    SW (220)
  HIGHEST GUST SPEED    15   HIGHEST GUST DIRECTION    SW (220)
  AVERAGE WIND SPEED     2.5


SKY COVER
  POSSIBLE SUNSHINE  MM
  AVERAGE SKY COVER 0.5


WEATHER CONDITIONS
 THE FOLLOWING WEATHER WAS RECORDED YESTERDAY.
  FOG


RELATIVE HUMIDITY (PERCENT)
 HIGHEST    93          1200 AM
 LOWEST     50           300 PM
 AVERAGE    72

..........................................................


THE CHARLOTTE NC CLIMATE NORMALS FOR TODAY
                         NORMAL    RECORD    YEAR
 MAXIMUM TEMPERATURE (F)   89       100      1983
                                             1952
 MINIMUM TEMPERATURE (F)   68        59      1947


SUNRISE AND SUNSET
JULY 24 2014..........SUNRISE   627 AM EDT   SUNSET   833 PM EDT
JULY 25 2014..........SUNRISE   628 AM EDT   SUNSET   833 PM EDT


-  INDICATES NEGATIVE NUMBERS.
R  INDICATES RECORD WAS SET OR TIED.
MM INDICATES DATA IS MISSING.
T  INDICATES TRACE AMOUNT.




$$
