000
CDUS42 KGSP 150634
CLICLT

CLIMATE REPORT
NATIONAL WEATHER SERVICE GREENVILLE-SPARTANBURG SC
130 AM EST FRI DEC 15 2017


...................................

...THE CHARLOTTE NC CLIMATE SUMMARY FOR DECEMBER 14 2017...

CLIMATE NORMAL PERIOD 1981 TO 2010
CLIMATE RECORD PERIOD 1878 TO 2017


WEATHER ITEM   OBSERVED TIME   RECORD YEAR NORMAL DEPARTURE LAST
                VALUE   (LST)  VALUE       VALUE  FROM      YEAR
                                                  NORMAL
..................................................................
TEMPERATURE (F)
 YESTERDAY
  MAXIMUM         59    347 PM  73    1948  53      6       52
                                      1889
  MINIMUM         34    737 AM  12    1962  32      2       32
  AVERAGE         47                        42      5       42

PRECIPITATION (IN)
  YESTERDAY        0.00          2.38 1879   0.10  -0.10      T
  MONTH TO DATE    1.21                      1.49  -0.28     1.64
  SINCE DEC 1      1.21                      1.49  -0.28     1.64
  SINCE JAN 1     43.78                     39.87   3.91    32.28

SNOWFALL (IN)
  YESTERDAY        0.0           2.9  1958   0.0    0.0      0.0
  MONTH TO DATE    0.1                       0.0    0.1      0.0
  SINCE DEC 1      0.1                       0.0    0.1      0.0
  SINCE JUL 1      0.1                       0.1    0.0      0.0
  SNOW DEPTH       0

DEGREE DAYS
 HEATING
  YESTERDAY       18                        23     -5       23
  MONTH TO DATE  260                       293    -33      302
  SINCE DEC 1    260                       293    -33      302
  SINCE JUL 1    786                       929   -143      720

 COOLING
  YESTERDAY        0                         0      0        0
  MONTH TO DATE    0                         0      0        0
  SINCE DEC 1      0                         0      0        0
  SINCE JAN 1   1905                      1517    388     2193
..................................................................


WIND (MPH)
  HIGHEST WIND SPEED    14   HIGHEST WIND DIRECTION     W (250)
  HIGHEST GUST SPEED    20   HIGHEST GUST DIRECTION    SW (240)
  AVERAGE WIND SPEED     5.4


SKY COVER
  POSSIBLE SUNSHINE  MM
  AVERAGE SKY COVER 0.2


WEATHER CONDITIONS
 THE FOLLOWING WEATHER WAS RECORDED YESTERDAY.
  NO SIGNIFICANT WEATHER WAS OBSERVED.


RELATIVE HUMIDITY (PERCENT)
 HIGHEST    56           700 AM
 LOWEST     30           200 PM
 AVERAGE    43

..........................................................


THE CHARLOTTE NC CLIMATE NORMALS FOR TODAY
                         NORMAL    RECORD    YEAR
 MAXIMUM TEMPERATURE (F)   53        76      2015
 MINIMUM TEMPERATURE (F)   32        10      2010


SUNRISE AND SUNSET
DECEMBER 15 2017......SUNRISE   725 AM EST   SUNSET   513 PM EST
DECEMBER 16 2017......SUNRISE   726 AM EST   SUNSET   513 PM EST


-  INDICATES NEGATIVE NUMBERS.
R  INDICATES RECORD WAS SET OR TIED.
MM INDICATES DATA IS MISSING.
T  INDICATES TRACE AMOUNT.




$$
