000
CDUS42 KGSP 262140 RRA
CLICLT

CLIMATE REPORT
NATIONAL WEATHER SERVICE GREENVILLE-SPARTANBURG SC
440 PM EST MON JAN 26 2015


...................................

...THE CHARLOTTE NC CLIMATE SUMMARY FOR JANUARY 26 2015...
VALID TODAY AS OF 0440 PM LOCAL TIME.

CLIMATE NORMAL PERIOD 1981 TO 2010
CLIMATE RECORD PERIOD 1878 TO 2015


WEATHER ITEM   OBSERVED TIME   RECORD YEAR NORMAL DEPARTURE LAST
                VALUE   (LST)  VALUE       VALUE  FROM      YEAR
                                                  NORMAL
..................................................................
TEMPERATURE (F)
 TODAY
  MAXIMUM         53    237 PM  75    1950  51      2       53
  MINIMUM         38    717 AM   8    1940  30      8       22
  AVERAGE         46                        41      5       38

PRECIPITATION (IN)
  TODAY            0.01          1.43 1920   0.10  -0.09     0.00
  MONTH TO DATE    2.80                      2.88  -0.08     2.80
  SINCE DEC 1      5.37                      6.13  -0.76     9.93
  SINCE JAN 1      2.80                      2.88  -0.08     2.80

SNOWFALL (IN)
  TODAY            0.0           4.5  1921   0.1   -0.1      0.0
  MONTH TO DATE    0.0                       1.8   -1.8      0.0
  SINCE DEC 1      0.0                       2.1   -2.1      0.0
  SINCE JUL 1      T                         2.2   -2.2       T
  SNOW DEPTH       0

DEGREE DAYS
 HEATING
  TODAY           19                        24     -5       27
  MONTH TO DATE  619                       648    -29      741
  SINCE DEC 1   1209                      1349   -140     1318
  SINCE JUL 1   1867                      1985   -118     1968

 COOLING
  TODAY            0                         0      0        0
  MONTH TO DATE    0                         0      0        0
  SINCE DEC 1      0                         1     -1        8
  SINCE JAN 1      0                         0      0        0
..................................................................


WIND (MPH)
  HIGHEST WIND SPEED    10   HIGHEST WIND DIRECTION    NW (330)
  HIGHEST GUST SPEED    14   HIGHEST GUST DIRECTION    NW (320)
  AVERAGE WIND SPEED     4.7


SKY COVER
  POSSIBLE SUNSHINE  MM
  AVERAGE SKY COVER 0.9


WEATHER CONDITIONS
 THE FOLLOWING WEATHER WAS RECORDED TODAY.
  LIGHT RAIN


RELATIVE HUMIDITY (PERCENT)
 HIGHEST    79           800 AM
 LOWEST     48           300 PM
 AVERAGE    64

..........................................................


THE CHARLOTTE NC CLIMATE NORMALS FOR TOMORROW
                         NORMAL    RECORD    YEAR
 MAXIMUM TEMPERATURE (F)   52        75      1890
 MINIMUM TEMPERATURE (F)   30         6      1940


SUNRISE AND SUNSET
JANUARY 26 2015.......SUNRISE   727 AM EST   SUNSET   546 PM EST
JANUARY 27 2015.......SUNRISE   727 AM EST   SUNSET   547 PM EST


-  INDICATES NEGATIVE NUMBERS.
R  INDICATES RECORD WAS SET OR TIED.
MM INDICATES DATA IS MISSING.
T  INDICATES TRACE AMOUNT.

$$

OUTLAW
