000
CDUS42 KGSP 280651
CLICLT

CLIMATE REPORT
NATIONAL WEATHER SERVICE GREENVILLE-SPARTANBURG SC
151 AM EST TUE FEB 28 2017


...................................

...THE CHARLOTTE NC CLIMATE SUMMARY FOR FEBRUARY 27 2017...

CLIMATE NORMAL PERIOD 1981 TO 2010
CLIMATE RECORD PERIOD 1878 TO 2017


WEATHER ITEM   OBSERVED TIME   RECORD YEAR NORMAL DEPARTURE LAST
                VALUE   (LST)  VALUE       VALUE  FROM      YEAR
                                                  NORMAL
..................................................................
TEMPERATURE (F)
 YESTERDAY
  MAXIMUM         64    348 PM  82    2011  58      6       56
  MINIMUM         34    653 AM   7    1963  35     -1       24
  AVERAGE         49                        47      2       40

PRECIPITATION (IN)
  YESTERDAY        0.00          1.70 1929   0.13  -0.13     0.00
  MONTH TO DATE    1.17                      3.19  -2.02     4.50
  SINCE DEC 1      9.80                      9.85  -0.05    15.48
  SINCE JAN 1      6.89                      6.60   0.29     6.78

SNOWFALL (IN)
  YESTERDAY        0.0           2.5  1924   0.1   -0.1      0.0
  MONTH TO DATE    0.0                       1.2   -1.2       T
  SINCE DEC 1      1.1                       3.6   -2.5      3.3
  SINCE JUL 1      1.1                       3.7   -2.6      3.3
  SNOW DEPTH       0

DEGREE DAYS
 HEATING
  YESTERDAY       16                        18     -2       25
  MONTH TO DATE  315                       574   -259      568
  SINCE DEC 1   1474                      2045   -571     1656
  SINCE JUL 1   1892                      2681   -789     2122

 COOLING
  YESTERDAY        0                         0      0        0
  MONTH TO DATE    5                         0      5        0
  SINCE DEC 1      5                         1      4       12
  SINCE JAN 1      5                         0      5        0
..................................................................


WIND (MPH)
  HIGHEST WIND SPEED    17   HIGHEST WIND DIRECTION     S (160)
  HIGHEST GUST SPEED    21   HIGHEST GUST DIRECTION    SE (150)
  AVERAGE WIND SPEED     6.9


SKY COVER
  POSSIBLE SUNSHINE  MM
  AVERAGE SKY COVER 0.7


WEATHER CONDITIONS
 THE FOLLOWING WEATHER WAS RECORDED YESTERDAY.
  NO SIGNIFICANT WEATHER WAS OBSERVED.


RELATIVE HUMIDITY (PERCENT)
 HIGHEST    75           700 AM
 LOWEST     23           300 PM
 AVERAGE    49

..........................................................


THE CHARLOTTE NC CLIMATE NORMALS FOR TODAY
                         NORMAL    RECORD    YEAR
 MAXIMUM TEMPERATURE (F)   58        78      2011
                                             1962
                                             1948
 MINIMUM TEMPERATURE (F)   36        14      2002


SUNRISE AND SUNSET
FEBRUARY 28 2017......SUNRISE   654 AM EST   SUNSET   619 PM EST
MARCH  1 2017.........SUNRISE   653 AM EST   SUNSET   620 PM EST


-  INDICATES NEGATIVE NUMBERS.
R  INDICATES RECORD WAS SET OR TIED.
MM INDICATES DATA IS MISSING.
T  INDICATES TRACE AMOUNT.

$$

OUTLAW
