706
CDUS42 KGSP 272047
CLICLT

CLIMATE REPORT
NATIONAL WEATHER SERVICE GREENVILLE-SPARTANBURG SC
446 PM EDT FRI MAY 27 2016

...................................

...THE CHARLOTTE NC CLIMATE SUMMARY FOR MAY 27 2016...
VALID TODAY AS OF 430 PM LOCAL TIME.

CLIMATE NORMAL PERIOD 1981 TO 2010
CLIMATE RECORD PERIOD 1878 TO 2016

WEATHER ITEM   OBSERVED TIME   RECORD YEAR NORMAL DEPARTURE LAST
                VALUE   (LST)  VALUE       VALUE  FROM      YEAR
                                                  NORMAL
..................................................................
TEMPERATURE (F)
 TODAY
  MAXIMUM         84    330 PM  96    1916  82      2       84
  MINIMUM         65    551 AM  41    1961  59      6       65
  AVERAGE         75                        70      5       75

PRECIPITATION (IN)
  TODAY            0.00          1.55 1981   0.11  -0.11      T
  MONTH TO DATE    4.90                      2.71   2.19     0.32
  SINCE MAR 1      7.78                      9.76  -1.98     8.65
  SINCE JAN 1     14.56                     16.49  -1.93    14.47

SNOWFALL (IN)
  TODAY            0.0           0.0    MM   0.0    0.0      0.0
  MONTH TO DATE    0.0                       0.0    0.0      0.0
  SINCE MAR 1      0.0                       0.6   -0.6      0.0
  SINCE JUL 1      3.3                       4.3   -1.0      3.1
  SNOW DEPTH       0

DEGREE DAYS
 HEATING
  TODAY            0                         1     -1        0
  MONTH TO DATE   43                        51     -8       15
  SINCE MAR 1    426                       684   -258      483
  SINCE JUL 1   2568                      3383   -815     3254

 COOLING
  TODAY           10                         6      4       10
  MONTH TO DATE  110                        99     11      180
  SINCE MAR 1    208                       136     72      243
  SINCE JAN 1    208                       136     72      243
..................................................................

WIND (MPH)
  HIGHEST WIND SPEED    12   HIGHEST WIND DIRECTION     S (180)
  HIGHEST GUST SPEED    28   HIGHEST GUST DIRECTION    SW (210)
  AVERAGE WIND SPEED     6.9

SKY COVER
  POSSIBLE SUNSHINE  MM
  AVERAGE SKY COVER 0.3

WEATHER CONDITIONS
 THE FOLLOWING WEATHER WAS RECORDED TODAY.
  NO SIGNIFICANT WEATHER WAS OBSERVED.

RELATIVE HUMIDITY (PERCENT)
 HIGHEST    81           400 AM
 LOWEST     48           300 PM
 AVERAGE    65

..........................................................

THE CHARLOTTE NC CLIMATE NORMALS FOR TOMORROW
                         NORMAL    RECORD    YEAR
 MAXIMUM TEMPERATURE (F)   82        97      1941
 MINIMUM TEMPERATURE (F)   60        42      1961

SUNRISE AND SUNSET
MAY 27 2016...........SUNRISE   612 AM EDT   SUNSET   830 PM EDT
MAY 28 2016...........SUNRISE   612 AM EDT   SUNSET   831 PM EDT

-  INDICATES NEGATIVE NUMBERS.
R  INDICATES RECORD WAS SET OR TIED.
MM INDICATES DATA IS MISSING.
T  INDICATES TRACE AMOUNT.

$$

JMP
