000
CDUS46 KLOX 060312
CLICMA


CLIMATE REPORT
NATIONAL WEATHER SERVICE LOS ANGELES/OXNARD CA
711 PM PST THU MAR 5 2015


...................................

...THE CAMARILLO CLIMATE SUMMARY FOR MARCH 5 2015...
VALID TODAY AS OF 0700 PM LOCAL TIME.

CLIMATE NORMAL PERIOD 1981 TO 2010
CLIMATE RECORD PERIOD 1948 TO 2015


WEATHER ITEM   OBSERVED TIME   RECORD YEAR NORMAL DEPARTURE LAST
                VALUE   (LST)  VALUE       VALUE  FROM      YEAR
                                                  NORMAL
..................................................................
TEMPERATURE (F)
 TODAY
  MAXIMUM         79    157 PM  84    1953  65     14       67
  MINIMUM         45   1237 AM  34    1967  45      0       56
  AVERAGE         62                        55      7       62

PRECIPITATION (IN)
  TODAY            0.00          2.00 2001   0.16  -0.16     0.00
  MONTH TO DATE    0.52                      0.91  -0.39     0.71
  SINCE OCT 1      8.01                     12.09  -4.08     4.81
  SINCE JAN 1      3.10                      8.09  -4.99     4.03

SNOWFALL (IN)
  TODAY            0.0
  MONTH TO DATE    0.0
  SINCE MAR 1      0.0
  SINCE JUL 1      0.0

DEGREE DAYS
 HEATING
  TODAY            3                        10     -7        3
  MONTH TO DATE   40                        51    -11       28
  SINCE MAR 1     40                        51    -11       28
  SINCE JUL 1    697                      1387   -690      981

 COOLING
  TODAY            0                         0      0        0
  MONTH TO DATE    0                         0      0        0
  SINCE MAR 1      0                         0      0        0
  SINCE JAN 1     39                         9     30       28
..................................................................


WIND (MPH)
  HIGHEST WIND SPEED    24   HIGHEST WIND DIRECTION     E (70)
  HIGHEST GUST SPEED    29   HIGHEST GUST DIRECTION     E (80)
  AVERAGE WIND SPEED    10.6


SKY COVER
  POSSIBLE SUNSHINE  MM
  AVERAGE SKY COVER 0.0


WEATHER CONDITIONS
 THE FOLLOWING WEATHER WAS RECORDED TODAY.
  NO SIGNIFICANT WEATHER WAS OBSERVED.


RELATIVE HUMIDITY (PERCENT)
 HIGHEST    76          1200 AM
 LOWEST     10           200 PM
 AVERAGE    43

..........................................................


THE CAMARILLO CLIMATE NORMALS FOR TOMORROW
                         NORMAL    RECORD    YEAR
 MAXIMUM TEMPERATURE (F)   65        82      1979
 MINIMUM TEMPERATURE (F)   45        34      1964


SUNRISE AND SUNSET
MARCH  5 2015.........SUNRISE   620 AM PST   SUNSET   556 PM PST
MARCH  6 2015.........SUNRISE   619 AM PST   SUNSET   557 PM PST


-  INDICATES NEGATIVE NUMBERS.
R  INDICATES RECORD WAS SET OR TIED.
MM INDICATES DATA IS MISSING.
T  INDICATES TRACE AMOUNT.




$$
