000
CDUS46 KLOX 260915
CLICMA


CLIMATE REPORT
NATIONAL WEATHER SERVICE LOS ANGELES/OXNARD CA
115 AM PST SUN FEB 26 2017


...................................

...THE CAMARILLO AIRPORT CA CLIMATE SUMMARY FOR FEBRUARY 25 2017...

CLIMATE NORMAL PERIOD 1981 TO 2010
CLIMATE RECORD PERIOD 1948 TO 2017


WEATHER ITEM   OBSERVED TIME   RECORD YEAR NORMAL DEPARTURE LAST
                VALUE   (LST)  VALUE       VALUE  FROM      YEAR
                                                  NORMAL
..................................................................
TEMPERATURE (F)
 YESTERDAY
  MAXIMUM         59   1235 PM  84    2016  65     -6       84
  MINIMUM         36    641 AM  32    1960  43     -7       47
  AVERAGE         48                        54     -6       66

PRECIPITATION (IN)
  YESTERDAY        0.00          1.74 2004   0.15  -0.15     0.00
  MONTH TO DATE    5.92                      3.34   2.58     0.31
  SINCE OCT 1     18.83                     10.81   8.02     3.50
  SINCE JAN 1     14.17                      6.81   7.36     2.94

SNOWFALL (IN)
  YESTERDAY        0.0
  MONTH TO DATE    0.0
  SINCE DEC 1      0.0
  SINCE JUL 1      0.0

DEGREE DAYS
 HEATING
  YESTERDAY       17                        11      6        0
  MONTH TO DATE  199                       285    -86      105
  SINCE DEC 1    785                       972   -187      653
  SINCE JUL 1    948                      1304   -356      798

 COOLING
  YESTERDAY        0                         0      0        1
  MONTH TO DATE    0                         0      0       58
  SINCE DEC 1      6                         9     -3       62
  SINCE JAN 1      1                         7     -6       58
..................................................................


WIND (MPH)
  HIGHEST WIND SPEED    14   HIGHEST WIND DIRECTION     W (290)
  HIGHEST GUST SPEED    23   HIGHEST GUST DIRECTION     N (10)
  AVERAGE WIND SPEED     3.6


SKY COVER
  POSSIBLE SUNSHINE  MM
  AVERAGE SKY COVER 0.2


WEATHER CONDITIONS
 THE FOLLOWING WEATHER WAS RECORDED YESTERDAY.
  NO SIGNIFICANT WEATHER WAS OBSERVED.


RELATIVE HUMIDITY (PERCENT)
 HIGHEST    92           300 AM
 LOWEST     51          1100 AM
 AVERAGE    72

..........................................................


THE CAMARILLO AIRPORT CA CLIMATE NORMALS FOR TODAY
                         NORMAL    RECORD    YEAR
 MAXIMUM TEMPERATURE (F)   65        87      2002
 MINIMUM TEMPERATURE (F)   43        34      1964


SUNRISE AND SUNSET
FEBRUARY 26 2017......SUNRISE   628 AM PST   SUNSET   550 PM PST
FEBRUARY 27 2017......SUNRISE   627 AM PST   SUNSET   551 PM PST


-  INDICATES NEGATIVE NUMBERS.
R  INDICATES RECORD WAS SET OR TIED.
MM INDICATES DATA IS MISSING.
T  INDICATES TRACE AMOUNT.




$$
