000
CDUS46 KLOX 230901
CLICMA


CLIMATE REPORT
NATIONAL WEATHER SERVICE LOS ANGELES/OXNARD CA
200 AM PDT MON OCT 23 2017


...................................

...THE CAMARILLO AIRPORT CA CLIMATE SUMMARY FOR OCTOBER 22 2017...

CLIMATE NORMAL PERIOD 1981 TO 2010
CLIMATE RECORD PERIOD 1923 TO 2017


WEATHER ITEM   OBSERVED TIME   RECORD YEAR NORMAL DEPARTURE LAST
                VALUE   (LST)  VALUE       VALUE  FROM      YEAR
                                                  NORMAL
..................................................................
TEMPERATURE (F)
 YESTERDAY
  MAXIMUM         97   1250 PM  99    1965  73     24       74
  MINIMUM         55    620 AM  35    1924  52      3       51
  AVERAGE         76                        62     14       63

PRECIPITATION (IN)
  YESTERDAY        0.00          1.05 1987   0.03  -0.03     0.00
  MONTH TO DATE    0.00                      0.35  -0.35     0.19
  SINCE OCT 1      0.00                      0.35  -0.35     0.19
  SINCE JAN 1     14.80                     11.57   3.23     5.61

SNOWFALL (IN)
  YESTERDAY        0.0
  MONTH TO DATE    0.0
  SINCE SEP 1      0.0
  SINCE JUL 1      0.0

DEGREE DAYS
 HEATING
  YESTERDAY        0                         3     -3        2
  MONTH TO DATE   12                        55    -43       21
  SINCE SEP 1     16                        72    -56       25
  SINCE JUL 1     17                        87    -70       25

 COOLING
  YESTERDAY       11                         1     10        0
  MONTH TO DATE   73                        22     51       57
  SINCE SEP 1    266                        93    173      206
  SINCE JAN 1    762                       305    457      671
..................................................................


WIND (MPH)
  HIGHEST WIND SPEED    22   HIGHEST WIND DIRECTION     E (80)
  HIGHEST GUST SPEED    27   HIGHEST GUST DIRECTION     E (80)
  AVERAGE WIND SPEED     4.8


SKY COVER
  POSSIBLE SUNSHINE  MM
  AVERAGE SKY COVER 0.0


WEATHER CONDITIONS
 THE FOLLOWING WEATHER WAS RECORDED YESTERDAY.
  NO SIGNIFICANT WEATHER WAS OBSERVED.


RELATIVE HUMIDITY (PERCENT)
 HIGHEST    51          1200 AM
 LOWEST      9          1200 PM
 AVERAGE    30

..........................................................


THE CAMARILLO AIRPORT CA CLIMATE NORMALS FOR TODAY
                         NORMAL    RECORD    YEAR
 MAXIMUM TEMPERATURE (F)   73        97      2007
 MINIMUM TEMPERATURE (F)   52        35      1961


SUNRISE AND SUNSET
OCTOBER 23 2017.......SUNRISE   709 AM PDT   SUNSET   612 PM PDT
OCTOBER 24 2017.......SUNRISE   709 AM PDT   SUNSET   611 PM PDT


-  INDICATES NEGATIVE NUMBERS.
R  INDICATES RECORD WAS SET OR TIED.
MM INDICATES DATA IS MISSING.
T  INDICATES TRACE AMOUNT.




$$
