000
CDUS46 KLOX 300901
CLICMA


CLIMATE REPORT
NATIONAL WEATHER SERVICE LOS ANGELES/OXNARD CA
201 AM PDT THU JUL 30 2015


...................................

...THE CAMARILLO AIRPORT CA CLIMATE SUMMARY FOR JULY 29 2015...

CLIMATE NORMAL PERIOD 1981 TO 2010
CLIMATE RECORD PERIOD 1948 TO 2015


WEATHER ITEM   OBSERVED TIME   RECORD YEAR NORMAL DEPARTURE LAST
                VALUE   (LST)  VALUE       VALUE  FROM      YEAR
                                                  NORMAL
..................................................................
TEMPERATURE (F)
 YESTERDAY
  MAXIMUM         78    221 PM  85    1954  77      1       84
  MINIMUM         65    333 AM  52    2010  58      7       65
  AVERAGE         72                        67      5       75

PRECIPITATION (IN)
  YESTERDAY        0.00          0.01 2003   0.00   0.00     0.00
  MONTH TO DATE    0.53                      0.02   0.51      T
  SINCE OCT 1      8.96                     15.00  -6.04     4.97
  SINCE JAN 1      4.05                     11.00  -6.95     4.19

SNOWFALL (IN)
  YESTERDAY        0.0
  MONTH TO DATE    0.0
  SINCE JUN 1      0.0
  SINCE JUL 1      0.0

DEGREE DAYS
 HEATING
  YESTERDAY        0                         0      0        0
  MONTH TO DATE    0                         1     -1        0
  SINCE JUN 1      4                        44    -40       12
  SINCE JUL 1      0                         1     -1        0

 COOLING
  YESTERDAY        7                         3      4       10
  MONTH TO DATE  160                        70     90      207
  SINCE JUN 1    220                        93    127      252
  SINCE JAN 1    329                       124    205      400
..................................................................


WIND (MPH)
  HIGHEST WIND SPEED    14   HIGHEST WIND DIRECTION    SW (210)
  HIGHEST GUST SPEED    MM   HIGHEST GUST DIRECTION    MM
  AVERAGE WIND SPEED     4.9


SKY COVER
  POSSIBLE SUNSHINE  MM
  AVERAGE SKY COVER 0.6


WEATHER CONDITIONS
 THE FOLLOWING WEATHER WAS RECORDED YESTERDAY.
  FOG
  HAZE


RELATIVE HUMIDITY (PERCENT)
 HIGHEST    87          1200 AM
 LOWEST     56           200 PM
 AVERAGE    72

..........................................................


THE CAMARILLO AIRPORT CA CLIMATE NORMALS FOR TODAY
                         NORMAL    RECORD    YEAR
 MAXIMUM TEMPERATURE (F)   77        86      1954
 MINIMUM TEMPERATURE (F)   58        52      2012


SUNRISE AND SUNSET
JULY 30 2015..........SUNRISE   606 AM PDT   SUNSET   759 PM PDT
JULY 31 2015..........SUNRISE   607 AM PDT   SUNSET   759 PM PDT


-  INDICATES NEGATIVE NUMBERS.
R  INDICATES RECORD WAS SET OR TIED.
MM INDICATES DATA IS MISSING.
T  INDICATES TRACE AMOUNT.




$$
