000
CDUS46 KLOX 290905
CLICMA


CLIMATE REPORT
NATIONAL WEATHER SERVICE LOS ANGELES/OXNARD CA
205 AM PDT SAT AUG 29 2015


...................................

...THE CAMARILLO AIRPORT CA CLIMATE SUMMARY FOR AUGUST 28 2015...

CLIMATE NORMAL PERIOD 1981 TO 2010
CLIMATE RECORD PERIOD 1948 TO 2015


WEATHER ITEM   OBSERVED TIME   RECORD YEAR NORMAL DEPARTURE LAST
                VALUE   (LST)  VALUE       VALUE  FROM      YEAR
                                                  NORMAL
..................................................................
TEMPERATURE (F)
 YESTERDAY
  MAXIMUM         95R   242 PM  86    2009  77     18       85
  MINIMUM         66    554 AM  51    1975  59      7       64
  AVERAGE         81                        68     13       75

PRECIPITATION (IN)
  YESTERDAY        0.00          0.06 1951   0.00   0.00     0.00
  MONTH TO DATE    0.00                      0.03  -0.03     0.03
  SINCE OCT 1      8.96                     15.03  -6.07     5.00
  SINCE JAN 1      4.05                     11.03  -6.98     4.22

SNOWFALL (IN)
  YESTERDAY        0.0
  MONTH TO DATE    0.0
  SINCE JUN 1      0.0
  SINCE JUL 1      0.0

DEGREE DAYS
 HEATING
  YESTERDAY        0                         0      0        0
  MONTH TO DATE    0                         0      0        0
  SINCE JUN 1      4                        53    -49       12
  SINCE JUL 1      0                        10    -10        0

 COOLING
  YESTERDAY       16                         3     13       10
  MONTH TO DATE  226                        84    142      192
  SINCE JUN 1    465                       178    287      462
  SINCE JAN 1    574                       209    365      610
..................................................................


WIND (MPH)
  HIGHEST WIND SPEED    16   HIGHEST WIND DIRECTION     W (260)
  HIGHEST GUST SPEED    18   HIGHEST GUST DIRECTION     W (260)
  AVERAGE WIND SPEED     5.1


SKY COVER
  POSSIBLE SUNSHINE  MM
  AVERAGE SKY COVER 0.0


WEATHER CONDITIONS
 THE FOLLOWING WEATHER WAS RECORDED YESTERDAY.
  HAZE


RELATIVE HUMIDITY (PERCENT)
 HIGHEST    79          1200 AM
 LOWEST     26           200 PM
 AVERAGE    53

..........................................................


THE CAMARILLO AIRPORT CA CLIMATE NORMALS FOR TODAY
                         NORMAL    RECORD    YEAR
 MAXIMUM TEMPERATURE (F)   77        90      2009
 MINIMUM TEMPERATURE (F)   59        51      1960


SUNRISE AND SUNSET
AUGUST 29 2015........SUNRISE   628 AM PDT   SUNSET   727 PM PDT
AUGUST 30 2015........SUNRISE   628 AM PDT   SUNSET   725 PM PDT


-  INDICATES NEGATIVE NUMBERS.
R  INDICATES RECORD WAS SET OR TIED.
MM INDICATES DATA IS MISSING.
T  INDICATES TRACE AMOUNT.




$$
