000
CDUS46 KLOX 300904
CLICMA


CLIMATE REPORT
NATIONAL WEATHER SERVICE LOS ANGELES/OXNARD CA
204 AM PDT TUE JUN 30 2015


...................................

...THE CAMARILLO AIRPORT CA CLIMATE SUMMARY FOR JUNE 29 2015...

CLIMATE NORMAL PERIOD 1981 TO 2010
CLIMATE RECORD PERIOD 1948 TO 2015


WEATHER ITEM   OBSERVED TIME   RECORD YEAR NORMAL DEPARTURE LAST
                VALUE   (LST)  VALUE       VALUE  FROM      YEAR
                                                  NORMAL
..................................................................
TEMPERATURE (F)
 YESTERDAY
  MAXIMUM         81   1259 PM  89    2013  74      7       78
  MINIMUM         61    502 AM  43    1964  57      4       64
  AVERAGE         71                        66      5       71

PRECIPITATION (IN)
  YESTERDAY        0.00          0.05 1991   0.00   0.00     0.00
  MONTH TO DATE    0.08                      0.05   0.03     0.00
  SINCE OCT 1      8.43                     14.98  -6.55     4.97
  SINCE JAN 1      3.52                     10.98  -7.46     4.19

SNOWFALL (IN)
  YESTERDAY        0.0
  MONTH TO DATE    0.0
  SINCE JUN 1      0.0
  SINCE JUL 1      0.0

DEGREE DAYS
 HEATING
  YESTERDAY        0                         1     -1        0
  MONTH TO DATE    4                        41    -37       12
  SINCE JUN 1      4                        41    -37       12
  SINCE JUL 1    978                      1984  -1006     1315

 COOLING
  YESTERDAY        6                         1      5        6
  MONTH TO DATE   53                        17     36       39
  SINCE JUN 1     53                        17     36       39
  SINCE JAN 1    162                        48    114      187
..................................................................


WIND (MPH)
  HIGHEST WIND SPEED    13   HIGHEST WIND DIRECTION     W (260)
  HIGHEST GUST SPEED    17   HIGHEST GUST DIRECTION     W (280)
  AVERAGE WIND SPEED     4.6


SKY COVER
  POSSIBLE SUNSHINE  MM
  AVERAGE SKY COVER 0.0


WEATHER CONDITIONS
 THE FOLLOWING WEATHER WAS RECORDED YESTERDAY.
  NO SIGNIFICANT WEATHER WAS OBSERVED.


RELATIVE HUMIDITY (PERCENT)
 HIGHEST    84          1200 AM
 LOWEST     42           300 PM
 AVERAGE    63

..........................................................


THE CAMARILLO AIRPORT CA CLIMATE NORMALS FOR TODAY
                         NORMAL    RECORD    YEAR
 MAXIMUM TEMPERATURE (F)   74        89      2013
 MINIMUM TEMPERATURE (F)   58        44      1964


SUNRISE AND SUNSET
JUNE 30 2015..........SUNRISE   548 AM PDT   SUNSET   812 PM PDT
JULY  1 2015..........SUNRISE   548 AM PDT   SUNSET   812 PM PDT


-  INDICATES NEGATIVE NUMBERS.
R  INDICATES RECORD WAS SET OR TIED.
MM INDICATES DATA IS MISSING.
T  INDICATES TRACE AMOUNT.




$$
