000
CDUS46 KLOX 200112
CLICMA


CLIMATE REPORT
NATIONAL WEATHER SERVICE LOS ANGELES/OXNARD CA
512 PM PST FRI JAN 19 2018


...................................

...THE CAMARILLO CLIMATE SUMMARY FOR JANUARY 19 2018...
VALID TODAY AS OF 0500 PM LOCAL TIME.

CLIMATE NORMAL PERIOD 1981 TO 2010
CLIMATE RECORD PERIOD 1923 TO 2018


WEATHER ITEM   OBSERVED TIME   RECORD YEAR NORMAL DEPARTURE LAST
                VALUE   (LST)  VALUE       VALUE  FROM      YEAR
                                                  NORMAL
..................................................................
TEMPERATURE (F)
 TODAY
  MAXIMUM         64    213 PM  88    1971  66     -2       61
  MINIMUM         57    804 AM  29    1925  43     14       52
  AVERAGE         61                        54      7       57

PRECIPITATION (IN)
  TODAY            0.00          2.43 1969   0.11  -0.11     1.03
  MONTH TO DATE    1.02                      2.53  -1.51     4.24
  SINCE OCT 1      1.09                      6.53  -5.44     8.90
  SINCE JAN 1      1.02                      2.53  -1.51     4.24

SNOWFALL (IN)
  TODAY            0.0
  MONTH TO DATE    0.0
  SINCE DEC 1      0.0
  SINCE JUL 1      0.0

DEGREE DAYS
 HEATING
  TODAY            4                        11     -7        8
  MONTH TO DATE   82                       209   -127      198
  SINCE DEC 1    261                       558   -297      464
  SINCE JUL 1    348                       890   -542      627

 COOLING
  TODAY            0                         0      0        0
  MONTH TO DATE   17                         0     17        0
  SINCE DEC 1     44                         2     42        5
  SINCE JAN 1     17                         0     17        0
..................................................................


WIND (MPH)
  HIGHEST WIND SPEED    17   HIGHEST WIND DIRECTION     W (270)
  HIGHEST GUST SPEED    20   HIGHEST GUST DIRECTION     W (270)
  AVERAGE WIND SPEED     7.5


SKY COVER
  POSSIBLE SUNSHINE  MM
  AVERAGE SKY COVER 0.9


WEATHER CONDITIONS
 THE FOLLOWING WEATHER WAS RECORDED TODAY.
  FOG
  HAZE


RELATIVE HUMIDITY (PERCENT)
 HIGHEST    86           400 AM
 LOWEST     65           400 PM
 AVERAGE    76

..........................................................


THE CAMARILLO CLIMATE NORMALS FOR TOMORROW
                         NORMAL    RECORD    YEAR
 MAXIMUM TEMPERATURE (F)   66        88      1968
 MINIMUM TEMPERATURE (F)   43        29      1937


SUNRISE AND SUNSET
JANUARY 19 2018.......SUNRISE   701 AM PST   SUNSET   514 PM PST
JANUARY 20 2018.......SUNRISE   700 AM PST   SUNSET   515 PM PST


-  INDICATES NEGATIVE NUMBERS.
R  INDICATES RECORD WAS SET OR TIED.
MM INDICATES DATA IS MISSING.
T  INDICATES TRACE AMOUNT.




$$
