000
CDUS41 KILN 290531
CLICMH


CLIMATE REPORT
NATIONAL WEATHER SERVICE WILMINGTON OH
130 AM EDT WED MAR 29 2017


...................................

...THE COLUMBUS OH CLIMATE SUMMARY FOR MARCH 28 2017...

CLIMATE NORMAL PERIOD 1981 TO 2010
CLIMATE RECORD PERIOD 1869 TO 2017


WEATHER ITEM   OBSERVED TIME   RECORD YEAR NORMAL DEPARTURE LAST
                VALUE   (LST)  VALUE       VALUE  FROM      YEAR
                                                  NORMAL
..................................................................
TEMPERATURE (F)
 YESTERDAY
  MAXIMUM         61    255 PM  83    1910  56      5       59
  MINIMUM         45   1159 PM  15    1955  37      8       43
  AVERAGE         53                        46      7       51

PRECIPITATION (IN)
  YESTERDAY        0.03          1.45 2005   0.11  -0.08     0.33
  MONTH TO DATE    4.31                      2.68   1.63     4.00
  SINCE MAR 1      4.31                      2.68   1.63     4.00
  SINCE JAN 1      9.77                      7.66   2.11     8.41

SNOWFALL (IN)
  YESTERDAY        0.0           0.8  1887   0.1   -0.1      0.0
  MONTH TO DATE    1.7                       4.0   -2.3      2.3
  SINCE MAR 1      1.7                       4.0   -2.3      2.3
  SINCE JUL 1      9.3                      25.4  -16.1     16.8
  SNOW DEPTH       0

DEGREE DAYS
 HEATING
  YESTERDAY       12                        19     -7       14
  MONTH TO DATE  645                       662    -17      470
  SINCE MAR 1    645                       662    -17      470
  SINCE JUL 1   3914                      4657   -743     3911

 COOLING
  YESTERDAY        0                         0      0        0
  MONTH TO DATE    2                         0      2        0
  SINCE MAR 1      2                         0      2        0
  SINCE JAN 1      6                         0      6        0
..................................................................


WIND (MPH)
  RESULTANT WIND SPEED   9   RESULTANT WIND DIRECTION   N (340)
  HIGHEST WIND SPEED    18   HIGHEST WIND DIRECTION    NW (330)
  HIGHEST GUST SPEED    22   HIGHEST GUST DIRECTION    NW (330)
  AVERAGE WIND SPEED     9.0


SKY COVER
  POSSIBLE SUNSHINE  MM
  AVERAGE SKY COVER 0.9


WEATHER CONDITIONS
 THE FOLLOWING WEATHER WAS RECORDED YESTERDAY.
  LIGHT RAIN
  FOG


RELATIVE HUMIDITY (PERCENT)
 HIGHEST   100           800 AM
 LOWEST     67           400 PM
 AVERAGE    84

..........................................................


THE COLUMBUS OH CLIMATE NORMALS FOR TODAY
                         NORMAL    RECORD    YEAR
 MAXIMUM TEMPERATURE (F)   57        83      1910
 MINIMUM TEMPERATURE (F)   37        14      1887


SUNRISE AND SUNSET
MARCH 29 2017.........SUNRISE   720 AM EDT   SUNSET   753 PM EDT
MARCH 30 2017.........SUNRISE   718 AM EDT   SUNSET   754 PM EDT


-  INDICATES NEGATIVE NUMBERS.
R  INDICATES RECORD WAS SET OR TIED.
MM INDICATES DATA IS MISSING.
T  INDICATES TRACE AMOUNT.




$$
