000
CDUS41 KILN 232053
CLICMH


CLIMATE REPORT
NATIONAL WEATHER SERVICE WILMINGTON OH
452 PM EDT TUE SEP 23 2014


...................................

...THE COLUMBUS OH CLIMATE SUMMARY FOR SEPTEMBER 23 2014...
VALID TODAY AS OF 0400 PM LOCAL TIME.

CLIMATE NORMAL PERIOD 1981 TO 2010
CLIMATE RECORD PERIOD 1869 TO 2014


WEATHER ITEM   OBSERVED TIME   RECORD YEAR NORMAL DEPARTURE LAST
                VALUE   (LST)  VALUE       VALUE  FROM      YEAR
                                                  NORMAL
..................................................................
TEMPERATURE (F)
 TODAY
  MAXIMUM         74    333 PM  93    2010  74      0       65
  MINIMUM         45    605 AM  33    1995  54     -9       47
  AVERAGE         60                        64     -4       56

PRECIPITATION (IN)
  TODAY            0.00          1.93 2000   0.10  -0.10     0.00
  MONTH TO DATE    0.61                      2.22  -1.61     2.51
  SINCE SEP 1      0.61                      2.22  -1.61     2.51
  SINCE JAN 1     31.12                     29.91   1.21    29.15

SNOWFALL (IN)
  TODAY            0.0          MM      MM   0.0    0.0      0.0
  MONTH TO DATE    0.0                       0.0    0.0      0.0
  SINCE SEP 1      0.0                       0.0    0.0      0.0
  SINCE JUL 1      0.0                       0.0    0.0      0.0
  SNOW DEPTH       0

DEGREE DAYS
 HEATING
  TODAY            5                         4      1        9
  MONTH TO DATE   41                        36      5       38
  SINCE SEP 1     41                        36      5       38
  SINCE JUL 1     41                        36      5       42

 COOLING
  TODAY            0                         2     -2        0
  MONTH TO DATE  119                       108     11      126
  SINCE SEP 1    119                       108     11      126
  SINCE JAN 1   1141                       997    144     1127
..................................................................


WIND (MPH)
  HIGHEST WIND SPEED     8   HIGHEST WIND DIRECTION    SE (150)
  HIGHEST GUST SPEED    13   HIGHEST GUST DIRECTION    NE (30)
  AVERAGE WIND SPEED     0.7


SKY COVER
  POSSIBLE SUNSHINE  MM
  AVERAGE SKY COVER 0.0


WEATHER CONDITIONS
 THE FOLLOWING WEATHER WAS RECORDED TODAY.
  NO SIGNIFICANT WEATHER WAS OBSERVED.


RELATIVE HUMIDITY (PERCENT)
 HIGHEST    86           700 AM
 LOWEST     31           200 PM
 AVERAGE    59

..........................................................


THE COLUMBUS OH CLIMATE NORMALS FOR TOMORROW
                         NORMAL    RECORD    YEAR
 MAXIMUM TEMPERATURE (F)   74        92      2010
                                             2007
                                             1961
 MINIMUM TEMPERATURE (F)   53        35      1983
                                             1981
                                             1950


SUNRISE AND SUNSET
SEPTEMBER 23 2014.....SUNRISE   720 AM EDT   SUNSET   727 PM EDT
SEPTEMBER 24 2014.....SUNRISE   721 AM EDT   SUNSET   725 PM EDT


-  INDICATES NEGATIVE NUMBERS.
R  INDICATES RECORD WAS SET OR TIED.
MM INDICATES DATA IS MISSING.
T  INDICATES TRACE AMOUNT.




$$
