000
CDUS41 KILN 120532
CLICMH


CLIMATE REPORT
NATIONAL WEATHER SERVICE WILMINGTON OH
1232 AM EST FRI FEB 12 2016


...................................

...THE COLUMBUS OH CLIMATE SUMMARY FOR FEBRUARY 11 2016...

CLIMATE NORMAL PERIOD 1981 TO 2010
CLIMATE RECORD PERIOD 1869 TO 2016


WEATHER ITEM   OBSERVED TIME   RECORD YEAR NORMAL DEPARTURE LAST
                VALUE   (LST)  VALUE       VALUE  FROM      YEAR
                                                  NORMAL
..................................................................
TEMPERATURE (F)
 YESTERDAY
  MAXIMUM         21    352 PM  74    1999  39    -18       38
  MINIMUM          6    640 AM -11    1885  24    -18       19
  AVERAGE         14                        32    -18       29

PRECIPITATION (IN)
  YESTERDAY        T             0.82 2009   0.08  -0.08     0.02
  MONTH TO DATE    1.28                      0.91   0.37     0.85
  SINCE DEC 1      7.28                      6.61   0.67     6.42
  SINCE JAN 1      2.40                      3.64  -1.24     3.72

SNOWFALL (IN)
  YESTERDAY        T             4.5  1910   0.2   -0.2      0.0
  MONTH TO DATE    3.7                       2.5    1.2      3.0
  SINCE DEC 1      9.1                      16.7   -7.6     11.4
  SINCE JUL 1      9.1                      17.8   -8.7     15.5
  SNOW DEPTH       2

DEGREE DAYS
 HEATING
  YESTERDAY       51                        33     18       36
  MONTH TO DATE  355                       375    -20      382
  SINCE DEC 1   2105                      2453   -348     2478
  SINCE JUL 1   2910                      3467   -557     3663

 COOLING
  YESTERDAY        0                         0      0        0
  MONTH TO DATE    0                         0      0        0
  SINCE DEC 1      0                         0      0        0
  SINCE JAN 1      0                         0      0        0
..................................................................


WIND (MPH)
  RESULTANT WIND SPEED   8   RESULTANT WIND DIRECTION   W (280)
  HIGHEST WIND SPEED    20   HIGHEST WIND DIRECTION     W (290)
  HIGHEST GUST SPEED    23   HIGHEST GUST DIRECTION     W (260)
  AVERAGE WIND SPEED     7.3


SKY COVER
  POSSIBLE SUNSHINE  MM
  AVERAGE SKY COVER 0.8


WEATHER CONDITIONS
 THE FOLLOWING WEATHER WAS RECORDED YESTERDAY.
  LIGHT SNOW


RELATIVE HUMIDITY (PERCENT)
 HIGHEST    76           700 AM
 LOWEST     47           400 PM
 AVERAGE    62

..........................................................


THE COLUMBUS OH CLIMATE NORMALS FOR TODAY
                         NORMAL    RECORD    YEAR
 MAXIMUM TEMPERATURE (F)   40        69      1984
 MINIMUM TEMPERATURE (F)   24        -8      1917


SUNRISE AND SUNSET
FEBRUARY 12 2016......SUNRISE   729 AM EST   SUNSET   603 PM EST
FEBRUARY 13 2016......SUNRISE   727 AM EST   SUNSET   605 PM EST


-  INDICATES NEGATIVE NUMBERS.
R  INDICATES RECORD WAS SET OR TIED.
MM INDICATES DATA IS MISSING.
T  INDICATES TRACE AMOUNT.




$$
