000
CDUS41 KILN 270558
CLICMH


CLIMATE REPORT
NATIONAL WEATHER SERVICE WILMINGTON OH
157 AM EDT SAT MAY 27 2017


...................................

...THE COLUMBUS OH CLIMATE SUMMARY FOR MAY 26 2017...

CLIMATE NORMAL PERIOD 1981 TO 2010
CLIMATE RECORD PERIOD 1869 TO 2017


WEATHER ITEM   OBSERVED TIME   RECORD YEAR NORMAL DEPARTURE LAST
                VALUE   (LST)  VALUE       VALUE  FROM      YEAR
                                                  NORMAL
..................................................................
TEMPERATURE (F)
 YESTERDAY
  MAXIMUM         76    236 PM  94    1911  76      0       80
  MINIMUM         57    600 AM  37    1969  55      2       66
  AVERAGE         67                        66      1       73

PRECIPITATION (IN)
  YESTERDAY        0.18          1.82 1968   0.14   0.04     0.00
  MONTH TO DATE    4.90                      3.43   1.47     2.14
  SINCE MAR 1     12.88                      9.85   3.03     8.72
  SINCE JAN 1     18.34                     14.83   3.51    13.13

SNOWFALL (IN)
  YESTERDAY        0.0           0.0    MM   0.0    0.0      0.0
  MONTH TO DATE    0.0                       0.0    0.0      0.0
  SINCE MAR 1      1.7                       5.3   -3.6      2.6
  SINCE JUL 1      9.3                      26.7  -17.4     17.1
  SNOW DEPTH       0

DEGREE DAYS
 HEATING
  YESTERDAY        0                         3     -3        0
  MONTH TO DATE  135                       133      2      202
  SINCE MAR 1   1002                      1220   -218     1106
  SINCE JUL 1   4271                      5215   -944     4547

 COOLING
  YESTERDAY        2                         3     -1        8
  MONTH TO DATE   49                        50     -1       13
  SINCE MAR 1     93                        62     31       14
  SINCE JAN 1     97                        62     35       14
..................................................................


WIND (MPH)
  RESULTANT WIND SPEED  10   RESULTANT WIND DIRECTION   W (270)
  HIGHEST WIND SPEED    21   HIGHEST WIND DIRECTION     W (260)
  HIGHEST GUST SPEED    23   HIGHEST GUST DIRECTION     W (270)
  AVERAGE WIND SPEED    10.8


SKY COVER
  POSSIBLE SUNSHINE  MM
  AVERAGE SKY COVER 0.7


WEATHER CONDITIONS
 THE FOLLOWING WEATHER WAS RECORDED YESTERDAY.
  THUNDERSTORM
  RAIN
  LIGHT RAIN
  FOG


RELATIVE HUMIDITY (PERCENT)
 HIGHEST    93           400 AM
 LOWEST     53           200 PM
 AVERAGE    73

..........................................................


THE COLUMBUS OH CLIMATE NORMALS FOR TODAY
                         NORMAL    RECORD    YEAR
 MAXIMUM TEMPERATURE (F)   76        94      1911
 MINIMUM TEMPERATURE (F)   56        34      1961


SUNRISE AND SUNSET
MAY 27 2017...........SUNRISE   607 AM EDT   SUNSET   851 PM EDT
MAY 28 2017...........SUNRISE   607 AM EDT   SUNSET   852 PM EDT


-  INDICATES NEGATIVE NUMBERS.
R  INDICATES RECORD WAS SET OR TIED.
MM INDICATES DATA IS MISSING.
T  INDICATES TRACE AMOUNT.




$$
