000
CDUS41 KILN 110609
CLICMH


CLIMATE REPORT
NATIONAL WEATHER SERVICE WILMINGTON OH
108 AM EST SUN DEC 11 2016


...................................

...THE COLUMBUS OH CLIMATE SUMMARY FOR DECEMBER 10 2016...

CLIMATE NORMAL PERIOD 1981 TO 2010
CLIMATE RECORD PERIOD 1869 TO 2016


WEATHER ITEM   OBSERVED TIME   RECORD YEAR NORMAL DEPARTURE LAST
                VALUE   (LST)  VALUE       VALUE  FROM      YEAR
                                                  NORMAL
..................................................................
TEMPERATURE (F)
 YESTERDAY
  MAXIMUM         27    756 PM  72    1971  42    -15       56
  MINIMUM         23   1030 AM  -8    1958  28     -5       35
                                      1917
  AVERAGE         25                        35    -10       46

PRECIPITATION (IN)
  YESTERDAY        T             1.22 1966   0.10  -0.10     0.00
  MONTH TO DATE    0.62                      0.99  -0.37     0.24
  SINCE DEC 1      0.62                      0.99  -0.37     0.24
  SINCE JAN 1     35.31                     37.33  -2.02    40.36

SNOWFALL (IN)
  YESTERDAY        0.1           3.6  1932   0.2   -0.1      0.0
  MONTH TO DATE    0.5                       1.2   -0.7       T
  SINCE DEC 1      0.5                       1.2   -0.7       T
  SINCE JUL 1      0.5                       2.3   -1.8       T
  SNOW DEPTH       T

DEGREE DAYS
 HEATING
  YESTERDAY       40                        30     10       19
  MONTH TO DATE  313                       285     28      246
  SINCE DEC 1    313                       285     28      246
  SINCE JUL 1   1079                      1299   -220     1051

 COOLING
  YESTERDAY        0                         0      0        0
  MONTH TO DATE    0                         0      0        0
  SINCE DEC 1      0                         0      0        0
  SINCE JAN 1   1327                      1024    303     1028
..................................................................


WIND (MPH)
  RESULTANT WIND SPEED   6   RESULTANT WIND DIRECTION   W (250)
  HIGHEST WIND SPEED    16   HIGHEST WIND DIRECTION    SW (240)
  HIGHEST GUST SPEED    19   HIGHEST GUST DIRECTION    SW (240)
  AVERAGE WIND SPEED     6.8


SKY COVER
  POSSIBLE SUNSHINE  MM
  AVERAGE SKY COVER 1.0


WEATHER CONDITIONS
 THE FOLLOWING WEATHER WAS RECORDED YESTERDAY.
  LIGHT SNOW
  FOG


RELATIVE HUMIDITY (PERCENT)
 HIGHEST    88           700 AM
 LOWEST     63           200 PM
 AVERAGE    76

..........................................................


THE COLUMBUS OH CLIMATE NORMALS FOR TODAY
                         NORMAL    RECORD    YEAR
 MAXIMUM TEMPERATURE (F)   41        66      2007
                                             1931
 MINIMUM TEMPERATURE (F)   28        -9      1917


SUNRISE AND SUNSET
DECEMBER 11 2016......SUNRISE   744 AM EST   SUNSET   506 PM EST
DECEMBER 12 2016......SUNRISE   744 AM EST   SUNSET   507 PM EST


-  INDICATES NEGATIVE NUMBERS.
R  INDICATES RECORD WAS SET OR TIED.
MM INDICATES DATA IS MISSING.
T  INDICATES TRACE AMOUNT.




$$
