000
CDUS41 KILN 242150
CLICMH


CLIMATE REPORT
NATIONAL WEATHER SERVICE WILMINGTON OH
450 PM EST FRI FEB 24 2017


...................................

...THE COLUMBUS OH CLIMATE SUMMARY FOR FEBRUARY 24 2017...
VALID TODAY AS OF 0400 PM LOCAL TIME.

CLIMATE NORMAL PERIOD 1981 TO 2010
CLIMATE RECORD PERIOD 1869 TO 2017


WEATHER ITEM   OBSERVED TIME   RECORD YEAR NORMAL DEPARTURE LAST
                VALUE   (LST)  VALUE       VALUE  FROM      YEAR
                                                  NORMAL
..................................................................
TEMPERATURE (F)
 TODAY
  MAXIMUM         78R   407 PM  72    1961  43     35       59
  MINIMUM         59    207 AM -11    2015  27     32       36
  AVERAGE         69                        35     34       48

PRECIPITATION (IN)
  TODAY            0.00          2.16 1890   0.08  -0.08     1.22
  MONTH TO DATE    1.82                      1.92  -0.10     3.07
  SINCE DEC 1      7.74                      7.62   0.12     9.07
  SINCE JAN 1      4.65                      4.65   0.00     4.19

SNOWFALL (IN)
  TODAY            0.0           3.8  1990   0.2   -0.2      0.0
  MONTH TO DATE    0.6                       5.2   -4.6      7.8
  SINCE DEC 1      7.6                      19.4  -11.8     13.2
  SINCE JUL 1      7.6                      20.5  -12.9     13.2
  SNOW DEPTH       0

DEGREE DAYS
 HEATING
  TODAY            0                        30    -30       17
  MONTH TO DATE  551                       786   -235      762
  SINCE DEC 1   2419                      2864   -445     2512
  SINCE JUL 1   3185                      3878   -693     3317

 COOLING
  TODAY            4                         0      4        0
  MONTH TO DATE    4                         0      4        0
  SINCE DEC 1      4                         0      4        0
  SINCE JAN 1      4                         0      4        0
..................................................................


WIND (MPH)
  HIGHEST WIND SPEED    26   HIGHEST WIND DIRECTION    SW (210)
  HIGHEST GUST SPEED    36   HIGHEST GUST DIRECTION     S (200)
  AVERAGE WIND SPEED    12.5


SKY COVER
  POSSIBLE SUNSHINE  MM
  AVERAGE SKY COVER 0.7


WEATHER CONDITIONS
 THE FOLLOWING WEATHER WAS RECORDED TODAY.
  NO SIGNIFICANT WEATHER WAS OBSERVED.


RELATIVE HUMIDITY (PERCENT)
 HIGHEST    90           100 AM
 LOWEST     39           400 PM
 AVERAGE    65

..........................................................


THE COLUMBUS OH CLIMATE NORMALS FOR TOMORROW
                         NORMAL    RECORD    YEAR
 MAXIMUM TEMPERATURE (F)   44        74      2000
 MINIMUM TEMPERATURE (F)   27        -7      1900


SUNRISE AND SUNSET
FEBRUARY 24 2017......SUNRISE   712 AM EST   SUNSET   618 PM EST
FEBRUARY 25 2017......SUNRISE   710 AM EST   SUNSET   619 PM EST


-  INDICATES NEGATIVE NUMBERS.
R  INDICATES RECORD WAS SET OR TIED.
MM INDICATES DATA IS MISSING.
T  INDICATES TRACE AMOUNT.




$$
