000
CDUS41 KILN 220537
CLICMH


CLIMATE REPORT
NATIONAL WEATHER SERVICE WILMINGTON OH
137 AM EDT FRI SEP 22 2017


...................................

...THE COLUMBUS OH CLIMATE SUMMARY FOR SEPTEMBER 21 2017...

CLIMATE NORMAL PERIOD 1981 TO 2010
CLIMATE RECORD PERIOD 1869 TO 2017


WEATHER ITEM   OBSERVED TIME   RECORD YEAR NORMAL DEPARTURE LAST
                VALUE   (LST)  VALUE       VALUE  FROM      YEAR
                                                  NORMAL
..................................................................
TEMPERATURE (F)
 YESTERDAY
  MAXIMUM         90    356 PM  96    1895  75     15       87
  MINIMUM         65    613 AM  31    1962  54     11       61
  AVERAGE         78                        65     13       74

PRECIPITATION (IN)
  YESTERDAY        0.00          1.52 2013   0.10  -0.10     0.00
  MONTH TO DATE    2.58                      2.03   0.55     2.11
  SINCE SEP 1      2.58                      2.03   0.55     2.11
  SINCE JAN 1     36.61                     29.72   6.89    29.37

SNOWFALL (IN)
  YESTERDAY        0.0          MM      MM   0.0    0.0      0.0
  MONTH TO DATE    0.0                       0.0    0.0      0.0
  SINCE SEP 1      0.0                       0.0    0.0      0.0
  SINCE JUL 1      0.0                       0.0    0.0      0.0
  SNOW DEPTH       0

DEGREE DAYS
 HEATING
  YESTERDAY        0                         3     -3        0
  MONTH TO DATE   42                        29     13        0
  SINCE SEP 1     42                        29     13        0
  SINCE JUL 1     42                        29     13        0

 COOLING
  YESTERDAY       13                         3     10        9
  MONTH TO DATE   67                       103    -36      156
  SINCE SEP 1     67                       103    -36      156
  SINCE JAN 1    976                       992    -16     1249
..................................................................


WIND (MPH)
  RESULTANT WIND SPEED   1   RESULTANT WIND DIRECTION   E (110)
  HIGHEST WIND SPEED     8   HIGHEST WIND DIRECTION    SE (130)
  HIGHEST GUST SPEED    10   HIGHEST GUST DIRECTION    SE (130)
  AVERAGE WIND SPEED     2.0


SKY COVER
  POSSIBLE SUNSHINE  MM
  AVERAGE SKY COVER 0.3


WEATHER CONDITIONS
 THE FOLLOWING WEATHER WAS RECORDED YESTERDAY.
  FOG


RELATIVE HUMIDITY (PERCENT)
 HIGHEST   100           200 AM
 LOWEST     44           400 PM
 AVERAGE    72

..........................................................


THE COLUMBUS OH CLIMATE NORMALS FOR TODAY
                         NORMAL    RECORD    YEAR
 MAXIMUM TEMPERATURE (F)   75        95      1895
 MINIMUM TEMPERATURE (F)   54        37      1995
                                             1974


SUNRISE AND SUNSET
SEPTEMBER 22 2017.....SUNRISE   719 AM EDT   SUNSET   728 PM EDT
SEPTEMBER 23 2017.....SUNRISE   720 AM EDT   SUNSET   727 PM EDT


-  INDICATES NEGATIVE NUMBERS.
R  INDICATES RECORD WAS SET OR TIED.
MM INDICATES DATA IS MISSING.
T  INDICATES TRACE AMOUNT.




$$
