000
CDUS41 KILN 300633
CLICMH


CLIMATE REPORT
NATIONAL WEATHER SERVICE WILMINGTON OH
232 AM EDT SUN AUG 30 2015


...................................

...THE COLUMBUS OH CLIMATE SUMMARY FOR AUGUST 29 2015...

CLIMATE NORMAL PERIOD 1981 TO 2010
CLIMATE RECORD PERIOD 1869 TO 2015


WEATHER ITEM   OBSERVED TIME   RECORD YEAR NORMAL DEPARTURE LAST
                VALUE   (LST)  VALUE       VALUE  FROM      YEAR
                                                  NORMAL
..................................................................
TEMPERATURE (F)
 YESTERDAY
  MAXIMUM         86    414 PM  98    1953  83      3       87
  MINIMUM         59    357 AM  39    1965  62     -3       61
  AVERAGE         73                        72      1       74

PRECIPITATION (IN)
  YESTERDAY        0.33          2.51 2008   0.11   0.22     0.00
  MONTH TO DATE    3.40                      3.10   0.30     3.06
  SINCE JUN 1     15.53                     11.90   3.63    11.82
  SINCE JAN 1     31.67                     27.47   4.20    28.67

SNOWFALL (IN)
  YESTERDAY        0.0                       0.0    0.0      0.0
  MONTH TO DATE    0.0                       0.0    0.0      0.0
  SINCE JUN 1      0.0                       0.0    0.0      0.0
  SINCE JUL 1      0.0                       0.0    0.0      0.0
  SNOW DEPTH       0

DEGREE DAYS
 HEATING
  YESTERDAY        0                         0      0        0
  MONTH TO DATE    5                         0      5        0
  SINCE JUN 1     25                        19      6        1
  SINCE JUL 1      5                         0      5        0

 COOLING
  YESTERDAY        8                         8      0        9
  MONTH TO DATE  201                       266    -65      297
  SINCE JUN 1    681                       792   -111      837
  SINCE JAN 1    834                       874    -40      992
..................................................................


WIND (MPH)
  RESULTANT WIND SPEED   4   RESULTANT WIND DIRECTION   S (200)
  HIGHEST WIND SPEED    31   HIGHEST WIND DIRECTION     W (250)
  HIGHEST GUST SPEED    36   HIGHEST GUST DIRECTION     W (250)
  AVERAGE WIND SPEED     4.6


SKY COVER
  POSSIBLE SUNSHINE  MM
  AVERAGE SKY COVER 0.6


WEATHER CONDITIONS
 THE FOLLOWING WEATHER WAS RECORDED YESTERDAY.
  THUNDERSTORM
  HEAVY RAIN
  LIGHT RAIN


RELATIVE HUMIDITY (PERCENT)
 HIGHEST    90           500 AM
 LOWEST     44           400 PM
 AVERAGE    67

..........................................................


THE COLUMBUS OH CLIMATE NORMALS FOR TODAY
                         NORMAL    RECORD    YEAR
 MAXIMUM TEMPERATURE (F)   82       100      1953
 MINIMUM TEMPERATURE (F)   62        45      1976


SUNRISE AND SUNSET
AUGUST 30 2015........SUNRISE   657 AM EDT   SUNSET   807 PM EDT
AUGUST 31 2015........SUNRISE   658 AM EDT   SUNSET   805 PM EDT


-  INDICATES NEGATIVE NUMBERS.
R  INDICATES RECORD WAS SET OR TIED.
MM INDICATES DATA IS MISSING.
T  INDICATES TRACE AMOUNT.




$$
