000
CDUS43 KILX 300628
CLICMI


CLIMATE REPORT
NATIONAL WEATHER SERVICE LINCOLN IL
127 AM CDT TUE JUN 30 2015


...................................

...THE CHAMPAIGN IL AIRPORT CLIMATE SUMMARY FOR JUNE 29 2015...

CLIMATE NORMAL PERIOD 1981 TO 2010
CLIMATE RECORD PERIOD 9999 TO 9999


WEATHER ITEM   OBSERVED TIME   RECORD YEAR NORMAL DEPARTURE LAST
                VALUE   (LST)  VALUE       VALUE  FROM      YEAR
                                                  NORMAL
..................................................................
TEMPERATURE (F)
 YESTERDAY
  MAXIMUM         79    321 PM  MM      MM  85     -6       85
  MINIMUM         64    316 AM  MM      MM  64      0       72
  AVERAGE         72                        74     -2       79

PRECIPITATION (IN)
  YESTERDAY        0.00         MM      MM   0.10  -0.10     0.00
  MONTH TO DATE    8.35                      4.07   4.28     4.65
  SINCE JUN 1      8.35                      4.07   4.28     4.65
  SINCE JAN 1     19.76                     19.23   0.53    19.19

DEGREE DAYS
 HEATING
  YESTERDAY        0                         0      0        0
  MONTH TO DATE    6                        14     -8        0
  SINCE JUN 1      6                        14     -8        0
  SINCE JUL 1   6173                      5820    353     6486

 COOLING
  YESTERDAY        7                         9     -2       14
  MONTH TO DATE  223                       213     10      269
  SINCE JUN 1    223                       213     10      269
  SINCE JAN 1    377                       305     72      421
..................................................................


WIND (MPH)
  HIGHEST WIND SPEED    15   HIGHEST WIND DIRECTION     W (280)
  HIGHEST GUST SPEED    20   HIGHEST GUST DIRECTION    NW (300)
  AVERAGE WIND SPEED     6.9


SKY COVER
  POSSIBLE SUNSHINE  MM
  AVERAGE SKY COVER 0.5


WEATHER CONDITIONS
 THE FOLLOWING WEATHER WAS RECORDED YESTERDAY.
  THUNDERSTORM
  FOG


RELATIVE HUMIDITY (PERCENT)
 HIGHEST   100          1200 AM
 LOWEST     62           200 PM
 AVERAGE    81

..........................................................


THE CHAMPAIGN IL AIRPORT CLIMATE NORMALS FOR TODAY
                         NORMAL    RECORD    YEAR
 MAXIMUM TEMPERATURE (F)   85        MM        MM
 MINIMUM TEMPERATURE (F)   64        MM        MM


SUNRISE AND SUNSET
JUNE 30 2015..........SUNRISE   527 AM CDT   SUNSET   826 PM CDT
JULY  1 2015..........SUNRISE   528 AM CDT   SUNSET   826 PM CDT


-  INDICATES NEGATIVE NUMBERS.
R  INDICATES RECORD WAS SET OR TIED.
MM INDICATES DATA IS MISSING.
T  INDICATES TRACE AMOUNT.




$$
