000
CDUS43 KILX 100647
CLICMI


CLIMATE REPORT
NATIONAL WEATHER SERVICE LINCOLN IL
146 AM CDT THU JUL 10 2014


...................................

...THE CHAMPAIGN IL AIRPORT CLIMATE SUMMARY FOR JULY 9 2014...

CLIMATE NORMAL PERIOD 1981 TO 2010
CLIMATE RECORD PERIOD 9999 TO 9999


WEATHER ITEM   OBSERVED TIME   RECORD YEAR NORMAL DEPARTURE LAST
                VALUE   (LST)  VALUE       VALUE  FROM      YEAR
                                                  NORMAL
..................................................................
TEMPERATURE (F)
 YESTERDAY
  MAXIMUM         80    227 PM  MM      MM  85     -5       91
  MINIMUM         60    451 AM  MM      MM  64     -4       75
  AVERAGE         70                        74     -4       83

PRECIPITATION (IN)
  YESTERDAY        0.00         MM      MM   0.16  -0.16     0.01
  MONTH TO DATE    1.33                      1.10   0.23     0.30
  SINCE JUN 1      7.67                      5.27   2.40     3.55
  SINCE JAN 1     22.21                     20.43   1.78    19.23

DEGREE DAYS
 HEATING
  YESTERDAY        0                         0      0        0
  MONTH TO DATE    0                         0      0        0
  SINCE JUN 1      0                        17    -17       13
  SINCE JUL 1      0                         0      0        0

 COOLING
  YESTERDAY        5                        10     -5       18
  MONTH TO DATE   57                        89    -32       70
  SINCE JUN 1    338                       312     26      289
  SINCE JAN 1    490                       404     86      421
..................................................................


WIND (MPH)
  HIGHEST WIND SPEED    17   HIGHEST WIND DIRECTION     W (290)
  HIGHEST GUST SPEED    22   HIGHEST GUST DIRECTION    NW (300)
  AVERAGE WIND SPEED     8.3


SKY COVER
  POSSIBLE SUNSHINE  MM
  AVERAGE SKY COVER 0.1


WEATHER CONDITIONS
 THE FOLLOWING WEATHER WAS RECORDED YESTERDAY.
  NO SIGNIFICANT WEATHER WAS OBSERVED.


RELATIVE HUMIDITY (PERCENT)
 HIGHEST    97           400 AM
 LOWEST     45           200 PM
 AVERAGE    71

..........................................................


THE CHAMPAIGN IL AIRPORT CLIMATE NORMALS FOR TODAY
                         NORMAL    RECORD    YEAR
 MAXIMUM TEMPERATURE (F)   85        MM        MM
 MINIMUM TEMPERATURE (F)   64        MM        MM


SUNRISE AND SUNSET
JULY 10 2014..........SUNRISE   533 AM CDT   SUNSET   823 PM CDT
JULY 11 2014..........SUNRISE   534 AM CDT   SUNSET   823 PM CDT


-  INDICATES NEGATIVE NUMBERS.
R  INDICATES RECORD WAS SET OR TIED.
MM INDICATES DATA IS MISSING.
T  INDICATES TRACE AMOUNT.




$$
