000
CDUS43 KILX 110643
CLICMI


CLIMATE REPORT
NATIONAL WEATHER SERVICE LINCOLN IL
1242 AM CST THU FEB 11 2016


...................................

...THE CHAMPAIGN IL AIRPORT CLIMATE SUMMARY FOR FEBRUARY 10 2016...

CLIMATE NORMAL PERIOD 1981 TO 2010
CLIMATE RECORD PERIOD 9999 TO 9999


WEATHER ITEM   OBSERVED TIME   RECORD YEAR NORMAL DEPARTURE LAST
                VALUE   (LST)  VALUE       VALUE  FROM      YEAR
                                                  NORMAL
..................................................................
TEMPERATURE (F)
 YESTERDAY
  MAXIMUM         20    501 PM  MM      MM  36    -16       36
  MINIMUM          5    701 AM  MM      MM  20    -15       27
  AVERAGE         13                        28    -15       32

PRECIPITATION (IN)
  YESTERDAY        0.00         MM      MM   0.09  -0.09      T
  MONTH TO DATE    0.43                      0.72  -0.29     0.25
  SINCE DEC 1      7.94                      5.29   2.65     3.04
  SINCE JAN 1      1.27                      2.77  -1.50     1.37

DEGREE DAYS
 HEATING
  YESTERDAY       52                        37     15       33
  MONTH TO DATE  336                       381    -45      385
  SINCE DEC 1   2239                      2727   -488     2608
  SINCE JUL 1   3106                      3891   -785     3958

 COOLING
  YESTERDAY        0                         0      0        0
  MONTH TO DATE    0                         0      0        0
  SINCE DEC 1      0                         0      0        0
  SINCE JAN 1      0                         0      0        0
..................................................................


WIND (MPH)
  HIGHEST WIND SPEED    22   HIGHEST WIND DIRECTION     W (290)
  HIGHEST GUST SPEED    26   HIGHEST GUST DIRECTION     W (290)
  AVERAGE WIND SPEED    12.2


SKY COVER
  POSSIBLE SUNSHINE  MM
  AVERAGE SKY COVER 0.2


WEATHER CONDITIONS
 THE FOLLOWING WEATHER WAS RECORDED YESTERDAY.
  NO SIGNIFICANT WEATHER WAS OBSERVED.


RELATIVE HUMIDITY (PERCENT)
 HIGHEST    87           700 AM
 LOWEST     56           200 PM
 AVERAGE    72

..........................................................


THE CHAMPAIGN IL AIRPORT CLIMATE NORMALS FOR TODAY
                         NORMAL    RECORD    YEAR
 MAXIMUM TEMPERATURE (F)   37        MM        MM
 MINIMUM TEMPERATURE (F)   20        MM        MM


SUNRISE AND SUNSET
FEBRUARY 11 2016......SUNRISE   652 AM CST   SUNSET   524 PM CST
FEBRUARY 12 2016......SUNRISE   650 AM CST   SUNSET   525 PM CST


-  INDICATES NEGATIVE NUMBERS.
R  INDICATES RECORD WAS SET OR TIED.
MM INDICATES DATA IS MISSING.
T  INDICATES TRACE AMOUNT.




$$
