000
CDUS43 KTOP 312131
CLICNK


CLIMATE REPORT
NATIONAL WEATHER SERVICE TOPEKA KS
431 PM CDT TUE MAY 31 2016


...................................

...THE CONCORDIA KS CLIMATE SUMMARY FOR MAY 31 2016...
VALID TODAY AS OF 0400 PM LOCAL TIME.

CLIMATE NORMAL PERIOD 1981 TO 2010
CLIMATE RECORD PERIOD 1885 TO 2016


WEATHER ITEM   OBSERVED TIME   RECORD YEAR NORMAL DEPARTURE LAST
                VALUE   (LST)  VALUE       VALUE  FROM      YEAR
                                                  NORMAL
..................................................................
TEMPERATURE (F)
 TODAY
  MAXIMUM         75    259 PM 100    1934  79     -4       72
  MINIMUM         59    604 AM  41    1983  57      2       47
  AVERAGE         67                        68     -1       60

PRECIPITATION (IN)
  TODAY            0.21          1.78 1896   0.14   0.07     0.00
  MONTH TO DATE    8.26                      4.16   4.10     4.22
  SINCE MAR 1     10.61                      8.62   1.99     6.56
  SINCE JAN 1     12.17                      9.99   2.18     8.08

SNOWFALL (IN)
  TODAY            0.0           T    1944   0.0    0.0      0.0
  MONTH TO DATE    0.0                       T      0.0      0.0
  SINCE JAN 1     12.3                      13.7   -1.4      5.6
  SINCE JUL 1     13.6                      20.2   -6.6     11.7
  SNOW DEPTH       0

DEGREE DAYS
 HEATING
  TODAY            0                         2     -2        5
  MONTH TO DATE  139                       131      8      137
  SINCE MAR 1    893                      1188   -295      973
  SINCE JUL 1   4364                      5395  -1031     5180

 COOLING
  TODAY            2                         5     -3        0
  MONTH TO DATE   49                        72    -23       47
  SINCE MAR 1     60                        89    -29       55
  SINCE JAN 1     60                        89    -29       55
..................................................................


WIND (MPH)
  HIGHEST WIND SPEED    23   HIGHEST WIND DIRECTION    SE (140)
  HIGHEST GUST SPEED    28   HIGHEST GUST DIRECTION     W (290)
  AVERAGE WIND SPEED     8.9



WEATHER CONDITIONS
 THE FOLLOWING WEATHER WAS RECORDED TODAY.
  THUNDERSTORM
  LIGHT RAIN
  FOG


RELATIVE HUMIDITY (PERCENT)
 HIGHEST    93           600 AM
 LOWEST     61           300 PM
 AVERAGE    77

..........................................................


THE CONCORDIA KS CLIMATE NORMALS FOR TOMORROW
                         NORMAL    RECORD    YEAR
 MAXIMUM TEMPERATURE (F)   80        95      2002
                                             1955
                                             1934
 MINIMUM TEMPERATURE (F)   57        41      1964


SUNRISE AND SUNSET
MAY 31 2016...........SUNRISE   605 AM CDT   SUNSET   852 PM CDT
JUNE  1 2016..........SUNRISE   605 AM CDT   SUNSET   852 PM CDT


-  INDICATES NEGATIVE NUMBERS.
R  INDICATES RECORD WAS SET OR TIED.
MM INDICATES DATA IS MISSING.
T  INDICATES TRACE AMOUNT.




$$
