724
CDUS43 KTOP 190634
CLICNK


CLIMATE REPORT
NATIONAL WEATHER SERVICE TOPEKA KS
1234 AM CST MON FEB 19 2018


...................................

...THE CONCORDIA KS CLIMATE SUMMARY FOR FEBRUARY 18 2018...

CLIMATE NORMAL PERIOD 1981 TO 2010
CLIMATE RECORD PERIOD 1885 TO 2018


WEATHER ITEM   OBSERVED TIME   RECORD YEAR NORMAL DEPARTURE LAST
                VALUE   (LST)  VALUE       VALUE  FROM      YEAR
                                                  NORMAL
..................................................................
TEMPERATURE (F)
 YESTERDAY
  MAXIMUM         62    400 PM  79    2016  44     18       71
  MINIMUM         37    153 AM -10    1978  23     14       35
  AVERAGE         50                        34     16       53

PRECIPITATION (IN)
  YESTERDAY        0.00          0.55 1926   0.03  -0.03     0.00
  MONTH TO DATE    0.27                      0.47  -0.20     0.02
  SINCE DEC 1      0.82                      1.90  -1.08     2.70
  SINCE JAN 1      0.69                      1.05  -0.36     1.77

SNOWFALL (IN)
  YESTERDAY        0.0           0.3  1967   0.2   -0.2      0.0
  MONTH TO DATE    4.5                       3.7    0.8       T
  SINCE JAN 1      8.1                       9.4   -1.3      1.0
  SINCE JUL 1      9.9                      15.9   -6.0      3.2
  SNOW DEPTH       0

DEGREE DAYS
 HEATING
  YESTERDAY       15                        31    -16       12
  MONTH TO DATE  679                       606     73      461
  SINCE DEC 1   2834                      2818     16     2607
  SINCE JUL 1   3771                      3910   -139     3304

 COOLING
  YESTERDAY        0                         0      0        0
  MONTH TO DATE    0                         0      0        0
  SINCE DEC 1      0                         0      0        0
  SINCE JAN 1      0                         0      0        0
..................................................................


WIND (MPH)
  HIGHEST WIND SPEED    41   HIGHEST WIND DIRECTION     S (180)
  HIGHEST GUST SPEED    53   HIGHEST GUST DIRECTION     S (180)
  AVERAGE WIND SPEED    24.8


SKY COVER
  AVERAGE SKY COVER 0.0


WEATHER CONDITIONS
 THE FOLLOWING WEATHER WAS RECORDED YESTERDAY.
  NO SIGNIFICANT WEATHER WAS OBSERVED.


RELATIVE HUMIDITY (PERCENT)
 HIGHEST    89          1100 PM
 LOWEST     34           400 AM
 AVERAGE    62

..........................................................


THE CONCORDIA KS CLIMATE NORMALS FOR TODAY
                         NORMAL    RECORD    YEAR
 MAXIMUM TEMPERATURE (F)   45        77      1930
 MINIMUM TEMPERATURE (F)   23        -3      1978
                                             1889


SUNRISE AND SUNSET
FEBRUARY 19 2018......SUNRISE   717 AM CST   SUNSET   612 PM CST
FEBRUARY 20 2018......SUNRISE   716 AM CST   SUNSET   613 PM CST


-  INDICATES NEGATIVE NUMBERS.
R  INDICATES RECORD WAS SET OR TIED.
MM INDICATES DATA IS MISSING.
T  INDICATES TRACE AMOUNT.




$$
