000
CDUS43 KTOP 062231
CLICNK


CLIMATE REPORT
NATIONAL WEATHER SERVICE TOPEKA KS
431 PM CST FRI MAR 6 2015


...................................

...THE CONCORDIA KS CLIMATE SUMMARY FOR MARCH 6 2015...
VALID TODAY AS OF 0400 PM LOCAL TIME.

CLIMATE NORMAL PERIOD 1981 TO 2010
CLIMATE RECORD PERIOD 1885 TO 2015


WEATHER ITEM   OBSERVED TIME   RECORD YEAR NORMAL DEPARTURE LAST
                VALUE   (LST)  VALUE       VALUE  FROM      YEAR
                                                  NORMAL
..................................................................
TEMPERATURE (F)
 TODAY
  MAXIMUM         64    359 PM  87    1972  51     13       46
  MINIMUM         28    736 AM  -1    1943  28      0       17
  AVERAGE         46                        39      7       32

PRECIPITATION (IN)
  TODAY            0.00          2.02 1990   0.05  -0.05     0.00
  MONTH TO DATE    0.00                      0.27  -0.27     0.07
  SINCE MAR 1      0.00                      0.27  -0.27     0.07
  SINCE JAN 1      1.52                      1.64  -0.12     1.26

SNOWFALL (IN)
  TODAY            0.0           0.2  1969   0.1   -0.1      0.0
  MONTH TO DATE    0.0                       0.4   -0.4      0.6
  SINCE JAN 1      5.6                      10.8   -5.2     15.3
  SINCE JUL 1     11.7                      17.3   -5.6     21.6
  SNOW DEPTH       0

DEGREE DAYS
 HEATING
  TODAY           19                        26     -7       33
  MONTH TO DATE  201                       159     42      281
  SINCE MAR 1    201                       159     42      281
  SINCE JUL 1   4408                      4366     42     4763

 COOLING
  TODAY            0                         0      0        0
  MONTH TO DATE    0                         0      0        0
  SINCE MAR 1      0                         0      0        0
  SINCE JAN 1      0                         0      0        0
..................................................................


WIND (MPH)
  HIGHEST WIND SPEED    22   HIGHEST WIND DIRECTION     W (270)
  HIGHEST GUST SPEED    28   HIGHEST GUST DIRECTION     S (190)
  AVERAGE WIND SPEED    14.4



WEATHER CONDITIONS
 THE FOLLOWING WEATHER WAS RECORDED TODAY.
  NO SIGNIFICANT WEATHER WAS OBSERVED.


RELATIVE HUMIDITY (PERCENT)
 HIGHEST    63           200 AM
 LOWEST     16           300 PM
 AVERAGE    40

..........................................................


THE CONCORDIA KS CLIMATE NORMALS FOR TOMORROW
                         NORMAL    RECORD    YEAR
 MAXIMUM TEMPERATURE (F)   51        74      2006
 MINIMUM TEMPERATURE (F)   29        -2      1996
                                             1943


SUNRISE AND SUNSET
MARCH  6 2015.........SUNRISE   656 AM CST   SUNSET   628 PM CST
MARCH  7 2015.........SUNRISE   655 AM CST   SUNSET   629 PM CST


-  INDICATES NEGATIVE NUMBERS.
R  INDICATES RECORD WAS SET OR TIED.
MM INDICATES DATA IS MISSING.
T  INDICATES TRACE AMOUNT.




$$
