000
CDUS43 KICT 170638
CLICNU


CLIMATE REPORT
NATIONAL WEATHER SERVICE WICHITA KS
138 AM CDT WED SEP 17 2014


...................................

...THE CHANUTE KS CLIMATE SUMMARY FOR SEPTEMBER 16 2014...

CLIMATE NORMAL PERIOD 1981 TO 2010
CLIMATE RECORD PERIOD 1894 TO 2014


WEATHER ITEM   OBSERVED TIME   RECORD YEAR NORMAL DEPARTURE LAST
                VALUE   (LST)  VALUE       VALUE  FROM      YEAR
                                                  NORMAL
..................................................................
TEMPERATURE (F)
 YESTERDAY
  MAXIMUM         77    413 PM 101    1956  81     -4       71
  MINIMUM         58    713 AM  40    1934  59     -1       64
  AVERAGE         68                        70     -2       68

PRECIPITATION (IN)
  YESTERDAY        0.00          3.22 1936   0.12  -0.12     1.78
  MONTH TO DATE    0.54                      1.77  -1.23     1.82
  SINCE SEP 1      0.54                      1.77  -1.23     1.82
  SINCE JAN 1     21.02                     32.26 -11.24    37.44

DEGREE DAYS
 HEATING
  YESTERDAY        0                         1     -1        0
  MONTH TO DATE   27                         7     20        0
  SINCE SEP 1     27                         7     20        0
  SINCE JUL 1     28                         8     20        0

 COOLING
  YESTERDAY        3                         6     -3        3
  MONTH TO DATE  120                       136    -16      187
  SINCE SEP 1    120                       136    -16      187
  SINCE JAN 1   1408                      1440    -32     1454
..................................................................


WIND (MPH)
  HIGHEST WIND SPEED    14   HIGHEST WIND DIRECTION    NE (30)
  HIGHEST GUST SPEED    19   HIGHEST GUST DIRECTION    NE (40)
  AVERAGE WIND SPEED     6.4


SKY COVER
  POSSIBLE SUNSHINE  MM
  AVERAGE SKY COVER 0.5


WEATHER CONDITIONS
 THE FOLLOWING WEATHER WAS RECORDED YESTERDAY.
  NO SIGNIFICANT WEATHER WAS OBSERVED.


RELATIVE HUMIDITY (PERCENT)
 HIGHEST    93          1100 PM
 LOWEST     60           200 PM
 AVERAGE    77

..........................................................


THE CHANUTE KS CLIMATE NORMALS FOR TODAY
                         NORMAL    RECORD    YEAR
 MAXIMUM TEMPERATURE (F)   81       101      1931
 MINIMUM TEMPERATURE (F)   58        38      1918


SUNRISE AND SUNSET
SEPTEMBER 17 2014.....SUNRISE   705 AM CDT   SUNSET   727 PM CDT
SEPTEMBER 18 2014.....SUNRISE   706 AM CDT   SUNSET   725 PM CDT


-  INDICATES NEGATIVE NUMBERS.
R  INDICATES RECORD WAS SET OR TIED.
MM INDICATES DATA IS MISSING.
T  INDICATES TRACE AMOUNT.




$$
