000
CDUS43 KICT 190648
CLICNU


CLIMATE REPORT
NATIONAL WEATHER SERVICE WICHITA KS
1248 AM CST THU JAN 19 2017


...................................

...THE CHANUTE KS CLIMATE SUMMARY FOR JANUARY 18 2017...

CLIMATE NORMAL PERIOD 1981 TO 2010
CLIMATE RECORD PERIOD 1894 TO 2017


WEATHER ITEM   OBSERVED TIME   RECORD YEAR NORMAL DEPARTURE LAST
                VALUE   (LST)  VALUE       VALUE  FROM      YEAR
                                                  NORMAL
..................................................................
TEMPERATURE (F)
 YESTERDAY
  MAXIMUM         49    416 PM  69    1951  42      7       27
  MINIMUM         29    455 AM -18    1930  23      6       10
  AVERAGE         39                        32      7       19

PRECIPITATION (IN)
  YESTERDAY        0.00          1.33 1979   0.04  -0.04     0.00
  MONTH TO DATE    1.39                      0.70   0.69     0.68
  SINCE DEC 1      2.17                      2.45  -0.28     4.23
  SINCE JAN 1      1.39                      0.70   0.69     0.68

DEGREE DAYS
 HEATING
  YESTERDAY       26                        33     -7       46
  MONTH TO DATE  555                       594    -39      602
  SINCE DEC 1   1497                      1535    -38     1314
  SINCE JUL 1   1975                      2387   -412     1957

 COOLING
  YESTERDAY        0                         0      0        0
  MONTH TO DATE    0                         0      0        0
  SINCE DEC 1      0                         0      0        0
  SINCE JAN 1      0                         0      0        0
..................................................................


WIND (MPH)
  HIGHEST WIND SPEED    12   HIGHEST WIND DIRECTION    SE (150)
  HIGHEST GUST SPEED    14   HIGHEST GUST DIRECTION    SE (150)
  AVERAGE WIND SPEED     5.6


SKY COVER
  POSSIBLE SUNSHINE  MM
  AVERAGE SKY COVER 0.8


WEATHER CONDITIONS
 THE FOLLOWING WEATHER WAS RECORDED YESTERDAY.
  FOG
  FOG W/VISIBILITY <= 1/4 MILE


RELATIVE HUMIDITY (PERCENT)
 HIGHEST   100           100 AM
 LOWEST     71           300 PM
 AVERAGE    86

..........................................................


THE CHANUTE KS CLIMATE NORMALS FOR TODAY
                         NORMAL    RECORD    YEAR
 MAXIMUM TEMPERATURE (F)   42        70      1951
 MINIMUM TEMPERATURE (F)   23       -16      1943


SUNRISE AND SUNSET
JANUARY 19 2017.......SUNRISE   734 AM CST   SUNSET   532 PM CST
JANUARY 20 2017.......SUNRISE   734 AM CST   SUNSET   533 PM CST


-  INDICATES NEGATIVE NUMBERS.
R  INDICATES RECORD WAS SET OR TIED.
MM INDICATES DATA IS MISSING.
T  INDICATES TRACE AMOUNT.




$$
