000
CDUS45 KGJT 300734
CLICNY


CLIMATE REPORT
NATIONAL WEATHER SERVICE GRAND JUNCTION CO
131 AM MDT SUN APR 30 2017


...................................

...THE CANYONLANDS AIRPORT UT CLIMATE SUMMARY FOR APRIL 29 2017...

CLIMATE NORMAL PERIOD 1981 TO 2010
CLIMATE RECORD PERIOD 9999 TO 9999


WEATHER ITEM   OBSERVED TIME   RECORD YEAR NORMAL DEPARTURE LAST
                VALUE   (LST)  VALUE       VALUE  FROM      YEAR
                                                  NORMAL
..................................................................
TEMPERATURE (F)
 YESTERDAY
  MAXIMUM         60    448 PM  MM      MM  71    -11       59
  MINIMUM         38    231 AM  MM      MM  42     -4       36
  AVERAGE         49                        57     -8       48

PRECIPITATION (IN)
  YESTERDAY        0.00         MM      MM   0.03  -0.03     0.14
  MONTH TO DATE    0.08                      0.67  -0.59     0.80
  SINCE MAR 1      0.20                      1.44  -1.24     1.31
  SINCE JAN 1      0.84                      2.60  -1.76     2.31

SNOWFALL (IN)
  YESTERDAY       MM            MM      MM  MM     MM       MM
  MONTH TO DATE   MM                        MM     MM       MM
  SINCE MAR 1     MM                        MM     MM       MM
  SINCE JUL 1     MM                        MM     MM       MM
  SNOW DEPTH      MM

DEGREE DAYS
 HEATING
  YESTERDAY       16                         9      7       17
  MONTH TO DATE  328                       368    -40      313
  SINCE MAR 1    751                      1007   -256      846
  SINCE JUL 1   4215                      5416  -1201     5021

 COOLING
  YESTERDAY        0                         0      0        0
  MONTH TO DATE    2                         0      2        3
  SINCE MAR 1      4                         0      4        3
  SINCE JAN 1      4                         0      4        3
..................................................................


WIND (MPH)
  HIGHEST WIND SPEED    25   HIGHEST WIND DIRECTION    NE (50)
  HIGHEST GUST SPEED    33   HIGHEST GUST DIRECTION    NE (60)
  AVERAGE WIND SPEED    12.4


SKY COVER
  POSSIBLE SUNSHINE  MM
  AVERAGE SKY COVER 0.8


WEATHER CONDITIONS
 THE FOLLOWING WEATHER WAS RECORDED YESTERDAY.
  NO SIGNIFICANT WEATHER WAS OBSERVED.


RELATIVE HUMIDITY (PERCENT)
 HIGHEST    70          1200 AM
 LOWEST     19           500 PM
 AVERAGE    45

..........................................................


THE CANYONLANDS AIRPORT UT CLIMATE NORMALS FOR TODAY
                         NORMAL    RECORD    YEAR
 MAXIMUM TEMPERATURE (F)   72        MM        MM
 MINIMUM TEMPERATURE (F)   43        MM        MM


SUNRISE AND SUNSET
APRIL 30 2017.........SUNRISE   622 AM MDT   SUNSET   811 PM MDT
MAY  1 2017...........SUNRISE   621 AM MDT   SUNSET   812 PM MDT


-  INDICATES NEGATIVE NUMBERS.
R  INDICATES RECORD WAS SET OR TIED.
MM INDICATES DATA IS MISSING.
T  INDICATES TRACE AMOUNT.




$$
