739
CDUS45 KGJT 212352
CLICNY


CLIMATE REPORT
NATIONAL WEATHER SERVICE GRAND JUNCTION CO
448 PM MST TUE NOV 21 2017


...................................

...THE CANYONLANDS AIRPORT UT CLIMATE SUMMARY FOR NOVEMBER 21 2017...
VALID TODAY AS OF 0400 PM LOCAL TIME.

CLIMATE NORMAL PERIOD 1981 TO 2010
CLIMATE RECORD PERIOD 9999 TO 9999


WEATHER ITEM   OBSERVED TIME   RECORD YEAR NORMAL DEPARTURE LAST
                VALUE   (LST)  VALUE       VALUE  FROM      YEAR
                                                  NORMAL
..................................................................
TEMPERATURE (F)
 TODAY
  MAXIMUM         55    327 PM  MM      MM  47      8       54
  MINIMUM         23    628 AM  MM      MM  25     -2       42
  AVERAGE         39                        36      3       48

PRECIPITATION (IN)
  TODAY            0.00         MM      MM   0.02  -0.02     0.35
  MONTH TO DATE    0.00                      0.49  -0.49     0.43
  SINCE SEP 1      1.23                      2.62  -1.39     2.02
  SINCE JAN 1      4.06                      8.00  -3.94     6.21

SNOWFALL (IN)
  TODAY           MM            MM      MM  MM     MM       MM
  MONTH TO DATE    0.0                      MM     MM       MM
  SINCE SEP 1      0.0                      MM     MM       MM
  SINCE JUL 1      0.0                      MM     MM       MM
  SNOW DEPTH      MM

DEGREE DAYS
 HEATING
  TODAY           26                        29     -3       17
  MONTH TO DATE  396                       509   -113      313
  SINCE SEP 1    835                       927    -92      525
  SINCE JUL 1    835                       928    -93      525

 COOLING
  TODAY            0                         0      0        0
  MONTH TO DATE    0                         0      0        0
  SINCE SEP 1    202                       123     79      151
  SINCE JAN 1   1729                      1289    440     1627
..................................................................


WIND (MPH)
  HIGHEST WIND SPEED    10   HIGHEST WIND DIRECTION    NW (310)
  HIGHEST GUST SPEED    12   HIGHEST GUST DIRECTION    NW (320)
  AVERAGE WIND SPEED     1.7


SKY COVER
  POSSIBLE SUNSHINE  MM
  AVERAGE SKY COVER 0.0


WEATHER CONDITIONS
 THE FOLLOWING WEATHER WAS RECORDED TODAY.
  NO SIGNIFICANT WEATHER WAS OBSERVED.


RELATIVE HUMIDITY (PERCENT)
 HIGHEST    50           600 AM
 LOWEST     20           300 PM
 AVERAGE    35

..........................................................


THE CANYONLANDS AIRPORT UT CLIMATE NORMALS FOR TOMORROW
                         NORMAL    RECORD    YEAR
 MAXIMUM TEMPERATURE (F)   46        MM        MM
 MINIMUM TEMPERATURE (F)   24        MM        MM


SUNRISE AND SUNSET
NOVEMBER 21 2017......SUNRISE   708 AM MST   SUNSET   501 PM MST
NOVEMBER 22 2017......SUNRISE   709 AM MST   SUNSET   501 PM MST


-  INDICATES NEGATIVE NUMBERS.
R  INDICATES RECORD WAS SET OR TIED.
MM INDICATES DATA IS MISSING.
T  INDICATES TRACE AMOUNT.




$$
