000
CDUS41 KGYX 301329
CLICON


CLIMATE REPORT
NATIONAL WEATHER SERVICE GRAY ME
929 AM EDT WED JUL 30 2014


...................................

...THE CONCORD NH CLIMATE SUMMARY FOR JULY 29 2014...

CLIMATE NORMAL PERIOD 1981 TO 2010
CLIMATE RECORD PERIOD 1868 TO 2014


WEATHER ITEM   OBSERVED TIME   RECORD YEAR NORMAL DEPARTURE LAST
                VALUE   (LST)  VALUE       VALUE  FROM      YEAR
                                                  NORMAL
..................................................................
TEMPERATURE (F)
 YESTERDAY
  MAXIMUM         76    256 PM  95    1949  83     -7       84
  MINIMUM         55   1137 PM  43    1978  58     -3       61
  AVERAGE         66                        70     -4       73

PRECIPITATION (IN)
  YESTERDAY        0.00          2.44 1921   0.13  -0.13     0.01
  MONTH TO DATE    7.24                      3.49   3.75     6.70
  SINCE JUN 1     11.07                      7.18   3.89    13.48
  SINCE JAN 1     28.81                     22.84   5.97    26.24

SNOWFALL (IN)
  YESTERDAY        0.0           0.0  2002   0.0    0.0      0.0
                                      2001
                                      2000
  MONTH TO DATE    0.0                       0.0    0.0      0.0
  SINCE JUN 1      0.0                       0.0    0.0      0.0
  SINCE JUL 1      0.0                       0.0    0.0      0.0
  SNOW DEPTH       0

DEGREE DAYS
 HEATING
  YESTERDAY        0                         0      0        0
  MONTH TO DATE    0                        13    -13        2
  SINCE JUN 1     56                        98    -42       74
  SINCE JUL 1      0                        13    -13        2

 COOLING
  YESTERDAY        1                         6     -5        8
  MONTH TO DATE  174                       164     10      260
  SINCE JUN 1    247                       248     -1      369
  SINCE JAN 1    249                       266    -17      390
..................................................................


WIND (MPH)
  RESULTANT WIND SPEED   7   RESULTANT WIND DIRECTION  NW (300)
  HIGHEST WIND SPEED    17   HIGHEST WIND DIRECTION    NW (300)
  HIGHEST GUST SPEED    24   HIGHEST GUST DIRECTION    NW (320)
  AVERAGE WIND SPEED     7.3


SKY COVER
  AVERAGE SKY COVER 0.4


WEATHER CONDITIONS
 THE FOLLOWING WEATHER WAS RECORDED YESTERDAY.
  NO SIGNIFICANT WEATHER WAS OBSERVED.


RELATIVE HUMIDITY (PERCENT)
 HIGHEST   100          1000 PM
 LOWEST     41           300 PM
 AVERAGE    71

..........................................................


THE CONCORD NH CLIMATE NORMALS FOR TODAY
                         NORMAL    RECORD    YEAR
 MAXIMUM TEMPERATURE (F)   83        98      1917
 MINIMUM TEMPERATURE (F)   58        40      1956


SUNRISE AND SUNSET
JULY 30 2014..........SUNRISE   534 AM EDT   SUNSET   810 PM EDT
JULY 31 2014..........SUNRISE   535 AM EDT   SUNSET   809 PM EDT


-  INDICATES NEGATIVE NUMBERS.
R  INDICATES RECORD WAS SET OR TIED.
MM INDICATES DATA IS MISSING.
T  INDICATES TRACE AMOUNT.




$$
