000
CDUS41 KGYX 272041
CLICON


CLIMATE REPORT
NATIONAL WEATHER SERVICE GRAY ME
441 PM EDT WED AUG 27 2014


...................................

...THE CONCORD NH CLIMATE SUMMARY FOR AUGUST 27 2014...
VALID TODAY AS OF 0400 PM LOCAL TIME.

CLIMATE NORMAL PERIOD 1981 TO 2010
CLIMATE RECORD PERIOD 1868 TO 2014


WEATHER ITEM   OBSERVED TIME   RECORD YEAR NORMAL DEPARTURE LAST
                VALUE   (LST)  VALUE       VALUE  FROM      YEAR
                                                  NORMAL
..................................................................
TEMPERATURE (F)
 TODAY
  MAXIMUM         87    229 PM  96    1948  79      8       85
  MINIMUM         63    536 AM  36    1954  54      9       64
  AVERAGE         75                        67      8       75

PRECIPITATION (IN)
  TODAY            0.00          1.55 1927   0.10  -0.10      T
  MONTH TO DATE    3.61                      2.81   0.80     1.50
  SINCE JUN 1     14.93                     10.24   4.69    14.98
  SINCE JAN 1     32.67                     25.90   6.77    27.74

SNOWFALL (IN)
  TODAY            0.0           0.0  2002   0.0    0.0      0.0
                                      2001
                                      2000
  MONTH TO DATE    0.0                       0.0    0.0      0.0
  SINCE JUN 1      0.0                       0.0    0.0      0.0
  SINCE JUL 1      0.0                       0.0    0.0      0.0
  SNOW DEPTH       0

DEGREE DAYS
 HEATING
  TODAY            0                         2     -2        0
  MONTH TO DATE   29                        24      5       25
  SINCE JUN 1     85                       126    -41       99
  SINCE JUL 1     29                        41    -12       27

 COOLING
  TODAY           10                         3      7       10
  MONTH TO DATE   71                       127    -56       72
  SINCE JUN 1    319                       383    -64      447
  SINCE JAN 1    321                       401    -80      468
..................................................................


WIND (MPH)
  HIGHEST WIND SPEED    15   HIGHEST WIND DIRECTION     W (250)
  HIGHEST GUST SPEED    23   HIGHEST GUST DIRECTION    SW (230)
  AVERAGE WIND SPEED     6.1


SKY COVER
  POSSIBLE SUNSHINE  MM
  AVERAGE SKY COVER 0.0


WEATHER CONDITIONS
 THE FOLLOWING WEATHER WAS RECORDED TODAY.
  NO SIGNIFICANT WEATHER WAS OBSERVED.


RELATIVE HUMIDITY (PERCENT)
 HIGHEST   100           500 AM
 LOWEST     51           100 PM
 AVERAGE    76

..........................................................


THE CONCORD NH CLIMATE NORMALS FOR TOMORROW
                         NORMAL    RECORD    YEAR
 MAXIMUM TEMPERATURE (F)   79        96      1977
 MINIMUM TEMPERATURE (F)   54        38      1986


SUNRISE AND SUNSET
AUGUST 27 2014........SUNRISE   605 AM EDT   SUNSET   730 PM EDT
AUGUST 28 2014........SUNRISE   606 AM EDT   SUNSET   728 PM EDT


-  INDICATES NEGATIVE NUMBERS.
R  INDICATES RECORD WAS SET OR TIED.
MM INDICATES DATA IS MISSING.
T  INDICATES TRACE AMOUNT.




$$
