000
CDUS41 KGYX 300800
CLICON


CLIMATE REPORT
NATIONAL WEATHER SERVICE GRAY ME
400 AM EDT TUE SEP 30 2014


...................................

...THE CONCORD NH CLIMATE SUMMARY FOR SEPTEMBER 29 2014...

CLIMATE NORMAL PERIOD 1981 TO 2010
CLIMATE RECORD PERIOD 1868 TO 2014


WEATHER ITEM   OBSERVED TIME   RECORD YEAR NORMAL DEPARTURE LAST
                VALUE   (LST)  VALUE       VALUE  FROM      YEAR
                                                  NORMAL
..................................................................
TEMPERATURE (F)
 YESTERDAY
  MAXIMUM         77   1156 AM  86    1952  67     10       70
  MINIMUM         53    508 AM  25    1947  42     11       41
  AVERAGE         65                        54     11       56

PRECIPITATION (IN)
  YESTERDAY        0.00          3.35 2011   0.13  -0.13     0.00
  MONTH TO DATE    0.42                      3.25  -2.83     4.81
  SINCE SEP 1      0.42                      3.25  -2.83     4.81
  SINCE JAN 1     33.30                     29.52   3.78    33.10

SNOWFALL (IN)
  YESTERDAY        0.0           T    1911   0.0    0.0      0.0
  MONTH TO DATE    0.0                       0.0    0.0      0.0
  SINCE SEP 1      0.0                       0.0    0.0      0.0
  SINCE JUL 1      0.0                       0.0    0.0      0.0
  SNOW DEPTH       0

DEGREE DAYS
 HEATING
  YESTERDAY        0                        11    -11        9
  MONTH TO DATE  183                       175      8      190
  SINCE SEP 1    183                       175      8      190
  SINCE JUL 1    215                       223     -8      220

 COOLING
  YESTERDAY        0                         0      0        0
  MONTH TO DATE   50                        37     13       46
  SINCE SEP 1     50                        37     13       46
  SINCE JAN 1    381                       450    -69      537
..................................................................


WIND (MPH)
  RESULTANT WIND SPEED   3   RESULTANT WIND DIRECTION   E (90)
  HIGHEST WIND SPEED    15   HIGHEST WIND DIRECTION     E (90)
  HIGHEST GUST SPEED    20   HIGHEST GUST DIRECTION     E (90)
  AVERAGE WIND SPEED     3.7


SKY COVER
  AVERAGE SKY COVER 0.4


WEATHER CONDITIONS
 THE FOLLOWING WEATHER WAS RECORDED YESTERDAY.
  FOG
  FOG W/VISIBILITY <= 1/4 MILE


RELATIVE HUMIDITY (PERCENT)
 HIGHEST   100          1200 AM
 LOWEST     50          1200 PM
 AVERAGE    75

..........................................................


THE CONCORD NH CLIMATE NORMALS FOR TODAY
                         NORMAL    RECORD    YEAR
 MAXIMUM TEMPERATURE (F)   67        86      1986
                                             1922
 MINIMUM TEMPERATURE (F)   41        20      1941


SUNRISE AND SUNSET
SEPTEMBER 30 2014.....SUNRISE   642 AM EDT   SUNSET   629 PM EDT
OCTOBER  1 2014.......SUNRISE   643 AM EDT   SUNSET   627 PM EDT


-  INDICATES NEGATIVE NUMBERS.
R  INDICATES RECORD WAS SET OR TIED.
MM INDICATES DATA IS MISSING.
T  INDICATES TRACE AMOUNT.




$$
