340
CDUS41 KGYX 202141
CLICON


CLIMATE REPORT
NATIONAL WEATHER SERVICE GRAY ME
441 PM EST MON FEB 20 2017


...................................

...THE CONCORD NH CLIMATE SUMMARY FOR FEBRUARY 20 2017...
VALID TODAY AS OF 0400 PM LOCAL TIME.

CLIMATE NORMAL PERIOD 1981 TO 2010
CLIMATE RECORD PERIOD 1868 TO 2017


WEATHER ITEM   OBSERVED TIME   RECORD YEAR NORMAL DEPARTURE LAST
                VALUE   (LST)  VALUE       VALUE  FROM      YEAR
                                                  NORMAL
..................................................................
TEMPERATURE (F)
 TODAY
  MAXIMUM         44   1207 AM  66    1930  36      8       58
  MINIMUM         34    808 AM -19    1966  15     19       30
  AVERAGE         39                        26     13       44

PRECIPITATION (IN)
  TODAY            0.00          0.83 1934   0.09  -0.09     0.03
  MONTH TO DATE    2.42                      1.84   0.58     2.70
  SINCE DEC 1      7.98                      7.74   0.24     8.84
  SINCE JAN 1      4.66                      4.54   0.12     4.06

SNOWFALL (IN)
  TODAY            0.0          11.5  1934   0.4   -0.4      0.2
  MONTH TO DATE   24.2                       9.0   15.2     11.8
  SINCE DEC 1     56.3                      41.6   14.7     23.8
  SINCE JUL 1     57.0                      44.2   12.8     23.8
  SNOW DEPTH      18

DEGREE DAYS
 HEATING
  TODAY           26                        39    -13       21
  MONTH TO DATE  780                       832    -52      794
  SINCE DEC 1   3055                      3394   -339     2802
  SINCE JUL 1   4307                      4954   -647     4082

 COOLING
  TODAY            0                         0      0        0
  MONTH TO DATE    0                         0      0        0
  SINCE DEC 1      0                         0      0        0
  SINCE JAN 1      0                         0      0        0
..................................................................


WIND (MPH)
  HIGHEST WIND SPEED    23   HIGHEST WIND DIRECTION    NW (300)
  HIGHEST GUST SPEED    30   HIGHEST GUST DIRECTION    NW (330)
  AVERAGE WIND SPEED    12.2


SKY COVER
  POSSIBLE SUNSHINE  MM
  AVERAGE SKY COVER 0.2


WEATHER CONDITIONS
 THE FOLLOWING WEATHER WAS RECORDED TODAY.
  NO SIGNIFICANT WEATHER WAS OBSERVED.


RELATIVE HUMIDITY (PERCENT)
 HIGHEST    57          1200 AM
 LOWEST     34           400 PM
 AVERAGE    46

..........................................................


THE CONCORD NH CLIMATE NORMALS FOR TOMORROW
                         NORMAL    RECORD    YEAR
 MAXIMUM TEMPERATURE (F)   37        64      1872
 MINIMUM TEMPERATURE (F)   15       -17      2015


SUNRISE AND SUNSET
FEBRUARY 20 2017......SUNRISE   636 AM EST   SUNSET   524 PM EST
FEBRUARY 21 2017......SUNRISE   635 AM EST   SUNSET   525 PM EST


-  INDICATES NEGATIVE NUMBERS.
R  INDICATES RECORD WAS SET OR TIED.
MM INDICATES DATA IS MISSING.
T  INDICATES TRACE AMOUNT.




$$
