000
CDUS41 KGYX 300803
CLICON


CLIMATE REPORT
NATIONAL WEATHER SERVICE GRAY ME
403 AM EDT TUE AUG 30 2016


...................................

...THE CONCORD NH CLIMATE SUMMARY FOR AUGUST 29 2016...

CLIMATE NORMAL PERIOD 1981 TO 2010
CLIMATE RECORD PERIOD 1868 TO 2016


WEATHER ITEM   OBSERVED TIME   RECORD YEAR NORMAL DEPARTURE LAST
                VALUE   (LST)  VALUE       VALUE  FROM      YEAR
                                                  NORMAL
..................................................................
TEMPERATURE (F)
 YESTERDAY
  MAXIMUM         85    105 PM  98    1977  79      6       80
  MINIMUM         56   1143 PM  32    1986  54      2       50
  AVERAGE         71                        66      5       65

PRECIPITATION (IN)
  YESTERDAY        0.00          2.40 1959   0.09  -0.09     0.00
  MONTH TO DATE    1.89                      2.99  -1.10     5.56
  SINCE JUN 1      5.48                     10.42  -4.94    12.89
  SINCE JAN 1     18.18                     26.08  -7.90    23.34

SNOWFALL (IN)
  YESTERDAY        0.0           0.0  2002   0.0    0.0      0.0
                                      2001
                                      2000
  MONTH TO DATE    0.0                       0.0    0.0      0.0
  SINCE JUN 1      0.0                       0.0    0.0      0.0
  SINCE JUL 1      0.0                       0.0    0.0      0.0
  SNOW DEPTH       0

DEGREE DAYS
 HEATING
  YESTERDAY        0                         2     -2        0
  MONTH TO DATE    1                        28    -27        0
  SINCE JUN 1     54                       130    -76      103
  SINCE JUL 1     12                        45    -33        8

 COOLING
  YESTERDAY        6                         3      3        0
  MONTH TO DATE  244                       133    111      161
  SINCE JUN 1    576                       389    187      420
  SINCE JAN 1    616                       407    209      486
..................................................................


WIND (MPH)
  RESULTANT WIND SPEED   7   RESULTANT WIND DIRECTION  NW (310)
  HIGHEST WIND SPEED    26   HIGHEST WIND DIRECTION    NW (310)
  HIGHEST GUST SPEED    34   HIGHEST GUST DIRECTION    NW (310)
  AVERAGE WIND SPEED     9.7


SKY COVER
  AVERAGE SKY COVER 0.2


WEATHER CONDITIONS
 THE FOLLOWING WEATHER WAS RECORDED YESTERDAY.
  NO SIGNIFICANT WEATHER WAS OBSERVED.


RELATIVE HUMIDITY (PERCENT)
 HIGHEST    80          1100 PM
 LOWEST     32           100 PM
 AVERAGE    56

..........................................................


THE CONCORD NH CLIMATE NORMALS FOR TODAY
                         NORMAL    RECORD    YEAR
 MAXIMUM TEMPERATURE (F)   78        96      1953
 MINIMUM TEMPERATURE (F)   54        32      1965


SUNRISE AND SUNSET
AUGUST 30 2016........SUNRISE   608 AM EDT   SUNSET   724 PM EDT
AUGUST 31 2016........SUNRISE   610 AM EDT   SUNSET   722 PM EDT


-  INDICATES NEGATIVE NUMBERS.
R  INDICATES RECORD WAS SET OR TIED.
MM INDICATES DATA IS MISSING.
T  INDICATES TRACE AMOUNT.




$$
