550
CDUS41 KGYX 252044
CLICON


CLIMATE REPORT
NATIONAL WEATHER SERVICE GRAY ME
444 PM EDT MON SEP 25 2017


...................................

...THE CONCORD NH CLIMATE SUMMARY FOR SEPTEMBER 25 2017...
VALID TODAY AS OF 0400 PM LOCAL TIME.

CLIMATE NORMAL PERIOD 1981 TO 2010
CLIMATE RECORD PERIOD 1868 TO 2017


WEATHER ITEM   OBSERVED TIME   RECORD YEAR NORMAL DEPARTURE LAST
                VALUE   (LST)  VALUE       VALUE  FROM      YEAR
                                                  NORMAL
..................................................................
TEMPERATURE (F)
 TODAY
  MAXIMUM         90R   121 PM  89    1970  69     21       65
  MINIMUM         62    602 AM  26    1963  43     19       33
  AVERAGE         76                        56     20       49

PRECIPITATION (IN)
  TODAY            0.00          2.67 1991   0.12  -0.12     0.00
  MONTH TO DATE    2.98                      2.75   0.23     2.68
  SINCE SEP 1      2.98                      2.75   0.23     2.68
  SINCE JAN 1     31.50                     29.02   2.48    20.86

SNOWFALL (IN)
  TODAY            0.0           0.0  2002   0.0    0.0      0.0
                                      2001
                                      2000
  MONTH TO DATE    0.0                       0.0    0.0      0.0
  SINCE SEP 1      0.0                       0.0    0.0      0.0
  SINCE JUL 1      0.0                       0.0    0.0      0.0
  SNOW DEPTH       0

DEGREE DAYS
 HEATING
  TODAY            0                         9     -9       16
  MONTH TO DATE   57                       134    -77       47
  SINCE SEP 1     57                       134    -77       47
  SINCE JUL 1    110                       182    -72       59

 COOLING
  TODAY           11                         0     11        0
  MONTH TO DATE   84                        37     47       91
  SINCE SEP 1     84                        37     47       91
  SINCE JAN 1    529                       450     79      715
..................................................................


WIND (MPH)
  HIGHEST WIND SPEED     9   HIGHEST WIND DIRECTION     S (160)
  HIGHEST GUST SPEED    13   HIGHEST GUST DIRECTION     S (160)
  AVERAGE WIND SPEED     2.4


SKY COVER
  POSSIBLE SUNSHINE  MM
  AVERAGE SKY COVER 0.1


WEATHER CONDITIONS
 THE FOLLOWING WEATHER WAS RECORDED TODAY.
  FOG


RELATIVE HUMIDITY (PERCENT)
 HIGHEST   100           100 AM
 LOWEST     52           300 PM
 AVERAGE    76

..........................................................


THE CONCORD NH CLIMATE NORMALS FOR TOMORROW
                         NORMAL    RECORD    YEAR
 MAXIMUM TEMPERATURE (F)   68        90      2007
 MINIMUM TEMPERATURE (F)   43        27      1987
                                             1950
                                             1925


SUNRISE AND SUNSET
SEPTEMBER 25 2017.....SUNRISE   637 AM EDT   SUNSET   638 PM EDT
SEPTEMBER 26 2017.....SUNRISE   638 AM EDT   SUNSET   636 PM EDT


-  INDICATES NEGATIVE NUMBERS.
R  INDICATES RECORD WAS SET OR TIED.
MM INDICATES DATA IS MISSING.
T  INDICATES TRACE AMOUNT.




$$
