000
CDUS41 KGYX 171725
CLICON


CLIMATE REPORT
NATIONAL WEATHER SERVICE GRAY ME
125 PM EDT WED SEP 17 2014


...................................

...THE CONCORD NH CLIMATE SUMMARY FOR SEPTEMBER 16 2014...

CLIMATE NORMAL PERIOD 1981 TO 2010
CLIMATE RECORD PERIOD 1868 TO 2014


WEATHER ITEM   OBSERVED TIME   RECORD YEAR NORMAL DEPARTURE LAST
                VALUE   (LST)  VALUE       VALUE  FROM      YEAR
                                                  NORMAL
..................................................................
TEMPERATURE (F)
 YESTERDAY
  MAXIMUM         65    356 PM  95    1939  73     -8       68
  MINIMUM         48   1159 PM  27    1964  47      1       37
  AVERAGE         57                        60     -3       53

PRECIPITATION (IN)
  YESTERDAY        0.10          5.95 1932   0.11  -0.01      T
  MONTH TO DATE    0.39                      1.67  -1.28     4.16
  SINCE SEP 1      0.39                      1.67  -1.28     4.16
  SINCE JAN 1     33.27                     27.94   5.33    32.45

SNOWFALL (IN)
  YESTERDAY       MM             0.0  2002   0.0   MM        0.0
                                      2001
                                      2000
  MONTH TO DATE    0.0                       0.0    0.0      0.0
  SINCE SEP 1      0.0                       0.0    0.0      0.0
  SINCE JUL 1      0.0                       0.0    0.0      0.0
  SNOW DEPTH       0

DEGREE DAYS
 HEATING
  YESTERDAY        8                         6      2       12
  MONTH TO DATE   78                        64     14       78
  SINCE SEP 1     78                        64     14       78
  SINCE JUL 1    110                       112     -2      108

 COOLING
  YESTERDAY        0                         1     -1        0
  MONTH TO DATE   46                        29     17       46
  SINCE SEP 1     46                        29     17       46
  SINCE JAN 1    377                       442    -65      537
..................................................................


WIND (MPH)
  RESULTANT WIND SPEED   0   RESULTANT WIND DIRECTION   S (180)
  HIGHEST WIND SPEED     7   HIGHEST WIND DIRECTION     W (260)
  HIGHEST GUST SPEED    10   HIGHEST GUST DIRECTION    SW (220)
  AVERAGE WIND SPEED     1.2


SKY COVER
  AVERAGE SKY COVER 0.8


WEATHER CONDITIONS
 THE FOLLOWING WEATHER WAS RECORDED YESTERDAY.
  LIGHT RAIN
  FOG
  FOG W/VISIBILITY <= 1/4 MILE


RELATIVE HUMIDITY (PERCENT)
 HIGHEST   100           900 AM
 LOWEST     67           200 PM
 AVERAGE    84

..........................................................


THE CONCORD NH CLIMATE NORMALS FOR TODAY
                         NORMAL    RECORD    YEAR
 MAXIMUM TEMPERATURE (F)   72        89      1915
 MINIMUM TEMPERATURE (F)   47        28      1948


SUNRISE AND SUNSET
SEPTEMBER 17 2014.....SUNRISE   628 AM EDT   SUNSET   652 PM EDT
SEPTEMBER 18 2014.....SUNRISE   629 AM EDT   SUNSET   651 PM EDT


-  INDICATES NEGATIVE NUMBERS.
R  INDICATES RECORD WAS SET OR TIED.
MM INDICATES DATA IS MISSING.
T  INDICATES TRACE AMOUNT.




$$
