000
CDUS41 KGYX 192043
CLICON


CLIMATE REPORT
NATIONAL WEATHER SERVICE GRAY ME
443 PM EDT SAT APR 19 2014


...................................

...THE CONCORD NH CLIMATE SUMMARY FOR APRIL 19 2014...
VALID TODAY AS OF 0400 PM LOCAL TIME.

CLIMATE NORMAL PERIOD 1981 TO 2010
CLIMATE RECORD PERIOD 1868 TO 2014


WEATHER ITEM   OBSERVED TIME   RECORD YEAR NORMAL DEPARTURE LAST
                VALUE   (LST)  VALUE       VALUE  FROM      YEAR
                                                  NORMAL
..................................................................
TEMPERATURE (F)
 TODAY
  MAXIMUM         58    227 PM  95    1976  59     -1       75
  MINIMUM         27    516 AM  16    1875  34     -7       50
  AVERAGE         43                        46     -3       63

PRECIPITATION (IN)
  TODAY            0.00          0.75 1978   0.11  -0.11     0.08
  MONTH TO DATE    1.84                      2.18  -0.34     1.54
  SINCE MAR 1      5.82                      5.45   0.37     3.26
  SINCE JAN 1     13.14                     10.77   2.37     8.35

SNOWFALL (IN)
  TODAY            0.0           6.8  1925   0.0    0.0      0.0
  MONTH TO DATE    0.2                       2.4   -2.2      0.2
  SINCE MAR 1     10.6                      13.5   -2.9     16.2
  SINCE JUL 1     80.4                      61.0   19.4     83.4
  SNOW DEPTH       0

DEGREE DAYS
 HEATING
  TODAY           22                        19      3        2
  MONTH TO DATE  419                       421     -2      396
  SINCE MAR 1   1633                      1408    225     1384
  SINCE JUL 1   7102                      6668    434     6313

 COOLING
  TODAY            0                         0      0        0
  MONTH TO DATE    0                         0      0        0
  SINCE MAR 1      0                         0      0        0
  SINCE JAN 1      0                         0      0        0
..................................................................


WIND (MPH)
  HIGHEST WIND SPEED    24   HIGHEST WIND DIRECTION    NW (330)
  HIGHEST GUST SPEED    33   HIGHEST GUST DIRECTION    NW (310)
  AVERAGE WIND SPEED     6.7


SKY COVER
  POSSIBLE SUNSHINE  MM
  AVERAGE SKY COVER 0.4


WEATHER CONDITIONS
 THE FOLLOWING WEATHER WAS RECORDED TODAY.
  FOG


RELATIVE HUMIDITY (PERCENT)
 HIGHEST    92          1200 AM
 LOWEST     33           200 PM
 AVERAGE    63

..........................................................


THE CONCORD NH CLIMATE NORMALS FOR TOMORROW
                         NORMAL    RECORD    YEAR
 MAXIMUM TEMPERATURE (F)   60        92      1941
 MINIMUM TEMPERATURE (F)   34        16      1974
                                             1875


SUNRISE AND SUNSET
APRIL 19 2014.........SUNRISE   558 AM EDT   SUNSET   733 PM EDT
APRIL 20 2014.........SUNRISE   556 AM EDT   SUNSET   735 PM EDT


-  INDICATES NEGATIVE NUMBERS.
R  INDICATES RECORD WAS SET OR TIED.
MM INDICATES DATA IS MISSING.
T  INDICATES TRACE AMOUNT.




$$
