000
CDUS41 KGYX 190911
CLICON


CLIMATE REPORT
NATIONAL WEATHER SERVICE GRAY ME
411 AM EST FRI DEC 19 2014


...................................

...THE CONCORD NH CLIMATE SUMMARY FOR DECEMBER 18 2014...

CLIMATE NORMAL PERIOD 1981 TO 2010
CLIMATE RECORD PERIOD 1868 TO 2014


WEATHER ITEM   OBSERVED TIME   RECORD YEAR NORMAL DEPARTURE LAST
                VALUE   (LST)  VALUE       VALUE  FROM      YEAR
                                                  NORMAL
..................................................................
TEMPERATURE (F)
 YESTERDAY
  MAXIMUM         39    220 PM  59    1928  35      4       31
  MINIMUM         32   1159 PM -10    1980  16     16       10
                                      1969
                                      1919
  AVERAGE         36                        26     10       21

PRECIPITATION (IN)
  YESTERDAY        0.03          1.30 1915   0.10  -0.07     0.00
  MONTH TO DATE    3.84                      1.94   1.90     1.75
  SINCE DEC 1      3.84                      1.94   1.90     1.75
  SINCE JAN 1     44.71                     39.35   5.36    39.15

SNOWFALL (IN)
  YESTERDAY        0.0          16.0  1876   0.5   -0.5      0.0
  MONTH TO DATE    1.8                       7.7   -5.9     17.2
  SINCE DEC 1      1.8                       7.7   -5.9     17.2
  SINCE JUL 1     14.7                      10.3    4.4     17.4
  SNOW DEPTH       4

DEGREE DAYS
 HEATING
  YESTERDAY       29                        39    -10       44
  MONTH TO DATE  613                       647    -34      762
  SINCE DEC 1    613                       647    -34      762
  SINCE JUL 1   2117                      2207    -90     2279

 COOLING
  YESTERDAY        0                         0      0        0
  MONTH TO DATE    0                         0      0        0
  SINCE DEC 1      0                         0      0        0
  SINCE JAN 1    387                       452    -65      537
..................................................................


WIND (MPH)
  RESULTANT WIND SPEED   9   RESULTANT WIND DIRECTION  NW (300)
  HIGHEST WIND SPEED    21   HIGHEST WIND DIRECTION    NW (300)
  HIGHEST GUST SPEED    27   HIGHEST GUST DIRECTION    NW (310)
  AVERAGE WIND SPEED     9.7


SKY COVER
  AVERAGE SKY COVER 0.9


WEATHER CONDITIONS
 THE FOLLOWING WEATHER WAS RECORDED YESTERDAY.
  LIGHT RAIN


RELATIVE HUMIDITY (PERCENT)
 HIGHEST    89           400 AM
 LOWEST     64           200 PM
 AVERAGE    77

..........................................................


THE CONCORD NH CLIMATE NORMALS FOR TODAY
                         NORMAL    RECORD    YEAR
 MAXIMUM TEMPERATURE (F)   35        54      1899
 MINIMUM TEMPERATURE (F)   16       -22      1875


SUNRISE AND SUNSET
DECEMBER 19 2014......SUNRISE   714 AM EST   SUNSET   413 PM EST
DECEMBER 20 2014......SUNRISE   714 AM EST   SUNSET   413 PM EST


-  INDICATES NEGATIVE NUMBERS.
R  INDICATES RECORD WAS SET OR TIED.
MM INDICATES DATA IS MISSING.
T  INDICATES TRACE AMOUNT.




$$
