000
CDUS45 KPUB 301053
CLICOS


CLIMATE REPORT
NATIONAL WEATHER SERVICE PUEBLO
453 AM MDT SUN APR 30 2017


...................................

...THE COLORADO SPRINGS CO CLIMATE SUMMARY FOR APRIL 29 2017...

CLIMATE NORMAL PERIOD 1981 TO 2010
CLIMATE RECORD PERIOD 1872 TO 2017


WEATHER ITEM   OBSERVED TIME   RECORD YEAR NORMAL DEPARTURE LAST
                VALUE   (LST)  VALUE       VALUE  FROM      YEAR
                                                  NORMAL
..................................................................
TEMPERATURE (F)
 YESTERDAY
  MAXIMUM         33    300 PM  81    2007  64    -31       35
  MINIMUM         28   1122 PM  17    1908  37     -9       31
  AVERAGE         31                        51    -20       33

PRECIPITATION (IN)
  YESTERDAY        0.01          1.75 1999   0.06  -0.05     0.82
  MONTH TO DATE    2.14                      1.36   0.78     2.28
  SINCE MAR 1      2.58                      2.36   0.22     3.01
  SINCE JAN 1      2.97                      3.02  -0.05     4.55

SNOWFALL (IN)
  YESTERDAY        0.4           7.2  1990   0.1    0.3      6.6
  MONTH TO DATE    9.7                       4.8    4.9     13.1
  SINCE MAR 1     11.7                      12.9   -1.2     23.6
  SINCE JUL 1     25.1                      36.9  -11.8     50.7
  SNOW DEPTH       T

DEGREE DAYS
 HEATING
  YESTERDAY       34                        14     20       32
  MONTH TO DATE  459                       539    -80      512
  SINCE MAR 1   1019                      1344   -325     1222
  SINCE JUL 1   4772                      5907  -1135     5125

 COOLING
  YESTERDAY        0                         0      0        0
  MONTH TO DATE    0                         0      0        0
  SINCE MAR 1      0                         0      0        0
  SINCE JAN 1      0                         0      0        0
..................................................................


WIND (MPH)
  HIGHEST WIND SPEED    36   HIGHEST WIND DIRECTION     N (340)
  HIGHEST GUST SPEED    47   HIGHEST GUST DIRECTION     N (350)
  AVERAGE WIND SPEED    21.9


SKY COVER
  POSSIBLE SUNSHINE  MM
  AVERAGE SKY COVER 1.0


WEATHER CONDITIONS
 THE FOLLOWING WEATHER WAS RECORDED YESTERDAY.
  LIGHT SNOW
  FOG


RELATIVE HUMIDITY (PERCENT)
 HIGHEST    85          1200 AM
 LOWEST     63           400 PM
 AVERAGE    74

..........................................................


THE COLORADO SPRINGS CO CLIMATE NORMALS FOR TODAY
                         NORMAL    RECORD    YEAR
 MAXIMUM TEMPERATURE (F)   64        87      1992
 MINIMUM TEMPERATURE (F)   38        16      1909


SUNRISE AND SUNSET
APRIL 30 2017.........SUNRISE   602 AM MDT   SUNSET   751 PM MDT
MAY  1 2017...........SUNRISE   601 AM MDT   SUNSET   752 PM MDT


-  INDICATES NEGATIVE NUMBERS.
R  INDICATES RECORD WAS SET OR TIED.
MM INDICATES DATA IS MISSING.
T  INDICATES TRACE AMOUNT.




$$
