000
CDUS45 KPUB 091145
CLICOS


CLIMATE REPORT
NATIONAL WEATHER SERVICE PUEBLO
445 AM MST FRI DEC 9 2016


...................................

...THE COLORADO SPRINGS CO CLIMATE SUMMARY FOR DECEMBER 8 2016...

CLIMATE NORMAL PERIOD 1981 TO 2010
CLIMATE RECORD PERIOD 1872 TO 2016


WEATHER ITEM   OBSERVED TIME   RECORD YEAR NORMAL DEPARTURE LAST
                VALUE   (LST)  VALUE       VALUE  FROM      YEAR
                                                  NORMAL
..................................................................
TEMPERATURE (F)
 YESTERDAY
  MAXIMUM         13    313 PM  65    1970  42    -29       60
  MINIMUM          7    755 AM -14    1978  18    -11       33
  AVERAGE         10                        30    -20       47

PRECIPITATION (IN)
  YESTERDAY        0.05          0.32 1898   0.02   0.03     0.00
  MONTH TO DATE    0.13                      0.10   0.03     0.02
  SINCE DEC 1      0.13                      0.10   0.03     0.02
  SINCE JAN 1     13.80                     16.30  -2.50    25.02

SNOWFALL (IN)
  YESTERDAY        1.3           6.3  1898   0.2    1.1      0.0
  MONTH TO DATE    2.4                       1.5    0.9       T
  SINCE DEC 1      2.4                       1.5    0.9       T
  SINCE JUL 1      2.4                       9.3   -6.9      5.8
  SNOW DEPTH       1

DEGREE DAYS
 HEATING
  YESTERDAY       55                        35     20       18
  MONTH TO DATE  333                       273     60      215
  SINCE DEC 1    333                       273     60      215
  SINCE JUL 1   1236                      1754   -518     1318

 COOLING
  YESTERDAY        0                         0      0        0
  MONTH TO DATE    0                         0      0        0
  SINCE DEC 1      0                         0      0        0
  SINCE JAN 1    710                       455    255      617
..................................................................


WIND (MPH)
  HIGHEST WIND SPEED    18   HIGHEST WIND DIRECTION     S (170)
  HIGHEST GUST SPEED    22   HIGHEST GUST DIRECTION     S (180)
  AVERAGE WIND SPEED     7.5


SKY COVER
  POSSIBLE SUNSHINE  MM
  AVERAGE SKY COVER 1.0


WEATHER CONDITIONS
 THE FOLLOWING WEATHER WAS RECORDED YESTERDAY.
  SNOW
  LIGHT SNOW
  FOG
  FOG W/VISIBILITY <= 1/4 MILE


RELATIVE HUMIDITY (PERCENT)
 HIGHEST    88           200 AM
 LOWEST     73          1000 PM
 AVERAGE    81

..........................................................


THE COLORADO SPRINGS CO CLIMATE NORMALS FOR TODAY
                         NORMAL    RECORD    YEAR
 MAXIMUM TEMPERATURE (F)   42        70      1957
 MINIMUM TEMPERATURE (F)   18       -27      1919


SUNRISE AND SUNSET
DECEMBER  9 2016......SUNRISE   706 AM MST   SUNSET   437 PM MST
DECEMBER 10 2016......SUNRISE   707 AM MST   SUNSET   437 PM MST


-  INDICATES NEGATIVE NUMBERS.
R  INDICATES RECORD WAS SET OR TIED.
MM INDICATES DATA IS MISSING.
T  INDICATES TRACE AMOUNT.




$$
