000
CDUS45 KPUB 271037
CLICOS


CLIMATE REPORT
NATIONAL WEATHER SERVICE PUEBLO
437 AM MDT MON MAR 27 2017


...................................

...THE COLORADO SPRINGS CO CLIMATE SUMMARY FOR MARCH 26 2017...

CLIMATE NORMAL PERIOD 1981 TO 2010
CLIMATE RECORD PERIOD 1872 TO 2017


WEATHER ITEM   OBSERVED TIME   RECORD YEAR NORMAL DEPARTURE LAST
                VALUE   (LST)  VALUE       VALUE  FROM      YEAR
                                                  NORMAL
..................................................................
TEMPERATURE (F)
 YESTERDAY
  MAXIMUM         55    322 PM  81    1971  55      0       30
  MINIMUM         37    117 AM  -6    1965  28      9       16
  AVERAGE         46                        41      5       23

PRECIPITATION (IN)
  YESTERDAY        0.02          0.43 1938   0.03  -0.01     0.09
  MONTH TO DATE    0.23                      0.82  -0.59     0.73
  SINCE MAR 1      0.23                      0.82  -0.59     0.73
  SINCE JAN 1      0.62                      1.48  -0.86     2.27

SNOWFALL (IN)
  YESTERDAY        0.0           6.5  1899   0.3   -0.3      2.2
  MONTH TO DATE    1.7                       6.8   -5.1     10.4
  SINCE MAR 1      1.7                       6.8   -5.1     10.4
  SINCE JUL 1     15.1                      30.8  -15.7     37.5
  SNOW DEPTH       0

DEGREE DAYS
 HEATING
  YESTERDAY       19                        24     -5       42
  MONTH TO DATE  452                       691   -239      591
  SINCE MAR 1    452                       691   -239      591
  SINCE JUL 1   4205                      5254  -1049     4494

 COOLING
  YESTERDAY        0                         0      0        0
  MONTH TO DATE    0                         0      0        0
  SINCE MAR 1      0                         0      0        0
  SINCE JAN 1      0                         0      0        0
..................................................................


WIND (MPH)
  HIGHEST WIND SPEED    32   HIGHEST WIND DIRECTION     N (360)
  HIGHEST GUST SPEED    39   HIGHEST GUST DIRECTION     N (350)
  AVERAGE WIND SPEED    16.0


SKY COVER
  POSSIBLE SUNSHINE  MM
  AVERAGE SKY COVER 0.8


WEATHER CONDITIONS
 THE FOLLOWING WEATHER WAS RECORDED YESTERDAY.
  LIGHT RAIN


RELATIVE HUMIDITY (PERCENT)
 HIGHEST    82          1000 PM
 LOWEST     41           100 PM
 AVERAGE    62

..........................................................


THE COLORADO SPRINGS CO CLIMATE NORMALS FOR TODAY
                         NORMAL    RECORD    YEAR
 MAXIMUM TEMPERATURE (F)   55        76      1988
 MINIMUM TEMPERATURE (F)   29        -1      1931


SUNRISE AND SUNSET
MARCH 27 2017.........SUNRISE   651 AM MDT   SUNSET   718 PM MDT
MARCH 28 2017.........SUNRISE   649 AM MDT   SUNSET   719 PM MDT


-  INDICATES NEGATIVE NUMBERS.
R  INDICATES RECORD WAS SET OR TIED.
MM INDICATES DATA IS MISSING.
T  INDICATES TRACE AMOUNT.




$$
