000
CDUS45 KPUB 131134
CLICOS


CLIMATE REPORT
NATIONAL WEATHER SERVICE PUEBLO
434 AM MST SAT FEB 13 2016


...................................

...THE COLORADO SPRINGS CO CLIMATE SUMMARY FOR FEBRUARY 12 2016...

CLIMATE NORMAL PERIOD 1981 TO 2010
CLIMATE RECORD PERIOD 1872 TO 2016


WEATHER ITEM   OBSERVED TIME   RECORD YEAR NORMAL DEPARTURE LAST
                VALUE   (LST)  VALUE       VALUE  FROM      YEAR
                                                  NORMAL
..................................................................
TEMPERATURE (F)
 YESTERDAY
  MAXIMUM         56    416 PM  70    1962  44     12       54
  MINIMUM         28    436 AM -24    1899  19      9       23
  AVERAGE         42                        31     11       39

PRECIPITATION (IN)
  YESTERDAY        0.00          0.49 1940   0.01  -0.01     0.00
  MONTH TO DATE    1.00                      0.12   0.88     0.40
  SINCE DEC 1      1.79                      0.78   1.01     1.43
  SINCE JAN 1      1.54                      0.44   1.10     1.27

SNOWFALL (IN)
  YESTERDAY        0.0           6.3  1940   0.2   -0.2      0.0
  MONTH TO DATE   10.3                       2.1    8.2      0.5
  SINCE DEC 1     20.6                      13.4    7.2     17.7
  SINCE JUL 1     26.4                      21.2    5.2     24.8
  SNOW DEPTH       T

DEGREE DAYS
 HEATING
  YESTERDAY       23                        34    -11       26
  MONTH TO DATE  440                       408     32      263
  SINCE DEC 1   2434                      2570   -136     2282
  SINCE JUL 1   3537                      4051   -514     3607

 COOLING
  YESTERDAY        0                         0      0        0
  MONTH TO DATE    0                         0      0        0
  SINCE DEC 1      0                         0      0        0
  SINCE JAN 1      0                         0      0        0
..................................................................


WIND (MPH)
  HIGHEST WIND SPEED    14   HIGHEST WIND DIRECTION     E (110)
  HIGHEST GUST SPEED    15   HIGHEST GUST DIRECTION     E (110)
  AVERAGE WIND SPEED     5.7


SKY COVER
  POSSIBLE SUNSHINE  MM
  AVERAGE SKY COVER 0.5


WEATHER CONDITIONS
 THE FOLLOWING WEATHER WAS RECORDED YESTERDAY.
  NO SIGNIFICANT WEATHER WAS OBSERVED.


RELATIVE HUMIDITY (PERCENT)
 HIGHEST    75           400 AM
 LOWEST     35           100 PM
 AVERAGE    55

..........................................................


THE COLORADO SPRINGS CO CLIMATE NORMALS FOR TODAY
                         NORMAL    RECORD    YEAR
 MAXIMUM TEMPERATURE (F)   44        71      2011
                                             1954
 MINIMUM TEMPERATURE (F)   19       -23      1905


SUNRISE AND SUNSET
FEBRUARY 13 2016......SUNRISE   653 AM MST   SUNSET   534 PM MST
FEBRUARY 14 2016......SUNRISE   652 AM MST   SUNSET   535 PM MST


-  INDICATES NEGATIVE NUMBERS.
R  INDICATES RECORD WAS SET OR TIED.
MM INDICATES DATA IS MISSING.
T  INDICATES TRACE AMOUNT.




$$
