000
CDUS45 KPUB 231052
CLICOS


CLIMATE REPORT
NATIONAL WEATHER SERVICE PUEBLO
451 AM MDT WED AUG 23 2017


...................................

...THE COLORADO SPRINGS CO CLIMATE SUMMARY FOR AUGUST 22 2017...

CLIMATE NORMAL PERIOD 1981 TO 2010
CLIMATE RECORD PERIOD 1872 TO 2017


WEATHER ITEM   OBSERVED TIME   RECORD YEAR NORMAL DEPARTURE LAST
                VALUE   (LST)  VALUE       VALUE  FROM      YEAR
                                                  NORMAL
..................................................................
TEMPERATURE (F)
 YESTERDAY
  MAXIMUM         75    525 PM  93    2011  81     -6       86
  MINIMUM         57    540 AM  41    1920  55      2       57
  AVERAGE         66                        68     -2       72

PRECIPITATION (IN)
  YESTERDAY        0.00          2.36 2013   0.09  -0.09     0.00
  MONTH TO DATE    2.43                      2.55  -0.12     0.95
  SINCE JUN 1      9.16                      7.89   1.27     5.03
  SINCE JAN 1     15.28                     13.00   2.28    11.96

SNOWFALL (IN)
  YESTERDAY        0.0           0.0  2002   0.0    0.0      0.0
  MONTH TO DATE    T                         0.0    0.0      0.0
  SINCE JUN 1      T                         0.0    0.0       T
  SINCE JUL 1      T                         0.0    0.0       T
  SNOW DEPTH       0

DEGREE DAYS
 HEATING
  YESTERDAY        0                         1     -1        0
  MONTH TO DATE    9                         7      2        7
  SINCE JUN 1     30                        96    -66       15
  SINCE JUL 1      9                        17     -8        7

 COOLING
  YESTERDAY        1                         4     -3        7
  MONTH TO DATE   81                       105    -24      131
  SINCE JUN 1    506                       379    127      611
  SINCE JAN 1    508                       389    119      613
..................................................................


WIND (MPH)
  HIGHEST WIND SPEED    22   HIGHEST WIND DIRECTION     S (160)
  HIGHEST GUST SPEED    29   HIGHEST GUST DIRECTION     S (160)
  AVERAGE WIND SPEED     9.5


SKY COVER
  POSSIBLE SUNSHINE  MM
  AVERAGE SKY COVER 0.6


WEATHER CONDITIONS
 THE FOLLOWING WEATHER WAS RECORDED YESTERDAY.
  FOG


RELATIVE HUMIDITY (PERCENT)
 HIGHEST    93           500 AM
 LOWEST     46           500 PM
 AVERAGE    70

..........................................................


THE COLORADO SPRINGS CO CLIMATE NORMALS FOR TODAY
                         NORMAL    RECORD    YEAR
 MAXIMUM TEMPERATURE (F)   81        95      2011
 MINIMUM TEMPERATURE (F)   55        44      1917
                                             1896


SUNRISE AND SUNSET
AUGUST 23 2017........SUNRISE   620 AM MDT   SUNSET   742 PM MDT
AUGUST 24 2017........SUNRISE   621 AM MDT   SUNSET   741 PM MDT


-  INDICATES NEGATIVE NUMBERS.
R  INDICATES RECORD WAS SET OR TIED.
MM INDICATES DATA IS MISSING.
T  INDICATES TRACE AMOUNT.




$$
