000
CDUS45 KPUB 281039
CLICOS


CLIMATE REPORT
NATIONAL WEATHER SERVICE PUEBLO
439 AM MDT THU AUG 28 2014


...................................

...THE COLORADO SPRINGS CO CLIMATE SUMMARY FOR AUGUST 27 2014...

CLIMATE NORMAL PERIOD 1981 TO 2010
CLIMATE RECORD PERIOD 1872 TO 2014


WEATHER ITEM   OBSERVED TIME   RECORD YEAR NORMAL DEPARTURE LAST
                VALUE   (LST)  VALUE       VALUE  FROM      YEAR
                                                  NORMAL
..................................................................
TEMPERATURE (F)
 YESTERDAY
  MAXIMUM         81    339 PM  94    1962  80      1       87
                                      1960
  MINIMUM         55    457 AM  39    1992  54      1       62
  AVERAGE         68                        67      1       75

PRECIPITATION (IN)
  YESTERDAY        0.00          0.76 1955   0.08  -0.08     0.00
  MONTH TO DATE    2.32                      2.98  -0.66     5.65
  SINCE JUN 1      8.24                      8.32  -0.08    10.86
  SINCE JAN 1     13.03                     13.43  -0.40    13.59

SNOWFALL (IN)
  YESTERDAY        0.0           0.0  2002   0.0    0.0      0.0
  MONTH TO DATE    T                         0.0    0.0       T
  SINCE JUN 1      T                         0.0    0.0       T
  SINCE JUL 1      T                         0.0    0.0       T
  SNOW DEPTH       0

DEGREE DAYS
 HEATING
  YESTERDAY        0                         1     -1        0
  MONTH TO DATE    5                        12     -7        5
  SINCE JUN 1     67                       101    -34       35
  SINCE JUL 1     28                        22      6       10

 COOLING
  YESTERDAY        3                         3      0       10
  MONTH TO DATE  108                       122    -14      147
  SINCE JUN 1    406                       396     10      535
  SINCE JAN 1    419                       406     13      557
..................................................................


WIND (MPH)
  HIGHEST WIND SPEED    28   HIGHEST WIND DIRECTION     N (10)
  HIGHEST GUST SPEED    32   HIGHEST GUST DIRECTION     N (10)
  AVERAGE WIND SPEED     8.6


SKY COVER
  POSSIBLE SUNSHINE  MM
  AVERAGE SKY COVER 0.6


WEATHER CONDITIONS
 THE FOLLOWING WEATHER WAS RECORDED YESTERDAY.
  NO SIGNIFICANT WEATHER WAS OBSERVED.


RELATIVE HUMIDITY (PERCENT)
 HIGHEST    93           400 AM
 LOWEST     25           400 PM
 AVERAGE    59

..........................................................


THE COLORADO SPRINGS CO CLIMATE NORMALS FOR TODAY
                         NORMAL    RECORD    YEAR
 MAXIMUM TEMPERATURE (F)   80        93      1958
 MINIMUM TEMPERATURE (F)   54        42      2004
                                             1903


SUNRISE AND SUNSET
AUGUST 28 2014........SUNRISE   624 AM MDT   SUNSET   735 PM MDT
AUGUST 29 2014........SUNRISE   625 AM MDT   SUNSET   734 PM MDT


-  INDICATES NEGATIVE NUMBERS.
R  INDICATES RECORD WAS SET OR TIED.
MM INDICATES DATA IS MISSING.
T  INDICATES TRACE AMOUNT.




$$
