000
CDUS45 KPUB 211127
CLICOS


CLIMATE REPORT
NATIONAL WEATHER SERVICE PUEBLO
427 AM MST TUE FEB 21 2017


...................................

...THE COLORADO SPRINGS CO CLIMATE SUMMARY FOR FEBRUARY 20 2017...

CLIMATE NORMAL PERIOD 1981 TO 2010
CLIMATE RECORD PERIOD 1872 TO 2017


WEATHER ITEM   OBSERVED TIME   RECORD YEAR NORMAL DEPARTURE LAST
                VALUE   (LST)  VALUE       VALUE  FROM      YEAR
                                                  NORMAL
..................................................................
TEMPERATURE (F)
 YESTERDAY
  MAXIMUM         60    350 PM  71    1935  46     14       62
  MINIMUM         31    549 AM  -9    1911  20     11       35
  AVERAGE         46                        33     13       49

PRECIPITATION (IN)
  YESTERDAY        0.00          0.65 2013   0.01  -0.01     0.00
  MONTH TO DATE    0.05                      0.21  -0.16     1.00
  SINCE DEC 1      1.05                      0.87   0.18     1.79
  SINCE JAN 1      0.37                      0.53  -0.16     1.54

SNOWFALL (IN)
  YESTERDAY        0.0           7.3  2013   0.2   -0.2      0.0
  MONTH TO DATE    0.6                       3.5   -2.9     10.1
  SINCE DEC 1     13.3                      14.8   -1.5     21.3
  SINCE JUL 1     13.3                      22.6   -9.3     27.1
  SNOW DEPTH       0

DEGREE DAYS
 HEATING
  YESTERDAY       19                        32    -13       16
  MONTH TO DATE  454                       670   -216      582
  SINCE DEC 1   2605                      2832   -227     2576
  SINCE JUL 1   3508                      4313   -805     3679

 COOLING
  YESTERDAY        0                         0      0        0
  MONTH TO DATE    0                         0      0        0
  SINCE DEC 1      0                         0      0        0
  SINCE JAN 1      0                         0      0        0
..................................................................


WIND (MPH)
  HIGHEST WIND SPEED    20   HIGHEST WIND DIRECTION     N (340)
  HIGHEST GUST SPEED    24   HIGHEST GUST DIRECTION    NW (330)
  AVERAGE WIND SPEED     9.3


SKY COVER
  POSSIBLE SUNSHINE  MM
  AVERAGE SKY COVER 0.2


WEATHER CONDITIONS
 THE FOLLOWING WEATHER WAS RECORDED YESTERDAY.
  NO SIGNIFICANT WEATHER WAS OBSERVED.


RELATIVE HUMIDITY (PERCENT)
 HIGHEST    59           200 AM
 LOWEST     10           300 PM
 AVERAGE    35

..........................................................


THE COLORADO SPRINGS CO CLIMATE NORMALS FOR TODAY
                         NORMAL    RECORD    YEAR
 MAXIMUM TEMPERATURE (F)   46        70      1927
 MINIMUM TEMPERATURE (F)   20        -5      1953
                                             1939
                                             1913


SUNRISE AND SUNSET
FEBRUARY 21 2017......SUNRISE   642 AM MST   SUNSET   543 PM MST
FEBRUARY 22 2017......SUNRISE   641 AM MST   SUNSET   545 PM MST


-  INDICATES NEGATIVE NUMBERS.
R  INDICATES RECORD WAS SET OR TIED.
MM INDICATES DATA IS MISSING.
T  INDICATES TRACE AMOUNT.




$$
