000
CDUS43 KLSX 300745
CLICOU


CLIMATE REPORT
NATIONAL WEATHER SERVICE ST LOUIS MO
245 AM CDT SAT MAY 30 2015


...................................

...THE COLUMBIA ASOS CLIMATE SUMMARY FOR MAY 29 2015...

CLIMATE NORMAL PERIOD 1981 TO 2010
CLIMATE RECORD PERIOD 1890 TO 2015


WEATHER ITEM   OBSERVED TIME   RECORD YEAR NORMAL DEPARTURE LAST
                VALUE   (LST)  VALUE       VALUE  FROM      YEAR
                                                  NORMAL
..................................................................
TEMPERATURE (F)
 YESTERDAY
  MAXIMUM         76    408 PM  94    1926  78     -2       83
                                      1913
  MINIMUM         65    559 AM  39    1984  57      8       64
                                      1947
  AVERAGE         71                        68      3       74

PRECIPITATION (IN)
  YESTERDAY        0.60          1.23 1898   0.16   0.44     0.00
  MONTH TO DATE    5.28                      4.67   0.61     3.04
  SINCE MAR 1     10.11                     12.07  -1.96    12.55
  SINCE JAN 1     12.46                     16.24  -3.78    14.81

SNOWFALL (IN)
  YESTERDAY        0.0           0.0  2014   0.0    0.0      0.0
  MONTH TO DATE    0.0                       0.0    0.0      0.0
  SINCE MAR 1      1.6                       1.9   -0.3      0.5
  SINCE JUL 1     12.0                      18.0   -6.0     17.8
  SNOW DEPTH       0

DEGREE DAYS
 HEATING
  YESTERDAY        0                         2     -2        0
  MONTH TO DATE   73                       107    -34      113
  SINCE MAR 1    877                      1064   -187     1143
  SINCE JUL 1   4932                      5010    -78     5572

 COOLING
  YESTERDAY        6                         4      2        9
  MONTH TO DATE  102                        69     33      126
  SINCE MAR 1    117                        94     23      137
  SINCE JAN 1    117                        94     23      137
..................................................................


WIND (MPH)
  HIGHEST WIND SPEED    18   HIGHEST WIND DIRECTION    SW (240)
  HIGHEST GUST SPEED    24   HIGHEST GUST DIRECTION    SW (230)
  AVERAGE WIND SPEED     7.4


SKY COVER
  AVERAGE SKY COVER 0.7


WEATHER CONDITIONS
 THE FOLLOWING WEATHER WAS RECORDED YESTERDAY.
  HEAVY RAIN
  RAIN
  LIGHT RAIN
  FOG


RELATIVE HUMIDITY (PERCENT)
 HIGHEST   100
 LOWEST     74
 AVERAGE    87

..........................................................


THE COLUMBIA ASOS CLIMATE NORMALS FOR TODAY
                         NORMAL    RECORD    YEAR
 MAXIMUM TEMPERATURE (F)   78        99      1934
 MINIMUM TEMPERATURE (F)   58        39      1984


SUNRISE AND SUNSET
MAY 30 2015...........SUNRISE   547 AM CDT   SUNSET   827 PM CDT
MAY 31 2015...........SUNRISE   546 AM CDT   SUNSET   827 PM CDT


-  INDICATES NEGATIVE NUMBERS.
R  INDICATES RECORD WAS SET OR TIED.
MM INDICATES DATA IS MISSING.
T  INDICATES TRACE AMOUNT.




$$
