000
CDUS43 KLSX 012235
CLICOU


CLIMATE REPORT
NATIONAL WEATHER SERVICE ST LOUIS MO
432 PM CST SUN FEB 1 2015


...................................

...THE COLUMBIA ASOS CLIMATE SUMMARY FOR FEBRUARY 1 2015...
VALID TODAY AS OF 0400 PM LOCAL TIME.

CLIMATE NORMAL PERIOD 1981 TO 2010
CLIMATE RECORD PERIOD 1890 TO 2015


WEATHER ITEM   OBSERVED TIME   RECORD YEAR NORMAL DEPARTURE LAST
                VALUE   (LST)  VALUE       VALUE  FROM      YEAR
                                                  NORMAL
..................................................................
TEMPERATURE (F)
 TODAY
  MAXIMUM         38   1212 PM  81    1911  40     -2       32
  MINIMUM         33    736 AM -11    1979  22     11       24
  AVERAGE         36                        31      5       28

PRECIPITATION (IN)
  TODAY            0.44          1.14 1968   0.07   0.37     0.59
  MONTH TO DATE    0.44                      0.07   0.37     0.59
  SINCE DEC 1      3.56                      4.43  -0.87     3.20
  SINCE JAN 1      1.38                      1.99  -0.61     1.49

SNOWFALL (IN)
  TODAY            0.8          17.5  2011   0.2    0.6      0.2
  MONTH TO DATE    0.8                       0.2    0.6      0.2
  SINCE DEC 1      1.9                      10.7   -8.8     10.1
  SINCE JUL 1      2.7                      11.6   -8.9     10.1
  SNOW DEPTH       1

DEGREE DAYS
 HEATING
  TODAY           29                        34     -5       37
  MONTH TO DATE   29                        34     -5       37
  SINCE DEC 1   1907                      2138   -231     2348
  SINCE JUL 1   2988                      3123   -135     3355

 COOLING
  TODAY            0                         0      0        0
  MONTH TO DATE    0                         0      0        0
  SINCE DEC 1      0                         0      0        0
  SINCE JAN 1      0                         0      0        0
..................................................................


WIND (MPH)
  HIGHEST WIND SPEED    18   HIGHEST WIND DIRECTION    NW (300)
  HIGHEST GUST SPEED    24   HIGHEST GUST DIRECTION    NW (300)
  AVERAGE WIND SPEED     8.5


SKY COVER
  AVERAGE SKY COVER 1.0



RELATIVE HUMIDITY (PERCENT)
 HIGHEST   100           400 AM
 LOWEST     82          1200 AM
 AVERAGE    91

..........................................................


THE COLUMBIA ASOS CLIMATE NORMALS FOR TOMORROW
                         NORMAL    RECORD    YEAR
 MAXIMUM TEMPERATURE (F)   40        68      1992
 MINIMUM TEMPERATURE (F)   22       -15      1895


SUNRISE AND SUNSET
FEBRUARY  1 2015......SUNRISE   715 AM CST   SUNSET   530 PM CST
FEBRUARY  2 2015......SUNRISE   714 AM CST   SUNSET   531 PM CST


-  INDICATES NEGATIVE NUMBERS.
R  INDICATES RECORD WAS SET OR TIED.
MM INDICATES DATA IS MISSING.
T  INDICATES TRACE AMOUNT.




$$
