000
CDUS43 KLSX 260731
CLICOU


CLIMATE REPORT
NATIONAL WEATHER SERVICE ST LOUIS MO
231 AM CDT SUN MAR 26 2017


...................................

...THE COLUMBIA ASOS CLIMATE SUMMARY FOR MARCH 25 2017...

CLIMATE NORMAL PERIOD 1981 TO 2010
CLIMATE RECORD PERIOD 1890 TO 2017


WEATHER ITEM   OBSERVED TIME   RECORD YEAR NORMAL DEPARTURE LAST
                VALUE   (LST)  VALUE       VALUE  FROM      YEAR
                                                  NORMAL
..................................................................
TEMPERATURE (F)
 YESTERDAY
  MAXIMUM         60    154 PM  90    1907  59      1       55
  MINIMUM         50   1159 PM   8    1955  37     13       35
  AVERAGE         55                        48      7       45

PRECIPITATION (IN)
  YESTERDAY        0.45          1.73 1920   0.10   0.35     0.00
  MONTH TO DATE    2.19                      2.26  -0.07     1.25
  SINCE MAR 1      2.19                      2.26  -0.07     1.25
  SINCE JAN 1      3.41                      6.43  -3.02     2.90

SNOWFALL (IN)
  YESTERDAY        0.0           5.6  1978   0.0    0.0      0.0
  MONTH TO DATE    T                         1.5   -1.5       T
  SINCE MAR 1      T                         1.5   -1.5       T
  SINCE JUL 1      1.6                      17.6  -16.0      9.0
  SNOW DEPTH       0

DEGREE DAYS
 HEATING
  YESTERDAY       10                        17     -7       20
  MONTH TO DATE  427                       538   -111      344
  SINCE MAR 1    427                       538   -111      344
  SINCE JUL 1   3468                      4484  -1016     3521

 COOLING
  YESTERDAY        0                         0      0        0
  MONTH TO DATE    4                         0      4        4
  SINCE MAR 1      4                         0      4        4
  SINCE JAN 1      8                         0      8        4
..................................................................


WIND (MPH)
  HIGHEST WIND SPEED    18   HIGHEST WIND DIRECTION     W (250)
  HIGHEST GUST SPEED    22   HIGHEST GUST DIRECTION    SW (240)
  AVERAGE WIND SPEED     7.3


SKY COVER
  AVERAGE SKY COVER 0.8


WEATHER CONDITIONS
 THE FOLLOWING WEATHER WAS RECORDED YESTERDAY.
  THUNDERSTORM
  RAIN
  LIGHT RAIN
  FOG


RELATIVE HUMIDITY (PERCENT)
 HIGHEST   100
 LOWEST     86
 AVERAGE    93

..........................................................


THE COLUMBIA ASOS CLIMATE NORMALS FOR TODAY
                         NORMAL    RECORD    YEAR
 MAXIMUM TEMPERATURE (F)   59        86      1910
 MINIMUM TEMPERATURE (F)   37         4      1955


SUNRISE AND SUNSET
MARCH 26 2017.........SUNRISE   702 AM CDT   SUNSET   727 PM CDT
MARCH 27 2017.........SUNRISE   701 AM CDT   SUNSET   728 PM CDT


-  INDICATES NEGATIVE NUMBERS.
R  INDICATES RECORD WAS SET OR TIED.
MM INDICATES DATA IS MISSING.
T  INDICATES TRACE AMOUNT.




$$
