000
CDUS45 KRIW 130739
CLICPR


CLIMATE REPORT
NATIONAL WEATHER SERVICE RIVERTON WY
1230 AM MST SAT FEB 13 2016


...................................

...THE CASPER WY CLIMATE SUMMARY FOR FEBRUARY 12 2016...

CLIMATE NORMAL PERIOD 1981 TO 2010
CLIMATE RECORD PERIOD 1939 TO 2016


WEATHER ITEM   OBSERVED TIME   RECORD YEAR NORMAL DEPARTURE LAST
                VALUE   (LST)  VALUE       VALUE  FROM      YEAR
                                                  NORMAL
..................................................................
TEMPERATURE (F)
 YESTERDAY
  MAXIMUM         47    321 PM  61    1962  37     10       57
  MINIMUM         31    729 AM -18    1949  15     16       27
                                      1948
  AVERAGE         39                        26     13       42

PRECIPITATION (IN)
  YESTERDAY        0.00          0.30 1990   0.02  -0.02     0.00
  MONTH TO DATE    0.34                      0.23   0.11     0.30
  SINCE DEC 1      2.39                      1.23   1.16     2.07
  SINCE JAN 1      1.33                      0.74   0.59     0.82

SNOWFALL (IN)
  YESTERDAY        0.0                       0.3   -0.3      0.0
  MONTH TO DATE   14.6                       4.1   10.5      3.0
  SINCE DEC 1     44.8                      24.2   20.6     27.2
  SINCE JUL 1     58.1                      43.7   14.4     42.0
  SNOW DEPTH       3

DEGREE DAYS
 HEATING
  YESTERDAY       26                        39    -13       23
  MONTH TO DATE  493                       477     16      311
  SINCE DEC 1   2943                      3000    -57     2618
  SINCE JUL 1   4465                      4854   -389     4393

 COOLING
  YESTERDAY        0                         0      0        0
  MONTH TO DATE    0                         0      0        0
  SINCE DEC 1      0                         0      0        0
  SINCE JAN 1      0                         0      0        0
..................................................................


WIND (MPH)
  HIGHEST WIND SPEED    21   HIGHEST WIND DIRECTION    SW (210)
  HIGHEST GUST SPEED    29   HIGHEST GUST DIRECTION    SW (210)
  AVERAGE WIND SPEED     7.7


SKY COVER
  POSSIBLE SUNSHINE  MM
  AVERAGE SKY COVER 0.5


WEATHER CONDITIONS
 THE FOLLOWING WEATHER WAS RECORDED YESTERDAY.
  NO SIGNIFICANT WEATHER WAS OBSERVED.


RELATIVE HUMIDITY (PERCENT)
 HIGHEST    85           700 AM
 LOWEST     49           200 PM
 AVERAGE    67

..........................................................


THE CASPER WY CLIMATE NORMALS FOR TODAY
                         NORMAL    RECORD    YEAR
 MAXIMUM TEMPERATURE (F)   37        61      2015
 MINIMUM TEMPERATURE (F)   15       -20      1949


SUNRISE AND SUNSET
FEBRUARY 13 2016......SUNRISE   707 AM MST   SUNSET   534 PM MST
FEBRUARY 14 2016......SUNRISE   705 AM MST   SUNSET   535 PM MST


-  INDICATES NEGATIVE NUMBERS.
R  INDICATES RECORD WAS SET OR TIED.
MM INDICATES DATA IS MISSING.
T  INDICATES TRACE AMOUNT.




$$
