000
CDUS45 KRIW 270052
CLICPR


CLIMATE REPORT
NATIONAL WEATHER SERVICE RIVERTON WY
544 PM MST MON JAN 26 2015


...................................

...THE CASPER WY CLIMATE SUMMARY FOR JANUARY 26 2015...
VALID TODAY AS OF 0500 PM LOCAL TIME.

CLIMATE NORMAL PERIOD 1981 TO 2010
CLIMATE RECORD PERIOD 1939 TO 2015


WEATHER ITEM   OBSERVED TIME   RECORD YEAR NORMAL DEPARTURE LAST
                VALUE   (LST)  VALUE       VALUE  FROM      YEAR
                                                  NORMAL
..................................................................
TEMPERATURE (F)
 TODAY
  MAXIMUM         54        MM  56    1982  35     19       40
  MINIMUM         39        MM -27    1980  14     25       11
  AVERAGE         47                        25     22       26

PRECIPITATION (IN)
  TODAY            0.00          0.35 1984   0.02  -0.02     0.06
  MONTH TO DATE    0.35                      0.43  -0.08     0.71
  SINCE DEC 1      1.60                      0.92   0.68     1.91
  SINCE JAN 1      0.35                      0.43  -0.08     0.71

SNOWFALL (IN)
  TODAY            0.0                       0.3   -0.3      2.2
  MONTH TO DATE    6.1                       7.6   -1.5     13.8
  SINCE DEC 1     23.9                      18.6    5.3     29.5
  SINCE JUL 1     38.7                      38.1    0.6     54.3
  SNOW DEPTH       0

DEGREE DAYS
 HEATING
  TODAY           18                        40    -22       39
  MONTH TO DATE 1047                      1045      2     1023
  SINCE DEC 1   2171                      2320   -149     2399
  SINCE JUL 1   3946                      4174   -228     4243

 COOLING
  TODAY            0                         0      0        0
  MONTH TO DATE    0                         0      0        0
  SINCE DEC 1      0                         0      0        0
  SINCE JAN 1      0                         0      0        0
..................................................................


WIND (MPH)
  HIGHEST WIND SPEED    28   HIGHEST WIND DIRECTION    SW (220)
  HIGHEST GUST SPEED    38   HIGHEST GUST DIRECTION    SW (220)
  AVERAGE WIND SPEED    17.3


SKY COVER
  POSSIBLE SUNSHINE  MM
  AVERAGE SKY COVER 0.0


WEATHER CONDITIONS
 THE FOLLOWING WEATHER WAS RECORDED TODAY.
  NO SIGNIFICANT WEATHER WAS OBSERVED.


RELATIVE HUMIDITY (PERCENT)
 HIGHEST    59           300 AM
 LOWEST     38           100 PM
 AVERAGE    49

..........................................................


THE CASPER WY CLIMATE NORMALS FOR TOMORROW
                         NORMAL    RECORD    YEAR
 MAXIMUM TEMPERATURE (F)   35        56      2003
 MINIMUM TEMPERATURE (F)   14       -26      1980


SUNRISE AND SUNSET
JANUARY 26 2015.......SUNRISE   727 AM MST   SUNSET   511 PM MST
JANUARY 27 2015.......SUNRISE   726 AM MST   SUNSET   512 PM MST


-  INDICATES NEGATIVE NUMBERS.
R  INDICATES RECORD WAS SET OR TIED.
MM INDICATES DATA IS MISSING.
T  INDICATES TRACE AMOUNT.




$$
