000
CDUS45 KRIW 230737
CLICPR


CLIMATE REPORT
NATIONAL WEATHER SERVICE RIVERTON WY
129 AM MDT TUE SEP 23 2014


...................................

...THE CASPER WY CLIMATE SUMMARY FOR SEPTEMBER 22 2014...

CLIMATE NORMAL PERIOD 1981 TO 2010
CLIMATE RECORD PERIOD 1939 TO 2014


WEATHER ITEM   OBSERVED TIME   RECORD YEAR NORMAL DEPARTURE LAST
                VALUE   (LST)  VALUE       VALUE  FROM      YEAR
                                                  NORMAL
..................................................................
TEMPERATURE (F)
 YESTERDAY
  MAXIMUM         74    138 PM  87    2007  71      3       78
                                      1992
                                      1966
  MINIMUM         48    401 AM  25    2000  39      9       54
  AVERAGE         61                        55      6       66

PRECIPITATION (IN)
  YESTERDAY        0.00          0.60 1976   0.04  -0.04      T
  MONTH TO DATE    0.21                      0.75  -0.54     0.45
  SINCE SEP 1      0.21                      0.75  -0.54     0.45
  SINCE JAN 1      8.59                      9.83  -1.24     9.65

SNOWFALL (IN)
  YESTERDAY        0.0                       0.1   -0.1      0.0
  MONTH TO DATE    1.0                       0.9    0.1      0.0
  SINCE SEP 1      1.0                       0.9    0.1      0.0
  SINCE JUL 1      1.0                       0.9    0.1      0.0
  SNOW DEPTH       0

DEGREE DAYS
 HEATING
  YESTERDAY        4                        11     -7        0
  MONTH TO DATE  147                       140      7       66
  SINCE SEP 1    147                       140      7       66
  SINCE JUL 1    194                       186      8       66

 COOLING
  YESTERDAY        0                         0      0        1
  MONTH TO DATE   20                        24     -4       80
  SINCE SEP 1     20                        24     -4       80
  SINCE JAN 1    348                       421    -73      618
..................................................................


WIND (MPH)
  HIGHEST WIND SPEED    29   HIGHEST WIND DIRECTION    SW (220)
  HIGHEST GUST SPEED    36   HIGHEST GUST DIRECTION    SW (210)
  AVERAGE WIND SPEED    12.7


SKY COVER
  POSSIBLE SUNSHINE  MM
  AVERAGE SKY COVER 0.2


WEATHER CONDITIONS
 THE FOLLOWING WEATHER WAS RECORDED YESTERDAY.
  THUNDERSTORM


RELATIVE HUMIDITY (PERCENT)
 HIGHEST    71           400 AM
 LOWEST     35           100 PM
 AVERAGE    53

..........................................................


THE CASPER WY CLIMATE NORMALS FOR TODAY
                         NORMAL    RECORD    YEAR
 MAXIMUM TEMPERATURE (F)   70        90      1992
 MINIMUM TEMPERATURE (F)   38        24      2000


SUNRISE AND SUNSET
SEPTEMBER 23 2014.....SUNRISE   654 AM MDT   SUNSET   701 PM MDT
SEPTEMBER 24 2014.....SUNRISE   655 AM MDT   SUNSET   659 PM MDT


-  INDICATES NEGATIVE NUMBERS.
R  INDICATES RECORD WAS SET OR TIED.
MM INDICATES DATA IS MISSING.
T  INDICATES TRACE AMOUNT.




$$
