000
CDUS45 KRIW 300743
CLICPR


CLIMATE REPORT
NATIONAL WEATHER SERVICE RIVERTON WY
126 AM MDT TUE AUG 30 2016


...................................

...THE CASPER WY CLIMATE SUMMARY FOR AUGUST 29 2016...

CLIMATE NORMAL PERIOD 1981 TO 2010
CLIMATE RECORD PERIOD 1939 TO 2016


WEATHER ITEM   OBSERVED TIME   RECORD YEAR NORMAL DEPARTURE LAST
                VALUE   (LST)  VALUE       VALUE  FROM      YEAR
                                                  NORMAL
..................................................................
TEMPERATURE (F)
 YESTERDAY
  MAXIMUM         86    342 PM  97    2012  83      3       92
  MINIMUM         47    315 AM  39    2004  48     -1       50
  AVERAGE         67                        66      1       71

PRECIPITATION (IN)
  YESTERDAY        0.00          0.15 1969   0.02  -0.02     0.00
  MONTH TO DATE    1.30                      0.80   0.50     0.83
  SINCE JUN 1      2.71                      3.82  -1.11     2.90
  SINCE JAN 1     12.17                      9.03   3.14    10.40

SNOWFALL (IN)
  YESTERDAY        0.0                       0.0    0.0      0.0
  MONTH TO DATE    0.0                       0.0    0.0      0.0
  SINCE JUN 1      0.0                       0.1   -0.1      0.0
  SINCE JUL 1      0.0                       0.0    0.0      0.0
  SNOW DEPTH       0

DEGREE DAYS
 HEATING
  YESTERDAY        0                         2     -2        0
  MONTH TO DATE   55                        24     31       44
  SINCE JUN 1     97                       176    -79       86
  SINCE JUL 1     60                        40     20       60

 COOLING
  YESTERDAY        2                         3     -1        6
  MONTH TO DATE  110                       147    -37      131
  SINCE JUN 1    419                       388     31      337
  SINCE JAN 1    419                       392     27      337
..................................................................


WIND (MPH)
  HIGHEST WIND SPEED    17   HIGHEST WIND DIRECTION     E (90)
  HIGHEST GUST SPEED    21   HIGHEST GUST DIRECTION     E (80)
  AVERAGE WIND SPEED     6.5


SKY COVER
  POSSIBLE SUNSHINE  MM
  AVERAGE SKY COVER 0.0


WEATHER CONDITIONS
 THE FOLLOWING WEATHER WAS RECORDED YESTERDAY.
  NO SIGNIFICANT WEATHER WAS OBSERVED.


RELATIVE HUMIDITY (PERCENT)
 HIGHEST    71           300 AM
 LOWEST     16           300 PM
 AVERAGE    44

..........................................................


THE CASPER WY CLIMATE NORMALS FOR TODAY
                         NORMAL    RECORD    YEAR
 MAXIMUM TEMPERATURE (F)   83        96      1948
 MINIMUM TEMPERATURE (F)   48        34      1965


SUNRISE AND SUNSET
AUGUST 30 2016........SUNRISE   629 AM MDT   SUNSET   743 PM MDT
AUGUST 31 2016........SUNRISE   630 AM MDT   SUNSET   741 PM MDT


-  INDICATES NEGATIVE NUMBERS.
R  INDICATES RECORD WAS SET OR TIED.
MM INDICATES DATA IS MISSING.
T  INDICATES TRACE AMOUNT.




$$
