000
CDUS45 KRIW 300824
CLICPR


CLIMATE REPORT
NATIONAL WEATHER SERVICE RIVERTON WY
156 AM MDT TUE MAY 30 2017


...................................

...THE CASPER WY CLIMATE SUMMARY FOR MAY 29 2017...

CLIMATE NORMAL PERIOD 1981 TO 2010
CLIMATE RECORD PERIOD 1939 TO 2017


WEATHER ITEM   OBSERVED TIME   RECORD YEAR NORMAL DEPARTURE LAST
                VALUE   (LST)  VALUE       VALUE  FROM      YEAR
                                                  NORMAL
..................................................................
TEMPERATURE (F)
 YESTERDAY
  MAXIMUM         69    403 PM  95    2003  72     -3       75
  MINIMUM         39   1159 PM  29    1947  41     -2       37
  AVERAGE         54                        56     -2       56

PRECIPITATION (IN)
  YESTERDAY        0.00          1.19 1971   0.06  -0.06      T
  MONTH TO DATE    2.25                      1.89   0.36     2.82
  SINCE MAR 1      6.25                      4.00   2.25     7.81
  SINCE JAN 1      7.60                      5.08   2.52     9.27

SNOWFALL (IN)
  YESTERDAY        0.0                       0.0    0.0      0.0
  MONTH TO DATE    2.9                       2.9    0.0      0.0
  SINCE MAR 1     16.5                      25.4   -8.9     27.9
  SINCE JUL 1     70.0                      74.8   -4.8     86.6
  SNOW DEPTH       0

DEGREE DAYS
 HEATING
  YESTERDAY       11                         9      2        9
  MONTH TO DATE  380                       384     -4      440
  SINCE MAR 1   1745                      1978   -233     1946
  SINCE JUL 1   6935                      7426   -491     6881

 COOLING
  YESTERDAY        0                         0      0        0
  MONTH TO DATE    0                         0      0        0
  SINCE MAR 1      0                         0      0        0
  SINCE JAN 1      0                         0      0        0
..................................................................


WIND (MPH)
  HIGHEST WIND SPEED    15   HIGHEST WIND DIRECTION    NE (30)
  HIGHEST GUST SPEED    21   HIGHEST GUST DIRECTION     N (20)
  AVERAGE WIND SPEED     6.2


SKY COVER
  POSSIBLE SUNSHINE  MM
  AVERAGE SKY COVER 0.2


WEATHER CONDITIONS
 THE FOLLOWING WEATHER WAS RECORDED YESTERDAY.
  NO SIGNIFICANT WEATHER WAS OBSERVED.


RELATIVE HUMIDITY (PERCENT)
 HIGHEST   100          1200 AM
 LOWEST     27           400 PM
 AVERAGE    64

..........................................................


THE CASPER WY CLIMATE NORMALS FOR TODAY
                         NORMAL    RECORD    YEAR
 MAXIMUM TEMPERATURE (F)   72        92      1984
 MINIMUM TEMPERATURE (F)   41        29      2010
                                             2006
                                             2004


SUNRISE AND SUNSET
MAY 30 2017...........SUNRISE   531 AM MDT   SUNSET   837 PM MDT
MAY 31 2017...........SUNRISE   530 AM MDT   SUNSET   838 PM MDT


-  INDICATES NEGATIVE NUMBERS.
R  INDICATES RECORD WAS SET OR TIED.
MM INDICATES DATA IS MISSING.
T  INDICATES TRACE AMOUNT.




$$
