000
CDUS46 KLOX 270903
CLICQT


CLIMATE REPORT
NATIONAL WEATHER SERVICE LOS ANGELES/OXNARD CA
103 AM PST FRI FEB 27 2015


...................................

...THE DOWNTOWN LOS ANGELES (USC) CA CLIMATE SUMMARY FOR FEBRUARY 26 2015...

CLIMATE NORMAL PERIOD 1981 TO 2010
CLIMATE RECORD PERIOD 1877 TO 2015


WEATHER ITEM   OBSERVED TIME   RECORD YEAR NORMAL DEPARTURE LAST
                VALUE   (LST)  VALUE       VALUE  FROM      YEAR
                                                  NORMAL
..................................................................
TEMPERATURE (F)
 YESTERDAY
  MAXIMUM         70        MM  87    2002  69      1       67
                                      1980
  MINIMUM         51        MM  37    1894  50      1       57
  AVERAGE         61                        60      1       62

PRECIPITATION (IN)
  YESTERDAY        0.00          1.08 1983   0.13  -0.13     0.06
  MONTH TO DATE    0.72                      3.55  -2.83     0.29
  SINCE OCT 1      6.42                     10.70  -4.28     1.17
  SINCE JAN 1      1.81                      6.67  -4.86     0.29

SNOWFALL (IN)
  YESTERDAY        0.0
  MONTH TO DATE    0.0
  SINCE DEC 1      0.0
  SINCE JUL 1      0.0

DEGREE DAYS
 HEATING
  YESTERDAY        4                         6     -2        3
  MONTH TO DATE   41                       174   -133       97
  SINCE DEC 1    330                       634   -304      389
  SINCE JUL 1    353                       765   -412      470

 COOLING
  YESTERDAY        0                         1     -1        0
  MONTH TO DATE   35                        13     22        6
  SINCE DEC 1     61                        26     35       39
  SINCE JAN 1     57                        22     35       23
..................................................................


WIND (MPH)
  HIGHEST WIND SPEED     5   HIGHEST WIND DIRECTION     W (290)
  HIGHEST GUST SPEED    MM   HIGHEST GUST DIRECTION    MM
  AVERAGE WIND SPEED     0.7


SKY COVER
  POSSIBLE SUNSHINE  MM
  AVERAGE SKY COVER 0.0


WEATHER CONDITIONS
 THE FOLLOWING WEATHER WAS RECORDED YESTERDAY.
  HAZE


RELATIVE HUMIDITY (PERCENT)
 HIGHEST    80           900 PM
 LOWEST     52          1200 PM
 AVERAGE    66

..........................................................


THE DOWNTOWN LOS ANGELES (USC) CA CLIMATE NORMALS FOR TODAY
                         NORMAL    RECORD    YEAR
 MAXIMUM TEMPERATURE (F)   69        86      1992
 MINIMUM TEMPERATURE (F)   50        38      1894


SUNRISE AND SUNSET
FEBRUARY 27 2015......SUNRISE   624 AM PST   SUNSET   548 PM PST
FEBRUARY 28 2015......SUNRISE   623 AM PST   SUNSET   549 PM PST


-  INDICATES NEGATIVE NUMBERS.
R  INDICATES RECORD WAS SET OR TIED.
MM INDICATES DATA IS MISSING.
T  INDICATES TRACE AMOUNT.




$$
