000
CDUS46 KLOX 250939
CLICQT


CLIMATE REPORT
NATIONAL WEATHER SERVICE LOS ANGELES/OXNARD CA
239 AM PDT MON JUL 25 2016


...................................

...THE DOWNTOWN LOS ANGELES (USC) CA CLIMATE SUMMARY FOR JULY 24 2016...

CLIMATE NORMAL PERIOD 1981 TO 2010
CLIMATE RECORD PERIOD 1877 TO 2016


WEATHER ITEM   OBSERVED TIME   RECORD YEAR NORMAL DEPARTURE LAST
                VALUE   (LST)  VALUE       VALUE  FROM      YEAR
                                                  NORMAL
..................................................................
TEMPERATURE (F)
 YESTERDAY
  MAXIMUM         92    324 PM 103    1891  84      8       85
  MINIMUM         69    534 AM  52    1882  64      5       67
  AVERAGE         81                        74      7       76

PRECIPITATION (IN)
  YESTERDAY        0.00          T    1954   0.00   0.00     0.00
                                      1941
                                      1910
  MONTH TO DATE    0.00                      0.01  -0.01     0.38
  SINCE OCT 1      6.88                     14.65  -7.77     8.85
  SINCE JAN 1      5.85                     10.62  -4.77     4.24

SNOWFALL (IN)
  YESTERDAY        0.0
  MONTH TO DATE    0.0
  SINCE JUN 1      0.0
  SINCE JUL 1      0.0

DEGREE DAYS
 HEATING
  YESTERDAY        0                         0      0        0
  MONTH TO DATE    0                         0      0        0
  SINCE JUN 1      0                         8     -8        0
  SINCE JUL 1      0                         0      0        0

 COOLING
  YESTERDAY       16                         9      7       11
  MONTH TO DATE  225                       198     27      200
  SINCE JUN 1    420                       332     88      375
  SINCE JAN 1    627                       486    141      663
..................................................................


WIND (MPH)
  HIGHEST WIND SPEED     8   HIGHEST WIND DIRECTION    SE (140)
  HIGHEST GUST SPEED    13   HIGHEST GUST DIRECTION     W (280)
  AVERAGE WIND SPEED     1.9


SKY COVER
  POSSIBLE SUNSHINE  MM
  AVERAGE SKY COVER 0.0


WEATHER CONDITIONS
 THE FOLLOWING WEATHER WAS RECORDED YESTERDAY.
  FOG


RELATIVE HUMIDITY (PERCENT)
 HIGHEST    84           300 AM
 LOWEST     23           300 PM
 AVERAGE    54

..........................................................


THE DOWNTOWN LOS ANGELES (USC) CA CLIMATE NORMALS FOR TODAY
                         NORMAL    RECORD    YEAR
 MAXIMUM TEMPERATURE (F)   84       109      1891
 MINIMUM TEMPERATURE (F)   64        52      1903


SUNRISE AND SUNSET
JULY 25 2016..........SUNRISE   600 AM PDT   SUNSET   759 PM PDT
JULY 26 2016..........SUNRISE   601 AM PDT   SUNSET   758 PM PDT


-  INDICATES NEGATIVE NUMBERS.
R  INDICATES RECORD WAS SET OR TIED.
MM INDICATES DATA IS MISSING.
T  INDICATES TRACE AMOUNT.




$$
