000
CDUS46 KLOX 160910
CLICQT


CLIMATE REPORT
NATIONAL WEATHER SERVICE LOS ANGELES/OXNARD CA
210 AM PDT WED APR 16 2014


...................................

...THE DOWNTOWN LOS ANGELES (USC) CA CLIMATE SUMMARY FOR APRIL 15 2014...

CLIMATE NORMAL PERIOD 1981 TO 2010
CLIMATE RECORD PERIOD 1877 TO 2014


WEATHER ITEM   OBSERVED TIME   RECORD YEAR NORMAL DEPARTURE LAST
                VALUE   (LST)  VALUE       VALUE  FROM      YEAR
                                                  NORMAL
..................................................................
TEMPERATURE (F)
 YESTERDAY
  MAXIMUM         72   1227 PM  99    1966  73     -1       65
  MINIMUM         55    524 AM  43    1917  53      2       53
  AVERAGE         64                        63      1       59

PRECIPITATION (IN)
  YESTERDAY        0.00          0.81 1978   0.03  -0.03      T
  MONTH TO DATE    0.29                      0.54  -0.25      T
  SINCE JUL 1      6.02                     14.21  -8.19     5.14
  SINCE JAN 1      5.05                      9.89  -4.84     1.92

SNOWFALL (IN)
  YESTERDAY        0.0
  MONTH TO DATE    0.0
  SINCE MAR 1      0.0
  SINCE JUL 1      0.0

DEGREE DAYS
 HEATING
  YESTERDAY        1                         3     -2        6
  MONTH TO DATE   40                        57    -17       30
  SINCE MAR 1    103                       214   -111      125
  SINCE JUL 1    580                       989   -409      900

 COOLING
  YESTERDAY        0                         1     -1        0
  MONTH TO DATE   24                        15      9        2
  SINCE MAR 1     53                        35     18       15
  SINCE JAN 1     76                        58     18       23
..................................................................


WIND (MPH)
  HIGHEST WIND SPEED     9   HIGHEST WIND DIRECTION     W (280)
  HIGHEST GUST SPEED    12   HIGHEST GUST DIRECTION     W (270)
  AVERAGE WIND SPEED     1.7


SKY COVER
  POSSIBLE SUNSHINE  MM
  AVERAGE SKY COVER 0.3


WEATHER CONDITIONS
 THE FOLLOWING WEATHER WAS RECORDED YESTERDAY.
  FOG
  HAZE


RELATIVE HUMIDITY (PERCENT)
 HIGHEST    93           700 AM
 LOWEST     49          1200 PM
 AVERAGE    71

..........................................................


THE DOWNTOWN LOS ANGELES (USC) CA CLIMATE NORMALS FOR TODAY
                         NORMAL    RECORD    YEAR
 MAXIMUM TEMPERATURE (F)   73        91      2011
 MINIMUM TEMPERATURE (F)   54        42      1917


SUNRISE AND SUNSET
APRIL 16 2014.........SUNRISE   621 AM PDT   SUNSET   725 PM PDT
APRIL 17 2014.........SUNRISE   620 AM PDT   SUNSET   726 PM PDT


-  INDICATES NEGATIVE NUMBERS.
R  INDICATES RECORD WAS SET OR TIED.
MM INDICATES DATA IS MISSING.
T  INDICATES TRACE AMOUNT.




$$
