000
CDUS46 KLOX 282227
CLICQT


CLIMATE REPORT
NATIONAL WEATHER SERVICE LOS ANGELES/OXNARD CA
327 PM PDT WED JUN 28 2017


...................................

...THE DOWNTOWN LOS ANGELES (USC) CA CLIMATE SUMMARY FOR JUNE 28 2017...
VALID AS OF 0300 PM LOCAL TIME.

CLIMATE NORMAL PERIOD 1981 TO 2010
CLIMATE RECORD PERIOD 1877 TO 2017


WEATHER ITEM   OBSERVED TIME   RECORD YEAR NORMAL DEPARTURE LAST
                VALUE   (LST)  VALUE       VALUE  FROM      YEAR
                                                  NORMAL
..................................................................
TEMPERATURE (F)
 TODAY
  MAXIMUM         80   1036 AM  98    1980  81     -1       86
                                      1974
  MINIMUM         63    524 AM  52    1887  62      1       67
  AVERAGE         72                        72      0       77

PRECIPITATION (IN)
  TODAY            0.00          T    2015   0.00   0.00     0.00
                                      1959
                                      1952
  MONTH TO DATE    0.01                      0.09  -0.08     0.00
  SINCE OCT 1     19.00                     14.64   4.36     6.88
  SINCE JAN 1     13.05                     10.61   2.44     5.85

SNOWFALL (IN)
  TODAY            0.0
  MONTH TO DATE    0.0
  SINCE JUN 1      0.0
  SINCE JUL 1      0.0

DEGREE DAYS
 HEATING
  TODAY            0                         0      0        0
  MONTH TO DATE    0                         6     -6        0
  SINCE JUN 1      0                         6     -6        0
  SINCE JUL 1    729                      1082   -353      758

 COOLING
  TODAY            7                         7      0       12
  MONTH TO DATE  190                       122     68      175
  SINCE JUN 1    190                       122     68      175
  SINCE JAN 1    466                       276    190      382
..................................................................


WIND (MPH)
  HIGHEST WIND SPEED     9   HIGHEST WIND DIRECTION     W (270)
  HIGHEST GUST SPEED    14   HIGHEST GUST DIRECTION     W (280)
  AVERAGE WIND SPEED     1.5


SKY COVER
  POSSIBLE SUNSHINE  MM
  AVERAGE SKY COVER 0.1


WEATHER CONDITIONS
 THE FOLLOWING WEATHER WAS RECORDED TODAY.
  NO SIGNIFICANT WEATHER WAS OBSERVED.


RELATIVE HUMIDITY (PERCENT)
 HIGHEST    90           400 AM
 LOWEST     52          1000 AM
 AVERAGE    71

..........................................................


THE DOWNTOWN LOS ANGELES (USC) CA CLIMATE NORMALS FOR TOMORROW
                         NORMAL    RECORD    YEAR
 MAXIMUM TEMPERATURE (F)   81        98      1996
 MINIMUM TEMPERATURE (F)   62        50      1893


SUNRISE AND SUNSET
JUNE 28 2017..........SUNRISE   544 AM PDT   SUNSET   808 PM PDT
JUNE 29 2017..........SUNRISE   545 AM PDT   SUNSET   808 PM PDT


-  INDICATES NEGATIVE NUMBERS.
R  INDICATES RECORD WAS SET OR TIED.
MM INDICATES DATA IS MISSING.
T  INDICATES TRACE AMOUNT.




$$
