000
CDUS46 KLOX 272212
CLICQT


CLIMATE REPORT
NATIONAL WEATHER SERVICE LOS ANGELES/OXNARD CA
211 PM PST MON FEB 27 2017


...................................

...THE DOWNTOWN LOS ANGELES (USC) CA CLIMATE SUMMARY FOR FEBRUARY 27 2017...
VALID AS OF 0200 PM LOCAL TIME.

CLIMATE NORMAL PERIOD 1981 TO 2010
CLIMATE RECORD PERIOD 1877 TO 2017


WEATHER ITEM   OBSERVED TIME   RECORD YEAR NORMAL DEPARTURE LAST
                VALUE   (LST)  VALUE       VALUE  FROM      YEAR
                                                  NORMAL
..................................................................
TEMPERATURE (F)
 TODAY
  MAXIMUM         60    159 PM  86    1992  69     -9       74
                                      1901
  MINIMUM         52    316 AM  38    1894  50      2       53
                                      1893
  AVERAGE         56                        60     -4       64

PRECIPITATION (IN)
  TODAY            0.00          2.48 1991   0.13  -0.13     0.00
  MONTH TO DATE    4.17                      3.68   0.49     0.79
  SINCE OCT 1     18.50                     10.83   7.67     4.99
  SINCE JAN 1     12.55                      6.80   5.75     3.96

SNOWFALL (IN)
  TODAY            0.0
  MONTH TO DATE    0.0
  SINCE DEC 1      0.0
  SINCE JUL 1      0.0

DEGREE DAYS
 HEATING
  TODAY            9                         6      3        1
  MONTH TO DATE  137                       180    -43       69
  SINCE DEC 1    574                       640    -66      536
  SINCE JUL 1    645                       771   -126      640

 COOLING
  TODAY            0                         1     -1        0
  MONTH TO DATE    5                        14     -9       74
  SINCE DEC 1     14                        27    -13       84
  SINCE JAN 1      8                        23    -15       74
..................................................................


WIND (MPH)
  HIGHEST WIND SPEED     7   HIGHEST WIND DIRECTION     E (100)
  HIGHEST GUST SPEED    11   HIGHEST GUST DIRECTION     E (90)
  AVERAGE WIND SPEED     2.9


SKY COVER
  POSSIBLE SUNSHINE  MM
  AVERAGE SKY COVER 0.9


WEATHER CONDITIONS
 THE FOLLOWING WEATHER WAS RECORDED TODAY.
  NO SIGNIFICANT WEATHER WAS OBSERVED.


RELATIVE HUMIDITY (PERCENT)
 HIGHEST    71          1200 AM
 LOWEST     60           100 PM
 AVERAGE    66

..........................................................


THE DOWNTOWN LOS ANGELES (USC) CA CLIMATE NORMALS FOR TOMORROW
                         NORMAL    RECORD    YEAR
 MAXIMUM TEMPERATURE (F)   69        88      1901
 MINIMUM TEMPERATURE (F)   50        39      1962
                                             1951


SUNRISE AND SUNSET
FEBRUARY 27 2017......SUNRISE   624 AM PST   SUNSET   548 PM PST
FEBRUARY 28 2017......SUNRISE   623 AM PST   SUNSET   549 PM PST


-  INDICATES NEGATIVE NUMBERS.
R  INDICATES RECORD WAS SET OR TIED.
MM INDICATES DATA IS MISSING.
T  INDICATES TRACE AMOUNT.




$$
