000
CDUS46 KLOX 150914
CLICQT


CLIMATE REPORT
NATIONAL WEATHER SERVICE LOS ANGELES/OXNARD CA
114 AM PST FRI DEC 15 2017


...................................

...THE DOWNTOWN LOS ANGELES (USC) CA CLIMATE SUMMARY FOR DECEMBER 14 2017...

CLIMATE NORMAL PERIOD 1981 TO 2010
CLIMATE RECORD PERIOD 1877 TO 2017


WEATHER ITEM   OBSERVED TIME   RECORD YEAR NORMAL DEPARTURE LAST
                VALUE   (LST)  VALUE       VALUE  FROM      YEAR
                                                  NORMAL
..................................................................
TEMPERATURE (F)
 YESTERDAY
  MAXIMUM         76    315 PM  85    1886  67      9       71
  MINIMUM         48    716 AM  30    1878  47      1       51
  AVERAGE         62                        57      5       61

PRECIPITATION (IN)
  YESTERDAY        0.00          0.96 1888   0.07  -0.07     0.00
  MONTH TO DATE    0.00                      0.84  -0.84     0.00
  SINCE OCT 1      0.11                      2.54  -2.43     1.40
  SINCE JAN 1     13.23                     13.44  -0.21     7.25

SNOWFALL (IN)
  YESTERDAY        0.0
  MONTH TO DATE    0.0
  SINCE DEC 1      0.0
  SINCE JUL 1      0.0

DEGREE DAYS
 HEATING
  YESTERDAY        3                         8     -5        4
  MONTH TO DATE   30                       101    -71       85
  SINCE DEC 1     30                       101    -71       85
  SINCE JUL 1     48                       232   -184      156

 COOLING
  YESTERDAY        0                         0      0        0
  MONTH TO DATE    8                         0      8        0
  SINCE DEC 1      8                         0      8        0
  SINCE JAN 1   1883                      1240    643     1522
..................................................................


WIND (MPH)
  HIGHEST WIND SPEED     7   HIGHEST WIND DIRECTION     W (270)
  HIGHEST GUST SPEED    10   HIGHEST GUST DIRECTION     W (280)
  AVERAGE WIND SPEED     0.8


SKY COVER
  POSSIBLE SUNSHINE  MM
  AVERAGE SKY COVER 0.0


WEATHER CONDITIONS
 THE FOLLOWING WEATHER WAS RECORDED YESTERDAY.
  HAZE


RELATIVE HUMIDITY (PERCENT)
 HIGHEST    59          1200 AM
 LOWEST     15           400 PM
 AVERAGE    37

..........................................................


THE DOWNTOWN LOS ANGELES (USC) CA CLIMATE NORMALS FOR TODAY
                         NORMAL    RECORD    YEAR
 MAXIMUM TEMPERATURE (F)   67        85      1998
                                             1980
                                             1942
 MINIMUM TEMPERATURE (F)   47        36      1901
                                             1878


SUNRISE AND SUNSET
DECEMBER 15 2017......SUNRISE   651 AM PST   SUNSET   446 PM PST
DECEMBER 16 2017......SUNRISE   652 AM PST   SUNSET   446 PM PST


-  INDICATES NEGATIVE NUMBERS.
R  INDICATES RECORD WAS SET OR TIED.
MM INDICATES DATA IS MISSING.
T  INDICATES TRACE AMOUNT.




$$
