000
CDUS46 KLOX 280903
CLICQT


CLIMATE REPORT
NATIONAL WEATHER SERVICE LOS ANGELES/OXNARD CA
203 AM PDT SAT MAY 28 2016


...................................

...THE DOWNTOWN LOS ANGELES (USC) CA CLIMATE SUMMARY FOR MAY 27 2016...

CLIMATE NORMAL PERIOD 1981 TO 2010
CLIMATE RECORD PERIOD 1877 TO 2016


WEATHER ITEM   OBSERVED TIME   RECORD YEAR NORMAL DEPARTURE LAST
                VALUE   (LST)  VALUE       VALUE  FROM      YEAR
                                                  NORMAL
..................................................................
TEMPERATURE (F)
 YESTERDAY
  MAXIMUM         73   1218 PM  97    1880  75     -2       72
  MINIMUM         58    404 AM  47    1879  58      0       58
  AVERAGE         66                        66      0       65

PRECIPITATION (IN)
  YESTERDAY        0.00          0.57 1906   0.00   0.00     0.00
  MONTH TO DATE    0.05                      0.24  -0.19     0.93
  SINCE OCT 1      6.88                     14.53  -7.65     8.46
  SINCE JAN 1      5.85                     10.50  -4.65     3.85

SNOWFALL (IN)
  YESTERDAY        0.0
  MONTH TO DATE    0.0
  SINCE MAR 1      0.0
  SINCE JUL 1      0.0

DEGREE DAYS
 HEATING
  YESTERDAY        0                         1     -1        0
  MONTH TO DATE   20                        40    -20       41
  SINCE MAR 1    118                       298   -180      107
  SINCE JUL 1    758                      1073   -315      470

 COOLING
  YESTERDAY        1                         2     -1        0
  MONTH TO DATE   23                        54    -31       15
  SINCE MAR 1    127                       118      9      223
  SINCE JAN 1    202                       141     61      280
..................................................................


WIND (MPH)
  HIGHEST WIND SPEED    10   HIGHEST WIND DIRECTION     W (270)
  HIGHEST GUST SPEED    16   HIGHEST GUST DIRECTION     W (270)
  AVERAGE WIND SPEED     2.2


SKY COVER
  POSSIBLE SUNSHINE  MM
  AVERAGE SKY COVER 0.4


WEATHER CONDITIONS
 THE FOLLOWING WEATHER WAS RECORDED YESTERDAY.
  HAZE


RELATIVE HUMIDITY (PERCENT)
 HIGHEST    80           100 AM
 LOWEST     53          1200 PM
 AVERAGE    67

..........................................................


THE DOWNTOWN LOS ANGELES (USC) CA CLIMATE NORMALS FOR TODAY
                         NORMAL    RECORD    YEAR
 MAXIMUM TEMPERATURE (F)   75       101      1973
 MINIMUM TEMPERATURE (F)   58        48      1895


SUNRISE AND SUNSET
MAY 28 2016...........SUNRISE   544 AM PDT   SUNSET   757 PM PDT
MAY 29 2016...........SUNRISE   544 AM PDT   SUNSET   758 PM PDT


-  INDICATES NEGATIVE NUMBERS.
R  INDICATES RECORD WAS SET OR TIED.
MM INDICATES DATA IS MISSING.
T  INDICATES TRACE AMOUNT.




$$
