000
CDUS42 KILM 232144
CLICRE


CLIMATE REPORT
NATIONAL WEATHER SERVICE WILMINGTON NC
442 PM EST FRI FEB 23 2018


...................................

...THE N.MYRTLE BEACH SOUTH CAROLINA CLIMATE SUMMARY FOR FEBRUARY 23 2018...
VALID TODAY AS OF 0400 PM LOCAL TIME.

CLIMATE NORMAL PERIOD 1981 TO 2010
CLIMATE RECORD PERIOD 1949 TO 2018


WEATHER ITEM   OBSERVED TIME   RECORD YEAR NORMAL DEPARTURE LAST
                VALUE   (LST)  VALUE       VALUE  FROM      YEAR
                                                  NORMAL
..................................................................
TEMPERATURE (F)
 TODAY
  MAXIMUM         74R   320 PM  74    2017  59     15       74
  MINIMUM         57    710 AM  25    1999  40     17       55
  AVERAGE         66                        49     17       65

PRECIPITATION (IN)
  TODAY            0.01          0.42 2015   0.13  -0.12     0.00
  MONTH TO DATE    1.37                      2.81  -1.44     1.31
  SINCE DEC 1      9.03                      9.96  -0.93     5.96
  SINCE JAN 1      5.59                      6.50  -0.91     3.34

SNOWFALL (IN)
  TODAY           MM
  MONTH TO DATE   MM
  SINCE DEC 1     MM
  SINCE JUL 1     MM
  SNOW DEPTH      MM

DEGREE DAYS
 HEATING
  TODAY            0                        16    -16        0
  MONTH TO DATE  212                       403   -191      242
  SINCE DEC 1   1397                      1510   -113     1068
  SINCE JUL 1   1738                      1871   -133     1371

 COOLING
  TODAY            1                         0      1        0
  MONTH TO DATE   14                         0     14        0
  SINCE DEC 1     14                         3     11        0
  SINCE JAN 1     14                         0     14        0
..................................................................


WIND (MPH)
  RESULTANT WIND SPEED   3   RESULTANT WIND DIRECTION  SE (150)
  HIGHEST WIND SPEED    12   HIGHEST WIND DIRECTION     S (160)
  HIGHEST GUST SPEED    15   HIGHEST GUST DIRECTION    SE (150)
  AVERAGE WIND SPEED     3.4


SKY COVER
  POSSIBLE SUNSHINE  MM
  AVERAGE SKY COVER 0.7


WEATHER CONDITIONS
 THE FOLLOWING WEATHER WAS RECORDED TODAY.
  FOG
  FOG W/VISIBILITY <= 1/4 MILE


RELATIVE HUMIDITY (PERCENT)
 HIGHEST   100           100 AM
 LOWEST     73           100 PM
 AVERAGE    87

..........................................................


THE N.MYRTLE BEACH SOUTH CAROLINA CLIMATE NORMALS FOR TOMORROW
                         NORMAL    RECORD    YEAR
 MAXIMUM TEMPERATURE (F)   59        78      1996
 MINIMUM TEMPERATURE (F)   40        26      2009


SUNRISE AND SUNSET
FEBRUARY 23 2018......SUNRISE   651 AM EST   SUNSET   606 PM EST
FEBRUARY 24 2018......SUNRISE   649 AM EST   SUNSET   607 PM EST


-  INDICATES NEGATIVE NUMBERS.
R  INDICATES RECORD WAS SET OR TIED.
MM INDICATES DATA IS MISSING.
T  INDICATES TRACE AMOUNT.




$$
