000
CDUS42 KILM 280944
CLICRE


CLIMATE REPORT
NATIONAL WEATHER SERVICE WILMINGTON NC
443 AM EST TUE FEB 28 2017


...................................

...THE NORTH MYRTLE BEACH SC CLIMATE SUMMARY FOR FEBRUARY 27 2017...

CLIMATE NORMAL PERIOD 1981 TO 2010
CLIMATE RECORD PERIOD 1949 TO 2017


WEATHER ITEM   OBSERVED TIME   RECORD YEAR NORMAL DEPARTURE LAST
                VALUE   (LST)  VALUE       VALUE  FROM      YEAR
                                                  NORMAL
..................................................................
TEMPERATURE (F)
 YESTERDAY
  MAXIMUM         68    127 PM  82    1996  60      8       52
  MINIMUM         36    538 AM  22    1950  41     -5       33
  AVERAGE         52                        50      2       43

PRECIPITATION (IN)
  YESTERDAY        0.00                      0.12  -0.12     0.00
  MONTH TO DATE    1.31                      3.31  -2.00     6.17
  SINCE DEC 1      5.96                     10.46  -4.50    11.19
  SINCE JAN 1      3.34                      7.00  -3.66     8.07

SNOWFALL (IN)
  YESTERDAY       MM
  MONTH TO DATE   MM
  SINCE DEC 1     MM
  SINCE JUL 1     MM
  SNOW DEPTH      MM

DEGREE DAYS
 HEATING
  YESTERDAY       13                        15     -2       22
  MONTH TO DATE  275                       463   -188      448
  SINCE DEC 1   1101                      1570   -469     1253
  SINCE JUL 1   1404                      1931   -527     1450

 COOLING
  YESTERDAY        0                         0      0        0
  MONTH TO DATE    0                         0      0        0
  SINCE DEC 1      0                         3     -3       51
  SINCE JAN 1      0                         0      0        0
..................................................................


WIND (MPH)
  HIGHEST WIND SPEED    16   HIGHEST WIND DIRECTION     S (160)
  HIGHEST GUST SPEED    23   HIGHEST GUST DIRECTION     S (170)
  AVERAGE WIND SPEED     6.8


SKY COVER
  POSSIBLE SUNSHINE  MM
  AVERAGE SKY COVER 0.1


WEATHER CONDITIONS
 THE FOLLOWING WEATHER WAS RECORDED YESTERDAY.
  FOG
  FOG W/VISIBILITY <= 1/4 MILE


RELATIVE HUMIDITY (PERCENT)
 HIGHEST   100          1200 AM
 LOWEST     48          1100 AM
 AVERAGE    74

..........................................................


THE NORTH MYRTLE BEACH SC CLIMATE NORMALS FOR TODAY
                         NORMAL    RECORD    YEAR
 MAXIMUM TEMPERATURE (F)   60        79      1955
 MINIMUM TEMPERATURE (F)   41        22      2002


SUNRISE AND SUNSET
FEBRUARY 28 2017......SUNRISE   644 AM EST   SUNSET   611 PM EST
MARCH  1 2017.........SUNRISE   643 AM EST   SUNSET   612 PM EST


-  INDICATES NEGATIVE NUMBERS.
R  INDICATES RECORD WAS SET OR TIED.
MM INDICATES DATA IS MISSING.
T  INDICATES TRACE AMOUNT.




$$
