000
CDUS44 KCRP 180039
CLICRP

CLIMATE REPORT
NATIONAL WEATHER SERVICE CORPUS CHRISTI TX
638 PM CST SAT FEB 17 2018


...................................

...THE CORPUS CHRISTI CLIMATE SUMMARY FOR FEBRUARY 17 2018...
VALID TODAY AS OF 600 PM LOCAL TIME.

CLIMATE NORMAL PERIOD 1981 TO 2010
CLIMATE RECORD PERIOD 1887 TO 2018


WEATHER ITEM   OBSERVED TIME   RECORD YEAR NORMAL DEPARTURE LAST
                VALUE   (LST)  VALUE       VALUE  FROM      YEAR
                                                  NORMAL
..................................................................
TEMPERATURE (F)
 TODAY
  MAXIMUM         85    105 PM  91    1982  71     14       82
  MINIMUM         67    647 AM  24    1895  51     16       59
  AVERAGE         76                        61     15       71

PRECIPITATION (IN)
  TODAY            T             0.55 1995   0.08  -0.08     0.22
  MONTH TO DATE    0.19                      1.13  -0.94     1.03
  SINCE DEC 1      5.84                      4.50   1.34     3.50
  SINCE JAN 1      1.46                      2.67  -1.21     1.30

SNOWFALL (IN)
  TODAY            0.0
  MONTH TO DATE    0.0
  SINCE DEC 1      1.0
  SINCE JUL 1      1.0
  SNOW DEPTH       0

DEGREE DAYS
 HEATING
  TODAY            0                         6     -6        0
  MONTH TO DATE   93                       118    -25       26
  SINCE DEC 1    749                       644    105      330
  SINCE JUL 1    813                       745     68      348

 COOLING
  TODAY           11                         2      9        6
  MONTH TO DATE   42                        27     15       96
  SINCE DEC 1     87                       106    -19      276
  SINCE JAN 1     49                        57     -8      188
..................................................................


WIND (MPH)
  HIGHEST WIND SPEED    26   HIGHEST WIND DIRECTION    SE (150)
  HIGHEST GUST SPEED    31   HIGHEST GUST DIRECTION     S (160)


SKY COVER
  POSSIBLE SUNSHINE  MM
  AVERAGE SKY COVER 0.9


WEATHER CONDITIONS
 THE FOLLOWING WEATHER WAS RECORDED TODAY.
  LIGHT RAIN
  FOG


RELATIVE HUMIDITY (PERCENT)
 HIGHEST   100          1200 AM
 LOWEST     51           100 PM
 AVERAGE    76

..........................................................


THE CORPUS CHRISTI CLIMATE NORMALS FOR TOMORROW
                         NORMAL    RECORD    YEAR
 MAXIMUM TEMPERATURE (F)   71        94      1986
 MINIMUM TEMPERATURE (F)   51        25      1936


SUNRISE AND SUNSET
FEBRUARY 17 2018......SUNRISE   706 AM CST   SUNSET   623 PM CST
FEBRUARY 18 2018......SUNRISE   705 AM CST   SUNSET   623 PM CST


-  INDICATES NEGATIVE NUMBERS.
R  INDICATES RECORD WAS SET OR TIED.
MM INDICATES DATA IS MISSING.
T  INDICATES TRACE AMOUNT.




$$
