000
CDUS44 KCRP 270121
CLICRP

CLIMATE REPORT
NATIONAL WEATHER SERVICE CORPUS CHRISTI TX
718 PM CST SUN FEB 26 2017


...................................

...THE CORPUS CHRISTI CLIMATE SUMMARY FOR FEBRUARY 26 2017...
VALID TODAY AS OF 700 PM LOCAL TIME.

CLIMATE NORMAL PERIOD 1981 TO 2010
CLIMATE RECORD PERIOD 1887 TO 2017


WEATHER ITEM   OBSERVED TIME   RECORD YEAR NORMAL DEPARTURE LAST
                VALUE   (LST)  VALUE       VALUE  FROM      YEAR
                                                  NORMAL
..................................................................
TEMPERATURE (F)
 TODAY
  MAXIMUM         81    326 PM  89    1986  72      9       67
  MINIMUM         58   1211 AM  30    2002  53      5       46
  AVERAGE         70                        62      8       57

PRECIPITATION (IN)
  TODAY            T             1.43 2005   0.08  -0.08     0.00
  MONTH TO DATE    2.57                      1.76   0.81     0.21
  SINCE DEC 1      5.04                      5.13  -0.09     3.18
  SINCE JAN 1      2.84                      3.30  -0.46     2.29

SNOWFALL (IN)
  TODAY            0.0
  MONTH TO DATE    0.0
  SINCE DEC 1      0.0
  SINCE JUL 1      0.0
  SNOW DEPTH       0

DEGREE DAYS
 HEATING
  TODAY            0                         5     -5        8
  MONTH TO DATE   30                       165   -135      110
  SINCE DEC 1    334                       691   -357      542
  SINCE JUL 1    352                       792   -440      616

 COOLING
  TODAY            5                         2      3        0
  MONTH TO DATE  153                        45    108       50
  SINCE DEC 1    333                       124    209      141
  SINCE JAN 1    245                        75    170       63
..................................................................


WIND (MPH)
  HIGHEST WIND SPEED    32   HIGHEST WIND DIRECTION    SE (150)
  HIGHEST GUST SPEED    37   HIGHEST GUST DIRECTION    SE (140)


SKY COVER
  POSSIBLE SUNSHINE  MM
  AVERAGE SKY COVER 0.6


WEATHER CONDITIONS
 THE FOLLOWING WEATHER WAS RECORDED TODAY.
  LIGHT RAIN


RELATIVE HUMIDITY (PERCENT)
 HIGHEST    93           500 AM
 LOWEST     58           300 PM
 AVERAGE    76

..........................................................


THE CORPUS CHRISTI CLIMATE NORMALS FOR TOMORROW
                         NORMAL    RECORD    YEAR
 MAXIMUM TEMPERATURE (F)   73        96      1954
 MINIMUM TEMPERATURE (F)   53        24      2002


SUNRISE AND SUNSET
FEBRUARY 26 2017......SUNRISE   657 AM CST   SUNSET   629 PM CST
FEBRUARY 27 2017......SUNRISE   656 AM CST   SUNSET   629 PM CST


-  INDICATES NEGATIVE NUMBERS.
R  INDICATES RECORD WAS SET OR TIED.
MM INDICATES DATA IS MISSING.
T  INDICATES TRACE AMOUNT.




$$
