000
CDUS44 KCRP 230857
CLICRP

CLIMATE REPORT
NATIONAL WEATHER SERVICE CORPUS CHRISTI TX
355 AM CDT SAT MAY 23 2015

...................................

...THE CORPUS CHRISTI CLIMATE SUMMARY FOR MAY 22 2015...

CLIMATE NORMAL PERIOD 1981 TO 2010
CLIMATE RECORD PERIOD 1887 TO 2015


WEATHER ITEM   OBSERVED TIME   RECORD YEAR NORMAL DEPARTURE LAST
                VALUE   (LST)  VALUE       VALUE  FROM      YEAR
                                                  NORMAL
..................................................................
TEMPERATURE (F)
 YESTERDAY
  MAXIMUM         87    308 PM  93    2005  88     -1       87
  MINIMUM         74    616 AM  57    1988  71      3       74
                                      1967
  AVERAGE         81                        79      2       81

PRECIPITATION (IN)
  YESTERDAY        T             2.62 1895   0.11  -0.11      T
  MONTH TO DATE   12.68                      2.08  10.60     3.81
  SINCE MAR 1     25.17                      5.81  19.36     5.96
  SINCE JAN 1     28.62                      9.28  19.34     6.87

SNOWFALL (IN)
  YESTERDAY        0.0
  MONTH TO DATE    0.0
  SINCE MAR 1      0.0
  SINCE JUL 1      0.0
  SNOW DEPTH       0

DEGREE DAYS
 HEATING
  YESTERDAY        0                         0      0        0
  MONTH TO DATE    0                         0      0        0
  SINCE MAR 1    116                        98     18      146
  SINCE JUL 1   1053                       898    155     1145

 COOLING
  YESTERDAY       16                        14      2       16
  MONTH TO DATE  303                       276     27      210
  SINCE MAR 1    659                       628     31      579
  SINCE JAN 1    687                       704    -17      656
..................................................................


WIND (MPH)
  HIGHEST WIND SPEED    22   HIGHEST WIND DIRECTION    SE (140)
  HIGHEST GUST SPEED    27   HIGHEST GUST DIRECTION    SE (140)
  AVERAGE WIND SPEED    10.4


SKY COVER
  POSSIBLE SUNSHINE  MM
  AVERAGE SKY COVER 0.8


WEATHER CONDITIONS
 THE FOLLOWING WEATHER WAS RECORDED YESTERDAY.
  THUNDERSTORM


RELATIVE HUMIDITY (PERCENT)
 HIGHEST    94           100 AM
 LOWEST     68           200 PM
 AVERAGE    81

..........................................................


THE CORPUS CHRISTI CLIMATE NORMALS FOR TODAY
                         NORMAL    RECORD    YEAR
 MAXIMUM TEMPERATURE (F)   88        96      1988
 MINIMUM TEMPERATURE (F)   71        56      1967


SUNRISE AND SUNSET
MAY 23 2015...........SUNRISE   637 AM CDT   SUNSET   817 PM CDT
MAY 24 2015...........SUNRISE   637 AM CDT   SUNSET   817 PM CDT


-  INDICATES NEGATIVE NUMBERS.
R  INDICATES RECORD WAS SET OR TIED.
MM INDICATES DATA IS MISSING.
T  INDICATES TRACE AMOUNT.


$$

87
