000
CDUS44 KCRP 230842
CLICRP

CLIMATE REPORT
NATIONAL WEATHER SERVICE CORPUS CHRISTI TX
342 AM CDT THU OCT 23 2014

...................................

...THE CORPUS CHRISTI CLIMATE SUMMARY FOR OCTOBER 22 2014...

CLIMATE NORMAL PERIOD 1981 TO 2010
CLIMATE RECORD PERIOD 1887 TO 2014


WEATHER ITEM   OBSERVED TIME   RECORD YEAR NORMAL DEPARTURE LAST
                VALUE   (LST)  VALUE       VALUE  FROM      YEAR
                                                  NORMAL
..................................................................
TEMPERATURE (F)
 YESTERDAY
  MAXIMUM         84   1133 AM  98    1950  83      1       81
  MINIMUM         67    658 AM  45    1996  63      4       57
  AVERAGE         76                        73      3       69

PRECIPITATION (IN)
  YESTERDAY        0.00          2.20 1958   0.12  -0.12     0.00
  MONTH TO DATE    2.94                      2.68   0.26     2.45
  SINCE SEP 1      8.95                      7.66   1.29     8.76
  SINCE JAN 1     22.79                     27.00  -4.21    19.77

SNOWFALL (IN)
  YESTERDAY        0.0
  MONTH TO DATE    0.0
  SINCE SEP 1      0.0
  SINCE JUL 1      0.0
  SNOW DEPTH       0

DEGREE DAYS
 HEATING
  YESTERDAY        0                         0      0        0
  MONTH TO DATE    0                         0      0        0
  SINCE SEP 1      0                         0      0        0
  SINCE JUL 1      0                         0      0        0

 COOLING
  YESTERDAY       11                         9      2        4
  MONTH TO DATE  284                       240     44      283
  SINCE SEP 1    788                       722     66      865
  SINCE JAN 1   3491                      3283    208     3878
..................................................................


WIND (MPH)
  HIGHEST WIND SPEED    20   HIGHEST WIND DIRECTION     E (90)
  HIGHEST GUST SPEED    24   HIGHEST GUST DIRECTION     E (80)
  AVERAGE WIND SPEED    10.3


SKY COVER
  POSSIBLE SUNSHINE  MM
  AVERAGE SKY COVER 0.4


WEATHER CONDITIONS
 THE FOLLOWING WEATHER WAS RECORDED YESTERDAY.
  NO SIGNIFICANT WEATHER WAS OBSERVED.


RELATIVE HUMIDITY (PERCENT)
 HIGHEST    93           600 AM
 LOWEST     55          1200 PM
 AVERAGE    74

..........................................................


THE CORPUS CHRISTI CLIMATE NORMALS FOR TODAY
                         NORMAL    RECORD    YEAR
 MAXIMUM TEMPERATURE (F)   83        94      2004
 MINIMUM TEMPERATURE (F)   63        41      1996


SUNRISE AND SUNSET
OCTOBER 23 2014.......SUNRISE   735 AM CDT   SUNSET   653 PM CDT
OCTOBER 24 2014.......SUNRISE   736 AM CDT   SUNSET   652 PM CDT


-  INDICATES NEGATIVE NUMBERS.
R  INDICATES RECORD WAS SET OR TIED.
MM INDICATES DATA IS MISSING.
T  INDICATES TRACE AMOUNT.

$$
