000
CDUS44 KCRP 210640
CLICRP

CLIMATE REPORT
NATIONAL WEATHER SERVICE CORPUS CHRISTI TX
140 AM CDT TUE OCT 21 2014


...THE CORPUS CHRISTI CLIMATE SUMMARY FOR OCTOBER 20 2014...

CLIMATE NORMAL PERIOD 1981 TO 2010
CLIMATE RECORD PERIOD 1887 TO 2014


WEATHER ITEM   OBSERVED TIME   RECORD YEAR NORMAL DEPARTURE LAST
                VALUE   (LST)  VALUE       VALUE  FROM      YEAR
                                                  NORMAL
..................................................................
TEMPERATURE (F)
 YESTERDAY
  MAXIMUM         77   1031 AM  93    2004  84     -7       80
                                      1962
  MINIMUM         71    143 PM  39    1989  64      7       53
  AVERAGE         74                        74      0       67

PRECIPITATION (IN)
  YESTERDAY        1.68R         1.54 1986   0.14   1.54     0.00
  MONTH TO DATE    2.94                      2.43   0.51     0.94
  SINCE SEP 1      8.95                      7.41   1.54     7.25
  SINCE JAN 1     22.79                     26.75  -3.96    18.26

SNOWFALL (IN)
  YESTERDAY        0.0
  MONTH TO DATE    0.0
  SINCE SEP 1      0.0
  SINCE JUL 1      0.0
  SNOW DEPTH       0

DEGREE DAYS
 HEATING
  YESTERDAY        0                         0      0        0
  MONTH TO DATE    0                         0      0        0
  SINCE SEP 1      0                         0      0        0
  SINCE JUL 1      0                         0      0        0

 COOLING
  YESTERDAY        9                         9      0        2
  MONTH TO DATE  261                       222     39      267
  SINCE SEP 1    765                       704     61      849
  SINCE JAN 1   3468                      3265    203     3862
..................................................................


WIND (MPH)
  HIGHEST WIND SPEED    21   HIGHEST WIND DIRECTION     E (90)
  HIGHEST GUST SPEED    24   HIGHEST GUST DIRECTION     S (160)
  AVERAGE WIND SPEED     9.0


SKY COVER
  POSSIBLE SUNSHINE  MM
  AVERAGE SKY COVER 0.6


WEATHER CONDITIONS
 THE FOLLOWING WEATHER WAS RECORDED YESTERDAY.
  THUNDERSTORM
  HEAVY RAIN
  RAIN
  LIGHT RAIN
  FOG


RELATIVE HUMIDITY (PERCENT)
 HIGHEST    93           200 AM
 LOWEST     79          1200 AM
 AVERAGE    86

..........................................................


THE CORPUS CHRISTI CLIMATE NORMALS FOR TODAY
                         NORMAL    RECORD    YEAR
 MAXIMUM TEMPERATURE (F)   84        94      2012
                                             2004
 MINIMUM TEMPERATURE (F)   64        43      1964


SUNRISE AND SUNSET
OCTOBER 21 2014.......SUNRISE   734 AM CDT   SUNSET   655 PM CDT
OCTOBER 22 2014.......SUNRISE   734 AM CDT   SUNSET   654 PM CDT


-  INDICATES NEGATIVE NUMBERS.
R  INDICATES RECORD WAS SET OR TIED.
MM INDICATES DATA IS MISSING.
T  INDICATES TRACE AMOUNT.

$$

TMT
