000
CDUS44 KCRP 300908
CLICRP

CLIMATE REPORT
NATIONAL WEATHER SERVICE CORPUS CHRISTI TX
359 AM CDT SUN APR 30 2017


...................................

...THE CORPUS CHRISTI CLIMATE SUMMARY FOR APRIL 29 2017...

CLIMATE NORMAL PERIOD 1981 TO 2010
CLIMATE RECORD PERIOD 1887 TO 2017


WEATHER ITEM   OBSERVED TIME   RECORD YEAR NORMAL DEPARTURE LAST
                VALUE   (LST)  VALUE       VALUE  FROM      YEAR
                                                  NORMAL
..................................................................
TEMPERATURE (F)
 YESTERDAY
  MAXIMUM         92    253 PM  99    2014  84      8       86
  MINIMUM         63   1159 PM  50    1996  66     -3       79
  AVERAGE         78                        75      3       83

PRECIPITATION (IN)
  YESTERDAY        0.02          4.22 1904   0.07  -0.05     0.00
  MONTH TO DATE    2.21                      1.76   0.45     3.40
  SINCE MAR 1      7.20                      3.65   3.55     9.94
  SINCE JAN 1     10.04                      7.12   2.92    12.23

SNOWFALL (IN)
  YESTERDAY        0.0
  MONTH TO DATE    0.0
  SINCE MAR 1      0.0
  SINCE JUL 1      0.0
  SNOW DEPTH       0

DEGREE DAYS
 HEATING
  YESTERDAY        0                         0      0        0
  MONTH TO DATE    0                        15    -15        0
  SINCE MAR 1     16                        96    -80       21
  SINCE JUL 1    368                       896   -528      640

 COOLING
  YESTERDAY       13                        10      3       18
  MONTH TO DATE  296                       227     69      277
  SINCE MAR 1    499                       342    157      477
  SINCE JAN 1    768                       418    350      554
..................................................................


WIND (MPH)
  HIGHEST WIND SPEED    46   HIGHEST WIND DIRECTION     N (350)
  HIGHEST GUST SPEED    54   HIGHEST GUST DIRECTION     N (340)
  AVERAGE WIND SPEED    26.0


SKY COVER
  POSSIBLE SUNSHINE  MM
  AVERAGE SKY COVER 0.8


WEATHER CONDITIONS
 THE FOLLOWING WEATHER WAS RECORDED YESTERDAY.
  THUNDERSTORM
  LIGHT RAIN
  FOG
  HAZE


RELATIVE HUMIDITY (PERCENT)
 HIGHEST    91          1200 AM
 LOWEST     60          1200 PM
 AVERAGE    76

..........................................................


THE CORPUS CHRISTI CLIMATE NORMALS FOR TODAY
                         NORMAL    RECORD    YEAR
 MAXIMUM TEMPERATURE (F)   84       100      1953
 MINIMUM TEMPERATURE (F)   67        45      1996


SUNRISE AND SUNSET
APRIL 30 2017.........SUNRISE   651 AM CDT   SUNSET   804 PM CDT
MAY  1 2017...........SUNRISE   650 AM CDT   SUNSET   804 PM CDT


-  INDICATES NEGATIVE NUMBERS.
R  INDICATES RECORD WAS SET OR TIED.
MM INDICATES DATA IS MISSING.
T  INDICATES TRACE AMOUNT.

$$

CB
