000
CDUS44 KCRP 050916
CLICRP

CLIMATE REPORT
NATIONAL WEATHER SERVICE CORPUS CHRISTI TX
316 AM CST THU MAR 5 2015


...................................

...THE CORPUS CHRISTI CLIMATE SUMMARY FOR MARCH 4 2015...

CLIMATE NORMAL PERIOD 1981 TO 2010
CLIMATE RECORD PERIOD 1887 TO 2015


WEATHER ITEM   OBSERVED TIME   RECORD YEAR NORMAL DEPARTURE LAST
                VALUE   (LST)  VALUE       VALUE  FROM      YEAR
                                                  NORMAL
..................................................................
TEMPERATURE (F)
 YESTERDAY
  MAXIMUM         78    336 PM  94    1983  74      4       44
  MINIMUM         45   1159 PM  28    2002  54     -9       36
  AVERAGE         62                        64     -2       40

PRECIPITATION (IN)
  YESTERDAY        T             0.86 2014   0.07  -0.07     0.86
  MONTH TO DATE    0.06                      0.28  -0.22     0.86
  SINCE MAR 1      0.06                      0.28  -0.22     0.86
  SINCE JAN 1      3.51                      3.75  -0.24     1.77

SNOWFALL (IN)
  YESTERDAY        0.0
  MONTH TO DATE    0.0
  SINCE MAR 1      0.0
  SINCE JUL 1      0.0
  SNOW DEPTH       0

DEGREE DAYS
 HEATING
  YESTERDAY        3                         4     -1       25
  MONTH TO DATE   36                        16     20       53
  SINCE MAR 1     36                        16     20       53
  SINCE JUL 1    973                       816    157     1052

 COOLING
  YESTERDAY        0                         3     -3        0
  MONTH TO DATE    0                        11    -11        4
  SINCE MAR 1      0                        11    -11        4
  SINCE JAN 1     28                        87    -59       81
..................................................................


WIND (MPH)
  HIGHEST WIND SPEED    35   HIGHEST WIND DIRECTION     N (360)
  HIGHEST GUST SPEED    42   HIGHEST GUST DIRECTION     N (360)
  AVERAGE WIND SPEED    14.3


SKY COVER
  POSSIBLE SUNSHINE  MM
  AVERAGE SKY COVER 1.0


WEATHER CONDITIONS
 THE FOLLOWING WEATHER WAS RECORDED YESTERDAY.
  LIGHT RAIN
  FOG
  FOG W/VISIBILITY <= 1/4 MILE
  HAZE


RELATIVE HUMIDITY (PERCENT)
 HIGHEST   100           200 AM
 LOWEST     82           200 PM
 AVERAGE    91

..........................................................


THE CORPUS CHRISTI CLIMATE NORMALS FOR TODAY
                         NORMAL    RECORD    YEAR
 MAXIMUM TEMPERATURE (F)   74        93      1991
 MINIMUM TEMPERATURE (F)   54        32      2007
                                             1966


SUNRISE AND SUNSET
MARCH  5 2015.........SUNRISE   651 AM CST   SUNSET   633 PM CST
MARCH  6 2015.........SUNRISE   650 AM CST   SUNSET   633 PM CST


-  INDICATES NEGATIVE NUMBERS.
R  INDICATES RECORD WAS SET OR TIED.
MM INDICATES DATA IS MISSING.
T  INDICATES TRACE AMOUNT.




$$
