000
CDUS44 KCRP 182329
CLICRP

CLIMATE REPORT
NATIONAL WEATHER SERVICE CORPUS CHRISTI TX
628 PM CDT WED OCT 18 2017

...................................

...THE CORPUS CHRISTI CLIMATE SUMMARY FOR OCTOBER 18 2017...
VALID AS OF 628 PM LOCAL TIME.

CLIMATE NORMAL PERIOD 1981 TO 2010
CLIMATE RECORD PERIOD 1887 TO 2017


WEATHER ITEM   OBSERVED TIME   RECORD YEAR NORMAL DEPARTURE LAST
                VALUE   (LST)  VALUE       VALUE  FROM      YEAR
                                                  NORMAL
..................................................................
TEMPERATURE (F)
 TODAY
  MAXIMUM         83    158 PM  96    2004  84     -1       95
  MINIMUM         53    541 AM  50    1948  64    -11       71
  AVERAGE         68                        74     -6       83

PRECIPITATION (IN)
  TODAY            0.00          5.63 1935   0.13  -0.13     0.00
  MONTH TO DATE    2.29                      2.16   0.13     0.12
  SINCE SEP 1      3.75                      7.14  -3.39     3.17
  SINCE JAN 1     26.11                     26.48  -0.37    28.46

SNOWFALL (IN)
  TODAY            0.0
  MONTH TO DATE    0.0
  SINCE SEP 1      0.0
  SINCE JUL 1      0.0
  SNOW DEPTH       0

DEGREE DAYS
 HEATING
  TODAY            0                         0      0        0
  MONTH TO DATE    0                         0      0        0
  SINCE SEP 1      0                         0      0        0
  SINCE JUL 1      0                         0      0        0

 COOLING
  TODAY            3                        10     -7       18
  MONTH TO DATE  233                       204     29      280
  SINCE SEP 1    734                       686     48      879
  SINCE JAN 1   3715                      3247    468     3796
..................................................................


WIND (MPH)
  HIGHEST WIND SPEED    15   HIGHEST WIND DIRECTION     E (80)
  HIGHEST GUST SPEED    20   HIGHEST GUST DIRECTION     E (90)


SKY COVER
  POSSIBLE SUNSHINE  MM
  AVERAGE SKY COVER 0.2


WEATHER CONDITIONS
 THE FOLLOWING WEATHER WAS RECORDED TODAY.
  NO SIGNIFICANT WEATHER WAS OBSERVED.


RELATIVE HUMIDITY (PERCENT)
 HIGHEST   100           300 AM
 LOWEST     47           200 PM
 AVERAGE    74

..........................................................


THE CORPUS CHRISTI CLIMATE NORMALS FOR TOMORROW
                         NORMAL    RECORD    YEAR
 MAXIMUM TEMPERATURE (F)   84        94      2016
                                             2004
 MINIMUM TEMPERATURE (F)   64        47      1989
                                             1948


SUNRISE AND SUNSET
OCTOBER 18 2017.......SUNRISE   732 AM CDT   SUNSET   658 PM CDT
OCTOBER 19 2017.......SUNRISE   733 AM CDT   SUNSET   657 PM CDT


-  INDICATES NEGATIVE NUMBERS.
R  INDICATES RECORD WAS SET OR TIED.
MM INDICATES DATA IS MISSING.
T  INDICATES TRACE AMOUNT.




$$
