000
CDUS44 KCRP 050823
CLICRP

CLIMATE REPORT
NATIONAL WEATHER SERVICE CORPUS CHRISTI TX
321 AM CDT SAT SEP 5 2015


...................................

...THE CORPUS CHRISTI CLIMATE SUMMARY FOR SEPTEMBER 4 2015...

CLIMATE NORMAL PERIOD 1981 TO 2010
CLIMATE RECORD PERIOD 1887 TO 2015


WEATHER ITEM   OBSERVED TIME   RECORD YEAR NORMAL DEPARTURE LAST
                VALUE   (LST)  VALUE       VALUE  FROM      YEAR
                                                  NORMAL
..................................................................
TEMPERATURE (F)
 YESTERDAY
  MAXIMUM         93   1202 PM 107    2000  92      1       90
  MINIMUM         75    535 AM  63    1974  74      1       78
  AVERAGE         84                        83      1       84

PRECIPITATION (IN)
  YESTERDAY        0.44          3.89 2004   0.18   0.26     0.03
  MONTH TO DATE    0.46                      0.68  -0.22     0.53
  SINCE SEP 1      0.46                      0.68  -0.22     0.53
  SINCE JAN 1     36.47                     20.02  16.45    14.37

SNOWFALL (IN)
  YESTERDAY        0.0
  MONTH TO DATE    0.0
  SINCE SEP 1      0.0
  SINCE JUL 1      0.0
  SNOW DEPTH       0

DEGREE DAYS
 HEATING
  YESTERDAY        0                         0      0        0
  MONTH TO DATE    0                         0      0        0
  SINCE SEP 1      0                         0      0        0
  SINCE JUL 1      0                         0      0        0

 COOLING
  YESTERDAY       19                        18      1       19
  MONTH TO DATE   73                        74     -1       77
  SINCE SEP 1     73                        74     -1       77
  SINCE JAN 1   2730                      2635     95     2780
..................................................................


WIND (MPH)
  HIGHEST WIND SPEED    31   HIGHEST WIND DIRECTION     S (200)
  HIGHEST GUST SPEED    48   HIGHEST GUST DIRECTION     S (190)
  AVERAGE WIND SPEED    11.3


SKY COVER
  POSSIBLE SUNSHINE  MM
  AVERAGE SKY COVER 0.5


WEATHER CONDITIONS
 THE FOLLOWING WEATHER WAS RECORDED YESTERDAY.
  THUNDERSTORM
  HEAVY RAIN
  RAIN


RELATIVE HUMIDITY (PERCENT)
 HIGHEST    94           400 AM
 LOWEST     60          1100 AM
 AVERAGE    77

..........................................................


THE CORPUS CHRISTI CLIMATE NORMALS FOR TODAY
                         NORMAL    RECORD    YEAR
 MAXIMUM TEMPERATURE (F)   92       109      2000
 MINIMUM TEMPERATURE (F)   74        61      1974


SUNRISE AND SUNSET
SEPTEMBER  5 2015.....SUNRISE   711 AM CDT   SUNSET   746 PM CDT
SEPTEMBER  6 2015.....SUNRISE   711 AM CDT   SUNSET   745 PM CDT


-  INDICATES NEGATIVE NUMBERS.
R  INDICATES RECORD WAS SET OR TIED.
MM INDICATES DATA IS MISSING.
T  INDICATES TRACE AMOUNT.

$$

CB
