000
CDUS41 KRLX 280744
CLICRW


CLIMATE REPORT
NATIONAL WEATHER SERVICE CHARLESTON WV
343 AM EDT WED SEP 28 2016


...................................

...THE CHARLESTON WV CLIMATE SUMMARY FOR SEPTEMBER 27 2016...

CLIMATE NORMAL PERIOD 1981 TO 2010
CLIMATE RECORD PERIOD 1901 TO 2016


WEATHER ITEM   OBSERVED TIME   RECORD YEAR NORMAL DEPARTURE LAST
                VALUE   (LST)  VALUE       VALUE  FROM      YEAR
                                                  NORMAL
..................................................................
TEMPERATURE (F)
 YESTERDAY
  MAXIMUM         77    318 PM  92    1946  74      3       77
                                      1930
                                      1908
  MINIMUM         50   1159 PM  35    1947  52     -2       59
                                      1928
  AVERAGE         64                        63      1       68

PRECIPITATION (IN)
  YESTERDAY        0.00          1.57 1976   0.11  -0.11     0.27
  MONTH TO DATE    0.49                      2.95  -2.46     1.63
  SINCE JAN 1     29.99                     34.06  -4.07    38.02

SNOWFALL (IN)
  YESTERDAY        0.0
  MONTH TO DATE    0.0
  SINCE SEP 1      0.0
  SNOW DEPTH       0

DEGREE DAYS
 HEATING
  YESTERDAY        1                         4     -3        0
  MONTH TO DATE    1                        41    -40       18
  SINCE SEP 1      1                        41    -40       18
  SINCE JUL 1      1                        43    -42       18

 COOLING
  YESTERDAY        0                         2     -2        3
  MONTH TO DATE  249                       119    130      167
  SINCE SEP 1    249                       119    130      167
  SINCE JAN 1   1430                      1065    365     1238
..................................................................


WIND (MPH)
  HIGHEST WIND SPEED    13   HIGHEST WIND DIRECTION    SW (230)
  HIGHEST GUST SPEED    16   HIGHEST GUST DIRECTION    SW (220)
  AVERAGE WIND SPEED     2.3


SKY COVER
  POSSIBLE SUNSHINE  MM
  AVERAGE SKY COVER 0.2


WEATHER CONDITIONS
 THE FOLLOWING WEATHER WAS RECORDED YESTERDAY.
  FOG


RELATIVE HUMIDITY (PERCENT)
 HIGHEST   100           600 AM
 LOWEST     25           300 PM
 AVERAGE    63

..........................................................


THE CHARLESTON WV CLIMATE NORMALS FOR TODAY
                         NORMAL    RECORD    YEAR
 MAXIMUM TEMPERATURE (F)   73        93      1929
 MINIMUM TEMPERATURE (F)   52        33      1942


SUNRISE AND SUNSET
SEPTEMBER 28 2016.....SUNRISE   720 AM EDT   SUNSET   713 PM EDT
SEPTEMBER 29 2016.....SUNRISE   721 AM EDT   SUNSET   712 PM EDT


-  INDICATES NEGATIVE NUMBERS.
R  INDICATES RECORD WAS SET OR TIED.
MM INDICATES DATA IS MISSING.
T  INDICATES TRACE AMOUNT.




$$
