000
CDUS41 KRLX 242120
CLICRW


CLIMATE REPORT
NATIONAL WEATHER SERVICE CHARLESTON WV
520 PM EDT WED AUG 24 2016


...................................

...THE CHARLESTON WV CLIMATE SUMMARY FOR AUGUST 24 2016...
VALID TODAY AS OF 0500 PM LOCAL TIME.

CLIMATE NORMAL PERIOD 1981 TO 2010
CLIMATE RECORD PERIOD 1901 TO 2016


WEATHER ITEM   OBSERVED TIME   RECORD YEAR NORMAL DEPARTURE LAST
                VALUE   (LST)  VALUE       VALUE  FROM      YEAR
                                                  NORMAL
..................................................................
TEMPERATURE (F)
 TODAY
  MAXIMUM         86    355 PM 101    1903  84      2       82
  MINIMUM         62    601 AM  46    1951  64     -2       61
  AVERAGE         74                        74      0       72

PRECIPITATION (IN)
  TODAY            0.00          1.46 1977   0.11  -0.11     0.00
  MONTH TO DATE    3.12                      2.98   0.14     3.40
  SINCE JUN 1     12.59                     12.21   0.38    17.19
  SINCE JAN 1     29.45                     30.35  -0.90    36.39

DEGREE DAYS
 HEATING
  TODAY            0                         0      0        0
  MONTH TO DATE    0                         0      0        0
  SINCE JUN 1      3                        13    -10        8
  SINCE JUL 1      0                         0      0        0

 COOLING
  TODAY            9                         9      0        7
  MONTH TO DATE  306                       233     73      229
  SINCE JUN 1    937                       777    160      845
  SINCE JAN 1   1067                       887    180     1034
..................................................................


WIND (MPH)
  HIGHEST WIND SPEED    14   HIGHEST WIND DIRECTION    SW (230)
  HIGHEST GUST SPEED    18   HIGHEST GUST DIRECTION     S (180)
  AVERAGE WIND SPEED     3.7


SKY COVER
  POSSIBLE SUNSHINE  MM
  AVERAGE SKY COVER 0.5


WEATHER CONDITIONS
 THE FOLLOWING WEATHER WAS RECORDED TODAY.
  FOG
  FOG W/VISIBILITY <= 1/4 MILE


RELATIVE HUMIDITY (PERCENT)
 HIGHEST   100           300 AM
 LOWEST     55          1200 PM
 AVERAGE    78

..........................................................


THE CHARLESTON WV CLIMATE NORMALS FOR TOMORROW
                         NORMAL    RECORD    YEAR
 MAXIMUM TEMPERATURE (F)   84       102      1903
 MINIMUM TEMPERATURE (F)   64        46      1951


SUNRISE AND SUNSET
AUGUST 24 2016........SUNRISE   649 AM EDT   SUNSET   807 PM EDT
AUGUST 25 2016........SUNRISE   650 AM EDT   SUNSET   806 PM EDT


-  INDICATES NEGATIVE NUMBERS.
R  INDICATES RECORD WAS SET OR TIED.
MM INDICATES DATA IS MISSING.
T  INDICATES TRACE AMOUNT.




$$
