000
CDUS41 KRLX 230817
CLICRW


CLIMATE REPORT
NATIONAL WEATHER SERVICE CHARLESTON WV
316 AM EST THU FEB 23 2017


...................................

...THE CHARLESTON WV CLIMATE SUMMARY FOR FEBRUARY 22 2017...

CLIMATE NORMAL PERIOD 1981 TO 2010
CLIMATE RECORD PERIOD 1901 TO 2017


WEATHER ITEM   OBSERVED TIME   RECORD YEAR NORMAL DEPARTURE LAST
                VALUE   (LST)  VALUE       VALUE  FROM      YEAR
                                                  NORMAL
..................................................................
TEMPERATURE (F)
 YESTERDAY
  MAXIMUM         63   1212 AM  74    1930  48     15       53
                                      1913
  MINIMUM         51   1159 PM  -6    1968  30     21       40
  AVERAGE         57                        39     18       47

PRECIPITATION (IN)
  YESTERDAY        0.32          1.61 2003   0.12   0.20     0.00
  MONTH TO DATE    1.32                      2.46  -1.14     3.12
  SINCE JAN 1      6.09                      5.46   0.63     5.66

SNOWFALL (IN)
  YESTERDAY        0.0
  MONTH TO DATE    T
  SINCE SEP 1      7.5
  SNOW DEPTH       0

DEGREE DAYS
 HEATING
  YESTERDAY        8                        26    -18       18
  MONTH TO DATE  441                       616   -175      621
  SINCE DEC 1   1962                      2420   -458     2142
  SINCE JUL 1   2616                      3304   -688     2794

 COOLING
  YESTERDAY        0                         0      0        0
  MONTH TO DATE    0                         0      0        0
  SINCE DEC 1      0                         1     -1        0
  SINCE JAN 1      0                         0      0        0
..................................................................


WIND (MPH)
  HIGHEST WIND SPEED     7   HIGHEST WIND DIRECTION    SW (210)
  HIGHEST GUST SPEED     9   HIGHEST GUST DIRECTION    SW (220)
  AVERAGE WIND SPEED     0.8


SKY COVER
  POSSIBLE SUNSHINE  MM
  AVERAGE SKY COVER 1.0


WEATHER CONDITIONS
 THE FOLLOWING WEATHER WAS RECORDED YESTERDAY.
  LIGHT RAIN
  FOG


RELATIVE HUMIDITY (PERCENT)
 HIGHEST   100           900 AM
 LOWEST     48          1200 AM
 AVERAGE    74

..........................................................


THE CHARLESTON WV CLIMATE NORMALS FOR TODAY
                         NORMAL    RECORD    YEAR
 MAXIMUM TEMPERATURE (F)   49        75      1975
 MINIMUM TEMPERATURE (F)   30        -2      1963


SUNRISE AND SUNSET
FEBRUARY 23 2017......SUNRISE   706 AM EST   SUNSET   614 PM EST
FEBRUARY 24 2017......SUNRISE   705 AM EST   SUNSET   615 PM EST


-  INDICATES NEGATIVE NUMBERS.
R  INDICATES RECORD WAS SET OR TIED.
MM INDICATES DATA IS MISSING.
T  INDICATES TRACE AMOUNT.




$$
