000
CDUS41 KRLX 270720
CLICRW


CLIMATE REPORT
NATIONAL WEATHER SERVICE CHARLESTON WV
316 AM EDT FRI MAR 27 2015


...................................

...THE CHARLESTON WV CLIMATE SUMMARY FOR MARCH 26 2015...

CLIMATE NORMAL PERIOD 1981 TO 2010
CLIMATE RECORD PERIOD 1901 TO 2015


WEATHER ITEM   OBSERVED TIME   RECORD YEAR NORMAL DEPARTURE LAST
                VALUE   (LST)  VALUE       VALUE  FROM      YEAR
                                                  NORMAL
..................................................................
TEMPERATURE (F)
 YESTERDAY
  MAXIMUM         74   1249 PM  92    1929  60     14       37
  MINIMUM         42   1159 PM  16    1955  38      4       21
  AVERAGE         58                        49      9       29

PRECIPITATION (IN)
  YESTERDAY        0.30          1.20 1913   0.12   0.18      T
  MONTH TO DATE    5.73                      3.32   2.41     1.92
  SINCE JAN 1     10.93                      9.51   1.42     8.98

SNOWFALL (IN)
  YESTERDAY       MM
  MONTH TO DATE    9.0
  SINCE SEP 1     28.1
  SNOW DEPTH       0

DEGREE DAYS
 HEATING
  YESTERDAY        7                        16     -9       36
  MONTH TO DATE  500                       524    -24      630
  SINCE MAR 1    500                       524    -24      630
  SINCE JUL 1   4405                      3978    427     4397

 COOLING
  YESTERDAY        0                         0      0        0
  MONTH TO DATE    0                         0      0        0
  SINCE MAR 1      0                         0      0        0
  SINCE JAN 1      0                         0      0        0
..................................................................


WIND (MPH)
  HIGHEST WIND SPEED    29   HIGHEST WIND DIRECTION    NW (310)
  HIGHEST GUST SPEED    38   HIGHEST GUST DIRECTION     W (280)
  AVERAGE WIND SPEED     8.2


SKY COVER
  POSSIBLE SUNSHINE  MM
  AVERAGE SKY COVER 0.8


WEATHER CONDITIONS
 THE FOLLOWING WEATHER WAS RECORDED YESTERDAY.
  HEAVY RAIN
  RAIN
  LIGHT RAIN
  FOG


RELATIVE HUMIDITY (PERCENT)
 HIGHEST    96           300 PM
 LOWEST     44           100 PM
 AVERAGE    70

..........................................................


THE CHARLESTON WV CLIMATE NORMALS FOR TODAY
                         NORMAL    RECORD    YEAR
 MAXIMUM TEMPERATURE (F)   61        90      1921
 MINIMUM TEMPERATURE (F)   39        16      1955


SUNRISE AND SUNSET
MARCH 27 2015.........SUNRISE   719 AM EDT   SUNSET   745 PM EDT
MARCH 28 2015.........SUNRISE   718 AM EDT   SUNSET   746 PM EDT


-  INDICATES NEGATIVE NUMBERS.
R  INDICATES RECORD WAS SET OR TIED.
MM INDICATES DATA IS MISSING.
T  INDICATES TRACE AMOUNT.




$$
