000
CDUS41 KRLX 150817
CLICRW


CLIMATE REPORT
NATIONAL WEATHER SERVICE CHARLESTON WV
317 AM EST FRI DEC 15 2017


...................................

...THE CHARLESTON WV CLIMATE SUMMARY FOR DECEMBER 14 2017...

CLIMATE NORMAL PERIOD 1981 TO 2010
CLIMATE RECORD PERIOD 1901 TO 2017


WEATHER ITEM   OBSERVED TIME   RECORD YEAR NORMAL DEPARTURE LAST
                VALUE   (LST)  VALUE       VALUE  FROM      YEAR
                                                  NORMAL
..................................................................
TEMPERATURE (F)
 YESTERDAY
  MAXIMUM         46    221 AM  74    1927  46      0       37
  MINIMUM         28   1159 PM   7    1942  29     -1       30
  AVERAGE         37                        38     -1       34

PRECIPITATION (IN)
  YESTERDAY        T             1.78 1956   0.11  -0.11      T
  MONTH TO DATE    0.48                      1.55  -1.07     1.07
  SINCE JAN 1     44.69                     42.31   2.38    39.17

SNOWFALL (IN)
  YESTERDAY        T             4.5  1914   0.3   -0.3       T
  MONTH TO DATE    1.2                       2.4   -1.2      0.2
  SINCE SEP 1      1.2                       3.8   -2.6      0.3
  SNOW DEPTH       0

DEGREE DAYS
 HEATING
  YESTERDAY       28                        27      1       31
  MONTH TO DATE  368                       359      9      369
  SINCE DEC 1    368                       359      9      369
  SINCE JUL 1   1154                      1243    -89     1023

 COOLING
  YESTERDAY        0                         0      0        0
  MONTH TO DATE    0                         0      0        0
  SINCE DEC 1      0                         0      0        0
  SINCE JAN 1   1138                      1096     42     1473
..................................................................


WIND (MPH)
  HIGHEST WIND SPEED    25   HIGHEST WIND DIRECTION    NW (320)
  HIGHEST GUST SPEED    37   HIGHEST GUST DIRECTION     W (290)
  AVERAGE WIND SPEED     7.1


SKY COVER
  POSSIBLE SUNSHINE  MM
  AVERAGE SKY COVER 1.0


WEATHER CONDITIONS
 THE FOLLOWING WEATHER WAS RECORDED YESTERDAY.
  LIGHT SNOW


RELATIVE HUMIDITY (PERCENT)
 HIGHEST    69          1000 PM
 LOWEST     33          1200 AM
 AVERAGE    51

..........................................................


THE CHARLESTON WV CLIMATE NORMALS FOR TODAY
                         NORMAL    RECORD    YEAR
 MAXIMUM TEMPERATURE (F)   45        79      1971
 MINIMUM TEMPERATURE (F)   29         0      1914


SUNRISE AND SUNSET
DECEMBER 15 2017......SUNRISE   736 AM EST   SUNSET   507 PM EST
DECEMBER 16 2017......SUNRISE   737 AM EST   SUNSET   507 PM EST


-  INDICATES NEGATIVE NUMBERS.
R  INDICATES RECORD WAS SET OR TIED.
MM INDICATES DATA IS MISSING.
T  INDICATES TRACE AMOUNT.




$$
