000
CDUS41 KRLX 300735
CLICRW


CLIMATE REPORT
NATIONAL WEATHER SERVICE CHARLESTON WV
329 AM EDT WED JUL 30 2014


...................................

...THE CHARLESTON WV CLIMATE SUMMARY FOR JULY 29 2014...

CLIMATE NORMAL PERIOD 1981 TO 2010
CLIMATE RECORD PERIOD 1901 TO 2014


WEATHER ITEM   OBSERVED TIME   RECORD YEAR NORMAL DEPARTURE LAST
                VALUE   (LST)  VALUE       VALUE  FROM      YEAR
                                                  NORMAL
..................................................................
TEMPERATURE (F)
 YESTERDAY
  MAXIMUM         73    253 PM 106    1930  85    -12       79
  MINIMUM         58   1159 PM  50    1925  66     -8       54
  AVERAGE         66                        75     -9       67

PRECIPITATION (IN)
  YESTERDAY        T             1.87 1907   0.15  -0.15     0.00
  MONTH TO DATE    5.09                      4.62   0.47     7.27
  SINCE JAN 1     27.75                     27.05   0.70    29.82

SNOWFALL (IN)
  YESTERDAY        0.0
  MONTH TO DATE    0.0
  SINCE SEP 1     51.7
  SNOW DEPTH       0

DEGREE DAYS
 HEATING
  YESTERDAY        0                         0      0        0
  MONTH TO DATE    0                         0      0        0
  SINCE JUN 1      0                        13    -13        0
  SINCE JUL 1      0                         0      0        0

 COOLING
  YESTERDAY        1                        10     -9        2
  MONTH TO DATE  251                       305    -54      313
  SINCE JUN 1    515                       525    -10      548
  SINCE JAN 1    636                       635      1      695
..................................................................


WIND (MPH)
  HIGHEST WIND SPEED    15   HIGHEST WIND DIRECTION    NW (310)
  HIGHEST GUST SPEED    20   HIGHEST GUST DIRECTION    NW (320)
  AVERAGE WIND SPEED     4.4


SKY COVER
  POSSIBLE SUNSHINE  MM
  AVERAGE SKY COVER 0.7


WEATHER CONDITIONS
 THE FOLLOWING WEATHER WAS RECORDED YESTERDAY.
  LIGHT RAIN
  FOG


RELATIVE HUMIDITY (PERCENT)
 HIGHEST   100           100 AM
 LOWEST     61           300 PM
 AVERAGE    81

..........................................................


THE CHARLESTON WV CLIMATE NORMALS FOR TODAY
                         NORMAL    RECORD    YEAR
 MAXIMUM TEMPERATURE (F)   85       103      1930
 MINIMUM TEMPERATURE (F)   66        53      1965


SUNRISE AND SUNSET
JULY 30 2014..........SUNRISE   627 AM EDT   SUNSET   838 PM EDT
JULY 31 2014..........SUNRISE   628 AM EDT   SUNSET   837 PM EDT


-  INDICATES NEGATIVE NUMBERS.
R  INDICATES RECORD WAS SET OR TIED.
MM INDICATES DATA IS MISSING.
T  INDICATES TRACE AMOUNT.




$$
