000
CDUS41 KRLX 302116
CLICRW


CLIMATE REPORT
NATIONAL WEATHER SERVICE CHARLESTON WV
516 PM EDT SUN APR 30 2017


...................................

...THE CHARLESTON WV CLIMATE SUMMARY FOR APRIL 30 2017...
VALID TODAY AS OF 0500 PM LOCAL TIME.

CLIMATE NORMAL PERIOD 1981 TO 2010
CLIMATE RECORD PERIOD 1901 TO 2017


WEATHER ITEM   OBSERVED TIME   RECORD YEAR NORMAL DEPARTURE LAST
                VALUE   (LST)  VALUE       VALUE  FROM      YEAR
                                                  NORMAL
..................................................................
TEMPERATURE (F)
 TODAY
  MAXIMUM         90    131 PM  94    1942  72     18       65
  MINIMUM         64    612 AM  31    1977  48     16       54
  AVERAGE         77                        60     17       60

PRECIPITATION (IN)
  TODAY            0.04          1.49 1966   0.11  -0.07     0.26
  MONTH TO DATE    2.78                      3.24  -0.46     2.95
  SINCE MAR 1      6.97                      7.15  -0.18     5.60
  SINCE JAN 1     14.27                     13.34   0.93    11.77

DEGREE DAYS
 HEATING
  TODAY            0                         6     -6        5
  MONTH TO DATE  148                       294   -146      258
  SINCE MAR 1    717                       894   -177      643
  SINCE JUL 1   3424                      4348   -924     3578

 COOLING
  TODAY           12                         1     11        0
  MONTH TO DATE   50                        27     23       42
  SINCE MAR 1     53                        32     21       46
  SINCE JAN 1     53                        32     21       46
..................................................................


WIND (MPH)
  HIGHEST WIND SPEED    18   HIGHEST WIND DIRECTION    SW (220)
  HIGHEST GUST SPEED    29   HIGHEST GUST DIRECTION     W (270)
  AVERAGE WIND SPEED     4.8


SKY COVER
  POSSIBLE SUNSHINE  MM
  AVERAGE SKY COVER 0.5


WEATHER CONDITIONS
 THE FOLLOWING WEATHER WAS RECORDED TODAY.
  LIGHT RAIN
  FOG


RELATIVE HUMIDITY (PERCENT)
 HIGHEST    93           200 AM
 LOWEST     36           100 PM
 AVERAGE    65

..........................................................


THE CHARLESTON WV CLIMATE NORMALS FOR TOMORROW
                         NORMAL    RECORD    YEAR
 MAXIMUM TEMPERATURE (F)   72        94      1942
 MINIMUM TEMPERATURE (F)   49        31      1969


SUNRISE AND SUNSET
APRIL 30 2017.........SUNRISE   630 AM EDT   SUNSET   817 PM EDT
MAY  1 2017...........SUNRISE   629 AM EDT   SUNSET   818 PM EDT


-  INDICATES NEGATIVE NUMBERS.
R  INDICATES RECORD WAS SET OR TIED.
MM INDICATES DATA IS MISSING.
T  INDICATES TRACE AMOUNT.




$$
