943
CDUS42 KFFC 040044
CLICSG


CLIMATE REPORT
NATIONAL WEATHER SERVICE PEACHTREE CITY GA
744 PM EST SAT DEC 3 2016


...................................

...THE COLUMBUS CLIMATE SUMMARY FOR DECEMBER 3 2016...
VALID AS OF 0700 PM LOCAL TIME.

CLIMATE NORMAL PERIOD 1981 TO 2010
CLIMATE RECORD PERIOD 1948 TO 2016


WEATHER ITEM   OBSERVED TIME   RECORD YEAR NORMAL DEPARTURE LAST
                VALUE   (LST)  VALUE       VALUE  FROM      YEAR
                                                  NORMAL
..................................................................
TEMPERATURE (F)
 TODAY
  MAXIMUM         59    201 PM  79    1982  63     -4       51
                                      1922
  MINIMUM         43    124 AM  19    1960  41      2       43
  AVERAGE         51                        52     -1       47

PRECIPITATION (IN)
  TODAY            T             1.67 1991   0.15  -0.15     0.00
  MONTH TO DATE    T                         0.46  -0.46     0.14
  SINCE DEC 1      T                         0.46  -0.46     0.14
  SINCE JAN 1     30.77                     42.94 -12.17    45.86

SNOWFALL (IN)
  TODAY            0.0           0.0  2001   0.0    0.0      0.0
  MONTH TO DATE    0.0                       0.0    0.0      0.0
  SINCE DEC 1      0.0                       0.0    0.0      0.0
  SINCE JUL 1      0.0                       0.0    0.0      0.0
  SNOW DEPTH       0

DEGREE DAYS
 HEATING
  TODAY           14                        13      1       18
  MONTH TO DATE   43                        39      4       24
  SINCE DEC 1     43                        39      4       24
  SINCE JUL 1    230                       371   -141      220
..................................................................


WIND (MPH)
  HIGHEST WIND SPEED    10   HIGHEST WIND DIRECTION     N (20)
  HIGHEST GUST SPEED    14   HIGHEST GUST DIRECTION    NE (30)
  AVERAGE WIND SPEED     3.2


SKY COVER
  AVERAGE SKY COVER 0.5


WEATHER CONDITIONS
 THE FOLLOWING WEATHER WAS RECORDED TODAY.
  LIGHT RAIN


RELATIVE HUMIDITY (PERCENT)
 HIGHEST    76           200 AM
 LOWEST     30           100 PM

..........................................................


THE COLUMBUS CLIMATE NORMALS FOR TOMORROW
                         NORMAL    RECORD
 MAXIMUM TEMPERATURE (F)   62        80
 MINIMUM TEMPERATURE (F)   41        21


SUNRISE AND SUNSET
DECEMBER  3 2016......SUNRISE   726 AM EST   SUNSET   534 PM EST
DECEMBER  4 2016......SUNRISE   726 AM EST   SUNSET   534 PM EST


-  INDICATES NEGATIVE NUMBERS.
R  INDICATES RECORD WAS SET OR TIED.
MM INDICATES DATA IS MISSING.
T  INDICATES TRACE AMOUNT.




$$
