000
CDUS42 KFFC 280817
CLICSG


CLIMATE REPORT
NATIONAL WEATHER SERVICE PEACHTREE CITY GA
417 AM EDT FRI APR 28 2017


...................................

...THE COLUMBUS CLIMATE SUMMARY FOR APRIL 27 2017...

CLIMATE NORMAL PERIOD 1981 TO 2010
CLIMATE RECORD PERIOD 1948 TO 2017


WEATHER ITEM   OBSERVED TIME   RECORD YEAR NORMAL DEPARTURE LAST
                VALUE   (LST)  VALUE       VALUE  FROM      YEAR
                                                  NORMAL
..................................................................
TEMPERATURE (F)
 YESTERDAY
  MAXIMUM         79    317 PM  93    1986  79      0       83
  MINIMUM         68    205 AM  39    1910  56     12       61
  AVERAGE         74                        68      6       72

PRECIPITATION (IN)
  YESTERDAY        2.04          4.60 1944   0.11   1.93     0.56
  MONTH TO DATE    4.41                      3.23   1.18     6.94
  SINCE MAR 1      5.94                      8.69  -2.75     9.50
  SINCE JAN 1     20.20                     16.98   3.22    16.93

DEGREE DAYS
 HEATING
  YESTERDAY        0                         1     -1        0
  MONTH TO DATE   23                        87    -64       69
  SINCE MAR 1    226                       333   -107      214
  SINCE JUL 1   1356                      2110   -754     1604

 COOLING
  YESTERDAY        9                         4      5        7
  MONTH TO DATE  142                        66     76       48
  SINCE MAR 1    212                        89    123      105
  SINCE JAN 1    229                        93    136      107
..................................................................


WIND (MPH)
  HIGHEST WIND SPEED    24   HIGHEST WIND DIRECTION     N (340)
  HIGHEST GUST SPEED    32   HIGHEST GUST DIRECTION    NW (330)
  AVERAGE WIND SPEED     6.9


SKY COVER
  AVERAGE SKY COVER 0.7


WEATHER CONDITIONS
 THE FOLLOWING WEATHER WAS RECORDED YESTERDAY.
  THUNDERSTORM
  HEAVY RAIN
  RAIN
  LIGHT RAIN
  FOG
  HAZE


RELATIVE HUMIDITY (PERCENT)
 HIGHEST    93           900 PM
 LOWEST     61          1200 AM
 AVERAGE    77

..........................................................


THE COLUMBUS CLIMATE NORMALS FOR TODAY
                         NORMAL    RECORD    YEAR
 MAXIMUM TEMPERATURE (F)   80        91      1943
                                             1917
                                             1915
 MINIMUM TEMPERATURE (F)   56        41      1953


SUNRISE AND SUNSET
APRIL 28 2017.........SUNRISE   656 AM EDT   SUNSET   819 PM EDT
APRIL 29 2017.........SUNRISE   655 AM EDT   SUNSET   820 PM EDT


-  INDICATES NEGATIVE NUMBERS.
R  INDICATES RECORD WAS SET OR TIED.
MM INDICATES DATA IS MISSING.
T  INDICATES TRACE AMOUNT.




$$
