000
CDUS42 KFFC 162033
CLICSG


CLIMATE REPORT
NATIONAL WEATHER SERVICE PEACHTREE CITY GA
433 PM EDT WED APR 16 2014


...................................

...THE COLUMBUS CLIMATE SUMMARY FOR APRIL 16 2014...
VALID TODAY AS OF 0400 PM LOCAL TIME.

CLIMATE NORMAL PERIOD 1981 TO 2010
CLIMATE RECORD PERIOD 1948 TO 2014


WEATHER ITEM   OBSERVED TIME   RECORD YEAR NORMAL DEPARTURE LAST
                VALUE   (LST)  VALUE       VALUE  FROM      YEAR
                                                  NORMAL
..................................................................
TEMPERATURE (F)
 TODAY
  MAXIMUM         64    256 PM  89    1977  77    -13       86
  MINIMUM         37    654 AM  32    1950  52    -15       63
  AVERAGE         51                        65    -14       75

PRECIPITATION (IN)
  TODAY            0.00          0.63 1951   0.11  -0.11     0.00
  MONTH TO DATE    5.35                      2.04   3.31     2.17
  SINCE MAR 1     10.75                      7.50   3.25     5.51
  SINCE JAN 1     19.07                     15.79   3.28    21.20

SNOWFALL (IN)
  TODAY            0.0           0.0  2002   0.0    0.0      0.0
                                      2001
                                      2000
  MONTH TO DATE    0.0                       0.0    0.0      0.0
  SINCE MAR 1      0.0                       0.1   -0.1      0.0
  SINCE JUL 1      1.2                       0.4    0.8      0.0
  SNOW DEPTH       0

DEGREE DAYS
 HEATING
  TODAY           14                         3     11        0
  MONTH TO DATE   55                        65    -10       46
  SINCE MAR 1    367                       311     56      396
  SINCE JUL 1   2310                      2088    222     1752

 COOLING
  TODAY            0                         2     -2       10
  MONTH TO DATE   25                        30     -5       40
  SINCE MAR 1     25                        53    -28       48
  SINCE JAN 1     28                        57    -29       73
..................................................................


WIND (MPH)
  RESULTANT WIND SPEED   7   RESULTANT WIND DIRECTION   E (80)
  HIGHEST WIND SPEED    22   HIGHEST WIND DIRECTION     E (90)
  HIGHEST GUST SPEED    30   HIGHEST GUST DIRECTION     E (80)
  AVERAGE WIND SPEED     8.2


SKY COVER
  AVERAGE SKY COVER 0.0


WEATHER CONDITIONS
 THE FOLLOWING WEATHER WAS RECORDED TODAY.
  NO SIGNIFICANT WEATHER WAS OBSERVED.


RELATIVE HUMIDITY (PERCENT)
 HIGHEST    64           100 AM
 LOWEST     29           200 PM
 AVERAGE    47

..........................................................


THE COLUMBUS CLIMATE NORMALS FOR TOMORROW
                         NORMAL    RECORD    YEAR
 MAXIMUM TEMPERATURE (F)   77        91      1955
 MINIMUM TEMPERATURE (F)   53        32      1949


SUNRISE AND SUNSET
APRIL 16 2014.........SUNRISE   709 AM EDT   SUNSET   810 PM EDT
APRIL 17 2014.........SUNRISE   708 AM EDT   SUNSET   811 PM EDT


-  INDICATES NEGATIVE NUMBERS.
R  INDICATES RECORD WAS SET OR TIED.
MM INDICATES DATA IS MISSING.
T  INDICATES TRACE AMOUNT.




$$
