000
CDUS42 KFFC 230924
CLICSG


CLIMATE REPORT
NATIONAL WEATHER SERVICE PEACHTREE CITY GA
424 AM EST MON JAN 23 2017


...................................

...THE COLUMBUS CLIMATE SUMMARY FOR JANUARY 22 2017...

CLIMATE NORMAL PERIOD 1981 TO 2010
CLIMATE RECORD PERIOD 1948 TO 2017


WEATHER ITEM   OBSERVED TIME   RECORD YEAR NORMAL DEPARTURE LAST
                VALUE   (LST)  VALUE       VALUE  FROM      YEAR
                                                  NORMAL
..................................................................
TEMPERATURE (F)
 YESTERDAY
  MAXIMUM         64    359 PM  79    1929  58      6       61
  MINIMUM         49   1159 PM  12    1961  37     12       34
  AVERAGE         57                        47     10       48

PRECIPITATION (IN)
  YESTERDAY        0.65          1.35 2016   0.12   0.53     1.35
  MONTH TO DATE   11.14                      2.64   8.50     2.74
  SINCE DEC 1     15.51                      6.91   8.60    20.12
  SINCE JAN 1     11.14                      2.64   8.50     2.74

SNOWFALL (IN)
  YESTERDAY       MM             0.0  2002   0.0   MM       MM
  MONTH TO DATE    0.0                       0.2   -0.2      0.0
  SINCE DEC 1      0.0                       0.3   -0.3      0.0
  SINCE JUL 1      0.0                       0.3   -0.3      0.0
  SNOW DEPTH       0

DEGREE DAYS
 HEATING
  YESTERDAY        8                        18    -10       17
  MONTH TO DATE  217                       396   -179      428
  SINCE DEC 1    604                       893   -289      637
  SINCE JUL 1    791                      1225   -434      833

 COOLING
  YESTERDAY        0                         0      0        0
  MONTH TO DATE    5                         0      5        0
  SINCE DEC 1     10                         4      6       34
  SINCE JAN 1      5                         0      5        0
..................................................................


WIND (MPH)
  HIGHEST WIND SPEED    29   HIGHEST WIND DIRECTION     W (280)
  HIGHEST GUST SPEED    44   HIGHEST GUST DIRECTION     W (270)
  AVERAGE WIND SPEED     9.9


SKY COVER
  AVERAGE SKY COVER 0.8


WEATHER CONDITIONS
 THE FOLLOWING WEATHER WAS RECORDED YESTERDAY.
  THUNDERSTORM
  RAIN
  LIGHT RAIN
  FOG


RELATIVE HUMIDITY (PERCENT)
 HIGHEST   100           100 AM
 LOWEST     77           600 PM
 AVERAGE    89

..........................................................


THE COLUMBUS CLIMATE NORMALS FOR TODAY
                         NORMAL    RECORD    YEAR
 MAXIMUM TEMPERATURE (F)   58        81      1920
 MINIMUM TEMPERATURE (F)   37        15      1963
                                             1960


SUNRISE AND SUNSET
JANUARY 23 2017.......SUNRISE   739 AM EST   SUNSET   605 PM EST
JANUARY 24 2017.......SUNRISE   739 AM EST   SUNSET   606 PM EST


-  INDICATES NEGATIVE NUMBERS.
R  INDICATES RECORD WAS SET OR TIED.
MM INDICATES DATA IS MISSING.
T  INDICATES TRACE AMOUNT.




$$
