000
CDUS42 KFFC 300818
CLICSG


CLIMATE REPORT
NATIONAL WEATHER SERVICE PEACHTREE CITY GA
417 AM EDT MON MAR 30 2015


...................................

...THE COLUMBUS CLIMATE SUMMARY FOR MARCH 29 2015...

CLIMATE NORMAL PERIOD 1981 TO 2010
CLIMATE RECORD PERIOD 1948 TO 2015


WEATHER ITEM   OBSERVED TIME   RECORD YEAR NORMAL DEPARTURE LAST
                VALUE   (LST)  VALUE       VALUE  FROM      YEAR
                                                  NORMAL
..................................................................
TEMPERATURE (F)
 YESTERDAY
  MAXIMUM         64    541 PM  89    2007  73     -9       71
  MINIMUM         33    655 AM  32    1955  49    -16       51
                                      1953
                                      1948
  AVERAGE         49                        61    -12       61

PRECIPITATION (IN)
  YESTERDAY        0.00          3.22 1991   0.17  -0.17     0.08
  MONTH TO DATE    2.05                      5.14  -3.09     5.40
  SINCE MAR 1      2.05                      5.14  -3.09     5.40
  SINCE JAN 1      9.42                     13.43  -4.01    13.72

SNOWFALL (IN)
  YESTERDAY        0.0           0.0  2002   0.0    0.0      0.0
                                      2001
                                      2000
  MONTH TO DATE    0.0                       0.1   -0.1      0.0
  SINCE MAR 1      0.0                       0.1   -0.1      0.0
  SINCE JUL 1      0.0                       0.4   -0.4      1.2
  SNOW DEPTH       0

DEGREE DAYS
 HEATING
  YESTERDAY       16                         6     10        4
  MONTH TO DATE  173                       236    -63      299
  SINCE MAR 1    173                       236    -63      299
  SINCE JUL 1   2183                      2013    170     2242

 COOLING
  YESTERDAY        0                         1     -1        0
  MONTH TO DATE   29                        22      7        0
  SINCE MAR 1     29                        22      7        0
  SINCE JAN 1     29                        26      3        3
..................................................................


WIND (MPH)
  HIGHEST WIND SPEED    14   HIGHEST WIND DIRECTION     E (100)
  HIGHEST GUST SPEED    17   HIGHEST GUST DIRECTION    SE (150)
  AVERAGE WIND SPEED     3.8


SKY COVER
  AVERAGE SKY COVER 0.3


WEATHER CONDITIONS
 THE FOLLOWING WEATHER WAS RECORDED YESTERDAY.
  NO SIGNIFICANT WEATHER WAS OBSERVED.


RELATIVE HUMIDITY (PERCENT)
 HIGHEST    69           700 AM
 LOWEST     20           200 PM
 AVERAGE    45

..........................................................


THE COLUMBUS CLIMATE NORMALS FOR TODAY
                         NORMAL    RECORD    YEAR
 MAXIMUM TEMPERATURE (F)   73        86      1998
 MINIMUM TEMPERATURE (F)   49        29      1964


SUNRISE AND SUNSET
MARCH 30 2015.........SUNRISE   731 AM EDT   SUNSET   758 PM EDT
MARCH 31 2015.........SUNRISE   730 AM EDT   SUNSET   759 PM EDT


-  INDICATES NEGATIVE NUMBERS.
R  INDICATES RECORD WAS SET OR TIED.
MM INDICATES DATA IS MISSING.
T  INDICATES TRACE AMOUNT.




$$
