000
CDUS42 KFFC 212033
CLICSG


CLIMATE REPORT
NATIONAL WEATHER SERVICE PEACHTREE CITY GA
433 PM EDT TUE OCT 21 2014


...................................

...THE COLUMBUS CLIMATE SUMMARY FOR OCTOBER 21 2014...
VALID TODAY AS OF 0400 PM LOCAL TIME.

CLIMATE NORMAL PERIOD 1981 TO 2010
CLIMATE RECORD PERIOD 1948 TO 2014


WEATHER ITEM   OBSERVED TIME   RECORD YEAR NORMAL DEPARTURE LAST
                VALUE   (LST)  VALUE       VALUE  FROM      YEAR
                                                  NORMAL
..................................................................
TEMPERATURE (F)
 TODAY
  MAXIMUM         79    324 PM  89    1984  76      3       74
                                      1963
  MINIMUM         51    636 AM  32    1989  54     -3       51
  AVERAGE         65                        65      0       63

PRECIPITATION (IN)
  TODAY            0.00          1.20 1962   0.08  -0.08      T
  MONTH TO DATE    4.26                      1.77   2.49     0.45
  SINCE SEP 1      8.37                      4.83   3.54     1.62
  SINCE JAN 1     44.55                     37.57   6.98    51.99

SNOWFALL (IN)
  TODAY            0.0           0.0  2002   0.0    0.0      0.0
                                      2001
  MONTH TO DATE    0.0                       0.0    0.0      0.0
  SINCE SEP 1      0.0                       0.0    0.0      0.0
  SINCE JUL 1      0.0                       0.0    0.0      0.0
  SNOW DEPTH       0

DEGREE DAYS
 HEATING
  TODAY            0                         3     -3        2
  MONTH TO DATE   18                        34    -16        5
  SINCE SEP 1     18                        37    -19        5
  SINCE JUL 1     18                        37    -19        5

 COOLING
  TODAY            0                         3     -3        0
  MONTH TO DATE  111                        96     15      138
  SINCE SEP 1    497                       446     51      533
  SINCE JAN 1   2292                      2318    -26     2317
..................................................................


WIND (MPH)
  RESULTANT WIND SPEED   2   RESULTANT WIND DIRECTION   N (360)
  HIGHEST WIND SPEED    14   HIGHEST WIND DIRECTION    NW (330)
  HIGHEST GUST SPEED    20   HIGHEST GUST DIRECTION    NW (330)
  AVERAGE WIND SPEED     2.6


SKY COVER
  AVERAGE SKY COVER 0.0


WEATHER CONDITIONS
 THE FOLLOWING WEATHER WAS RECORDED TODAY.
  NO SIGNIFICANT WEATHER WAS OBSERVED.


RELATIVE HUMIDITY (PERCENT)
 HIGHEST    96           500 AM
 LOWEST     32           200 PM
 AVERAGE    64

..........................................................


THE COLUMBUS CLIMATE NORMALS FOR TOMORROW
                         NORMAL    RECORD    YEAR
 MAXIMUM TEMPERATURE (F)   76        88      1984
 MINIMUM TEMPERATURE (F)   53        34      1987


SUNRISE AND SUNSET
OCTOBER 21 2014.......SUNRISE   748 AM EDT   SUNSET   700 PM EDT
OCTOBER 22 2014.......SUNRISE   749 AM EDT   SUNSET   659 PM EDT


-  INDICATES NEGATIVE NUMBERS.
R  INDICATES RECORD WAS SET OR TIED.
MM INDICATES DATA IS MISSING.
T  INDICATES TRACE AMOUNT.




$$
