000
CDUS42 KFFC 260823
CLICSG


CLIMATE REPORT
NATIONAL WEATHER SERVICE PEACHTREE CITY GA
422 AM EDT SUN MAR 26 2017


...................................

...THE COLUMBUS CLIMATE SUMMARY FOR MARCH 25 2017...

CLIMATE NORMAL PERIOD 1981 TO 2010
CLIMATE RECORD PERIOD 1948 TO 2017


WEATHER ITEM   OBSERVED TIME   RECORD YEAR NORMAL DEPARTURE LAST
                VALUE   (LST)  VALUE       VALUE  FROM      YEAR
                                                  NORMAL
..................................................................
TEMPERATURE (F)
 YESTERDAY
  MAXIMUM         80    520 PM  91    1929  72      8       70
                                      1907
  MINIMUM         59    614 AM  30    1966  48     11       58
                                      1956
  AVERAGE         70                        60     10       64

PRECIPITATION (IN)
  YESTERDAY        0.12          2.57 1971   0.17  -0.05      T
  MONTH TO DATE    1.15                      4.44  -3.29     2.08
  SINCE MAR 1      1.15                      4.44  -3.29     2.08
  SINCE JAN 1     15.41                     12.73   2.68     9.51

SNOWFALL (IN)
  YESTERDAY        0.0           0.0  2002   0.0    0.0      0.0
                                      2001
                                      2000
  MONTH TO DATE    0.0                       0.1   -0.1      0.0
  SINCE MAR 1      0.0                       0.1   -0.1      0.0
  SINCE JUL 1      0.0                       0.4   -0.4      0.0
  SNOW DEPTH       0

DEGREE DAYS
 HEATING
  YESTERDAY        0                         6     -6        1
  MONTH TO DATE  203                       212     -9      135
  SINCE MAR 1    203                       212     -9      135
  SINCE JUL 1   1333                      1989   -656     1525

 COOLING
  YESTERDAY        5                         1      4        0
  MONTH TO DATE   26                        18      8       50
  SINCE MAR 1     26                        18      8       50
  SINCE JAN 1     43                        22     21       52
..................................................................


WIND (MPH)
  HIGHEST WIND SPEED    18   HIGHEST WIND DIRECTION     W (270)
  HIGHEST GUST SPEED    24   HIGHEST GUST DIRECTION     W (280)
  AVERAGE WIND SPEED     8.7


SKY COVER
  AVERAGE SKY COVER 0.3


WEATHER CONDITIONS
 THE FOLLOWING WEATHER WAS RECORDED YESTERDAY.
  LIGHT RAIN
  FOG
  HAZE


RELATIVE HUMIDITY (PERCENT)
 HIGHEST    87          1100 PM
 LOWEST     36           400 PM
 AVERAGE    62

..........................................................


THE COLUMBUS CLIMATE NORMALS FOR TODAY
                         NORMAL    RECORD    YEAR
 MAXIMUM TEMPERATURE (F)   72        92      1907
 MINIMUM TEMPERATURE (F)   48        28      1955


SUNRISE AND SUNSET
MARCH 26 2017.........SUNRISE   735 AM EDT   SUNSET   756 PM EDT
MARCH 27 2017.........SUNRISE   734 AM EDT   SUNSET   756 PM EDT


-  INDICATES NEGATIVE NUMBERS.
R  INDICATES RECORD WAS SET OR TIED.
MM INDICATES DATA IS MISSING.
T  INDICATES TRACE AMOUNT.




$$
