000
CDUS42 KFFC 280820
CLICSG


CLIMATE REPORT
NATIONAL WEATHER SERVICE PEACHTREE CITY GA
419 AM EDT MON JUL 28 2014


...................................

...THE COLUMBUS CLIMATE SUMMARY FOR JULY 27 2014...

CLIMATE NORMAL PERIOD 1981 TO 2010
CLIMATE RECORD PERIOD 1948 TO 2014


WEATHER ITEM   OBSERVED TIME   RECORD YEAR NORMAL DEPARTURE LAST
                VALUE   (LST)  VALUE       VALUE  FROM      YEAR
                                                  NORMAL
..................................................................
TEMPERATURE (F)
 YESTERDAY
  MAXIMUM         95    222 PM 100    1999  92      3       84
  MINIMUM         73    653 AM  67    1954  73      0       73
  AVERAGE         84                        83      1       79

PRECIPITATION (IN)
  YESTERDAY        0.00          2.44 1986   0.14  -0.14     0.00
  MONTH TO DATE    4.49                      4.18   0.31     8.41
  SINCE JUN 1      8.70                      7.90   0.80    15.73
  SINCE JAN 1     34.49                     28.39   6.10    41.34

DEGREE DAYS
 HEATING
  YESTERDAY        0                         0      0        0
  MONTH TO DATE    0                         0      0        0
  SINCE JUN 1      0                         0      0        0
  SINCE JUL 1      0                         0      0        0

 COOLING
  YESTERDAY       19                        18      1       14
  MONTH TO DATE  424                       478    -54      411
  SINCE JUN 1    883                       924    -41      873
  SINCE JAN 1   1219                      1282    -63     1236
..................................................................


WIND (MPH)
  HIGHEST WIND SPEED    14   HIGHEST WIND DIRECTION    NW (310)
  HIGHEST GUST SPEED    20   HIGHEST GUST DIRECTION    NW (320)
  AVERAGE WIND SPEED     5.4


SKY COVER
  AVERAGE SKY COVER 0.1


WEATHER CONDITIONS
 THE FOLLOWING WEATHER WAS RECORDED YESTERDAY.
  NO SIGNIFICANT WEATHER WAS OBSERVED.


RELATIVE HUMIDITY (PERCENT)
 HIGHEST    93           300 AM
 LOWEST     46           300 PM
 AVERAGE    70

..........................................................


THE COLUMBUS CLIMATE NORMALS FOR TODAY
                         NORMAL    RECORD    YEAR
 MAXIMUM TEMPERATURE (F)   92       100      1993
                                             1952
 MINIMUM TEMPERATURE (F)   73        67      1954


SUNRISE AND SUNSET
JULY 28 2014..........SUNRISE   651 AM EDT   SUNSET   841 PM EDT
JULY 29 2014..........SUNRISE   652 AM EDT   SUNSET   840 PM EDT


-  INDICATES NEGATIVE NUMBERS.
R  INDICATES RECORD WAS SET OR TIED.
MM INDICATES DATA IS MISSING.
T  INDICATES TRACE AMOUNT.




$$
