836
CDUS42 KFFC 250818
CLICSG


CLIMATE REPORT
NATIONAL WEATHER SERVICE PEACHTREE CITY GA
418 AM EDT WED MAY 25 2016


...................................

...THE COLUMBUS CLIMATE SUMMARY FOR MAY 24 2016...

CLIMATE NORMAL PERIOD 1981 TO 2010
CLIMATE RECORD PERIOD 1948 TO 2016


WEATHER ITEM   OBSERVED TIME   RECORD YEAR NORMAL DEPARTURE LAST
                VALUE   (LST)  VALUE       VALUE  FROM      YEAR
                                                  NORMAL
..................................................................
TEMPERATURE (F)
 YESTERDAY
  MAXIMUM         86    450 PM  99    1933  86      0       86
  MINIMUM         59    557 AM  47    1892  65     -6       66
  AVERAGE         73                        75     -2       76

PRECIPITATION (IN)
  YESTERDAY        0.00          4.77 1943   0.11  -0.11     0.00
  MONTH TO DATE    2.51                      2.45   0.06     0.72
  SINCE MAR 1     12.01                     11.46   0.55     9.65
  SINCE JAN 1     19.44                     19.75  -0.31    17.02

DEGREE DAYS
 HEATING
  YESTERDAY        0                         0      0        0
  MONTH TO DATE    7                         6      1        2
  SINCE MAR 1    221                       341   -120      202
  SINCE JUL 1   1611                      2118   -507     2212

 COOLING
  YESTERDAY        8                        10     -2       11
  MONTH TO DATE  154                       175    -21      214
  SINCE MAR 1    292                       275     17      363
  SINCE JAN 1    294                       279     15      363
..................................................................


WIND (MPH)
  HIGHEST WIND SPEED    12   HIGHEST WIND DIRECTION     S (190)
  HIGHEST GUST SPEED    14   HIGHEST GUST DIRECTION     S (190)
  AVERAGE WIND SPEED     2.4


SKY COVER
  AVERAGE SKY COVER 0.1


WEATHER CONDITIONS
 THE FOLLOWING WEATHER WAS RECORDED YESTERDAY.
  NO SIGNIFICANT WEATHER WAS OBSERVED.


RELATIVE HUMIDITY (PERCENT)
 HIGHEST    87           600 AM
 LOWEST     29           200 PM
 AVERAGE    58

..........................................................


THE COLUMBUS CLIMATE NORMALS FOR TODAY
                         NORMAL    RECORD    YEAR
 MAXIMUM TEMPERATURE (F)   86        98      1912
 MINIMUM TEMPERATURE (F)   65        51      1979
                                             1931


SUNRISE AND SUNSET
MAY 25 2016...........SUNRISE   635 AM EDT   SUNSET   838 PM EDT
MAY 26 2016...........SUNRISE   635 AM EDT   SUNSET   839 PM EDT


-  INDICATES NEGATIVE NUMBERS.
R  INDICATES RECORD WAS SET OR TIED.
MM INDICATES DATA IS MISSING.
T  INDICATES TRACE AMOUNT.




$$
