000
CDUS42 KFFC 030836
CLICSG


CLIMATE REPORT
NATIONAL WEATHER SERVICE PEACHTREE CITY GA
436 AM EDT TUE MAY 3 2016


...................................

...THE COLUMBUS CLIMATE SUMMARY FOR MAY 2 2016...

CLIMATE NORMAL PERIOD 1981 TO 2010
CLIMATE RECORD PERIOD 1948 TO 2016


WEATHER ITEM   OBSERVED TIME   RECORD YEAR NORMAL DEPARTURE LAST
                VALUE   (LST)  VALUE       VALUE  FROM      YEAR
                                                  NORMAL
..................................................................
TEMPERATURE (F)
 YESTERDAY
  MAXIMUM         83    318 PM  93    1948  81      2       78
  MINIMUM         65    625 AM  39    1963  57      8       49
  AVERAGE         74                        69      5       64

PRECIPITATION (IN)
  YESTERDAY        T             2.27 1964   0.11  -0.11     0.00
  MONTH TO DATE    T                         0.21  -0.21     0.00
  SINCE MAR 1      9.50                      9.22   0.28     8.93
  SINCE JAN 1     16.93                     17.51  -0.58    16.30

DEGREE DAYS
 HEATING
  YESTERDAY        0                         1     -1        1
  MONTH TO DATE    0                         2     -2        2
  SINCE MAR 1    214                       337   -123      202
  SINCE JUL 1   1604                      2114   -510     2212

 COOLING
  YESTERDAY        9                         5      4        0
  MONTH TO DATE   19                        10      9        0
  SINCE MAR 1    157                       110     47      149
  SINCE JAN 1    159                       114     45      149
..................................................................


WIND (MPH)
  HIGHEST WIND SPEED    20   HIGHEST WIND DIRECTION    NW (310)
  HIGHEST GUST SPEED    28   HIGHEST GUST DIRECTION    NW (300)
  AVERAGE WIND SPEED     4.6


SKY COVER
  AVERAGE SKY COVER 0.3


WEATHER CONDITIONS
 THE FOLLOWING WEATHER WAS RECORDED YESTERDAY.
  THUNDERSTORM
  LIGHT RAIN


RELATIVE HUMIDITY (PERCENT)
 HIGHEST    93           500 AM
 LOWEST     58           100 PM
 AVERAGE    76

..........................................................


THE COLUMBUS CLIMATE NORMALS FOR TODAY
                         NORMAL    RECORD    YEAR
 MAXIMUM TEMPERATURE (F)   81        91      1990
 MINIMUM TEMPERATURE (F)   58        43      1961


SUNRISE AND SUNSET
MAY  3 2016...........SUNRISE   651 AM EDT   SUNSET   823 PM EDT
MAY  4 2016...........SUNRISE   650 AM EDT   SUNSET   824 PM EDT


-  INDICATES NEGATIVE NUMBERS.
R  INDICATES RECORD WAS SET OR TIED.
MM INDICATES DATA IS MISSING.
T  INDICATES TRACE AMOUNT.




$$
