000
CDUS42 KFFC 302036
CLICSG


CLIMATE REPORT
NATIONAL WEATHER SERVICE PEACHTREE CITY GA
436 PM EDT THU JUL 30 2015


...................................

...THE COLUMBUS CLIMATE SUMMARY FOR JULY 30 2015...
VALID TODAY AS OF 0400 PM LOCAL TIME.

CLIMATE NORMAL PERIOD 1981 TO 2010
CLIMATE RECORD PERIOD 1948 TO 2015


WEATHER ITEM   OBSERVED TIME   RECORD YEAR NORMAL DEPARTURE LAST
                VALUE   (LST)  VALUE       VALUE  FROM      YEAR
                                                  NORMAL
..................................................................
TEMPERATURE (F)
 TODAY
  MAXIMUM         95    133 PM 102    2010  92      3       86
                                      1986
  MINIMUM         76    550 AM  63    2014  73      3       63
  AVERAGE         86                        83      3       75

PRECIPITATION (IN)
  TODAY            T             1.62 2002   0.14  -0.14     0.00
  MONTH TO DATE    1.96                      4.61  -2.65     4.49
  SINCE JUN 1      6.03                      8.33  -2.30     8.70
  SINCE JAN 1     25.51                     28.82  -3.31    34.49

DEGREE DAYS
 HEATING
  TODAY            0                         0      0        0
  MONTH TO DATE    0                         0      0        0
  SINCE JUN 1      0                         0      0        0
  SINCE JUL 1      0                         0      0        0

 COOLING
  TODAY           21                        18      3       10
  MONTH TO DATE  568                       532     36      469
  SINCE JUN 1   1040                       978     62      928
  SINCE JAN 1   1486                      1336    150     1264
..................................................................


WIND (MPH)
  RESULTANT WIND SPEED   1   RESULTANT WIND DIRECTION   E (110)
  HIGHEST WIND SPEED    13   HIGHEST WIND DIRECTION    SW (210)
  HIGHEST GUST SPEED    16   HIGHEST GUST DIRECTION    SW (210)
  AVERAGE WIND SPEED     4.1


SKY COVER
  AVERAGE SKY COVER 0.4


WEATHER CONDITIONS
 THE FOLLOWING WEATHER WAS RECORDED TODAY.
  THUNDERSTORM
  LIGHT RAIN


RELATIVE HUMIDITY (PERCENT)
 HIGHEST    88           300 AM
 LOWEST     49          1200 PM
 AVERAGE    69

..........................................................


THE COLUMBUS CLIMATE NORMALS FOR TOMORROW
                         NORMAL    RECORD    YEAR
 MAXIMUM TEMPERATURE (F)   92       104      1986
 MINIMUM TEMPERATURE (F)   73        66      1997


SUNRISE AND SUNSET
JULY 30 2015..........SUNRISE   653 AM EDT   SUNSET   839 PM EDT
JULY 31 2015..........SUNRISE   653 AM EDT   SUNSET   839 PM EDT


-  INDICATES NEGATIVE NUMBERS.
R  INDICATES RECORD WAS SET OR TIED.
MM INDICATES DATA IS MISSING.
T  INDICATES TRACE AMOUNT.




$$
