353
CDUS45 KTFX 240746
CLICTB


CLIMATE REPORT
NATIONAL WEATHER SERVICE GREAT FALLS MT
146 AM MDT MON JUL 24 2017


...................................

...THE CUT BANK MT CLIMATE SUMMARY FOR JULY 23 2017...

CLIMATE NORMAL PERIOD 1981 TO 2010
CLIMATE RECORD PERIOD 1903 TO 2017


WEATHER ITEM   OBSERVED TIME   RECORD YEAR NORMAL DEPARTURE LAST
                VALUE   (LST)  VALUE       VALUE  FROM      YEAR
                                                  NORMAL
..................................................................
TEMPERATURE (F)
 YESTERDAY
  MAXIMUM         94    354 PM 100    2007  81     13       79
  MINIMUM         54    452 AM  37    1982  51      3       54
  AVERAGE         74                        66      8       67

PRECIPITATION (IN)
  YESTERDAY        0.00          0.76 2008   0.03  -0.03     0.00
  MONTH TO DATE    0.01                      1.00  -0.99     0.89
  SINCE OCT 1      8.94                      8.21   0.73     8.82
  SINCE JAN 1      7.51                      7.19   0.32     6.90

SNOWFALL (IN)
  YESTERDAY       MM
  SNOW DEPTH       0

DEGREE DAYS
 HEATING
  YESTERDAY        0                         2     -2        0
  MONTH TO DATE   11                        72    -61       72
  SINCE JUN 1    182                       305   -123      236
  SINCE JUL 1     11                        72    -61       72

 COOLING
  YESTERDAY        9                         3      6        2
  MONTH TO DATE  109                        48     61       27
  SINCE JUN 1    121                        63     58       49
  SINCE JAN 1    123                        65     58       49
..................................................................


WIND (MPH)
  HIGHEST WIND SPEED    29   HIGHEST WIND DIRECTION     W (260)
  HIGHEST GUST SPEED    35   HIGHEST GUST DIRECTION     W (260)
  AVERAGE WIND SPEED    11.1


SKY COVER
  AVERAGE SKY COVER 0.0


WEATHER CONDITIONS
 THE FOLLOWING WEATHER WAS RECORDED YESTERDAY.
  NO SIGNIFICANT WEATHER WAS OBSERVED.


RELATIVE HUMIDITY (PERCENT)
 HIGHEST    62           400 AM
 LOWEST     14           300 PM
 AVERAGE    38

..........................................................


THE CUT BANK MT CLIMATE NORMALS FOR TODAY
                         NORMAL    RECORD    YEAR
 MAXIMUM TEMPERATURE (F)   81        98      1936
 MINIMUM TEMPERATURE (F)   51        34      1918


SUNRISE AND SUNSET
JULY 24 2017..........SUNRISE   554 AM MDT   SUNSET   917 PM MDT
JULY 25 2017..........SUNRISE   555 AM MDT   SUNSET   916 PM MDT


-  INDICATES NEGATIVE NUMBERS.
R  INDICATES RECORD WAS SET OR TIED.
MM INDICATES DATA IS MISSING.
T  INDICATES TRACE AMOUNT.




$$
