000
CDUS45 KTFX 272238
CLICTB


CLIMATE REPORT
NATIONAL WEATHER SERVICE GREAT FALLS MT
436 PM MDT WED AUG 27 2014


...................................

...THE CUT BANK MT CLIMATE SUMMARY FOR AUGUST 27 2014...
VALID TODAY AS OF 0400 PM LOCAL TIME.

CLIMATE NORMAL PERIOD 1981 TO 2010
CLIMATE RECORD PERIOD 1903 TO 2014


WEATHER ITEM   OBSERVED TIME   RECORD YEAR NORMAL DEPARTURE LAST
                VALUE   (LST)  VALUE       VALUE  FROM      YEAR
                                                  NORMAL
..................................................................
TEMPERATURE (F)
 TODAY
  MAXIMUM         85    120 PM  93    2001  76      9       91
                                      1971
  MINIMUM         50    559 AM  29    1911  46      4       47
  AVERAGE         68                        61      7       69

PRECIPITATION (IN)
  TODAY            0.00          0.82 1946   0.04  -0.04     0.00
  MONTH TO DATE    2.55                      1.03   1.52     1.41
  SINCE OCT 1     14.90                      9.52   5.38    13.08
  SINCE JAN 1     13.70                      8.50   5.20    10.91

SNOWFALL (IN)
  TODAY            0.0
  SNOW DEPTH       0

DEGREE DAYS
 HEATING
  TODAY            0                         5     -5        0
  MONTH TO DATE   70                        84    -14       27
  SINCE JUN 1    360                       403    -43      277
  SINCE JUL 1     87                       170    -83       68

 COOLING
  TODAY            3                         1      2        4
  MONTH TO DATE   92                        61     31       86
  SINCE JUN 1    197                       148     49      183
  SINCE JAN 1    197                       150     47      185
..................................................................


WIND (MPH)
  HIGHEST WIND SPEED    17   HIGHEST WIND DIRECTION    NW (330)
  HIGHEST GUST SPEED    23   HIGHEST GUST DIRECTION    NW (330)
  AVERAGE WIND SPEED     6.9


SKY COVER
  AVERAGE SKY COVER 0.0


WEATHER CONDITIONS
 THE FOLLOWING WEATHER WAS RECORDED TODAY.
  NO SIGNIFICANT WEATHER WAS OBSERVED.


RELATIVE HUMIDITY (PERCENT)
 HIGHEST    80           600 AM
 LOWEST     26          1200 PM
 AVERAGE    53

..........................................................


THE CUT BANK MT CLIMATE NORMALS FOR TOMORROW
                         NORMAL    RECORD    YEAR
 MAXIMUM TEMPERATURE (F)   75        95      2012
 MINIMUM TEMPERATURE (F)   45        30      1918


SUNRISE AND SUNSET
AUGUST 27 2014........SUNRISE   640 AM MDT   SUNSET   821 PM MDT
AUGUST 28 2014........SUNRISE   641 AM MDT   SUNSET   819 PM MDT


-  INDICATES NEGATIVE NUMBERS.
R  INDICATES RECORD WAS SET OR TIED.
MM INDICATES DATA IS MISSING.
T  INDICATES TRACE AMOUNT.




$$
