000
CDUS45 KTFX 191138
CLICTB


CLIMATE REPORT
NATIONAL WEATHER SERVICE GREAT FALLS MT
436 AM MST SUN FEB 19 2017


...................................

...THE CUT BANK MT CLIMATE SUMMARY FOR FEBRUARY 18 2017...

CLIMATE NORMAL PERIOD 1981 TO 2010
CLIMATE RECORD PERIOD 1903 TO 2017


WEATHER ITEM   OBSERVED TIME   RECORD YEAR NORMAL DEPARTURE LAST
                VALUE   (LST)  VALUE       VALUE  FROM      YEAR
                                                  NORMAL
..................................................................
TEMPERATURE (F)
 YESTERDAY
  MAXIMUM         41    204 PM  62    1930  36      5       46
  MINIMUM         24    333 AM -38    1936  13     11       27
  AVERAGE         33                        24      9       37

PRECIPITATION (IN)
  YESTERDAY        0.00          0.23 1940   0.01  -0.01      T
  MONTH TO DATE    T                         0.12  -0.12     0.01
  SINCE OCT 1      2.03                      1.34   0.69     2.37
  SINCE JAN 1      0.60                      0.32   0.28     0.45

SNOWFALL (IN)
  YESTERDAY       MM
  SNOW DEPTH       0

DEGREE DAYS
 HEATING
  YESTERDAY       32                        41     -9       28
  MONTH TO DATE  834                       748     86      492
  SINCE DEC 1   3963                      3403    560     3105
  SINCE JUL 1   5941                      5666    275     5143

 COOLING
  YESTERDAY        0                         0      0        0
  MONTH TO DATE    0                         0      0        0
  SINCE DEC 1      0                         0      0        0
  SINCE JAN 1      0                         0      0        0
..................................................................


WIND (MPH)
  HIGHEST WIND SPEED    10   HIGHEST WIND DIRECTION     W (290)
  HIGHEST GUST SPEED    11   HIGHEST GUST DIRECTION    SE (150)
  AVERAGE WIND SPEED     4.2


SKY COVER
  AVERAGE SKY COVER 0.6


WEATHER CONDITIONS
 THE FOLLOWING WEATHER WAS RECORDED YESTERDAY.
  NO SIGNIFICANT WEATHER WAS OBSERVED.


RELATIVE HUMIDITY (PERCENT)
 HIGHEST   100          1000 PM
 LOWEST     64           200 PM
 AVERAGE    82

..........................................................


THE CUT BANK MT CLIMATE NORMALS FOR TODAY
                         NORMAL    RECORD    YEAR
 MAXIMUM TEMPERATURE (F)   36        62      1981
 MINIMUM TEMPERATURE (F)   13       -30      1986


SUNRISE AND SUNSET
FEBRUARY 19 2017......SUNRISE   729 AM MST   SUNSET   558 PM MST
FEBRUARY 20 2017......SUNRISE   728 AM MST   SUNSET   600 PM MST


-  INDICATES NEGATIVE NUMBERS.
R  INDICATES RECORD WAS SET OR TIED.
MM INDICATES DATA IS MISSING.
T  INDICATES TRACE AMOUNT.




$$
