000
CDUS45 KTFX 250918
CLICTB


CLIMATE REPORT
NATIONAL WEATHER SERVICE GREAT FALLS MT
317 AM MDT THU MAY 25 2017


...................................

...THE CUT BANK MT CLIMATE SUMMARY FOR MAY 24 2017...

CLIMATE NORMAL PERIOD 1981 TO 2010
CLIMATE RECORD PERIOD 1903 TO 2017


WEATHER ITEM   OBSERVED TIME   RECORD YEAR NORMAL DEPARTURE LAST
                VALUE   (LST)  VALUE       VALUE  FROM      YEAR
                                                  NORMAL
..................................................................
TEMPERATURE (F)
 YESTERDAY
  MAXIMUM         63    108 AM  87    2001  65     -2       59
  MINIMUM         41   1030 PM  15    1904  40      1       38
  AVERAGE         52                        52      0       49

PRECIPITATION (IN)
  YESTERDAY        0.11          0.61 2008   0.08   0.03     0.01
  MONTH TO DATE    0.81                      1.34  -0.53     1.96
  SINCE OCT 1      6.30                      4.05   2.25     6.54
  SINCE JAN 1      4.87                      3.03   1.84     4.62

SNOWFALL (IN)
  YESTERDAY       MM
  SNOW DEPTH       0

DEGREE DAYS
 HEATING
  YESTERDAY       13                        13      0       16
  MONTH TO DATE  327                       387    -60      388
  SINCE MAR 1   2035                      2147   -112     1803
  SINCE JUL 1   8386                      8207    179     7268

 COOLING
  YESTERDAY        0                         0      0        0
  MONTH TO DATE    0                         0      0        0
  SINCE MAR 1      0                         0      0        0
  SINCE JAN 1      0                         0      0        0
..................................................................


WIND (MPH)
  HIGHEST WIND SPEED    48   HIGHEST WIND DIRECTION     W (250)
  HIGHEST GUST SPEED    60   HIGHEST GUST DIRECTION     W (250)
  AVERAGE WIND SPEED    31.9


SKY COVER
  AVERAGE SKY COVER 0.3


WEATHER CONDITIONS
 THE FOLLOWING WEATHER WAS RECORDED YESTERDAY.
  LIGHT RAIN
  FOG


RELATIVE HUMIDITY (PERCENT)
 HIGHEST    82          1100 PM
 LOWEST     17          1100 AM
 AVERAGE    50

..........................................................


THE CUT BANK MT CLIMATE NORMALS FOR TODAY
                         NORMAL    RECORD    YEAR
 MAXIMUM TEMPERATURE (F)   65        90      1928
 MINIMUM TEMPERATURE (F)   40        25      1904


SUNRISE AND SUNSET
MAY 25 2017...........SUNRISE   537 AM MDT   SUNSET   917 PM MDT
MAY 26 2017...........SUNRISE   536 AM MDT   SUNSET   918 PM MDT


-  INDICATES NEGATIVE NUMBERS.
R  INDICATES RECORD WAS SET OR TIED.
MM INDICATES DATA IS MISSING.
T  INDICATES TRACE AMOUNT.




$$
