000
CDUS45 KTFX 231005
CLICTB


CLIMATE REPORT
NATIONAL WEATHER SERVICE GREAT FALLS MT
404 AM MDT WED APR 23 2014


...................................

...THE CUT BANK MT CLIMATE SUMMARY FOR APRIL 22 2014...

CLIMATE NORMAL PERIOD 1981 TO 2010
CLIMATE RECORD PERIOD 1903 TO 2014


WEATHER ITEM   OBSERVED TIME   RECORD YEAR NORMAL DEPARTURE LAST
                VALUE   (LST)  VALUE       VALUE  FROM      YEAR
                                                  NORMAL
..................................................................
TEMPERATURE (F)
 YESTERDAY
  MAXIMUM         69    119 PM  78    1969  55     14       39
  MINIMUM         32    526 AM  -5    1967  30      2        7
  AVERAGE         51                        43      8       23

PRECIPITATION (IN)
  YESTERDAY        0.21          0.56 1932   0.03   0.18     0.00
  MONTH TO DATE    0.71                      0.51   0.20     0.76
  SINCE OCT 1      3.83                      2.44   1.39     4.23
  SINCE JAN 1      2.63                      1.42   1.21     2.06

SNOWFALL (IN)
  YESTERDAY       MM
  SNOW DEPTH       0

DEGREE DAYS
 HEATING
  YESTERDAY       14                        22     -8       42
  MONTH TO DATE  518                       553    -35      677
  SINCE MAR 1   1740                      1591    149     1732
  SINCE JUL 1   7946                      7651    295     7471

 COOLING
  YESTERDAY        0                         0      0        0
  MONTH TO DATE    0                         0      0        0
  SINCE MAR 1      0                         0      0        0
  SINCE JAN 1      0                         0      0        0
..................................................................


WIND (MPH)
  HIGHEST WIND SPEED    32   HIGHEST WIND DIRECTION     W (260)
  HIGHEST GUST SPEED    37   HIGHEST GUST DIRECTION     W (260)
  AVERAGE WIND SPEED    10.3


SKY COVER
  AVERAGE SKY COVER 0.5


WEATHER CONDITIONS
 THE FOLLOWING WEATHER WAS RECORDED YESTERDAY.
  LIGHT RAIN
  FOG


RELATIVE HUMIDITY (PERCENT)
 HIGHEST   100           600 PM
 LOWEST     21           200 PM
 AVERAGE    61

..........................................................


THE CUT BANK MT CLIMATE NORMALS FOR TODAY
                         NORMAL    RECORD    YEAR
 MAXIMUM TEMPERATURE (F)   56        82      2012
 MINIMUM TEMPERATURE (F)   31         8      2009


SUNRISE AND SUNSET
APRIL 23 2014.........SUNRISE   624 AM MDT   SUNSET   833 PM MDT
APRIL 24 2014.........SUNRISE   622 AM MDT   SUNSET   834 PM MDT


-  INDICATES NEGATIVE NUMBERS.
R  INDICATES RECORD WAS SET OR TIED.
MM INDICATES DATA IS MISSING.
T  INDICATES TRACE AMOUNT.




$$
