000
CDUS45 KTFX 070928
CLICTB


CLIMATE REPORT
NATIONAL WEATHER SERVICE GREAT FALLS MT
228 AM MST SUN FEB 7 2016


...................................

...THE CUT BANK MT CLIMATE SUMMARY FOR FEBRUARY 6 2016...

CLIMATE NORMAL PERIOD 1981 TO 2010
CLIMATE RECORD PERIOD 1903 TO 2016


WEATHER ITEM   OBSERVED TIME   RECORD YEAR NORMAL DEPARTURE LAST
                VALUE   (LST)  VALUE       VALUE  FROM      YEAR
                                                  NORMAL
..................................................................
TEMPERATURE (F)
 YESTERDAY
  MAXIMUM         45    249 AM  66    1961  34     11       59
  MINIMUM         27   1136 PM -35    2014  12     15       40
  AVERAGE         36                        23     13       50

PRECIPITATION (IN)
  YESTERDAY        0.01          0.35 1915   0.01   0.00     0.00
  MONTH TO DATE    0.01                      0.04  -0.03      T
  SINCE OCT 1      2.37                      1.26   1.11     3.24
  SINCE JAN 1      0.45                      0.24   0.21     0.71

SNOWFALL (IN)
  YESTERDAY       MM
  SNOW DEPTH       0

DEGREE DAYS
 HEATING
  YESTERDAY       29                        42    -13       15
  MONTH TO DATE  207                       252    -45      252
  SINCE DEC 1   2820                      2907    -87     2765
  SINCE JUL 1   4858                      5170   -312     4863

 COOLING
  YESTERDAY        0                         0      0        0
  MONTH TO DATE    0                         0      0        0
  SINCE DEC 1      0                         0      0        0
  SINCE JAN 1      0                         0      0        0
..................................................................


WIND (MPH)
  HIGHEST WIND SPEED    54   HIGHEST WIND DIRECTION     W (250)
  HIGHEST GUST SPEED    64   HIGHEST GUST DIRECTION     W (260)
  AVERAGE WIND SPEED    29.9


SKY COVER
  AVERAGE SKY COVER 0.0


WEATHER CONDITIONS
 THE FOLLOWING WEATHER WAS RECORDED YESTERDAY.
  LIGHT SNOW
  FOG


RELATIVE HUMIDITY (PERCENT)
 HIGHEST    72           800 AM
 LOWEST     32          1200 PM
 AVERAGE    52

..........................................................


THE CUT BANK MT CLIMATE NORMALS FOR TODAY
                         NORMAL    RECORD    YEAR
 MAXIMUM TEMPERATURE (F)   34        65      1954
 MINIMUM TEMPERATURE (F)   12       -39      1936


SUNRISE AND SUNSET
FEBRUARY  7 2016......SUNRISE   751 AM MST   SUNSET   537 PM MST
FEBRUARY  8 2016......SUNRISE   749 AM MST   SUNSET   539 PM MST


-  INDICATES NEGATIVE NUMBERS.
R  INDICATES RECORD WAS SET OR TIED.
MM INDICATES DATA IS MISSING.
T  INDICATES TRACE AMOUNT.




$$
