000
CDUS45 KTFX 051015
CLICTB


CLIMATE REPORT
NATIONAL WEATHER SERVICE GREAT FALLS MT
415 AM MDT SAT SEP 5 2015


...................................

...THE CUT BANK MT CLIMATE SUMMARY FOR SEPTEMBER 4 2015...

CLIMATE NORMAL PERIOD 1981 TO 2010
CLIMATE RECORD PERIOD 1903 TO 2015


WEATHER ITEM   OBSERVED TIME   RECORD YEAR NORMAL DEPARTURE LAST
                VALUE   (LST)  VALUE       VALUE  FROM      YEAR
                                                  NORMAL
..................................................................
TEMPERATURE (F)
 YESTERDAY
  MAXIMUM         48    823 AM  94    2003  73    -25       67
  MINIMUM         44   1159 PM  26    1929  43      1       37
  AVERAGE         46                        58    -12       52

PRECIPITATION (IN)
  YESTERDAY        0.69          1.92 1911   0.04   0.65     0.00
  MONTH TO DATE    1.07                      0.17   0.90     0.09
  SINCE OCT 1      9.35                      9.85  -0.50    15.13
  SINCE JAN 1      6.82                      8.83  -2.01    13.93

SNOWFALL (IN)
  YESTERDAY       MM
  SNOW DEPTH       0

DEGREE DAYS
 HEATING
  YESTERDAY       19                         8     11       13
  MONTH TO DATE   32                        29      3       41
  SINCE SEP 1     32                        29      3       41
  SINCE JUL 1    183                       223    -40      138

 COOLING
  YESTERDAY        0                         1     -1        0
  MONTH TO DATE    1                         4     -3        0
  SINCE SEP 1      1                         4     -3        0
  SINCE JAN 1    229                       157     72      197
..................................................................


WIND (MPH)
  HIGHEST WIND SPEED    18   HIGHEST WIND DIRECTION     N (350)
  HIGHEST GUST SPEED    23   HIGHEST GUST DIRECTION     N (350)
  AVERAGE WIND SPEED    10.7


SKY COVER
  AVERAGE SKY COVER 1.0


WEATHER CONDITIONS
 THE FOLLOWING WEATHER WAS RECORDED YESTERDAY.
  HEAVY RAIN
  RAIN
  LIGHT RAIN
  FOG


RELATIVE HUMIDITY (PERCENT)
 HIGHEST   100           800 AM
 LOWEST     92           900 AM
 AVERAGE    96

..........................................................


THE CUT BANK MT CLIMATE NORMALS FOR TODAY
                         NORMAL    RECORD    YEAR
 MAXIMUM TEMPERATURE (F)   72        94      1967
 MINIMUM TEMPERATURE (F)   43        24      1956


SUNRISE AND SUNSET
SEPTEMBER  5 2015.....SUNRISE   652 AM MDT   SUNSET   803 PM MDT
SEPTEMBER  6 2015.....SUNRISE   653 AM MDT   SUNSET   801 PM MDT


-  INDICATES NEGATIVE NUMBERS.
R  INDICATES RECORD WAS SET OR TIED.
MM INDICATES DATA IS MISSING.
T  INDICATES TRACE AMOUNT.




$$
