000
CDUS45 KTFX 060733
CLICTB


CLIMATE REPORT
NATIONAL WEATHER SERVICE GREAT FALLS MT
1231 AM MST FRI MAR 6 2015


...................................

...THE CUT BANK MT CLIMATE SUMMARY FOR MARCH 5 2015...

CLIMATE NORMAL PERIOD 1981 TO 2010
CLIMATE RECORD PERIOD 1903 TO 2015


WEATHER ITEM   OBSERVED TIME   RECORD YEAR NORMAL DEPARTURE LAST
                VALUE   (LST)  VALUE       VALUE  FROM      YEAR
                                                  NORMAL
..................................................................
TEMPERATURE (F)
 YESTERDAY
  MAXIMUM         48    411 PM  67    1987  39      9       40
  MINIMUM         28    632 AM -27    1951  17     11        2
  AVERAGE         38                        28     10       21

PRECIPITATION (IN)
  YESTERDAY        0.00          0.26 1981   0.01  -0.01     0.00
  MONTH TO DATE    T                         0.06  -0.06     0.07
  SINCE OCT 1      3.32                      1.49   1.83     2.60
  SINCE JAN 1      0.79                      0.47   0.32     1.40

SNOWFALL (IN)
  YESTERDAY       MM
  SNOW DEPTH       T

DEGREE DAYS
 HEATING
  YESTERDAY       27                        37    -10       44
  MONTH TO DATE  223                       188     35      312
  SINCE MAR 1    223                       188     35      312
  SINCE JUL 1   5885                      6248   -363     6518

 COOLING
  YESTERDAY        0                         0      0        0
  MONTH TO DATE    0                         0      0        0
  SINCE MAR 1      0                         0      0        0
  SINCE JAN 1      0                         0      0        0
..................................................................


WIND (MPH)
  HIGHEST WIND SPEED    35   HIGHEST WIND DIRECTION     W (260)
  HIGHEST GUST SPEED    43   HIGHEST GUST DIRECTION     W (260)
  AVERAGE WIND SPEED    25.3


SKY COVER
  AVERAGE SKY COVER 0.1


WEATHER CONDITIONS
 THE FOLLOWING WEATHER WAS RECORDED YESTERDAY.
  NO SIGNIFICANT WEATHER WAS OBSERVED.


RELATIVE HUMIDITY (PERCENT)
 HIGHEST    50           600 AM
 LOWEST     25           200 PM
 AVERAGE    38

..........................................................


THE CUT BANK MT CLIMATE NORMALS FOR TODAY
                         NORMAL    RECORD    YEAR
 MAXIMUM TEMPERATURE (F)   40        60      1987
 MINIMUM TEMPERATURE (F)   17       -31      1996


SUNRISE AND SUNSET
MARCH  6 2015.........SUNRISE   702 AM MST   SUNSET   621 PM MST
MARCH  7 2015.........SUNRISE   700 AM MST   SUNSET   622 PM MST


-  INDICATES NEGATIVE NUMBERS.
R  INDICATES RECORD WAS SET OR TIED.
MM INDICATES DATA IS MISSING.
T  INDICATES TRACE AMOUNT.




$$
