000
CDUS45 KTFX 210743
CLICTB


CLIMATE REPORT
NATIONAL WEATHER SERVICE GREAT FALLS MT
1242 AM MST SUN JAN 21 2018


...................................

...THE CUT BANK MT CLIMATE SUMMARY FOR JANUARY 20 2018...

CLIMATE NORMAL PERIOD 1981 TO 2010
CLIMATE RECORD PERIOD 1903 TO 2018


WEATHER ITEM   OBSERVED TIME   RECORD YEAR NORMAL DEPARTURE LAST
                VALUE   (LST)  VALUE       VALUE  FROM      YEAR
                                                  NORMAL
..................................................................
TEMPERATURE (F)
 YESTERDAY
  MAXIMUM         38    259 PM  63    1981  33      5       40
  MINIMUM         26   1104 PM -45    1954  12     14       18
  AVERAGE         32                        22     10       29

PRECIPITATION (IN)
  YESTERDAY        0.00          0.35 1975   0.00   0.00     0.00
  MONTH TO DATE    T                         0.13  -0.13     0.45
  SINCE OCT 1      1.05                      1.15  -0.10     1.88
  SINCE JAN 1      T                         0.13  -0.13     0.45

SNOWFALL (IN)
  YESTERDAY       MM
  SNOW DEPTH       0

DEGREE DAYS
 HEATING
  YESTERDAY       33                        43    -10       36
  MONTH TO DATE  847                       863    -16     1035
  SINCE DEC 1   2294                      2190    104     2680
  SINCE JUL 1   4518                      4453     65     4658

 COOLING
  YESTERDAY        0                         0      0        0
  MONTH TO DATE    0                         0      0        0
  SINCE DEC 1      0                         0      0        0
  SINCE JAN 1      0                         0      0        0
..................................................................


WIND (MPH)
  HIGHEST WIND SPEED    31   HIGHEST WIND DIRECTION     W (260)
  HIGHEST GUST SPEED    38   HIGHEST GUST DIRECTION     W (260)
  AVERAGE WIND SPEED    19.6


SKY COVER
  AVERAGE SKY COVER 0.1


WEATHER CONDITIONS
 THE FOLLOWING WEATHER WAS RECORDED YESTERDAY.
  NO SIGNIFICANT WEATHER WAS OBSERVED.


RELATIVE HUMIDITY (PERCENT)
 HIGHEST    69          1200 AM
 LOWEST     48           100 PM
 AVERAGE    59

..........................................................


THE CUT BANK MT CLIMATE NORMALS FOR TODAY
                         NORMAL    RECORD    YEAR
 MAXIMUM TEMPERATURE (F)   33        59      1981
 MINIMUM TEMPERATURE (F)   12       -43      1927


SUNRISE AND SUNSET
JANUARY 21 2018.......SUNRISE   812 AM MST   SUNSET   511 PM MST
JANUARY 22 2018.......SUNRISE   811 AM MST   SUNSET   512 PM MST


-  INDICATES NEGATIVE NUMBERS.
R  INDICATES RECORD WAS SET OR TIED.
MM INDICATES DATA IS MISSING.
T  INDICATES TRACE AMOUNT.




$$
