000
CDUS45 KTFX 301055
CLICTB


CLIMATE REPORT
NATIONAL WEATHER SERVICE GREAT FALLS MT
454 AM MDT MON MAY 30 2016


...................................

...THE CUT BANK MT CLIMATE SUMMARY FOR MAY 29 2016...

CLIMATE NORMAL PERIOD 1981 TO 2010
CLIMATE RECORD PERIOD 1903 TO 2016


WEATHER ITEM   OBSERVED TIME   RECORD YEAR NORMAL DEPARTURE LAST
                VALUE   (LST)  VALUE       VALUE  FROM      YEAR
                                                  NORMAL
..................................................................
TEMPERATURE (F)
 YESTERDAY
  MAXIMUM         69    239 PM  90    1936  66      3       62
  MINIMUM         45    444 AM  23    1951  41      4       34
  AVERAGE         57                        54      3       48

PRECIPITATION (IN)
  YESTERDAY        T             0.80 1953   0.09  -0.09     0.00
  MONTH TO DATE    2.15                      1.77   0.38     1.56
  SINCE OCT 1      6.73                      4.48   2.25     5.44
  SINCE JAN 1      4.81                      3.46   1.35     2.91

SNOWFALL (IN)
  YESTERDAY       MM
  SNOW DEPTH       0

DEGREE DAYS
 HEATING
  YESTERDAY        8                        11     -3       17
  MONTH TO DATE  453                       447      6      499
  SINCE MAR 1   1868                      2207   -339     1975
  SINCE JUL 1   7333                      8267   -934     7637

 COOLING
  YESTERDAY        0                         0      0        0
  MONTH TO DATE    0                         0      0        0
  SINCE MAR 1      0                         0      0        0
  SINCE JAN 1      0                         0      0        0
..................................................................


WIND (MPH)
  HIGHEST WIND SPEED    36   HIGHEST WIND DIRECTION     W (260)
  HIGHEST GUST SPEED    42   HIGHEST GUST DIRECTION     W (260)
  AVERAGE WIND SPEED    14.5


SKY COVER
  AVERAGE SKY COVER 0.2


WEATHER CONDITIONS
 THE FOLLOWING WEATHER WAS RECORDED YESTERDAY.
  LIGHT RAIN


RELATIVE HUMIDITY (PERCENT)
 HIGHEST    71          1000 PM
 LOWEST     29           200 PM
 AVERAGE    50

..........................................................


THE CUT BANK MT CLIMATE NORMALS FOR TODAY
                         NORMAL    RECORD    YEAR
 MAXIMUM TEMPERATURE (F)   66        89      1986
 MINIMUM TEMPERATURE (F)   42        25      1924


SUNRISE AND SUNSET
MAY 30 2016...........SUNRISE   533 AM MDT   SUNSET   922 PM MDT
MAY 31 2016...........SUNRISE   532 AM MDT   SUNSET   923 PM MDT


-  INDICATES NEGATIVE NUMBERS.
R  INDICATES RECORD WAS SET OR TIED.
MM INDICATES DATA IS MISSING.
T  INDICATES TRACE AMOUNT.




$$
