000
CDUS42 KTAE 240642
CLICTY


CLIMATE REPORT
NATIONAL WEATHER SERVICE TALLAHASSEE FL
142 AM EST FRI NOV 24 2017


...................................

...THE CROSS CITY  CLIMATE SUMMARY FOR NOVEMBER 23 2017...

CLIMATE NORMAL PERIOD 1981 TO 2010
CLIMATE RECORD PERIOD 1948 TO 2017


WEATHER ITEM   OBSERVED TIME   NORMAL DEPARTURE LAST
                VALUE   (LST)  VALUE  FROM      YEAR
                                      NORMAL
......................................................
TEMPERATURE (F)
 YESTERDAY
  MAXIMUM         62   1215 AM  73    -11       79
  MINIMUM         57   1155 PM  48      9       43
  AVERAGE         60            61     -1

PRECIPITATION (IN)
  YESTERDAY        2.61          0.10   2.51     0.00
  MONTH TO DATE    2.89          1.91   0.98     0.00
  SINCE SEP 1      9.29          9.77  -0.48    15.25
  SINCE JAN 1     55.74         45.14  10.60    59.60

DEGREE DAYS
 HEATING
  YESTERDAY        5             6     -1
  MONTH TO DATE   75            91    -16
  SINCE SEP 1    126           123      3
  SINCE JUL 1    126           123      3

 COOLING
  YESTERDAY        0             1     -1
  MONTH TO DATE   44            51     -7
  SINCE SEP 1    768           656    112
  SINCE JAN 1   2886          2594    292
......................................................


WIND (MPH)
  RESULTANT WIND SPEED   9   RESULTANT WIND DIRECTION   N (20)
  HIGHEST WIND SPEED    14   HIGHEST WIND DIRECTION     N (360)
  HIGHEST GUST SPEED    20   HIGHEST GUST DIRECTION     N (10)
  AVERAGE WIND SPEED     9.1



WEATHER CONDITIONS
 THE FOLLOWING WEATHER WAS RECORDED YESTERDAY.
  HEAVY RAIN
  RAIN
  LIGHT RAIN
  FOG


RELATIVE HUMIDITY (PERCENT)
 HIGHEST   100
 LOWEST     93

..........................................................




SUNRISE AND SUNSET
NOVEMBER 24 2017......SUNRISE   704 AM EST   SUNSET   534 PM EST
NOVEMBER 25 2017......SUNRISE   705 AM EST   SUNSET   534 PM EST


-  INDICATES NEGATIVE NUMBERS.
R  INDICATES RECORD WAS SET OR TIED.
MM INDICATES DATA IS MISSING.
T  INDICATES TRACE AMOUNT.




$$
