000
CDUS42 KTAE 270633
CLICTY


CLIMATE REPORT
NATIONAL WEATHER SERVICE TALLAHASSEE FL
133 AM EST SAT DEC 27 2014


...................................

...THE CROSS CITY CLIMATE SUMMARY FOR DECEMBER 26 2014...

CLIMATE NORMAL PERIOD 1981 TO 2010
CLIMATE RECORD PERIOD 1948 TO 2014


WEATHER ITEM   OBSERVED TIME   NORMAL DEPARTURE LAST
                VALUE   (LST)  VALUE  FROM      YEAR
                                      NORMAL
......................................................
TEMPERATURE (F)
 YESTERDAY
  MAXIMUM         71    345 PM  65      6
  MINIMUM         35    744 AM  41     -6
  AVERAGE         53            53      0

PRECIPITATION (IN)
  YESTERDAY        0.00          0.07  -0.07     0.00
  MONTH TO DATE    3.09          2.17   0.92     1.67
  SINCE DEC 1      3.09          2.17   0.92     1.67
  SINCE JAN 1     60.05         48.01  12.04    63.14

DEGREE DAYS
 HEATING
  YESTERDAY       12            13     -1
  MONTH TO DATE  198           273    -75
  SINCE DEC 1    198           273    -75
  SINCE JUL 1    483           441     42

 COOLING
  YESTERDAY        0             0      0
  MONTH TO DATE   30            14     16
  SINCE DEC 1     30            14     16
  SINCE JAN 1   2740          2616    124
......................................................


WIND (MPH)
  RESULTANT WIND SPEED   2   RESULTANT WIND DIRECTION  NE (50)
  HIGHEST WIND SPEED     7   HIGHEST WIND DIRECTION    NE (50)
  HIGHEST GUST SPEED    11   HIGHEST GUST DIRECTION     E (70)
  AVERAGE WIND SPEED     1.9



WEATHER CONDITIONS
 THE FOLLOWING WEATHER WAS RECORDED YESTERDAY.
  NO SIGNIFICANT WEATHER WAS OBSERVED.


RELATIVE HUMIDITY (PERCENT)
 HIGHEST   100
 LOWEST     44

..........................................................




SUNRISE AND SUNSET
DECEMBER 27 2014......SUNRISE   726 AM EST   SUNSET   541 PM EST
DECEMBER 28 2014......SUNRISE   726 AM EST   SUNSET   542 PM EST


-  INDICATES NEGATIVE NUMBERS.
R  INDICATES RECORD WAS SET OR TIED.
MM INDICATES DATA IS MISSING.
T  INDICATES TRACE AMOUNT.




$$
