000
CDUS42 KTAE 040637
CLICTY


CLIMATE REPORT
NATIONAL WEATHER SERVICE TALLAHASSEE FL
237 AM EDT SAT JUL 4 2015


...................................

...THE CROSS CITY  CLIMATE SUMMARY FOR JULY 3 2015...

CLIMATE NORMAL PERIOD 1981 TO 2010
CLIMATE RECORD PERIOD 1948 TO 2015


WEATHER ITEM   OBSERVED TIME   NORMAL DEPARTURE LAST
                VALUE   (LST)  VALUE  FROM      YEAR
                                      NORMAL
......................................................
TEMPERATURE (F)
 YESTERDAY
  MAXIMUM         94    251 PM  91      3       90
  MINIMUM         71    311 AM  71      0       73
  AVERAGE         83            81      2

PRECIPITATION (IN)
  YESTERDAY        0.00          0.16  -0.16     0.03
  MONTH TO DATE    0.10          0.49  -0.39     0.86
  SINCE JUN 1      7.38          5.58   1.80     4.63
  SINCE JAN 1     20.52         22.75  -2.23    30.13

DEGREE DAYS
 HEATING
  YESTERDAY        0             0      0
  MONTH TO DATE    0             0      0
  SINCE JUN 1      0             0      0
  SINCE JUL 1      0             0      0

 COOLING
  YESTERDAY       18            16      2
  MONTH TO DATE   51            48      3
  SINCE JUN 1    552           495     57
  SINCE JAN 1   1391           974    417
......................................................


WIND (MPH)
  RESULTANT WIND SPEED   3   RESULTANT WIND DIRECTION   W (250)
  HIGHEST WIND SPEED    14   HIGHEST WIND DIRECTION     W (280)
  HIGHEST GUST SPEED    18   HIGHEST GUST DIRECTION     W (290)
  AVERAGE WIND SPEED     4.0



WEATHER CONDITIONS
 THE FOLLOWING WEATHER WAS RECORDED YESTERDAY.
  NO SIGNIFICANT WEATHER WAS OBSERVED.


RELATIVE HUMIDITY (PERCENT)
 HIGHEST    94
 LOWEST     49

..........................................................




SUNRISE AND SUNSET
JULY  4 2015..........SUNRISE   637 AM EDT   SUNSET   837 PM EDT
JULY  5 2015..........SUNRISE   637 AM EDT   SUNSET   836 PM EDT


-  INDICATES NEGATIVE NUMBERS.
R  INDICATES RECORD WAS SET OR TIED.
MM INDICATES DATA IS MISSING.
T  INDICATES TRACE AMOUNT.




$$
