000
CDUS42 KTAE 012227
CLICTY


CLIMATE REPORT
NATIONAL WEATHER SERVICE TALLAHASSEE FL
527 PM EST SUN FEB 1 2015


...................................

...THE CROSS CITY CLIMATE SUMMARY FOR FEBRUARY 1 2015...
VALID TODAY AS OF 0500 PM LOCAL TIME.

CLIMATE NORMAL PERIOD 1981 TO 2010
CLIMATE RECORD PERIOD 1948 TO 2015


WEATHER ITEM   OBSERVED TIME   NORMAL DEPARTURE LAST
                VALUE   (LST)  VALUE  FROM      YEAR
                                      NORMAL
......................................................
TEMPERATURE (F)
 TODAY
  MAXIMUM         75    324 PM  68      7
  MINIMUM         38    558 AM  42     -4
  AVERAGE         57            55      2

PRECIPITATION (IN)
  TODAY            0.00          0.12  -0.12     0.01
  MONTH TO DATE    0.00          0.12  -0.12     0.01
  SINCE DEC 1      6.18          6.68  -0.50     6.78
  SINCE JAN 1      2.94          4.16  -1.22     4.96

DEGREE DAYS
 HEATING
  TODAY            8
  MONTH TO DATE    8
  SINCE DEC 1    524
  SINCE JUL 1    809

 COOLING
  TODAY            0
  MONTH TO DATE    0
  SINCE DEC 1     54
  SINCE JAN 1     16
......................................................


WIND (MPH)
  RESULTANT WIND SPEED   5   RESULTANT WIND DIRECTION   S (160)
  HIGHEST WIND SPEED    20   HIGHEST WIND DIRECTION     S (180)
  HIGHEST GUST SPEED    27   HIGHEST GUST DIRECTION     S (160)
  AVERAGE WIND SPEED     6.6



WEATHER CONDITIONS
 THE FOLLOWING WEATHER WAS RECORDED TODAY.
  NO SIGNIFICANT WEATHER WAS OBSERVED.


RELATIVE HUMIDITY (PERCENT)
 HIGHEST   100
 LOWEST     38
 AVERAGE    69

..........................................................


THE CROSS CITY (AMOS) CLIMATE NORMALS FOR TOMORROW
                         NORMAL
 MAXIMUM TEMPERATURE (F)   68
 MINIMUM TEMPERATURE (F)   42



-  INDICATES NEGATIVE NUMBERS.
R  INDICATES RECORD WAS SET OR TIED.
MM INDICATES DATA IS MISSING.
T  INDICATES TRACE AMOUNT.




$$
