000
CDUS42 KTAE 270711
CLICTY


CLIMATE REPORT
NATIONAL WEATHER SERVICE TALLAHASSEE FL
309 AM EDT FRI MAR 27 2015


...................................

...THE CROSS CITY  CLIMATE SUMMARY FOR MARCH 26 2015...

CLIMATE NORMAL PERIOD 1981 TO 2010
CLIMATE RECORD PERIOD 1948 TO 2015


WEATHER ITEM   OBSERVED TIME   NORMAL DEPARTURE LAST
                VALUE   (LST)  VALUE  FROM      YEAR
                                      NORMAL
......................................................
TEMPERATURE (F)
 YESTERDAY
  MAXIMUM         79   1258 PM  77      2       62
  MINIMUM         55    349 AM  50      5       38
  AVERAGE         67            64      3

PRECIPITATION (IN)
  YESTERDAY        0.82          0.14   0.68     0.00
  MONTH TO DATE    1.28          3.55  -2.27     4.96
  SINCE MAR 1      1.28          3.55  -2.27     4.96
  SINCE JAN 1      7.25         10.86  -3.61    15.11

DEGREE DAYS
 HEATING
  YESTERDAY        0             3     -3
  MONTH TO DATE   22           121    -99
  SINCE MAR 1     22           121    -99
  SINCE JUL 1   1182          1241    -59

 COOLING
  YESTERDAY        2             2      0
  MONTH TO DATE  153            34    119
  SINCE MAR 1    153            34    119
  SINCE JAN 1    169            61    108
......................................................


WIND (MPH)
  RESULTANT WIND SPEED   2   RESULTANT WIND DIRECTION   S (200)
  HIGHEST WIND SPEED    23   HIGHEST WIND DIRECTION     W (290)
  HIGHEST GUST SPEED    34   HIGHEST GUST DIRECTION     W (280)
  AVERAGE WIND SPEED     4.8



WEATHER CONDITIONS
 THE FOLLOWING WEATHER WAS RECORDED YESTERDAY.
  NO SIGNIFICANT WEATHER WAS OBSERVED.


RELATIVE HUMIDITY (PERCENT)
 HIGHEST   100
 LOWEST     62

..........................................................




SUNRISE AND SUNSET
MARCH 27 2015.........SUNRISE   728 AM EDT   SUNSET   748 PM EDT
MARCH 28 2015.........SUNRISE   727 AM EDT   SUNSET   748 PM EDT


-  INDICATES NEGATIVE NUMBERS.
R  INDICATES RECORD WAS SET OR TIED.
MM INDICATES DATA IS MISSING.
T  INDICATES TRACE AMOUNT.




$$
