000
CDUS42 KTAE 172159
CLICTY


CLIMATE REPORT
NATIONAL WEATHER SERVICE TALLAHASSEE FL
558 PM EDT WED SEP 17 2014


...................................

...THE CROSS CITY (AMOS) CLIMATE SUMMARY FOR SEPTEMBER 17 2014...
VALID TODAY AS OF 0500 PM LOCAL TIME.

CLIMATE NORMAL PERIOD 1981 TO 2010
CLIMATE RECORD PERIOD 1948 TO 2014


WEATHER ITEM   OBSERVED TIME   NORMAL DEPARTURE LAST
                VALUE   (LST)  VALUE  FROM      YEAR
                                      NORMAL
......................................................
TEMPERATURE (F)
 TODAY
  MAXIMUM         88    348 PM  89     -1
  MINIMUM         70    645 AM  68      2
  AVERAGE         79            78      1

PRECIPITATION (IN)
  TODAY            1.02          0.14   0.88     0.02
  MONTH TO DATE   10.96          2.95   8.01     0.74
  SINCE SEP 1     10.96          2.95   8.01     0.74
  SINCE JAN 1     51.34         38.32  13.02    53.52

DEGREE DAYS
 HEATING
  TODAY            0
  MONTH TO DATE    0
  SINCE SEP 1      0
  SINCE JUL 1      0

 COOLING
  TODAY           14
  MONTH TO DATE  264
  SINCE SEP 1    264
  SINCE JAN 1   2326
......................................................


WIND (MPH)
  RESULTANT WIND SPEED   1   RESULTANT WIND DIRECTION  NE (50)
  HIGHEST WIND SPEED     9   HIGHEST WIND DIRECTION     N (20)
  HIGHEST GUST SPEED    10   HIGHEST GUST DIRECTION     N (20)
  AVERAGE WIND SPEED     2.6



WEATHER CONDITIONS
 THE FOLLOWING WEATHER WAS RECORDED TODAY.
  NO SIGNIFICANT WEATHER WAS OBSERVED.


RELATIVE HUMIDITY (PERCENT)
 HIGHEST   100
 LOWEST     63
 AVERAGE    82

..........................................................


THE CROSS CITY (AMOS) CLIMATE NORMALS FOR TOMORROW
                         NORMAL
 MAXIMUM TEMPERATURE (F)   89
 MINIMUM TEMPERATURE (F)   68



-  INDICATES NEGATIVE NUMBERS.
R  INDICATES RECORD WAS SET OR TIED.
MM INDICATES DATA IS MISSING.
T  INDICATES TRACE AMOUNT.




$$
