000
CDUS42 KTAE 260635
CLICTY


CLIMATE REPORT
NATIONAL WEATHER SERVICE TALLAHASSEE FL
135 AM EST WED NOV 26 2014


...................................

...THE CROSS CITY (AWOS) CLIMATE SUMMARY FOR NOVEMBER 25 2014...

CLIMATE NORMAL PERIOD 1981 TO 2010
CLIMATE RECORD PERIOD 1948 TO 2014


WEATHER ITEM   OBSERVED TIME   NORMAL DEPARTURE LAST
                VALUE   (LST)  VALUE  FROM      YEAR
                                      NORMAL
......................................................
TEMPERATURE (F)
 YESTERDAY
  MAXIMUM         73    521 AM  73      0
  MINIMUM         57   1159 PM  48      9
  AVERAGE         65            60      5

PRECIPITATION (IN)
  YESTERDAY        0.83          0.10   0.73     0.00
  MONTH TO DATE    2.00          2.12  -0.12     1.48
  SINCE SEP 1     16.51          9.98   6.53     7.88
  SINCE JAN 1     56.89         45.35  11.54    60.66

DEGREE DAYS
 HEATING
  YESTERDAY        0             6     -6
  MONTH TO DATE  201           103     98
  SINCE SEP 1    218           135     83
  SINCE JUL 1    218           135     83

 COOLING
  YESTERDAY        0             1     -1
  MONTH TO DATE   27            53    -26
  SINCE SEP 1    648           658    -10
  SINCE JAN 1   2710          2596    114
......................................................


WIND (MPH)
  RESULTANT WIND SPEED   4   RESULTANT WIND DIRECTION  NE (30)
  HIGHEST WIND SPEED    17   HIGHEST WIND DIRECTION    NW (310)
  HIGHEST GUST SPEED    23   HIGHEST GUST DIRECTION     N (340)
  AVERAGE WIND SPEED     6.9



WEATHER CONDITIONS
 THE FOLLOWING WEATHER WAS RECORDED YESTERDAY.
  NO SIGNIFICANT WEATHER WAS OBSERVED.


RELATIVE HUMIDITY (PERCENT)
 HIGHEST   100
 LOWEST     87

..........................................................




SUNRISE AND SUNSET
NOVEMBER 26 2014......SUNRISE   706 AM EST   SUNSET   533 PM EST
NOVEMBER 27 2014......SUNRISE   707 AM EST   SUNSET   533 PM EST


-  INDICATES NEGATIVE NUMBERS.
R  INDICATES RECORD WAS SET OR TIED.
MM INDICATES DATA IS MISSING.
T  INDICATES TRACE AMOUNT.




$$
