000
CDUS42 KTAE 302136
CLICTY


CLIMATE REPORT
NATIONAL WEATHER SERVICE TALLAHASSEE FL
536 PM EDT SAT MAY 30 2015


...................................

...THE CROSS CITY  CLIMATE SUMMARY FOR MAY 30 2015...
VALID TODAY AS OF 0500 PM LOCAL TIME.

CLIMATE NORMAL PERIOD 1981 TO 2010
CLIMATE RECORD PERIOD 1948 TO 2015


WEATHER ITEM   OBSERVED TIME   NORMAL DEPARTURE LAST
                VALUE   (LST)  VALUE  FROM      YEAR
                                      NORMAL
......................................................
TEMPERATURE (F)
 TODAY
  MAXIMUM         95    316 PM  90      5       88
  MINIMUM         64    549 AM  66     -2       68
  AVERAGE         80            78      2

PRECIPITATION (IN)
  TODAY            0.00          0.17  -0.17     0.03
  MONTH TO DATE    3.34          2.52   0.82     6.32
  SINCE MAR 1      6.64          9.69  -3.05    15.33
  SINCE JAN 1     12.61         17.00  -4.39    25.48

DEGREE DAYS
 HEATING
  TODAY            0
  MONTH TO DATE    1
  SINCE MAR 1     53
  SINCE JUL 1   1213

 COOLING
  TODAY           15
  MONTH TO DATE  365
  SINCE MAR 1    797
  SINCE JAN 1    813
......................................................


WIND (MPH)
  RESULTANT WIND SPEED   3   RESULTANT WIND DIRECTION   E (80)
  HIGHEST WIND SPEED    13   HIGHEST WIND DIRECTION     W (270)
  HIGHEST GUST SPEED    16   HIGHEST GUST DIRECTION     W (270)
  AVERAGE WIND SPEED     3.7



WEATHER CONDITIONS
 THE FOLLOWING WEATHER WAS RECORDED TODAY.
  NO SIGNIFICANT WEATHER WAS OBSERVED.


RELATIVE HUMIDITY (PERCENT)
 HIGHEST    93
 LOWEST     39
 AVERAGE    66

..........................................................


THE CROSS CITY  CLIMATE NORMALS FOR TOMORROW
                         NORMAL
 MAXIMUM TEMPERATURE (F)   90
 MINIMUM TEMPERATURE (F)   66



-  INDICATES NEGATIVE NUMBERS.
R  INDICATES RECORD WAS SET OR TIED.
MM INDICATES DATA IS MISSING.
T  INDICATES TRACE AMOUNT.




$$
