000
CDUS42 KTAE 280633
CLICTY


CLIMATE REPORT
NATIONAL WEATHER SERVICE TALLAHASSEE FL
232 AM EDT WED JUN 28 2017


...................................

...THE CROSS CITY  CLIMATE SUMMARY FOR JUNE 27 2017...

CLIMATE NORMAL PERIOD 1981 TO 2010
CLIMATE RECORD PERIOD 1948 TO 2017


WEATHER ITEM   OBSERVED TIME   NORMAL DEPARTURE LAST
                VALUE   (LST)  VALUE  FROM      YEAR
                                      NORMAL
......................................................
TEMPERATURE (F)
 YESTERDAY
  MAXIMUM         90    135 PM  91     -1       95
  MINIMUM         73   1215 AM  71      2       72
  AVERAGE         82            81      1

PRECIPITATION (IN)
  YESTERDAY        0.48          0.17   0.31     0.08
  MONTH TO DATE   13.77          4.54   9.23     4.21
  SINCE JUN 1     13.77          4.54   9.23     4.21
  SINCE JAN 1     23.93         21.71   2.22    20.96

DEGREE DAYS
 HEATING
  YESTERDAY        0             0      0
  MONTH TO DATE    0             0      0
  SINCE JUN 1      0             0      0
  SINCE JUL 1    758          1306   -548

 COOLING
  YESTERDAY       17            16      1
  MONTH TO DATE  392           400     -8
  SINCE JUN 1    392           400     -8
  SINCE JAN 1    993           879    114
......................................................


WIND (MPH)
  RESULTANT WIND SPEED   2   RESULTANT WIND DIRECTION  NE (50)
  HIGHEST WIND SPEED    13   HIGHEST WIND DIRECTION    SE (150)
  HIGHEST GUST SPEED    18   HIGHEST GUST DIRECTION    SE (150)
  AVERAGE WIND SPEED     4.6



WEATHER CONDITIONS
 THE FOLLOWING WEATHER WAS RECORDED YESTERDAY.
  THUNDERSTORM
  HEAVY RAIN
  RAIN
  LIGHT RAIN
  FOG


RELATIVE HUMIDITY (PERCENT)
 HIGHEST    94
 LOWEST     59

..........................................................




SUNRISE AND SUNSET
JUNE 28 2017..........SUNRISE   635 AM EDT   SUNSET   837 PM EDT
JUNE 29 2017..........SUNRISE   635 AM EDT   SUNSET   837 PM EDT


-  INDICATES NEGATIVE NUMBERS.
R  INDICATES RECORD WAS SET OR TIED.
MM INDICATES DATA IS MISSING.
T  INDICATES TRACE AMOUNT.




$$
