000
CDUS42 KTAE 230632
CLICTY


CLIMATE REPORT
NATIONAL WEATHER SERVICE TALLAHASSEE FL
132 AM EST MON JAN 23 2017


...................................

...THE CROSS CITY  CLIMATE SUMMARY FOR JANUARY 22 2017...

CLIMATE NORMAL PERIOD 1981 TO 2010
CLIMATE RECORD PERIOD 1948 TO 2017


WEATHER ITEM   OBSERVED TIME   NORMAL DEPARTURE LAST
                VALUE   (LST)  VALUE  FROM      YEAR
                                      NORMAL
......................................................
TEMPERATURE (F)
 YESTERDAY
  MAXIMUM         79    200 PM  67     12       68
  MINIMUM         59   1100 PM  41     18       47
  AVERAGE         69            54     15

PRECIPITATION (IN)
  YESTERDAY        0.11          0.14  -0.03     0.35
  MONTH TO DATE    1.40          2.90  -1.50     2.88
  SINCE DEC 1      5.27          5.42  -0.15     5.14
  SINCE JAN 1      1.40          2.90  -1.50     2.88

DEGREE DAYS
 HEATING
  YESTERDAY        0            12    -12
  MONTH TO DATE  110           275   -165
  SINCE DEC 1    271           612   -341
  SINCE JUL 1    396           780   -384

 COOLING
  YESTERDAY        4             0      4
  MONTH TO DATE   32             0     32
  SINCE DEC 1     85            18     67
  SINCE JAN 1     32             0     32
......................................................


WIND (MPH)
  RESULTANT WIND SPEED  15   RESULTANT WIND DIRECTION  SW (210)
  HIGHEST WIND SPEED    27   HIGHEST WIND DIRECTION    SW (210)
  HIGHEST GUST SPEED    44   HIGHEST GUST DIRECTION    SW (210)
  AVERAGE WIND SPEED    16.3



WEATHER CONDITIONS
 THE FOLLOWING WEATHER WAS RECORDED YESTERDAY.
  THUNDERSTORM
  LIGHT RAIN
  FOG
  HAZE


RELATIVE HUMIDITY (PERCENT)
 HIGHEST    93
 LOWEST     67

..........................................................




SUNRISE AND SUNSET
JANUARY 23 2017.......SUNRISE   726 AM EST   SUNSET   603 PM EST
JANUARY 24 2017.......SUNRISE   726 AM EST   SUNSET   604 PM EST


-  INDICATES NEGATIVE NUMBERS.
R  INDICATES RECORD WAS SET OR TIED.
MM INDICATES DATA IS MISSING.
T  INDICATES TRACE AMOUNT.




$$
