000
CDUS42 KCAE 222205
CLICUB


CLIMATE REPORT
NATIONAL WEATHER SERVICE COLUMBIA SC
604 PM EDT MON MAY 22 2017


...................................

...THE HAMILTON - OWENS AIRPORT SC CLIMATE SUMMARY FOR MAY 22 2017...
VALID TODAY AS OF 0500 PM LOCAL TIME.

CLIMATE NORMAL PERIOD 1981 TO 2010
CLIMATE RECORD PERIOD 9999 TO 9999


WEATHER ITEM   OBSERVED TIME   NORMAL DEPARTURE LAST
                VALUE   (LST)  VALUE  FROM      YEAR
                                      NORMAL
......................................................
TEMPERATURE (F)
 TODAY
  MAXIMUM         85   1243 PM  85      0       80
  MINIMUM         69    144 PM  62      7       61
  AVERAGE         77            74      3       71

PRECIPITATION (IN)
  TODAY            0.24          0.10   0.14     0.00
  MONTH TO DATE    2.89          1.95   0.94     3.88
  SINCE MAR 1     11.01          8.52   2.49     8.43
  SINCE JAN 1     18.71         15.80   2.91    13.35

DEGREE DAYS
 HEATING
  TODAY            0             0      0        0
  MONTH TO DATE   10            11     -1        6
  SINCE MAR 1    309           383    -74      217
  SINCE JUL 1   1573          2312   -739     1717

 COOLING
  TODAY           12             9      3        6
  MONTH TO DATE  190           146     44      158
  SINCE MAR 1    416           242    174      343
  SINCE JAN 1    434           245    189      346
......................................................


WIND (MPH)
  HIGHEST WIND SPEED    16   HIGHEST WIND DIRECTION     W (290)
  HIGHEST GUST SPEED    24   HIGHEST GUST DIRECTION    NW (300)
  AVERAGE WIND SPEED     3.3


SKY COVER
  AVERAGE SKY COVER 0.6


WEATHER CONDITIONS
 THE FOLLOWING WEATHER WAS RECORDED TODAY.
  THUNDERSTORM
  HEAVY RAIN
  RAIN
  LIGHT RAIN
  FOG


RELATIVE HUMIDITY (PERCENT)
 HIGHEST   100           600 AM
 LOWEST     59          1200 PM
 AVERAGE    80

..........................................................


THE HAMILTON - OWENS AIRPORT SC CLIMATE NORMALS FOR TOMORROW
                         NORMAL
 MAXIMUM TEMPERATURE (F)   86
 MINIMUM TEMPERATURE (F)   63


SUNRISE AND SUNSET
MAY 22 2017...........SUNRISE   618 AM EDT   SUNSET   824 PM EDT
MAY 23 2017...........SUNRISE   617 AM EDT   SUNSET   824 PM EDT


-  INDICATES NEGATIVE NUMBERS.
R  INDICATES RECORD WAS SET OR TIED.
MM INDICATES DATA IS MISSING.
T  INDICATES TRACE AMOUNT.




$$
