000
CDUS42 KCAE 160532
CLICUB


CLIMATE REPORT
NATIONAL WEATHER SERVICE COLUMBIA SC
132 AM EDT WED APR 16 2014


...................................

...THE HAMILTON - OWENS AIRPORT SC CLIMATE SUMMARY FOR APRIL 15 2014...

CLIMATE NORMAL PERIOD 1981 TO 2010
CLIMATE RECORD PERIOD 9999 TO 9999


WEATHER ITEM   OBSERVED TIME   RECORD YEAR NORMAL DEPARTURE LAST
                VALUE   (LST)  VALUE       VALUE  FROM      YEAR
                                                  NORMAL
..................................................................
TEMPERATURE (F)
 YESTERDAY
  MAXIMUM         74    133 PM  MM      MM  76     -2       74
  MINIMUM         46   1159 PM  MM      MM  52     -6       61
  AVERAGE         60                        64     -4       68

PRECIPITATION (IN)
  YESTERDAY        0.18         MM      MM   0.08   0.10     0.01
  MONTH TO DATE    0.84                      1.47  -0.63     2.08
  SINCE MAR 1      4.73                      5.35  -0.62     5.96
  SINCE JAN 1     11.11                     12.63  -1.52    12.59

DEGREE DAYS
 HEATING
  YESTERDAY        5                         3      2        0
  MONTH TO DATE   26                        65    -39       58
  SINCE MAR 1    418                       339     79      491
  SINCE JUL 1   2410                      2268    142     2149

 COOLING
  YESTERDAY        0                         3     -3        3
  MONTH TO DATE   39                        32      7       40
  SINCE MAR 1     41                        47     -6       51
  SINCE JAN 1     47                        50     -3       75
..................................................................


WIND (MPH)
  HIGHEST WIND SPEED    22   HIGHEST WIND DIRECTION     S (200)
  HIGHEST GUST SPEED    31   HIGHEST GUST DIRECTION    SW (220)
  AVERAGE WIND SPEED     9.5


SKY COVER
  AVERAGE SKY COVER 0.8


WEATHER CONDITIONS
 THE FOLLOWING WEATHER WAS RECORDED YESTERDAY.
  HEAVY RAIN
  RAIN
  LIGHT RAIN
  FOG
  HAZE


RELATIVE HUMIDITY (PERCENT)
 HIGHEST    84           200 AM
 LOWEST     50          1000 PM

..........................................................


THE HAMILTON - OWENS AIRPORT SC CLIMATE NORMALS FOR TODAY
                         NORMAL    RECORD    YEAR
 MAXIMUM TEMPERATURE (F)   77        MM        MM
 MINIMUM TEMPERATURE (F)   53        MM        MM


SUNRISE AND SUNSET
APRIL 16 2014.........SUNRISE   652 AM EDT   SUNSET   756 PM EDT
APRIL 17 2014.........SUNRISE   651 AM EDT   SUNSET   757 PM EDT


-  INDICATES NEGATIVE NUMBERS.
R  INDICATES RECORD WAS SET OR TIED.
MM INDICATES DATA IS MISSING.
T  INDICATES TRACE AMOUNT.




$$
