000
CDUS42 KCAE 302127
CLICUB


CLIMATE REPORT
NATIONAL WEATHER SERVICE COLUMBIA SC
526 PM EDT THU MAR 30 2017


...................................

...THE HAMILTON - OWENS AIRPORT SC CLIMATE SUMMARY FOR MARCH 30 2017...
VALID TODAY AS OF 0500 PM LOCAL TIME.

CLIMATE NORMAL PERIOD 1981 TO 2010
CLIMATE RECORD PERIOD 9999 TO 9999


WEATHER ITEM   OBSERVED TIME   NORMAL DEPARTURE LAST
                VALUE   (LST)  VALUE  FROM      YEAR
                                      NORMAL
......................................................
TEMPERATURE (F)
 TODAY
  MAXIMUM         81    131 PM  73      8       75
  MINIMUM         65    808 AM  49     16       44
  AVERAGE         73            61     12       60

PRECIPITATION (IN)
  TODAY           MM             0.12  MM        0.00
  MONTH TO DATE    2.22          3.76  -1.54     2.09
  SINCE MAR 1      2.22          3.76  -1.54     2.09
  SINCE JAN 1      9.92         11.04  -1.12     7.01

DEGREE DAYS
 HEATING
  TODAY            0             5     -5        5
  MONTH TO DATE  269           268      1      140
  SINCE MAR 1    269           268      1      140
  SINCE JUL 1   1533          2197   -664     1640

 COOLING
  TODAY            8             1      7        0
  MONTH TO DATE   44            10     34       70
  SINCE MAR 1     44            10     34       70
  SINCE JAN 1     62            13     49       73
......................................................


WIND (MPH)
  HIGHEST WIND SPEED    17   HIGHEST WIND DIRECTION    SW (230)
  HIGHEST GUST SPEED    22   HIGHEST GUST DIRECTION    SW (230)
  AVERAGE WIND SPEED     5.5


SKY COVER
  AVERAGE SKY COVER 0.7


WEATHER CONDITIONS
 THE FOLLOWING WEATHER WAS RECORDED TODAY.
  THUNDERSTORM
  HEAVY RAIN
  RAIN
  LIGHT RAIN
  FOG


RELATIVE HUMIDITY (PERCENT)
 HIGHEST    87           100 AM
 LOWEST     54          1200 PM
 AVERAGE    71

..........................................................


THE HAMILTON - OWENS AIRPORT SC CLIMATE NORMALS FOR TOMORROW
                         NORMAL
 MAXIMUM TEMPERATURE (F)   73
 MINIMUM TEMPERATURE (F)   49


SUNRISE AND SUNSET
MARCH 30 2017.........SUNRISE   714 AM EDT   SUNSET   743 PM EDT
MARCH 31 2017.........SUNRISE   712 AM EDT   SUNSET   744 PM EDT


-  INDICATES NEGATIVE NUMBERS.
R  INDICATES RECORD WAS SET OR TIED.
MM INDICATES DATA IS MISSING.
T  INDICATES TRACE AMOUNT.




$$
