000
CDUS42 KCAE 240550
CLICUB


CLIMATE REPORT
NATIONAL WEATHER SERVICE COLUMBIA SC
150 AM EDT THU APR 24 2014


...................................

...THE HAMILTON - OWENS AIRPORT SC CLIMATE SUMMARY FOR APRIL 23 2014...

CLIMATE NORMAL PERIOD 1981 TO 2010
CLIMATE RECORD PERIOD 9999 TO 9999


WEATHER ITEM   OBSERVED TIME   RECORD YEAR NORMAL DEPARTURE LAST
                VALUE   (LST)  VALUE       VALUE  FROM      YEAR
                                                  NORMAL
..................................................................
TEMPERATURE (F)
 YESTERDAY
  MAXIMUM         83    454 PM  MM      MM  78      5       73
  MINIMUM         55    613 AM  MM      MM  54      1       50
  AVERAGE         69                        66      3       62

PRECIPITATION (IN)
  YESTERDAY        0.00         MM      MM   0.08  -0.08     0.00
  MONTH TO DATE    2.74                      2.15   0.59     2.35
  SINCE MAR 1      6.63                      6.03   0.60     6.23
  SINCE JAN 1     13.01                     13.31  -0.30    12.86

DEGREE DAYS
 HEATING
  YESTERDAY        0                         2     -2        3
  MONTH TO DATE   76                        86    -10       79
  SINCE MAR 1    468                       360    108      512
  SINCE JUL 1   2460                      2289    171     2170

 COOLING
  YESTERDAY        4                         3      1        0
  MONTH TO DATE   45                        56    -11       65
  SINCE MAR 1     47                        71    -24       76
  SINCE JAN 1     53                        74    -21      100
..................................................................


WIND (MPH)
  HIGHEST WIND SPEED    12   HIGHEST WIND DIRECTION     W (280)
  HIGHEST GUST SPEED    18   HIGHEST GUST DIRECTION    NW (310)
  AVERAGE WIND SPEED     3.1


SKY COVER
  AVERAGE SKY COVER 0.1


WEATHER CONDITIONS
 THE FOLLOWING WEATHER WAS RECORDED YESTERDAY.
  FOG
  FOG W/VISIBILITY <= 1/4 MILE
  HAZE


RELATIVE HUMIDITY (PERCENT)
 HIGHEST    93           200 AM
 LOWEST     17           500 PM

..........................................................


THE HAMILTON - OWENS AIRPORT SC CLIMATE NORMALS FOR TODAY
                         NORMAL    RECORD    YEAR
 MAXIMUM TEMPERATURE (F)   79        MM        MM
 MINIMUM TEMPERATURE (F)   54        MM        MM


SUNRISE AND SUNSET
APRIL 24 2014.........SUNRISE   642 AM EDT   SUNSET   802 PM EDT
APRIL 25 2014.........SUNRISE   641 AM EDT   SUNSET   803 PM EDT


-  INDICATES NEGATIVE NUMBERS.
R  INDICATES RECORD WAS SET OR TIED.
MM INDICATES DATA IS MISSING.
T  INDICATES TRACE AMOUNT.




$$
