000
CDUS42 KCAE 290624
CLICUB


CLIMATE REPORT
NATIONAL WEATHER SERVICE COLUMBIA SC
224 AM EDT FRI JUL 29 2016


...................................

...THE HAMILTON - OWENS AIRPORT SC CLIMATE SUMMARY FOR JULY 28 2016...

CLIMATE NORMAL PERIOD 1981 TO 2010
CLIMATE RECORD PERIOD 9999 TO 9999


WEATHER ITEM   OBSERVED TIME   NORMAL DEPARTURE LAST
                VALUE   (LST)  VALUE  FROM      YEAR
                                      NORMAL
......................................................
TEMPERATURE (F)
 YESTERDAY
  MAXIMUM         99    200 PM  93      6       94
  MINIMUM         78        MM  73      5       77
  AVERAGE         89            83      6       86

PRECIPITATION (IN)
  YESTERDAY        0.00          0.14  -0.14     0.39
  MONTH TO DATE    2.66          4.73  -2.07     2.47
  SINCE JUN 1      7.08          9.64  -2.56     9.88
  SINCE JAN 1     21.07         26.46  -5.39    25.02

DEGREE DAYS
 HEATING
  YESTERDAY        0             0      0        0
  MONTH TO DATE    0             0      0        0
  SINCE JUN 1      0             0      0        0
  SINCE JUL 1      0             0      0        0

 COOLING
  YESTERDAY       24            18      6       21
  MONTH TO DATE  586           497     89      563
  SINCE JUN 1   1117           930    187     1109
  SINCE JAN 1   1554          1266    288     1538
......................................................


WIND (MPH)
  HIGHEST WIND SPEED    14   HIGHEST WIND DIRECTION    SW (230)
  HIGHEST GUST SPEED    21   HIGHEST GUST DIRECTION    SW (230)
  AVERAGE WIND SPEED     6.4


SKY COVER
  AVERAGE SKY COVER 0.0


WEATHER CONDITIONS
 THE FOLLOWING WEATHER WAS RECORDED YESTERDAY.
  NO SIGNIFICANT WEATHER WAS OBSERVED.


RELATIVE HUMIDITY (PERCENT)
 HIGHEST    74           500 AM
 LOWEST     35           100 PM

..........................................................


THE HAMILTON - OWENS AIRPORT SC CLIMATE NORMALS FOR TODAY
                         NORMAL    RECORD    YEAR
 MAXIMUM TEMPERATURE (F)   93        MM        MM
 MINIMUM TEMPERATURE (F)   73        MM        MM


SUNRISE AND SUNSET
JULY 29 2016..........SUNRISE   634 AM EDT   SUNSET   827 PM EDT
JULY 30 2016..........SUNRISE   634 AM EDT   SUNSET   826 PM EDT


-  INDICATES NEGATIVE NUMBERS.
R  INDICATES RECORD WAS SET OR TIED.
MM INDICATES DATA IS MISSING.
T  INDICATES TRACE AMOUNT.




$$
