000
CDUS43 KUNR 230830
CLICUT


CLIMATE REPORT
NATIONAL WEATHER SERVICE RAPID CITY SD
230 AM MDT THU OCT 23 2014


...................................

...THE CUSTER COUNTY AIRPORT SD CLIMATE SUMMARY FOR OCTOBER 22 2014...

CLIMATE NORMAL PERIOD 1981 TO 2010
CLIMATE RECORD PERIOD 9999 TO 9999


WEATHER ITEM   OBSERVED TIME   NORMAL DEPARTURE LAST
                VALUE   (LST)  VALUE  FROM      YEAR
                                      NORMAL
......................................................
TEMPERATURE (F)
 YESTERDAY
  MAXIMUM         56    145 PM  52      4       51
  MINIMUM         31    946 PM  29      2       36
  AVERAGE         44            41      3       44

PRECIPITATION (IN)
  YESTERDAY        0.00          0.04  -0.04     0.00
  MONTH TO DATE    0.21          1.22  -1.01     3.46
  SINCE SEP 1      4.63          2.79   1.84     4.76
  SINCE JAN 1     19.14         17.71   1.43    20.71

DEGREE DAYS
 HEATING
  YESTERDAY       21            24     -3       21
  MONTH TO DATE  358           463   -105      561
  SINCE SEP 1    643           795   -152      783
  SINCE JUL 1    774           949   -175      880

 COOLING
  YESTERDAY        0             0      0        0
  MONTH TO DATE    0             0      0        0
  SINCE SEP 1     18            11      7       38
  SINCE JAN 1    152           177    -25      187
......................................................


WIND (MPH)
  HIGHEST WIND SPEED    16   HIGHEST WIND DIRECTION     W (270)
  HIGHEST GUST SPEED    23   HIGHEST GUST DIRECTION     W (270)
  AVERAGE WIND SPEED     6.2


SKY COVER
  AVERAGE SKY COVER 0.2


WEATHER CONDITIONS
 THE FOLLOWING WEATHER WAS RECORDED YESTERDAY.
  NO SIGNIFICANT WEATHER WAS OBSERVED.


RELATIVE HUMIDITY (PERCENT)
 HIGHEST    76
 LOWEST     27
 AVERAGE    52

..........................................................




SUNRISE AND SUNSET
OCTOBER 23 2014.......SUNRISE   719 AM MDT   SUNSET   558 PM MDT
OCTOBER 24 2014.......SUNRISE   720 AM MDT   SUNSET   557 PM MDT


-  INDICATES NEGATIVE NUMBERS.
R  INDICATES RECORD WAS SET OR TIED.
MM INDICATES DATA IS MISSING.
T  INDICATES TRACE AMOUNT.




$$
