056
CDUS43 KUNR 170834
CLICUT


CLIMATE REPORT
NATIONAL WEATHER SERVICE RAPID CITY SD
134 AM MST TUE JAN 17 2017


...................................

...THE CUSTER COUNTY AIRPORT SD CLIMATE SUMMARY FOR JANUARY 16 2017...

CLIMATE NORMAL PERIOD 1981 TO 2010
CLIMATE RECORD PERIOD 9999 TO 9999


WEATHER ITEM   OBSERVED TIME   NORMAL DEPARTURE LAST
                VALUE   (LST)  VALUE  FROM      YEAR
                                      NORMAL
......................................................
TEMPERATURE (F)
 YESTERDAY
  MAXIMUM         41    155 PM  35      6       22
  MINIMUM         20    555 AM  14      6        5
  AVERAGE         31            24      7       14

PRECIPITATION (IN)
  YESTERDAY        0.00          0.01  -0.01     0.03
  MONTH TO DATE    0.24          0.15   0.09     0.03
  SINCE DEC 1      1.52          0.53   0.99     0.41
  SINCE JAN 1      0.24          0.15   0.09     0.03

DEGREE DAYS
 HEATING
  YESTERDAY       34            41     -7       51
  MONTH TO DATE  778           656    122      606
  SINCE DEC 1   2235          1945    290     1807
  SINCE JUL 1   3854          4126   -272     3595

 COOLING
  YESTERDAY        0             0      0        0
  MONTH TO DATE    0             0      0        0
  SINCE DEC 1      0             0      0        0
  SINCE JAN 1      0             0      0        0
......................................................


WIND (MPH)
  HIGHEST WIND SPEED    12   HIGHEST WIND DIRECTION     N (20)
  HIGHEST GUST SPEED    15   HIGHEST GUST DIRECTION     N (20)
  AVERAGE WIND SPEED     3.5


SKY COVER
  AVERAGE SKY COVER 0.2


WEATHER CONDITIONS
 THE FOLLOWING WEATHER WAS RECORDED YESTERDAY.
  NO SIGNIFICANT WEATHER WAS OBSERVED.


RELATIVE HUMIDITY (PERCENT)
 HIGHEST    73
 LOWEST     25
 AVERAGE    49

..........................................................




SUNRISE AND SUNSET
JANUARY 17 2017.......SUNRISE   724 AM MST   SUNSET   446 PM MST
JANUARY 18 2017.......SUNRISE   723 AM MST   SUNSET   447 PM MST


-  INDICATES NEGATIVE NUMBERS.
R  INDICATES RECORD WAS SET OR TIED.
MM INDICATES DATA IS MISSING.
T  INDICATES TRACE AMOUNT.




$$
