000
CDUS43 KUNR 060904
CLICUT


CLIMATE REPORT
NATIONAL WEATHER SERVICE RAPID CITY SD
203 AM MST SAT FEB 6 2016


...................................

...THE CUSTER COUNTY AIRPORT SD CLIMATE SUMMARY FOR FEBRUARY 5 2016...

CLIMATE NORMAL PERIOD 1981 TO 2010
CLIMATE RECORD PERIOD 9999 TO 9999


WEATHER ITEM   OBSERVED TIME   NORMAL DEPARTURE LAST
                VALUE   (LST)  VALUE  FROM      YEAR
                                      NORMAL
......................................................
TEMPERATURE (F)
 YESTERDAY
  MAXIMUM         35    213 PM  35      0       49
  MINIMUM         21   1012 PM  14      7       20
  AVERAGE         28            24      4       35

PRECIPITATION (IN)
  YESTERDAY        0.00          0.02  -0.02     0.00
  MONTH TO DATE    0.29          0.10   0.19     0.00
  SINCE DEC 1      0.71          0.81  -0.10     0.39
  SINCE JAN 1      0.33          0.43  -0.10     0.24

DEGREE DAYS
 HEATING
  YESTERDAY       37            41     -4       30
  MONTH TO DATE  233           205     28      203
  SINCE DEC 1   2550          2759   -209     2473
  SINCE JUL 1   4338          4940   -602     4561

 COOLING
  YESTERDAY        0             0      0        0
  MONTH TO DATE    0             0      0        0
  SINCE DEC 1      0             0      0        0
  SINCE JAN 1      0             0      0        0
......................................................


WIND (MPH)
  HIGHEST WIND SPEED    23   HIGHEST WIND DIRECTION    NW (320)
  HIGHEST GUST SPEED    36   HIGHEST GUST DIRECTION    SW (210)
  AVERAGE WIND SPEED    12.3


SKY COVER
  AVERAGE SKY COVER 0.2


WEATHER CONDITIONS
 THE FOLLOWING WEATHER WAS RECORDED YESTERDAY.
  NO SIGNIFICANT WEATHER WAS OBSERVED.


RELATIVE HUMIDITY (PERCENT)
 HIGHEST    68
 LOWEST     35
 AVERAGE    52

..........................................................




SUNRISE AND SUNSET
FEBRUARY  6 2016......SUNRISE   706 AM MST   SUNSET   512 PM MST
FEBRUARY  7 2016......SUNRISE   705 AM MST   SUNSET   513 PM MST


-  INDICATES NEGATIVE NUMBERS.
R  INDICATES RECORD WAS SET OR TIED.
MM INDICATES DATA IS MISSING.
T  INDICATES TRACE AMOUNT.




$$
