000
CDUS43 KUNR 270831
CLICUT


CLIMATE REPORT
NATIONAL WEATHER SERVICE RAPID CITY SD
231 AM MDT TUE JUN 27 2017


...................................

...THE CUSTER COUNTY AIRPORT SD CLIMATE SUMMARY FOR JUNE 26 2017...

CLIMATE NORMAL PERIOD 1981 TO 2010
CLIMATE RECORD PERIOD 9999 TO 9999


WEATHER ITEM   OBSERVED TIME   NORMAL DEPARTURE LAST
                VALUE   (LST)  VALUE  FROM      YEAR
                                      NORMAL
......................................................
TEMPERATURE (F)
 YESTERDAY
  MAXIMUM         72    324 PM  75     -3       83
  MINIMUM         38    444 AM  50    -12       43
  AVERAGE         55            62     -7       63

PRECIPITATION (IN)
  YESTERDAY        0.00          0.10  -0.10     0.00
  MONTH TO DATE    1.23          2.84  -1.61     1.47
  SINCE JUN 1      1.23          2.84  -1.61     1.47
  SINCE JAN 1      9.11          9.95  -0.84     6.05

DEGREE DAYS
 HEATING
  YESTERDAY       10             4      6        2
  MONTH TO DATE  139           205    -66       53
  SINCE JUN 1    139           205    -66       53
  SINCE JUL 1   7583          8374   -791     7168

 COOLING
  YESTERDAY        0             2     -2        0
  MONTH TO DATE   15            16     -1       77
  SINCE JUN 1     15            16     -1       77
  SINCE JAN 1     15            17     -2       77
......................................................


WIND (MPH)
  HIGHEST WIND SPEED    14   HIGHEST WIND DIRECTION     S (180)
  HIGHEST GUST SPEED    20   HIGHEST GUST DIRECTION     S (160)
  AVERAGE WIND SPEED     5.9


SKY COVER
  AVERAGE SKY COVER 0.0


WEATHER CONDITIONS
 THE FOLLOWING WEATHER WAS RECORDED YESTERDAY.
  NO SIGNIFICANT WEATHER WAS OBSERVED.


RELATIVE HUMIDITY (PERCENT)
 HIGHEST    76
 LOWEST     27
 AVERAGE    52

..........................................................




SUNRISE AND SUNSET
JUNE 27 2017..........SUNRISE   515 AM MDT   SUNSET   840 PM MDT
JUNE 28 2017..........SUNRISE   515 AM MDT   SUNSET   840 PM MDT


-  INDICATES NEGATIVE NUMBERS.
R  INDICATES RECORD WAS SET OR TIED.
MM INDICATES DATA IS MISSING.
T  INDICATES TRACE AMOUNT.




$$
