000
CDUS43 KUNR 160938
CLICUT


CLIMATE REPORT
NATIONAL WEATHER SERVICE RAPID CITY SD
237 AM MST SAT DEC 16 2017


...................................

...THE CUSTER COUNTY AIRPORT SD CLIMATE SUMMARY FOR DECEMBER 15 2017...

CLIMATE NORMAL PERIOD 1981 TO 2010
CLIMATE RECORD PERIOD 9999 TO 9999


WEATHER ITEM   OBSERVED TIME   NORMAL DEPARTURE LAST
                VALUE   (LST)  VALUE  FROM      YEAR
                                      NORMAL
......................................................
TEMPERATURE (F)
 YESTERDAY
  MAXIMUM         48   1138 AM  33     15       39
  MINIMUM         20   1219 AM  13      7        6
  AVERAGE         34            23     11       23

PRECIPITATION (IN)
  YESTERDAY        0.00          0.01  -0.01     0.03
  MONTH TO DATE    0.15          0.17  -0.02     0.11
  SINCE DEC 1      0.15          0.17  -0.02     0.11
  SINCE JAN 1     20.86         18.74   2.12    15.38

DEGREE DAYS
 HEATING
  YESTERDAY       31            42    -11       42
  MONTH TO DATE  477           619   -142      727
  SINCE DEC 1    477           619   -142      727
  SINCE JUL 1   2441          2800   -359     2346

 COOLING
  YESTERDAY        0             0      0        0
  MONTH TO DATE    0             0      0        0
  SINCE DEC 1      0             0      0        0
  SINCE JAN 1    235           177     58      259
......................................................


WIND (MPH)
  HIGHEST WIND SPEED    24   HIGHEST WIND DIRECTION     W (270)
  HIGHEST GUST SPEED    31   HIGHEST GUST DIRECTION     W (290)
  AVERAGE WIND SPEED     9.0


SKY COVER
  AVERAGE SKY COVER 0.0


WEATHER CONDITIONS
 THE FOLLOWING WEATHER WAS RECORDED YESTERDAY.
  NO SIGNIFICANT WEATHER WAS OBSERVED.


RELATIVE HUMIDITY (PERCENT)
 HIGHEST    71
 LOWEST     21
 AVERAGE    46

..........................................................




SUNRISE AND SUNSET
DECEMBER 16 2017......SUNRISE   722 AM MST   SUNSET   418 PM MST
DECEMBER 17 2017......SUNRISE   723 AM MST   SUNSET   419 PM MST


-  INDICATES NEGATIVE NUMBERS.
R  INDICATES RECORD WAS SET OR TIED.
MM INDICATES DATA IS MISSING.
T  INDICATES TRACE AMOUNT.




$$
