000
CDUS43 KUNR 270832
CLICUT


CLIMATE REPORT
NATIONAL WEATHER SERVICE RAPID CITY SD
232 AM MDT FRI MAY 27 2016


...................................

...THE CUSTER COUNTY AIRPORT SD CLIMATE SUMMARY FOR MAY 26 2016...

CLIMATE NORMAL PERIOD 1981 TO 2010
CLIMATE RECORD PERIOD 9999 TO 9999


WEATHER ITEM   OBSERVED TIME   NORMAL DEPARTURE LAST
                VALUE   (LST)  VALUE  FROM      YEAR
                                      NORMAL
......................................................
TEMPERATURE (F)
 YESTERDAY
  MAXIMUM         65    207 PM  63      2       56
  MINIMUM         37    302 AM  39     -2       45
  AVERAGE         51            51      0       51

PRECIPITATION (IN)
  YESTERDAY        0.00          0.10  -0.10     0.38
  MONTH TO DATE    1.33          2.56  -1.23     5.82
  SINCE MAR 1      3.63          5.69  -2.06     8.13
  SINCE JAN 1      4.24          6.55  -2.31     8.53

DEGREE DAYS
 HEATING
  YESTERDAY       14            14      0       14
  MONTH TO DATE  452           453     -1      533
  SINCE MAR 1   1993          2268   -275     2073
  SINCE JUL 1   7048          8103  -1055     7522

 COOLING
  YESTERDAY        0             0      0        0
  MONTH TO DATE    0             0      0        0
  SINCE MAR 1      0             0      0        0
  SINCE JAN 1      0             0      0        0
......................................................


WIND (MPH)
  HIGHEST WIND SPEED    14   HIGHEST WIND DIRECTION     W (260)
  HIGHEST GUST SPEED    21   HIGHEST GUST DIRECTION     W (270)
  AVERAGE WIND SPEED     5.4


SKY COVER
  AVERAGE SKY COVER 0.2


WEATHER CONDITIONS
 THE FOLLOWING WEATHER WAS RECORDED YESTERDAY.
  NO SIGNIFICANT WEATHER WAS OBSERVED.


RELATIVE HUMIDITY (PERCENT)
 HIGHEST    92
 LOWEST     27
 AVERAGE    60

..........................................................




SUNRISE AND SUNSET
MAY 27 2016...........SUNRISE   518 AM MDT   SUNSET   826 PM MDT
MAY 28 2016...........SUNRISE   518 AM MDT   SUNSET   827 PM MDT


-  INDICATES NEGATIVE NUMBERS.
R  INDICATES RECORD WAS SET OR TIED.
MM INDICATES DATA IS MISSING.
T  INDICATES TRACE AMOUNT.




$$
