000
CDUS43 KUNR 290842
CLICUT


CLIMATE REPORT
NATIONAL WEATHER SERVICE RAPID CITY SD
238 AM MDT SUN MAR 29 2015


...................................

...THE CUSTER COUNTY AIRPORT SD CLIMATE SUMMARY FOR MARCH 28 2015...

CLIMATE NORMAL PERIOD 1981 TO 2010
CLIMATE RECORD PERIOD 9999 TO 9999


WEATHER ITEM   OBSERVED TIME   NORMAL DEPARTURE LAST
                VALUE   (LST)  VALUE  FROM      YEAR
                                      NORMAL
......................................................
TEMPERATURE (F)
 YESTERDAY
  MAXIMUM         72    334 PM  44     28       41
  MINIMUM         36    229 AM  24     12       21
  AVERAGE         54            34     20       31

PRECIPITATION (IN)
  YESTERDAY        0.00          0.05  -0.05     0.07
  MONTH TO DATE    0.33          0.88  -0.55     1.03
  SINCE MAR 1      0.33          0.88  -0.55     1.03
  SINCE JAN 1      0.73          1.74  -1.01     2.36

DEGREE DAYS
 HEATING
  YESTERDAY       11            31    -20       34
  MONTH TO DATE  782           948   -166      966
  SINCE MAR 1    782           948   -166      966
  SINCE JUL 1   6231          6783   -552     6824

 COOLING
  YESTERDAY        0             0      0        0
  MONTH TO DATE    0             0      0        0
  SINCE MAR 1      0             0      0        0
  SINCE JAN 1      0             0      0        0
......................................................


WIND (MPH)
  HIGHEST WIND SPEED    31   HIGHEST WIND DIRECTION     W (260)
  HIGHEST GUST SPEED    43   HIGHEST GUST DIRECTION    NW (300)
  AVERAGE WIND SPEED    11.3


SKY COVER
  AVERAGE SKY COVER 0.1


WEATHER CONDITIONS
 THE FOLLOWING WEATHER WAS RECORDED YESTERDAY.
  NO SIGNIFICANT WEATHER WAS OBSERVED.


RELATIVE HUMIDITY (PERCENT)
 HIGHEST    59
 LOWEST     12
 AVERAGE    36

..........................................................




SUNRISE AND SUNSET
MARCH 29 2015.........SUNRISE   642 AM MDT   SUNSET   717 PM MDT
MARCH 30 2015.........SUNRISE   640 AM MDT   SUNSET   719 PM MDT


-  INDICATES NEGATIVE NUMBERS.
R  INDICATES RECORD WAS SET OR TIED.
MM INDICATES DATA IS MISSING.
T  INDICATES TRACE AMOUNT.




$$
