000
CDUS41 KILN 300610
CLICVG


CLIMATE REPORT
NATIONAL WEATHER SERVICE WILMINGTON OH
207 AM EDT MON MAR 30 2015


...................................

...THE CINCINNATI OH CLIMATE SUMMARY FOR MARCH 29 2015...

CLIMATE NORMAL PERIOD 1981 TO 2010
CLIMATE RECORD PERIOD 1869 TO 2015


WEATHER ITEM   OBSERVED TIME   RECORD YEAR NORMAL DEPARTURE LAST
                VALUE   (LST)  VALUE       VALUE  FROM      YEAR
                                                  NORMAL
..................................................................
TEMPERATURE (F)
 YESTERDAY
  MAXIMUM         53    643 PM  84    1910  58     -5       47
                                      1895
  MINIMUM         22    627 AM  18    1964  38    -16       34
  AVERAGE         38                        48    -10       41

PRECIPITATION (IN)
  YESTERDAY        0.09          2.45 1985   0.14  -0.05     0.88
  MONTH TO DATE    6.32                      3.68   2.64     2.41
  SINCE MAR 1      6.32                      3.68   2.64     2.41
  SINCE JAN 1     10.47                      9.49   0.98     7.95

SNOWFALL (IN)
  YESTERDAY        0.0           2.7  1970   0.0    0.0       T
  MONTH TO DATE    4.9                       2.9    2.0      3.3
  SINCE MAR 1      4.9                       2.9    2.0      3.3
  SINCE JUL 1     29.9                      21.5    8.4     46.9
  SNOW DEPTH       0

DEGREE DAYS
 HEATING
  YESTERDAY       27                        17     10       24
  MONTH TO DATE  679                       633     46      743
  SINCE MAR 1    679                       633     46      743
  SINCE JUL 1   4906                      4460    446     4987

 COOLING
  YESTERDAY        0                         0      0        0
  MONTH TO DATE    0                         0      0        0
  SINCE MAR 1      0                         0      0        0
  SINCE JAN 1      0                         0      0        0
..................................................................


WIND (MPH)
  RESULTANT WIND SPEED   9   RESULTANT WIND DIRECTION   S (180)
  HIGHEST WIND SPEED    25   HIGHEST WIND DIRECTION     S (170)
  HIGHEST GUST SPEED    36   HIGHEST GUST DIRECTION    SE (150)
  AVERAGE WIND SPEED    10.9


SKY COVER
  POSSIBLE SUNSHINE  MM
  AVERAGE SKY COVER 0.6


WEATHER CONDITIONS
 THE FOLLOWING WEATHER WAS RECORDED YESTERDAY.
  LIGHT RAIN


RELATIVE HUMIDITY (PERCENT)
 HIGHEST    82          1000 PM
 LOWEST     24           200 PM
 AVERAGE    53

..........................................................


THE CINCINNATI OH CLIMATE NORMALS FOR TODAY
                         NORMAL    RECORD    YEAR
 MAXIMUM TEMPERATURE (F)   59        82      1986
                                             1977
                                             1910
 MINIMUM TEMPERATURE (F)   38        18      1964
                                             1923


SUNRISE AND SUNSET
MARCH 30 2015.........SUNRISE   727 AM EDT   SUNSET   800 PM EDT
MARCH 31 2015.........SUNRISE   725 AM EDT   SUNSET   801 PM EDT


-  INDICATES NEGATIVE NUMBERS.
R  INDICATES RECORD WAS SET OR TIED.
MM INDICATES DATA IS MISSING.
T  INDICATES TRACE AMOUNT.




$$
