494
CDUS41 KILN 200620
CLICVG


CLIMATE REPORT
NATIONAL WEATHER SERVICE WILMINGTON OH
220 AM EDT SUN AUG 20 2017


...................................

...THE CINCINNATI OH CLIMATE SUMMARY FOR AUGUST 19 2017...

CLIMATE NORMAL PERIOD 1981 TO 2010
CLIMATE RECORD PERIOD 1869 TO 2017


WEATHER ITEM   OBSERVED TIME   RECORD YEAR NORMAL DEPARTURE LAST
                VALUE   (LST)  VALUE       VALUE  FROM      YEAR
                                                  NORMAL
..................................................................
TEMPERATURE (F)
 YESTERDAY
  MAXIMUM         87    453 PM 102    1936  85      2       85
  MINIMUM         66    344 AM  49    1953  65      1       72
  AVERAGE         77                        75      2       79

PRECIPITATION (IN)
  YESTERDAY        T             1.37 1905   0.11  -0.11     0.00
  MONTH TO DATE    1.17                      2.17  -1.00     3.96
  SINCE JUN 1     12.23                      9.96   2.27    11.51
  SINCE JAN 1     35.63                     28.55   7.08    31.12

SNOWFALL (IN)
  YESTERDAY        0.0           0.0    MM   0.0    0.0      0.0
  MONTH TO DATE    0.0                       0.0    0.0      0.0
  SINCE JUN 1      0.0                       0.0    0.0      0.0
  SINCE JUL 1      0.0                       0.0    0.0      0.0
  SNOW DEPTH       0

DEGREE DAYS
 HEATING
  YESTERDAY        0                         0      0        0
  MONTH TO DATE    1                         0      1        0
  SINCE JUN 1      8                        15     -7        2
  SINCE JUL 1      1                         0      1        0

 COOLING
  YESTERDAY       12                        10      2       14
  MONTH TO DATE  161                       199    -38      273
  SINCE JUN 1    706                       764    -58      935
  SINCE JAN 1    840                       858    -18     1028
..................................................................


WIND (MPH)
  RESULTANT WIND SPEED   5   RESULTANT WIND DIRECTION  SW (230)
  HIGHEST WIND SPEED    15   HIGHEST WIND DIRECTION     W (270)
  HIGHEST GUST SPEED    19   HIGHEST GUST DIRECTION     W (260)
  AVERAGE WIND SPEED     5.1


SKY COVER
  POSSIBLE SUNSHINE  MM
  AVERAGE SKY COVER 0.6


WEATHER CONDITIONS
 THE FOLLOWING WEATHER WAS RECORDED YESTERDAY.
  LIGHT RAIN


RELATIVE HUMIDITY (PERCENT)
 HIGHEST   100           200 AM
 LOWEST     50           300 PM
 AVERAGE    75

..........................................................


THE CINCINNATI OH CLIMATE NORMALS FOR TODAY
                         NORMAL    RECORD    YEAR
 MAXIMUM TEMPERATURE (F)   85       102      1962
 MINIMUM TEMPERATURE (F)   65        49      1932


SUNRISE AND SUNSET
AUGUST 20 2017........SUNRISE   657 AM EDT   SUNSET   826 PM EDT
AUGUST 21 2017........SUNRISE   658 AM EDT   SUNSET   825 PM EDT


-  INDICATES NEGATIVE NUMBERS.
R  INDICATES RECORD WAS SET OR TIED.
MM INDICATES DATA IS MISSING.
T  INDICATES TRACE AMOUNT.




$$
