000
CDUS41 KILN 180553
CLICVG


CLIMATE REPORT
NATIONAL WEATHER SERVICE WILMINGTON OH
1252 AM EST WED JAN 18 2017


...................................

...THE CINCINNATI OH CLIMATE SUMMARY FOR JANUARY 17 2017...

CLIMATE NORMAL PERIOD 1981 TO 2010
CLIMATE RECORD PERIOD 1869 TO 2017


WEATHER ITEM   OBSERVED TIME   RECORD YEAR NORMAL DEPARTURE LAST
                VALUE   (LST)  VALUE       VALUE  FROM      YEAR
                                                  NORMAL
..................................................................
TEMPERATURE (F)
 YESTERDAY
  MAXIMUM         63R  1138 AM  63    1952  39     24       30
  MINIMUM         44   1159 PM -24    1977  23     21        8
  AVERAGE         54                        31     23       19

PRECIPITATION (IN)
  YESTERDAY        0.21          1.37 2012   0.10   0.11     0.02
  MONTH TO DATE    2.70                      1.67   1.03     1.11
  SINCE DEC 1      7.13                      5.04   2.09     7.20
  SINCE JAN 1      2.70                      1.67   1.03     1.11

SNOWFALL (IN)
  YESTERDAY        0.0           6.1  1978   0.2   -0.2      0.3
  MONTH TO DATE    2.5                       3.3   -0.8      4.8
  SINCE DEC 1      4.7                       8.1   -3.4      4.8
  SINCE JUL 1      4.7                       8.9   -4.2      4.8
  SNOW DEPTH       0

DEGREE DAYS
 HEATING
  YESTERDAY       11                        34    -23       46
  MONTH TO DATE  515                       578    -63      564
  SINCE DEC 1   1484                      1537    -53     1140
  SINCE JUL 1   2166                      2497   -331     1885

 COOLING
  YESTERDAY        0                         0      0        0
  MONTH TO DATE    0                         0      0        0
  SINCE DEC 1      0                         0      0        0
  SINCE JAN 1      0                         0      0        0
..................................................................


WIND (MPH)
  RESULTANT WIND SPEED  13   RESULTANT WIND DIRECTION  SW (240)
  HIGHEST WIND SPEED    24   HIGHEST WIND DIRECTION     W (270)
  HIGHEST GUST SPEED    32   HIGHEST GUST DIRECTION     W (270)
  AVERAGE WIND SPEED    14.2


SKY COVER
  POSSIBLE SUNSHINE  MM
  AVERAGE SKY COVER 0.9


WEATHER CONDITIONS
 THE FOLLOWING WEATHER WAS RECORDED YESTERDAY.
  HEAVY RAIN
  RAIN
  LIGHT RAIN
  FOG


RELATIVE HUMIDITY (PERCENT)
 HIGHEST   100           100 AM
 LOWEST     66           500 PM
 AVERAGE    83

..........................................................


THE CINCINNATI OH CLIMATE NORMALS FOR TODAY
                         NORMAL    RECORD    YEAR
 MAXIMUM TEMPERATURE (F)   39        70      1929
 MINIMUM TEMPERATURE (F)   23       -25      1977


SUNRISE AND SUNSET
JANUARY 18 2017.......SUNRISE   755 AM EST   SUNSET   544 PM EST
JANUARY 19 2017.......SUNRISE   754 AM EST   SUNSET   545 PM EST


-  INDICATES NEGATIVE NUMBERS.
R  INDICATES RECORD WAS SET OR TIED.
MM INDICATES DATA IS MISSING.
T  INDICATES TRACE AMOUNT.




$$
