000
CDUS41 KILN 270559
CLICVG


CLIMATE REPORT
NATIONAL WEATHER SERVICE WILMINGTON OH
1258 AM EST FRI FEB 27 2015


...................................

...THE CINCINNATI OH CLIMATE SUMMARY FOR FEBRUARY 26 2015...

CLIMATE NORMAL PERIOD 1981 TO 2010
CLIMATE RECORD PERIOD 1869 TO 2015


WEATHER ITEM   OBSERVED TIME   RECORD YEAR NORMAL DEPARTURE LAST
                VALUE   (LST)  VALUE       VALUE  FROM      YEAR
                                                  NORMAL
..................................................................
TEMPERATURE (F)
 YESTERDAY
  MAXIMUM         28   1208 AM  73    2000  46    -18       26
                                      1944
  MINIMUM         11   1118 PM  -1    1950  29    -18       12
  AVERAGE         20                        37    -17       19

PRECIPITATION (IN)
  YESTERDAY        T             2.38 1945   0.10  -0.10     0.01
  MONTH TO DATE    1.80                      2.61  -0.81     2.74
  SINCE DEC 1      7.75                      8.98  -1.23    10.47
  SINCE JAN 1      4.15                      5.61  -1.46     5.54

SNOWFALL (IN)
  YESTERDAY        T             3.5  1894   0.2   -0.2      0.4
  MONTH TO DATE   18.6                       6.2   12.4     10.4
  SINCE DEC 1     19.9                      17.5    2.4     41.2
  SINCE JUL 1     25.0                      18.3    6.7     43.6
  SNOW DEPTH       4

DEGREE DAYS
 HEATING
  YESTERDAY       45                        28     17       46
  MONTH TO DATE 1076                       801    275      935
  SINCE DEC 1   2993                      2813    180     3122
  SINCE JUL 1   4131                      3773    358     4158

 COOLING
  YESTERDAY        0                         0      0        0
  MONTH TO DATE    0                         0      0        0
  SINCE DEC 1      0                         0      0        0
  SINCE JAN 1      0                         0      0        0
..................................................................


WIND (MPH)
  RESULTANT WIND SPEED  10   RESULTANT WIND DIRECTION   N (360)
  HIGHEST WIND SPEED    17   HIGHEST WIND DIRECTION     N (360)
  HIGHEST GUST SPEED    24   HIGHEST GUST DIRECTION     N (10)
  AVERAGE WIND SPEED    10.9


SKY COVER
  POSSIBLE SUNSHINE  MM
  AVERAGE SKY COVER 0.8


WEATHER CONDITIONS
 THE FOLLOWING WEATHER WAS RECORDED YESTERDAY.
  LIGHT SNOW


RELATIVE HUMIDITY (PERCENT)
 HIGHEST    74           400 AM
 LOWEST     58          1200 AM
 AVERAGE    66

..........................................................


THE CINCINNATI OH CLIMATE NORMALS FOR TODAY
                         NORMAL    RECORD    YEAR
 MAXIMUM TEMPERATURE (F)   47        71      1996
 MINIMUM TEMPERATURE (F)   29        -4      1934


SUNRISE AND SUNSET
FEBRUARY 27 2015......SUNRISE   714 AM EST   SUNSET   629 PM EST
FEBRUARY 28 2015......SUNRISE   713 AM EST   SUNSET   630 PM EST


-  INDICATES NEGATIVE NUMBERS.
R  INDICATES RECORD WAS SET OR TIED.
MM INDICATES DATA IS MISSING.
T  INDICATES TRACE AMOUNT.




$$
