000
CDUS41 KILN 242054
CLICVG


CLIMATE REPORT
NATIONAL WEATHER SERVICE WILMINGTON OH
454 PM EDT WED AUG 24 2016


...................................

...THE CINCINNATI OH CLIMATE SUMMARY FOR AUGUST 24 2016...
VALID TODAY AS OF 0400 PM LOCAL TIME.

CLIMATE NORMAL PERIOD 1981 TO 2010
CLIMATE RECORD PERIOD 1869 TO 2016


WEATHER ITEM   OBSERVED TIME   RECORD YEAR NORMAL DEPARTURE LAST
                VALUE   (LST)  VALUE       VALUE  FROM      YEAR
                                                  NORMAL
..................................................................
TEMPERATURE (F)
 TODAY
  MAXIMUM         85    259 PM 101    2007  85      0       76
  MINIMUM         65    438 AM  50    1942  64      1       57
  AVERAGE         75                        74      1       67

PRECIPITATION (IN)
  TODAY            0.00          1.59 1977   0.10  -0.10     0.00
  MONTH TO DATE    5.08                      2.71   2.37     2.60
  SINCE JUN 1     12.63                     10.50   2.13    14.97
  SINCE JAN 1     32.24                     29.09   3.15    32.20

SNOWFALL (IN)
  TODAY            0.0           0.0    MM   0.0    0.0      0.0
  MONTH TO DATE    0.0                       0.0    0.0      0.0
  SINCE JUN 1      0.0                       0.0    0.0      0.0
  SINCE JUL 1      0.0                       0.0    0.0      0.0
  SNOW DEPTH       0

DEGREE DAYS
 HEATING
  TODAY            0                         0      0        0
  MONTH TO DATE    0                         0      0        0
  SINCE JUN 1      2                        15    -13       19
  SINCE JUL 1      0                         0      0        0

 COOLING
  TODAY           10                         9      1        2
  MONTH TO DATE  309                       248     61      186
  SINCE JUN 1    971                       813    158      764
  SINCE JAN 1   1064                       907    157      913
..................................................................


WIND (MPH)
  HIGHEST WIND SPEED    17   HIGHEST WIND DIRECTION     S (200)
  HIGHEST GUST SPEED    23   HIGHEST GUST DIRECTION     S (200)
  AVERAGE WIND SPEED     6.9


SKY COVER
  POSSIBLE SUNSHINE  MM
  AVERAGE SKY COVER 0.8


WEATHER CONDITIONS
 THE FOLLOWING WEATHER WAS RECORDED TODAY.
  NO SIGNIFICANT WEATHER WAS OBSERVED.


RELATIVE HUMIDITY (PERCENT)
 HIGHEST    87           100 AM
 LOWEST     70           200 PM
 AVERAGE    79

..........................................................


THE CINCINNATI OH CLIMATE NORMALS FOR TOMORROW
                         NORMAL    RECORD    YEAR
 MAXIMUM TEMPERATURE (F)   84        98      1948
                                             1936
 MINIMUM TEMPERATURE (F)   64        48      1942
                                             1927


SUNRISE AND SUNSET
AUGUST 24 2016........SUNRISE   701 AM EDT   SUNSET   820 PM EDT
AUGUST 25 2016........SUNRISE   702 AM EDT   SUNSET   819 PM EDT


-  INDICATES NEGATIVE NUMBERS.
R  INDICATES RECORD WAS SET OR TIED.
MM INDICATES DATA IS MISSING.
T  INDICATES TRACE AMOUNT.




$$
