000
CDUS41 KILN 240538
CLICVG


CLIMATE REPORT
NATIONAL WEATHER SERVICE WILMINGTON OH
128 AM EDT FRI MAR 24 2017


...................................

...THE CINCINNATI OH CLIMATE SUMMARY FOR MARCH 23 2017...

CLIMATE NORMAL PERIOD 1981 TO 2010
CLIMATE RECORD PERIOD 1869 TO 2017


WEATHER ITEM   OBSERVED TIME   RECORD YEAR NORMAL DEPARTURE LAST
                VALUE   (LST)  VALUE       VALUE  FROM      YEAR
                                                  NORMAL
..................................................................
TEMPERATURE (F)
 YESTERDAY
  MAXIMUM         60    534 PM  84    1907  56      4       61
  MINIMUM         28    706 AM  11    1885  36     -8       53
  AVERAGE         44                        46     -2       57

PRECIPITATION (IN)
  YESTERDAY        0.00          1.30 1975   0.13  -0.13     0.00
  MONTH TO DATE    3.25                      2.83   0.42     2.53
  SINCE MAR 1      3.25                      2.83   0.42     2.53
  SINCE JAN 1     10.47                      8.64   1.83     9.16

SNOWFALL (IN)
  YESTERDAY        0.0           3.5  1896   0.1   -0.1      0.0
  MONTH TO DATE    2.0                       2.6   -0.6      2.3
  SINCE MAR 1      2.0                       2.6   -0.6      2.3
  SINCE JUL 1     10.0                      21.2  -11.2     19.2
  SNOW DEPTH       0

DEGREE DAYS
 HEATING
  YESTERDAY       21                        19      2        8
  MONTH TO DATE  571                       526     45      358
  SINCE MAR 1    571                       526     45      358
  SINCE JUL 1   3651                      4353   -702     3566

 COOLING
  YESTERDAY        0                         0      0        0
  MONTH TO DATE    0                         0      0        0
  SINCE MAR 1      0                         0      0        0
  SINCE JAN 1      0                         0      0        0
..................................................................


WIND (MPH)
  RESULTANT WIND SPEED   8   RESULTANT WIND DIRECTION   E (110)
  HIGHEST WIND SPEED    15   HIGHEST WIND DIRECTION     S (160)
  HIGHEST GUST SPEED    20   HIGHEST GUST DIRECTION     E (100)
  AVERAGE WIND SPEED     9.8


SKY COVER
  POSSIBLE SUNSHINE  MM
  AVERAGE SKY COVER 0.5


WEATHER CONDITIONS
 THE FOLLOWING WEATHER WAS RECORDED YESTERDAY.
  NO SIGNIFICANT WEATHER WAS OBSERVED.


RELATIVE HUMIDITY (PERCENT)
 HIGHEST    63           200 AM
 LOWEST     26           400 PM
 AVERAGE    45

..........................................................


THE CINCINNATI OH CLIMATE NORMALS FOR TODAY
                         NORMAL    RECORD    YEAR
 MAXIMUM TEMPERATURE (F)   56        87      1910
 MINIMUM TEMPERATURE (F)   36        11      1974


SUNRISE AND SUNSET
MARCH 24 2017.........SUNRISE   735 AM EDT   SUNSET   755 PM EDT
MARCH 25 2017.........SUNRISE   734 AM EDT   SUNSET   756 PM EDT


-  INDICATES NEGATIVE NUMBERS.
R  INDICATES RECORD WAS SET OR TIED.
MM INDICATES DATA IS MISSING.
T  INDICATES TRACE AMOUNT.




$$
