000
CDUS41 KILN 230548
CLICVG


CLIMATE REPORT
NATIONAL WEATHER SERVICE WILMINGTON OH
146 AM EDT TUE SEP 23 2014


...................................

...THE CINCINNATI OH CLIMATE SUMMARY FOR SEPTEMBER 22 2014...

CLIMATE NORMAL PERIOD 1981 TO 2010
CLIMATE RECORD PERIOD 1869 TO 2014


WEATHER ITEM   OBSERVED TIME   RECORD YEAR NORMAL DEPARTURE LAST
                VALUE   (LST)  VALUE       VALUE  FROM      YEAR
                                                  NORMAL
..................................................................
TEMPERATURE (F)
 YESTERDAY
  MAXIMUM         66    459 PM  95    1895  76    -10       69
  MINIMUM         47    655 AM  34    1918  54     -7       50
  AVERAGE         57                        65     -8       60

PRECIPITATION (IN)
  YESTERDAY        0.00          2.37 2006   0.09  -0.09     0.00
  MONTH TO DATE    3.18                      1.90   1.28     3.56
  SINCE SEP 1      3.18                      1.90   1.28     3.56
  SINCE JAN 1     33.64                     31.69   1.95    36.61

SNOWFALL (IN)
  YESTERDAY        0.0          MM      MM   0.0    0.0      0.0
  MONTH TO DATE    0.0                       0.0    0.0      0.0
  SINCE SEP 1      0.0                       0.0    0.0      0.0
  SINCE JUL 1      0.0                       0.0    0.0      0.0
  SNOW DEPTH       0

DEGREE DAYS
 HEATING
  YESTERDAY        8                         3      5        5
  MONTH TO DATE   45                        25     20       15
  SINCE SEP 1     45                        25     20       15
  SINCE JUL 1     50                        25     25       19

 COOLING
  YESTERDAY        0                         3     -3        0
  MONTH TO DATE   94                       119    -25      136
  SINCE SEP 1     94                       119    -25      136
  SINCE JAN 1   1040                      1087    -47     1112
..................................................................


WIND (MPH)
  RESULTANT WIND SPEED   7   RESULTANT WIND DIRECTION   N (340)
  HIGHEST WIND SPEED    15   HIGHEST WIND DIRECTION     N (350)
  HIGHEST GUST SPEED    21   HIGHEST GUST DIRECTION    NW (320)
  AVERAGE WIND SPEED     6.7


SKY COVER
  POSSIBLE SUNSHINE  MM
  AVERAGE SKY COVER 0.2


WEATHER CONDITIONS
 THE FOLLOWING WEATHER WAS RECORDED YESTERDAY.
  NO SIGNIFICANT WEATHER WAS OBSERVED.


RELATIVE HUMIDITY (PERCENT)
 HIGHEST    83           300 AM
 LOWEST     40           300 PM
 AVERAGE    62

..........................................................


THE CINCINNATI OH CLIMATE NORMALS FOR TODAY
                         NORMAL    RECORD    YEAR
 MAXIMUM TEMPERATURE (F)   75        95      2010
 MINIMUM TEMPERATURE (F)   54        34      1983


SUNRISE AND SUNSET
SEPTEMBER 23 2014.....SUNRISE   727 AM EDT   SUNSET   734 PM EDT
SEPTEMBER 24 2014.....SUNRISE   728 AM EDT   SUNSET   732 PM EDT


-  INDICATES NEGATIVE NUMBERS.
R  INDICATES RECORD WAS SET OR TIED.
MM INDICATES DATA IS MISSING.
T  INDICATES TRACE AMOUNT.




$$
