000
CDUS41 KILN 240810
CLICVG


CLIMATE REPORT
NATIONAL WEATHER SERVICE WILMINGTON OH
309 AM EST MON NOV 24 2014


...................................

...THE CINCINNATI OH CLIMATE SUMMARY FOR NOVEMBER 23 2014...

CLIMATE NORMAL PERIOD 1981 TO 2010
CLIMATE RECORD PERIOD 1869 TO 2014


WEATHER ITEM   OBSERVED TIME   RECORD YEAR NORMAL DEPARTURE LAST
                VALUE   (LST)  VALUE       VALUE  FROM      YEAR
                                                  NORMAL
..................................................................
TEMPERATURE (F)
 YESTERDAY
  MAXIMUM         60    110 PM  75    1931  50     10       40
  MINIMUM         45    649 AM   6    1880  34     11       24
  AVERAGE         53                        42     11       32

PRECIPITATION (IN)
  YESTERDAY        0.77          1.34 1873   0.12   0.65      T
  MONTH TO DATE    1.56                      2.59  -1.03     2.07
  SINCE SEP 1      8.02                      8.52  -0.50    11.40
  SINCE JAN 1     38.48                     38.31   0.17    44.45

SNOWFALL (IN)
  YESTERDAY        0.0           1.7  1945   0.0    0.0       T
  MONTH TO DATE    5.1                       0.2    4.9      0.7
  SINCE SEP 1      5.1                       0.6    4.5      0.7
  SINCE JUL 1      5.1                       0.6    4.5      0.7
  SNOW DEPTH       0

DEGREE DAYS
 HEATING
  YESTERDAY       12                        23    -11       33
  MONTH TO DATE  619                       425    194      455
  SINCE SEP 1    970                       787    183      784
  SINCE JUL 1    975                       787    188      788

 COOLING
  YESTERDAY        0                         0      0        0
  MONTH TO DATE    0                         0      0        0
  SINCE SEP 1    131                       153    -22      174
  SINCE JAN 1   1077                      1121    -44     1150
..................................................................


WIND (MPH)
  RESULTANT WIND SPEED  11   RESULTANT WIND DIRECTION  SE (150)
  HIGHEST WIND SPEED    30   HIGHEST WIND DIRECTION    SE (140)
  HIGHEST GUST SPEED    38   HIGHEST GUST DIRECTION     S (160)
  AVERAGE WIND SPEED    14.2


SKY COVER
  POSSIBLE SUNSHINE  MM
  AVERAGE SKY COVER 1.0


WEATHER CONDITIONS
 THE FOLLOWING WEATHER WAS RECORDED YESTERDAY.
  HEAVY RAIN
  RAIN
  LIGHT RAIN
  FOG


RELATIVE HUMIDITY (PERCENT)
 HIGHEST    89           500 PM
 LOWEST     44          1200 AM
 AVERAGE    67

..........................................................


THE CINCINNATI OH CLIMATE NORMALS FOR TODAY
                         NORMAL    RECORD    YEAR
 MAXIMUM TEMPERATURE (F)   50        70      1931
 MINIMUM TEMPERATURE (F)   33         5      1950


SUNRISE AND SUNSET
NOVEMBER 24 2014......SUNRISE   731 AM EST   SUNSET   519 PM EST
NOVEMBER 25 2014......SUNRISE   733 AM EST   SUNSET   519 PM EST


-  INDICATES NEGATIVE NUMBERS.
R  INDICATES RECORD WAS SET OR TIED.
MM INDICATES DATA IS MISSING.
T  INDICATES TRACE AMOUNT.




$$
