000
CDUS41 KILN 270545
CLICVG


CLIMATE REPORT
NATIONAL WEATHER SERVICE WILMINGTON OH
1244 AM EST MON FEB 27 2017


...................................

...THE CINCINNATI OH CLIMATE SUMMARY FOR FEBRUARY 26 2017...

CLIMATE NORMAL PERIOD 1981 TO 2010
CLIMATE RECORD PERIOD 1869 TO 2017


WEATHER ITEM   OBSERVED TIME   RECORD YEAR NORMAL DEPARTURE LAST
                VALUE   (LST)  VALUE       VALUE  FROM      YEAR
                                                  NORMAL
..................................................................
TEMPERATURE (F)
 YESTERDAY
  MAXIMUM         47    417 PM  73    2000  46      1       38
                                      1944
  MINIMUM         19    730 AM  -1    1950  29    -10       31
  AVERAGE         33                        37     -4       35

PRECIPITATION (IN)
  YESTERDAY        0.00          2.38 1945   0.10  -0.10      T
  MONTH TO DATE    1.92                      2.61  -0.69     5.03
  SINCE DEC 1     10.02                      8.98   1.04    12.51
  SINCE JAN 1      5.59                      5.61  -0.02     6.42

SNOWFALL (IN)
  YESTERDAY        0.0           3.5  1894   0.2   -0.2       T
  MONTH TO DATE    1.6                       6.2   -4.6      8.4
  SINCE DEC 1      8.0                      17.5   -9.5     16.9
  SINCE JUL 1      8.0                      18.3  -10.3     16.9
  SNOW DEPTH       0

DEGREE DAYS
 HEATING
  YESTERDAY       32                        28      4       30
  MONTH TO DATE  549                       801   -252      772
  SINCE DEC 1   2366                      2813   -447     2411
  SINCE JUL 1   3048                      3773   -725     3156

 COOLING
  YESTERDAY        0                         0      0        0
  MONTH TO DATE    0                         0      0        0
  SINCE DEC 1      0                         0      0        0
  SINCE JAN 1      0                         0      0        0
..................................................................


WIND (MPH)
  RESULTANT WIND SPEED   6   RESULTANT WIND DIRECTION  SW (220)
  HIGHEST WIND SPEED    16   HIGHEST WIND DIRECTION     S (200)
  HIGHEST GUST SPEED    23   HIGHEST GUST DIRECTION     S (200)
  AVERAGE WIND SPEED     7.2


SKY COVER
  POSSIBLE SUNSHINE  MM
  AVERAGE SKY COVER 0.3


WEATHER CONDITIONS
 THE FOLLOWING WEATHER WAS RECORDED YESTERDAY.
  NO SIGNIFICANT WEATHER WAS OBSERVED.


RELATIVE HUMIDITY (PERCENT)
 HIGHEST    84           800 AM
 LOWEST     25           500 PM
 AVERAGE    55

..........................................................


THE CINCINNATI OH CLIMATE NORMALS FOR TODAY
                         NORMAL    RECORD    YEAR
 MAXIMUM TEMPERATURE (F)   47        71      1996
 MINIMUM TEMPERATURE (F)   29        -4      1934


SUNRISE AND SUNSET
FEBRUARY 27 2017......SUNRISE   714 AM EST   SUNSET   629 PM EST
FEBRUARY 28 2017......SUNRISE   712 AM EST   SUNSET   631 PM EST


-  INDICATES NEGATIVE NUMBERS.
R  INDICATES RECORD WAS SET OR TIED.
MM INDICATES DATA IS MISSING.
T  INDICATES TRACE AMOUNT.




$$
