000
CDUS41 KILN 240538
CLICVG


CLIMATE REPORT
NATIONAL WEATHER SERVICE WILMINGTON OH
138 AM EDT SUN MAY 24 2015


...................................

...THE CINCINNATI OH CLIMATE SUMMARY FOR MAY 23 2015...

CLIMATE NORMAL PERIOD 1981 TO 2010
CLIMATE RECORD PERIOD 1869 TO 2015


WEATHER ITEM   OBSERVED TIME   RECORD YEAR NORMAL DEPARTURE LAST
                VALUE   (LST)  VALUE       VALUE  FROM      YEAR
                                                  NORMAL
..................................................................
TEMPERATURE (F)
 YESTERDAY
  MAXIMUM         80    303 PM  89    1970  76      4       75
                                      1939
                                      1925
  MINIMUM         50    407 AM  34    1963  55     -5       57
  AVERAGE         65                        65      0       66

PRECIPITATION (IN)
  YESTERDAY        0.00          2.96 1998   0.15  -0.15     0.00
  MONTH TO DATE    0.77                      3.65  -2.88     2.86
  SINCE MAR 1     12.22                     11.50   0.72    11.93
  SINCE JAN 1     16.37                     17.31  -0.94    17.47

SNOWFALL (IN)
  YESTERDAY        0.0           0.0    MM   0.0    0.0      0.0
  MONTH TO DATE    0.0                       0.0    0.0      0.0
  SINCE MAR 1      4.9                       3.5    1.4      3.9
  SINCE JUL 1     29.9                      22.1    7.8     47.5
  SNOW DEPTH       0

DEGREE DAYS
 HEATING
  YESTERDAY        0                         3     -3        0
  MONTH TO DATE   67                       108    -41      108
  SINCE MAR 1   1049                      1115    -66     1161
  SINCE JUL 1   5276                      4942    334     5405

 COOLING
  YESTERDAY        0                         3     -3        1
  MONTH TO DATE   85                        45     40       64
  SINCE MAR 1     90                        63     27       71
  SINCE JAN 1     90                        63     27       71
..................................................................


WIND (MPH)
  RESULTANT WIND SPEED   3   RESULTANT WIND DIRECTION  SE (150)
  HIGHEST WIND SPEED    14   HIGHEST WIND DIRECTION    SE (140)
  HIGHEST GUST SPEED    28   HIGHEST GUST DIRECTION    SE (150)
  AVERAGE WIND SPEED     3.9


SKY COVER
  POSSIBLE SUNSHINE  MM
  AVERAGE SKY COVER 0.6


WEATHER CONDITIONS
 THE FOLLOWING WEATHER WAS RECORDED YESTERDAY.
  NO SIGNIFICANT WEATHER WAS OBSERVED.


RELATIVE HUMIDITY (PERCENT)
 HIGHEST    86           400 AM
 LOWEST     30           300 PM
 AVERAGE    58

..........................................................


THE CINCINNATI OH CLIMATE NORMALS FOR TODAY
                         NORMAL    RECORD    YEAR
 MAXIMUM TEMPERATURE (F)   76        92      1975
 MINIMUM TEMPERATURE (F)   56        37      1925


SUNRISE AND SUNSET
MAY 24 2015...........SUNRISE   619 AM EDT   SUNSET   852 PM EDT
MAY 25 2015...........SUNRISE   618 AM EDT   SUNSET   853 PM EDT


-  INDICATES NEGATIVE NUMBERS.
R  INDICATES RECORD WAS SET OR TIED.
MM INDICATES DATA IS MISSING.
T  INDICATES TRACE AMOUNT.




$$
