000
CDUS41 KILN 220551
CLICVG


CLIMATE REPORT
NATIONAL WEATHER SERVICE WILMINGTON OH
150 AM EDT THU JUN 22 2017


...................................

...THE CINCINNATI OH CLIMATE SUMMARY FOR JUNE 21 2017...

CLIMATE NORMAL PERIOD 1981 TO 2010
CLIMATE RECORD PERIOD 1869 TO 2017


WEATHER ITEM   OBSERVED TIME   RECORD YEAR NORMAL DEPARTURE LAST
                VALUE   (LST)  VALUE       VALUE  FROM      YEAR
                                                  NORMAL
..................................................................
TEMPERATURE (F)
 YESTERDAY
  MAXIMUM         89    331 PM  98    1933  84      5       89
  MINIMUM         63    306 AM  47    1992  64     -1       64
  AVERAGE         76                        74      2       77

PRECIPITATION (IN)
  YESTERDAY        0.18          1.26 1942   0.13   0.05     0.02
  MONTH TO DATE    2.66                      2.98  -0.32     1.30
  SINCE JUN 1      2.66                      2.98  -0.32     1.30
  SINCE JAN 1     26.06                     21.57   4.49    20.91

SNOWFALL (IN)
  YESTERDAY        0.0           0.0    MM   0.0    0.0      0.0
  MONTH TO DATE    0.0                       0.0    0.0      0.0
  SINCE JUN 1      0.0                       0.0    0.0      0.0
  SINCE JUL 1     10.0                      22.1  -12.1     19.2
  SNOW DEPTH       0

DEGREE DAYS
 HEATING
  YESTERDAY        0                         0      0        0
  MONTH TO DATE    4                        12     -8        2
  SINCE JUN 1      4                        12     -8        2
  SINCE JUL 1   4014                      4972   -958     4136

 COOLING
  YESTERDAY       11                         9      2       12
  MONTH TO DATE  153                       140     13      189
  SINCE JUN 1    153                       140     13      189
  SINCE JAN 1    287                       234     53      282
..................................................................


WIND (MPH)
  RESULTANT WIND SPEED   6   RESULTANT WIND DIRECTION  SW (210)
  HIGHEST WIND SPEED    17   HIGHEST WIND DIRECTION    NW (320)
  HIGHEST GUST SPEED    24   HIGHEST GUST DIRECTION    SW (210)
  AVERAGE WIND SPEED     8.0


SKY COVER
  POSSIBLE SUNSHINE  MM
  AVERAGE SKY COVER 0.6


WEATHER CONDITIONS
 THE FOLLOWING WEATHER WAS RECORDED YESTERDAY.
  NO SIGNIFICANT WEATHER WAS OBSERVED.


RELATIVE HUMIDITY (PERCENT)
 HIGHEST    82           900 PM
 LOWEST     45           100 PM
 AVERAGE    64

..........................................................


THE CINCINNATI OH CLIMATE NORMALS FOR TODAY
                         NORMAL    RECORD    YEAR
 MAXIMUM TEMPERATURE (F)   84        97      1988
 MINIMUM TEMPERATURE (F)   64        43      1992


SUNRISE AND SUNSET
JUNE 22 2017..........SUNRISE   613 AM EDT   SUNSET   908 PM EDT
JUNE 23 2017..........SUNRISE   614 AM EDT   SUNSET   908 PM EDT


-  INDICATES NEGATIVE NUMBERS.
R  INDICATES RECORD WAS SET OR TIED.
MM INDICATES DATA IS MISSING.
T  INDICATES TRACE AMOUNT.




$$
