000
CDUS41 KILN 240609
CLICVG


CLIMATE REPORT
NATIONAL WEATHER SERVICE WILMINGTON OH
209 AM EDT TUE MAY 24 2016


...................................

...THE CINCINNATI OH CLIMATE SUMMARY FOR MAY 23 2016...

CLIMATE NORMAL PERIOD 1981 TO 2010
CLIMATE RECORD PERIOD 1869 TO 2016


WEATHER ITEM   OBSERVED TIME   RECORD YEAR NORMAL DEPARTURE LAST
                VALUE   (LST)  VALUE       VALUE  FROM      YEAR
                                                  NORMAL
..................................................................
TEMPERATURE (F)
 YESTERDAY
  MAXIMUM         77    440 PM  89    1970  76      1       80
                                      1939
                                      1925
  MINIMUM         48    437 AM  34    1963  55     -7       50
  AVERAGE         63                        65     -2       65

PRECIPITATION (IN)
  YESTERDAY        0.00          2.96 1998   0.15  -0.15     0.00
  MONTH TO DATE    2.71                      3.65  -0.94     0.77
  SINCE MAR 1     12.89                     11.50   1.39    12.22
  SINCE JAN 1     19.52                     17.31   2.21    16.37

SNOWFALL (IN)
  YESTERDAY        0.0           0.0    MM   0.0    0.0      0.0
  MONTH TO DATE    0.0                       0.0    0.0      0.0
  SINCE MAR 1      2.3                       3.5   -1.2      4.9
  SINCE JUL 1     19.2                      22.1   -2.9     29.9
  SNOW DEPTH       0

DEGREE DAYS
 HEATING
  YESTERDAY        2                         3     -1        0
  MONTH TO DATE  161                       108     53       67
  SINCE MAR 1    926                      1115   -189     1049
  SINCE JUL 1   4134                      4942   -808     5276

 COOLING
  YESTERDAY        0                         3     -3        0
  MONTH TO DATE   15                        45    -30       85
  SINCE MAR 1     33                        63    -30       90
  SINCE JAN 1     33                        63    -30       90
..................................................................


WIND (MPH)
  RESULTANT WIND SPEED   3   RESULTANT WIND DIRECTION   E (80)
  HIGHEST WIND SPEED    12   HIGHEST WIND DIRECTION     E (80)
  HIGHEST GUST SPEED    16   HIGHEST GUST DIRECTION    SE (120)
  AVERAGE WIND SPEED     4.2


SKY COVER
  POSSIBLE SUNSHINE  MM
  AVERAGE SKY COVER 0.1


WEATHER CONDITIONS
 THE FOLLOWING WEATHER WAS RECORDED YESTERDAY.
  NO SIGNIFICANT WEATHER WAS OBSERVED.


RELATIVE HUMIDITY (PERCENT)
 HIGHEST    86           500 AM
 LOWEST     36           400 PM
 AVERAGE    61

..........................................................


THE CINCINNATI OH CLIMATE NORMALS FOR TODAY
                         NORMAL    RECORD    YEAR
 MAXIMUM TEMPERATURE (F)   76        92      1975
 MINIMUM TEMPERATURE (F)   56        37      1925


SUNRISE AND SUNSET
MAY 24 2016...........SUNRISE   619 AM EDT   SUNSET   853 PM EDT
MAY 25 2016...........SUNRISE   618 AM EDT   SUNSET   854 PM EDT


-  INDICATES NEGATIVE NUMBERS.
R  INDICATES RECORD WAS SET OR TIED.
MM INDICATES DATA IS MISSING.
T  INDICATES TRACE AMOUNT.




$$
