000
CDUS45 KCYS 030753
CLICYS


CLIMATE REPORT
NATIONAL WEATHER SERVICE CHEYENNE WY
153 AM MDT FRI JUL 3 2015


...................................

...THE CHEYENNE WYOMING AIRPORT CLIMATE SUMMARY FOR JULY 2 2015...

CLIMATE NORMAL PERIOD 1981 TO 2010
CLIMATE RECORD PERIOD 1871 TO 2015


WEATHER ITEM   OBSERVED TIME   RECORD YEAR NORMAL DEPARTURE LAST
                VALUE   (LST)  VALUE       VALUE  FROM      YEAR
                                                  NORMAL
..................................................................
TEMPERATURE (F)
 YESTERDAY
  MAXIMUM         80    301 PM  96    2001  82     -2       75
                                      1990
                                      1881
  MINIMUM         54    500 AM  36    1908  54      0       43
  AVERAGE         67                        68     -1       59

PRECIPITATION (IN)
  YESTERDAY        0.01          1.07 1940   0.06  -0.05     0.00
  MONTH TO DATE    0.35                      0.12   0.23     0.00
  SINCE JAN 1     11.46                      8.43   3.03     8.94

SNOWFALL (IN)
  YESTERDAY        0.0          MM      MM   0.0    0.0      0.0
  MONTH TO DATE    0.0                       0.0    0.0      0.0
  SINCE JUL 1      0.0                       0.0    0.0      0.0
  SNOW DEPTH       0

DEGREE DAYS
 HEATING
  YESTERDAY        0                         1     -1        6
  MONTH TO DATE    0                         2     -2       13
  SINCE JUN 1     36                       136   -100      139
  SINCE JUL 1      0                         2     -2       13

 COOLING
  YESTERDAY        2                         4     -2        0
  MONTH TO DATE    8                         8      0        0
  SINCE JUN 1     70                        55     15       14
  SINCE JAN 1     70                        58     12       15
..................................................................


WIND (MPH)
  HIGHEST WIND SPEED    29   HIGHEST WIND DIRECTION     E (80)
  HIGHEST GUST SPEED    41   HIGHEST GUST DIRECTION     E (80)
  AVERAGE WIND SPEED     8.4


SKY COVER
  AVERAGE SKY COVER 0.4


WEATHER CONDITIONS
 THE FOLLOWING WEATHER WAS RECORDED YESTERDAY.
  LIGHT RAIN
  FOG


RELATIVE HUMIDITY (PERCENT)
 HIGHEST   100           500 AM
 LOWEST     36          1200 PM
 AVERAGE    68

..........................................................


THE CHEYENNE WYOMING AIRPORT CLIMATE NORMALS FOR TODAY
                         NORMAL    RECORD    YEAR
 MAXIMUM TEMPERATURE (F)   82        97      1881
 MINIMUM TEMPERATURE (F)   54        38      1889


SUNRISE AND SUNSET
JULY  3 2015..........SUNRISE   531 AM MDT   SUNSET   835 PM MDT
JULY  4 2015..........SUNRISE   532 AM MDT   SUNSET   835 PM MDT


-  INDICATES NEGATIVE NUMBERS.
R  INDICATES RECORD WAS SET OR TIED.
MM INDICATES DATA IS MISSING.
T  INDICATES TRACE AMOUNT.




$$
