000
CDUS45 KCYS 290729
CLICYS


CLIMATE REPORT
NATIONAL WEATHER SERVICE CHEYENNE WY
128 AM MDT FRI JUL 29 2016


...................................

...THE CHEYENNE WYOMING AIRPORT CLIMATE SUMMARY FOR JULY 28 2016...

CLIMATE NORMAL PERIOD 1981 TO 2010
CLIMATE RECORD PERIOD 1871 TO 2016


WEATHER ITEM   OBSERVED TIME   RECORD YEAR NORMAL DEPARTURE LAST
                VALUE   (LST)  VALUE       VALUE  FROM      YEAR
                                                  NORMAL
..................................................................
TEMPERATURE (F)
 YESTERDAY
  MAXIMUM         76    320 PM  93    2006  84     -8       82
                                      1995
                                      1959
  MINIMUM         57   1056 PM  43    1971  56      1       54
  AVERAGE         67                        70     -3       68

PRECIPITATION (IN)
  YESTERDAY        0.04          1.23 1997   0.07  -0.03     0.00
  MONTH TO DATE    0.78                      1.96  -1.18     1.81
  SINCE JAN 1     11.48                     10.27   1.21    12.92

SNOWFALL (IN)
  YESTERDAY        0.0          MM      MM   0.0    0.0      0.0
  MONTH TO DATE    0.0                       0.0    0.0      0.0
  SINCE JUL 1      0.0                       0.0    0.0      0.0
  SNOW DEPTH       0

DEGREE DAYS
 HEATING
  YESTERDAY        0                         1     -1        0
  MONTH TO DATE    3                        28    -25       28
  SINCE JUN 1     29                       162   -133       64
  SINCE JUL 1      3                        28    -25       28

 COOLING
  YESTERDAY        2                         6     -4        3
  MONTH TO DATE  184                       147     37      104
  SINCE JUN 1    286                       194     92      165
  SINCE JAN 1    286                       197     89      165
..................................................................


WIND (MPH)
  HIGHEST WIND SPEED    21   HIGHEST WIND DIRECTION    NE (50)
  HIGHEST GUST SPEED    30   HIGHEST GUST DIRECTION    NE (50)
  AVERAGE WIND SPEED     7.5


SKY COVER
  AVERAGE SKY COVER 0.3


WEATHER CONDITIONS
 THE FOLLOWING WEATHER WAS RECORDED YESTERDAY.
  THUNDERSTORM
  LIGHT RAIN
  FOG
  FOG W/VISIBILITY <= 1/4 MILE


RELATIVE HUMIDITY (PERCENT)
 HIGHEST    93           400 AM
 LOWEST     46           300 PM
 AVERAGE    70

..........................................................


THE CHEYENNE WYOMING AIRPORT CLIMATE NORMALS FOR TODAY
                         NORMAL    RECORD    YEAR
 MAXIMUM TEMPERATURE (F)   84        95      2006
                                             2001
                                             1995
 MINIMUM TEMPERATURE (F)   56        43      1971


SUNRISE AND SUNSET
JULY 29 2016..........SUNRISE   553 AM MDT   SUNSET   818 PM MDT
JULY 30 2016..........SUNRISE   553 AM MDT   SUNSET   817 PM MDT


-  INDICATES NEGATIVE NUMBERS.
R  INDICATES RECORD WAS SET OR TIED.
MM INDICATES DATA IS MISSING.
T  INDICATES TRACE AMOUNT.




$$
