000
CDUS45 KCYS 270735
CLICYS


CLIMATE REPORT
NATIONAL WEATHER SERVICE CHEYENNE WY
134 AM MDT SAT AUG 27 2016


...................................

...THE CHEYENNE WYOMING AIRPORT CLIMATE SUMMARY FOR AUGUST 26 2016...

CLIMATE NORMAL PERIOD 1981 TO 2010
CLIMATE RECORD PERIOD 1871 TO 2016


WEATHER ITEM   OBSERVED TIME   RECORD YEAR NORMAL DEPARTURE LAST
                VALUE   (LST)  VALUE       VALUE  FROM      YEAR
                                                  NORMAL
..................................................................
TEMPERATURE (F)
 YESTERDAY
  MAXIMUM         75   1150 AM  93    2010  80     -5       90
  MINIMUM         51   1149 PM  38    1910  52     -1       57
  AVERAGE         63                        66     -3       74

PRECIPITATION (IN)
  YESTERDAY        0.18          1.49 1946   0.05   0.13     0.32
  MONTH TO DATE    1.05                      1.70  -0.65     0.58
  SINCE JAN 1     12.83                     12.20   0.63    13.54

SNOWFALL (IN)
  YESTERDAY        T            MM      MM   0.0    0.0      0.0
  MONTH TO DATE    T                         0.0    0.0      0.0
  SINCE JUL 1      T                         0.0    0.0      0.0
  SNOW DEPTH       0

DEGREE DAYS
 HEATING
  YESTERDAY        2                         2      0        0
  MONTH TO DATE   43                        28     15       40
  SINCE JUN 1     72                       184   -112      105
  SINCE JUL 1     46                        50     -4       69

 COOLING
  YESTERDAY        0                         3     -3        9
  MONTH TO DATE  101                       106     -5      116
  SINCE JUN 1    413                       313    100      288
  SINCE JAN 1    413                       316     97      288
..................................................................


WIND (MPH)
  HIGHEST WIND SPEED    17   HIGHEST WIND DIRECTION     E (110)
  HIGHEST GUST SPEED    20   HIGHEST GUST DIRECTION    SE (120)
  AVERAGE WIND SPEED     6.5


SKY COVER
  AVERAGE SKY COVER 0.4


WEATHER CONDITIONS
 THE FOLLOWING WEATHER WAS RECORDED YESTERDAY.
  THUNDERSTORM
  HEAVY RAIN
  RAIN
  LIGHT RAIN


RELATIVE HUMIDITY (PERCENT)
 HIGHEST    89           900 PM
 LOWEST     29          1200 PM
 AVERAGE    59

..........................................................


THE CHEYENNE WYOMING AIRPORT CLIMATE NORMALS FOR TODAY
                         NORMAL    RECORD    YEAR
 MAXIMUM TEMPERATURE (F)   79        93      1969
 MINIMUM TEMPERATURE (F)   52        39      1992


SUNRISE AND SUNSET
AUGUST 27 2016........SUNRISE   621 AM MDT   SUNSET   739 PM MDT
AUGUST 28 2016........SUNRISE   622 AM MDT   SUNSET   737 PM MDT


-  INDICATES NEGATIVE NUMBERS.
R  INDICATES RECORD WAS SET OR TIED.
MM INDICATES DATA IS MISSING.
T  INDICATES TRACE AMOUNT.




$$
