000
CDUS45 KCYS 210728
CLICYS


CLIMATE REPORT
NATIONAL WEATHER SERVICE CHEYENNE WY
128 AM MDT SUN SEP 21 2014


...................................

...THE CHEYENNE WYOMING CLIMATE SUMMARY FOR SEPTEMBER 20 2014...

CLIMATE NORMAL PERIOD 1981 TO 2010
CLIMATE RECORD PERIOD 1871 TO 2014


WEATHER ITEM   OBSERVED TIME   RECORD YEAR NORMAL DEPARTURE LAST
                VALUE   (LST)  VALUE       VALUE  FROM      YEAR
                                                  NORMAL
..................................................................
TEMPERATURE (F)
 YESTERDAY
  MAXIMUM         79    216 PM  87    2010  70      9       68
                                      1956
  MINIMUM         52    612 AM  21    1983  43      9       38
  AVERAGE         66                        56     10       53

PRECIPITATION (IN)
  YESTERDAY        0.00          1.32 1940   0.05  -0.05     0.00
  MONTH TO DATE    0.37                      1.03  -0.66     6.22
  SINCE JAN 1     14.03                     13.48   0.55    14.65

SNOWFALL (IN)
  YESTERDAY        0.0           1.3  1995   0.0    0.0      0.0
  MONTH TO DATE    0.7                       0.5    0.2      0.0
  SINCE JUL 1      0.7                       0.5    0.2      0.0
  SNOW DEPTH       0

DEGREE DAYS
 HEATING
  YESTERDAY        0                         9     -9       12
  MONTH TO DATE  127                       112     15       72
  SINCE SEP 1    127                       112     15       72
  SINCE JUL 1    185                       168     17       87

 COOLING
  YESTERDAY        1                         0      1        0
  MONTH TO DATE   25                        21      4       67
  SINCE SEP 1     25                        21      4       67
  SINCE JAN 1    291                       347    -56      520
..................................................................


WIND (MPH)
  HIGHEST WIND SPEED    16   HIGHEST WIND DIRECTION     N (20)
  HIGHEST GUST SPEED    21   HIGHEST GUST DIRECTION     N (20)
  AVERAGE WIND SPEED     7.7


SKY COVER
  AVERAGE SKY COVER 0.2


WEATHER CONDITIONS
 THE FOLLOWING WEATHER WAS RECORDED YESTERDAY.
  NO SIGNIFICANT WEATHER WAS OBSERVED.


RELATIVE HUMIDITY (PERCENT)
 HIGHEST    71           600 AM
 LOWEST     27           200 PM
 AVERAGE    49

..........................................................


THE CHEYENNE WYOMING CLIMATE NORMALS FOR TODAY
                         NORMAL    RECORD    YEAR
 MAXIMUM TEMPERATURE (F)   69        84      1936
 MINIMUM TEMPERATURE (F)   42        20      1983


SUNRISE AND SUNSET
SEPTEMBER 21 2014.....SUNRISE   646 AM MDT   SUNSET   658 PM MDT
SEPTEMBER 22 2014.....SUNRISE   647 AM MDT   SUNSET   656 PM MDT


-  INDICATES NEGATIVE NUMBERS.
R  INDICATES RECORD WAS SET OR TIED.
MM INDICATES DATA IS MISSING.
T  INDICATES TRACE AMOUNT.




$$
