000
CDUS45 KCYS 050728
CLICYS


CLIMATE REPORT
NATIONAL WEATHER SERVICE CHEYENNE WY
128 AM MDT SAT SEP 5 2015


...................................

...THE CHEYENNE WYOMING AIRPORT CLIMATE SUMMARY FOR SEPTEMBER 4 2015...

CLIMATE NORMAL PERIOD 1981 TO 2010
CLIMATE RECORD PERIOD 1871 TO 2015


WEATHER ITEM   OBSERVED TIME   RECORD YEAR NORMAL DEPARTURE LAST
                VALUE   (LST)  VALUE       VALUE  FROM      YEAR
                                                  NORMAL
..................................................................
TEMPERATURE (F)
 YESTERDAY
  MAXIMUM         87    128 PM  93    1960  77     10       68
  MINIMUM         50    243 AM  35    1968  49      1       48
                                      1953
  AVERAGE         69                        63      6       58

PRECIPITATION (IN)
  YESTERDAY        T             0.51 2004   0.06  -0.06      T
  MONTH TO DATE    T                         0.21  -0.21      T
  SINCE JAN 1     13.61                     12.66   0.95    13.66

SNOWFALL (IN)
  YESTERDAY        0.0          MM      MM   0.0    0.0      0.0
  MONTH TO DATE    0.0                       0.0    0.0      0.0
  SINCE JUL 1      0.0                       0.0    0.0      0.0
  SNOW DEPTH       0

DEGREE DAYS
 HEATING
  YESTERDAY        0                         3     -3        7
  MONTH TO DATE    0                        12    -12       14
  SINCE SEP 1      0                        12    -12       14
  SINCE JUL 1     66                        68     -2       72

 COOLING
  YESTERDAY        4                         2      2        0
  MONTH TO DATE   21                         8     13        6
  SINCE SEP 1     21                         8     13        6
  SINCE JAN 1    369                       334     35      272
..................................................................


WIND (MPH)
  HIGHEST WIND SPEED    23   HIGHEST WIND DIRECTION    SW (240)
  HIGHEST GUST SPEED    40   HIGHEST GUST DIRECTION    SW (220)
  AVERAGE WIND SPEED     9.5


SKY COVER
  AVERAGE SKY COVER 0.3


WEATHER CONDITIONS
 THE FOLLOWING WEATHER WAS RECORDED YESTERDAY.
  LIGHT RAIN


RELATIVE HUMIDITY (PERCENT)
 HIGHEST    71           100 AM
 LOWEST     17           100 PM
 AVERAGE    44

..........................................................


THE CHEYENNE WYOMING AIRPORT CLIMATE NORMALS FOR TODAY
                         NORMAL    RECORD    YEAR
 MAXIMUM TEMPERATURE (F)   77        92      1998
 MINIMUM TEMPERATURE (F)   49        29      1889


SUNRISE AND SUNSET
SEPTEMBER  5 2015.....SUNRISE   630 AM MDT   SUNSET   726 PM MDT
SEPTEMBER  6 2015.....SUNRISE   631 AM MDT   SUNSET   724 PM MDT


-  INDICATES NEGATIVE NUMBERS.
R  INDICATES RECORD WAS SET OR TIED.
MM INDICATES DATA IS MISSING.
T  INDICATES TRACE AMOUNT.




$$
