000
CDUS45 KCYS 260733
CLICYS


CLIMATE REPORT
NATIONAL WEATHER SERVICE CHEYENNE WY
1230 AM MST WED NOV 26 2014


...................................

...THE CHEYENNE WYOMING CLIMATE SUMMARY FOR NOVEMBER 25 2014...

CLIMATE NORMAL PERIOD 1981 TO 2010
CLIMATE RECORD PERIOD 1871 TO 2014


WEATHER ITEM   OBSERVED TIME   RECORD YEAR NORMAL DEPARTURE LAST
                VALUE   (LST)  VALUE       VALUE  FROM      YEAR
                                                  NORMAL
..................................................................
TEMPERATURE (F)
 YESTERDAY
  MAXIMUM         42    324 PM  71    1990  42      0       43
  MINIMUM         14   1238 AM -11    1993  21     -7       25
  AVERAGE         28                        31     -3       34

PRECIPITATION (IN)
  YESTERDAY        0.08          0.48 1944   0.02   0.06     0.00
  MONTH TO DATE    1.10                      0.50   0.60     0.16
  SINCE JAN 1     17.01                     15.36   1.65    17.68

SNOWFALL (IN)
  YESTERDAY        2.5           4.2  1978   0.3    2.2      0.0
  MONTH TO DATE    9.6                       6.5    3.1      3.1
  SINCE JUL 1     11.1                      12.8   -1.7     15.6
  SNOW DEPTH       2

DEGREE DAYS
 HEATING
  YESTERDAY       37                        34      3       31
  MONTH TO DATE  843                       716    127      714
  SINCE SEP 1   1435                      1519    -84     1557
  SINCE JUL 1   1493                      1575    -82     1572

 COOLING
  YESTERDAY        0                         0      0        0
  MONTH TO DATE    0                         0      0        0
  SINCE SEP 1     35                        22     13       67
  SINCE JAN 1    301                       348    -47      520
..................................................................


WIND (MPH)
  HIGHEST WIND SPEED    51   HIGHEST WIND DIRECTION     W (280)
  HIGHEST GUST SPEED    61   HIGHEST GUST DIRECTION     W (280)
  AVERAGE WIND SPEED    26.6


SKY COVER
  AVERAGE SKY COVER 0.4


WEATHER CONDITIONS
 THE FOLLOWING WEATHER WAS RECORDED YESTERDAY.
  LIGHT SNOW
  FOG
  HAZE


RELATIVE HUMIDITY (PERCENT)
 HIGHEST    84           800 PM
 LOWEST     43           300 PM
 AVERAGE    64

..........................................................


THE CHEYENNE WYOMING CLIMATE NORMALS FOR TODAY
                         NORMAL    RECORD    YEAR
 MAXIMUM TEMPERATURE (F)   42        67      1998
                                             1960
 MINIMUM TEMPERATURE (F)   20       -11      1887


SUNRISE AND SUNSET
NOVEMBER 26 2014......SUNRISE   700 AM MST   SUNSET   433 PM MST
NOVEMBER 27 2014......SUNRISE   701 AM MST   SUNSET   433 PM MST


-  INDICATES NEGATIVE NUMBERS.
R  INDICATES RECORD WAS SET OR TIED.
MM INDICATES DATA IS MISSING.
T  INDICATES TRACE AMOUNT.




$$
