902
CDUS45 KCYS 120730
CLICYS


CLIMATE REPORT
NATIONAL WEATHER SERVICE CHEYENNE WY
1229 AM MST FRI FEB 12 2016


...................................

...THE CHEYENNE WYOMING AIRPORT CLIMATE SUMMARY FOR FEBRUARY 11 2016...

CLIMATE NORMAL PERIOD 1981 TO 2010
CLIMATE RECORD PERIOD 1871 TO 2016


WEATHER ITEM   OBSERVED TIME   RECORD YEAR NORMAL DEPARTURE LAST
                VALUE   (LST)  VALUE       VALUE  FROM      YEAR
                                                  NORMAL
..................................................................
TEMPERATURE (F)
 YESTERDAY
  MAXIMUM         54    154 PM  71    1962  40     14       48
  MINIMUM         32   1159 PM -21    1905  18     14       27
  AVERAGE         43                        29     14       38

PRECIPITATION (IN)
  YESTERDAY        0.00          0.46 1994   0.01  -0.01      T
  MONTH TO DATE    0.67                      0.15   0.52     0.31
  SINCE JAN 1      1.15                      0.48   0.67     0.37

SNOWFALL (IN)
  YESTERDAY        0.0           6.6  1994   0.3   -0.3       T
  MONTH TO DATE   10.9                       2.9    8.0      3.9
  SINCE JUL 1     45.6                      31.5   14.1     27.3
  SNOW DEPTH       0

DEGREE DAYS
 HEATING
  YESTERDAY       22                        36    -14       27
  MONTH TO DATE  396                       404     -8      261
  SINCE DEC 1   2643                      2683    -40     2384
  SINCE JUL 1   4070                      4431   -361     3987

 COOLING
  YESTERDAY        0                         0      0        0
  MONTH TO DATE    0                         0      0        0
  SINCE DEC 1      0                         0      0        0
  SINCE JAN 1      0                         0      0        0
..................................................................


WIND (MPH)
  HIGHEST WIND SPEED    32   HIGHEST WIND DIRECTION     W (280)
  HIGHEST GUST SPEED    43   HIGHEST GUST DIRECTION    NW (330)
  AVERAGE WIND SPEED    15.7


SKY COVER
  AVERAGE SKY COVER 0.1


WEATHER CONDITIONS
 THE FOLLOWING WEATHER WAS RECORDED YESTERDAY.
  NO SIGNIFICANT WEATHER WAS OBSERVED.


RELATIVE HUMIDITY (PERCENT)
 HIGHEST    64          1000 PM
 LOWEST     28          1100 AM
 AVERAGE    46

..........................................................


THE CHEYENNE WYOMING AIRPORT CLIMATE NORMALS FOR TODAY
                         NORMAL    RECORD    YEAR
 MAXIMUM TEMPERATURE (F)   40        64      1962
 MINIMUM TEMPERATURE (F)   18       -30      1905


SUNRISE AND SUNSET
FEBRUARY 12 2016......SUNRISE   658 AM MST   SUNSET   529 PM MST
FEBRUARY 13 2016......SUNRISE   657 AM MST   SUNSET   530 PM MST


-  INDICATES NEGATIVE NUMBERS.
R  INDICATES RECORD WAS SET OR TIED.
MM INDICATES DATA IS MISSING.
T  INDICATES TRACE AMOUNT.




$$
