000
CDUS46 KSGX 200016
CLICZZ


CLIMATE REPORT
NATIONAL WEATHER SERVICE SAN DIEGO, CA
516 PM PDT SUN OCT 19 2014


...................................

...THE CAMPO ASOS CA CLIMATE SUMMARY FOR OCTOBER 19 2014...
VALID TODAY AS OF 0500 PM LOCAL TIME.

CLIMATE NORMAL PERIOD 1981 TO 2010
CLIMATE RECORD PERIOD 1948 TO 2014


WEATHER ITEM   OBSERVED TIME   RECORD YEAR NORMAL DEPARTURE LAST
                VALUE   (LST)  VALUE       VALUE  FROM      YEAR
                                                  NORMAL
..................................................................
TEMPERATURE (F)
 TODAY
  MAXIMUM         80    122 PM  96    2003  78      2       84
  MINIMUM         43    626 AM  29    1969  41      2       36
  AVERAGE         62                        60      2       60

PRECIPITATION (IN)
  TODAY            0.00          2.14 2010   0.03  -0.03     0.00
  MONTH TO DATE    0.00                      0.45  -0.45     0.76
  SINCE JUL 1      2.03                      1.81   0.22     2.70
  SINCE JAN 1      4.79                     11.96  -7.17     7.48

SNOWFALL (IN)
  TODAY            0.0
  MONTH TO DATE    0.0
  SINCE JAN 1      0.0
  SINCE JUL 1      0.0
  SNOW DEPTH       0

DEGREE DAYS
 HEATING
  TODAY            3                         6     -3        5
  MONTH TO DATE   26                        78    -52      141
  SINCE SEP 1     41                       114    -73      182
  SINCE JUL 1     43                       128    -85      184

 COOLING
  TODAY            0                         1     -1        0
  MONTH TO DATE   31                        26      5        2
  SINCE SEP 1    261                       187     74      192
  SINCE JAN 1    893                       837     56      909
..................................................................


WIND (MPH)
  RESULTANT WIND SPEED   2   RESULTANT WIND DIRECTION  SW (210)
  HIGHEST WIND SPEED    18   HIGHEST WIND DIRECTION    SW (230)
  HIGHEST GUST SPEED    23   HIGHEST GUST DIRECTION    SW (220)
  AVERAGE WIND SPEED     5.2


SKY COVER
  POSSIBLE SUNSHINE  MM
  AVERAGE SKY COVER 0.0



RELATIVE HUMIDITY (PERCENT)
 HIGHEST    93           100 AM
 LOWEST     39           200 PM
 AVERAGE    66

..........................................................


THE CAMPO ASOS CA CLIMATE NORMALS FOR TOMORROW
                         NORMAL    RECORD    YEAR
 MAXIMUM TEMPERATURE (F)   78        94      2003
 MINIMUM TEMPERATURE (F)   41        31      1969


SUNRISE AND SUNSET
OCTOBER 19 2014.......SUNRISE   653 AM PDT   SUNSET   608 PM PDT
OCTOBER 20 2014.......SUNRISE   654 AM PDT   SUNSET   607 PM PDT


-  INDICATES NEGATIVE NUMBERS.
R  INDICATES RECORD WAS SET OR TIED.
MM INDICATES DATA IS MISSING.
T  INDICATES TRACE AMOUNT.




$$
