000
CDUS46 KSGX 161418
CLICZZ


CLIMATE REPORT
NATIONAL WEATHER SERVICE SAN DIEGO, CA
718 AM PDT WED APR 16 2014


...................................

...THE CAMPO ASOS CA CLIMATE SUMMARY FOR APRIL 15 2014...

CLIMATE NORMAL PERIOD 1981 TO 2010
CLIMATE RECORD PERIOD 1948 TO 2014


WEATHER ITEM   OBSERVED TIME   RECORD YEAR NORMAL DEPARTURE LAST
                VALUE   (LST)  VALUE       VALUE  FROM      YEAR
                                                  NORMAL
..................................................................
TEMPERATURE (F)
 YESTERDAY
  MAXIMUM         82    108 PM  93    1984  72     10       53
  MINIMUM         38    504 AM  28    1970  38      0       45
  AVERAGE         60                        55      5       49

PRECIPITATION (IN)
  YESTERDAY        0.00          0.45 1998   0.03  -0.03     0.00
  MONTH TO DATE    0.28                      0.60  -0.32     0.01
  SINCE JUL 1      6.54                     15.08  -8.54     8.92
  SINCE JAN 1      2.35                      9.50  -7.15     4.45

SNOWFALL (IN)
  YESTERDAY        0.0
  MONTH TO DATE    0.0
  SINCE JAN 1      0.0
  SINCE JUL 1      0.0
  SNOW DEPTH       0

DEGREE DAYS
 HEATING
  YESTERDAY        5                        10     -5       16
  MONTH TO DATE  156                       170    -14      168
  SINCE MAR 1    528                       587    -59      540
  SINCE JUL 1   2398                      2638   -240     2684

 COOLING
  YESTERDAY        0                         0      0        0
  MONTH TO DATE    1                         0      1        0
  SINCE MAR 1      1                         0      1        0
  SINCE JAN 1      1                         0      1        0
..................................................................


WIND (MPH)
  RESULTANT WIND SPEED   2   RESULTANT WIND DIRECTION   W (270)
  HIGHEST WIND SPEED    24   HIGHEST WIND DIRECTION     W (250)
  HIGHEST GUST SPEED    30   HIGHEST GUST DIRECTION     W (250)
  AVERAGE WIND SPEED     8.6


SKY COVER
  POSSIBLE SUNSHINE  MM
  AVERAGE SKY COVER 0.0



RELATIVE HUMIDITY (PERCENT)
 HIGHEST    76          1100 PM
 LOWEST     12          1100 AM
 AVERAGE    44

..........................................................


THE CAMPO ASOS CA CLIMATE NORMALS FOR TODAY
                         NORMAL    RECORD    YEAR
 MAXIMUM TEMPERATURE (F)   72        92      1984
 MINIMUM TEMPERATURE (F)   38        27      2008
                                             2003
                                             1998


SUNRISE AND SUNSET
APRIL 16 2014.........SUNRISE   615 AM PDT   SUNSET   717 PM PDT
APRIL 17 2014.........SUNRISE   614 AM PDT   SUNSET   717 PM PDT


-  INDICATES NEGATIVE NUMBERS.
R  INDICATES RECORD WAS SET OR TIED.
MM INDICATES DATA IS MISSING.
T  INDICATES TRACE AMOUNT.




$$
