000
CDUS46 KSGX 222316
CLICZZ


CLIMATE REPORT
NATIONAL WEATHER SERVICE SAN DIEGO, CA
416 PM PDT TUE JUL 22 2014


...................................

...THE CAMPO ASOS CA CLIMATE SUMMARY FOR JULY 22 2014...
VALID TODAY AS OF 0400 PM LOCAL TIME.

CLIMATE NORMAL PERIOD 1981 TO 2010
CLIMATE RECORD PERIOD 1948 TO 2014


WEATHER ITEM   OBSERVED TIME   RECORD YEAR NORMAL DEPARTURE LAST
                VALUE   (LST)  VALUE       VALUE  FROM      YEAR
                                                  NORMAL
..................................................................
TEMPERATURE (F)
 TODAY
  MAXIMUM         93    257 PM 106    2006  94     -1       85
  MINIMUM         46    435 AM  37    1973  53     -7       63
  AVERAGE         70                        74     -4       74

PRECIPITATION (IN)
  TODAY            0.00          0.10 1982   0.01  -0.01     0.00
  MONTH TO DATE    0.14                      0.18  -0.04     0.23
  SINCE JUL 1      0.14                      0.18  -0.04     0.23
  SINCE JAN 1      2.90                     10.33  -7.43     5.01

SNOWFALL (IN)
  TODAY            0.0
  MONTH TO DATE    0.0
  SINCE JAN 1      0.0
  SINCE JUL 1      0.0
  SNOW DEPTH      MM

DEGREE DAYS
 HEATING
  TODAY            0                         0      0        0
  MONTH TO DATE    0                         4     -4        0
  SINCE JUN 1     28                        60    -32       28
  SINCE JUL 1      0                         4     -4        0

 COOLING
  TODAY            5                         9     -4        9
  MONTH TO DATE  163                       169     -6      238
  SINCE JUN 1    223                       261    -38      345
  SINCE JAN 1    275                       291    -16      372
..................................................................


WIND (MPH)
  RESULTANT WIND SPEED   3   RESULTANT WIND DIRECTION   W (250)
  HIGHEST WIND SPEED    20   HIGHEST WIND DIRECTION    SW (210)
  HIGHEST GUST SPEED    24   HIGHEST GUST DIRECTION    SW (220)
  AVERAGE WIND SPEED     7.5


SKY COVER
  POSSIBLE SUNSHINE  MM
  AVERAGE SKY COVER 0.0



RELATIVE HUMIDITY (PERCENT)
 HIGHEST    72          1200 AM
 LOWEST     16          1100 AM
 AVERAGE    44

..........................................................


THE CAMPO ASOS CA CLIMATE NORMALS FOR TOMORROW
                         NORMAL    RECORD    YEAR
 MAXIMUM TEMPERATURE (F)   95       103      2006
 MINIMUM TEMPERATURE (F)   53        39      1987


SUNRISE AND SUNSET
JULY 22 2014..........SUNRISE   553 AM PDT   SUNSET   751 PM PDT
JULY 23 2014..........SUNRISE   554 AM PDT   SUNSET   750 PM PDT


-  INDICATES NEGATIVE NUMBERS.
R  INDICATES RECORD WAS SET OR TIED.
MM INDICATES DATA IS MISSING.
T  INDICATES TRACE AMOUNT.




$$
