000
CDUS46 KSGX 010024
CLICZZ


CLIMATE REPORT
NATIONAL WEATHER SERVICE SAN DIEGO, CA
523 PM PDT SAT APR 30 2016


...................................

...THE CAMPO ASOS CA CLIMATE SUMMARY FOR APRIL 30 2016...
VALID TODAY AS OF 0500 PM LOCAL TIME.

CLIMATE NORMAL PERIOD 1981 TO 2010
CLIMATE RECORD PERIOD 1948 TO 2016


WEATHER ITEM   OBSERVED TIME   RECORD YEAR NORMAL DEPARTURE LAST
                VALUE   (LST)  VALUE       VALUE  FROM      YEAR
                                                  NORMAL
..................................................................
TEMPERATURE (F)
 TODAY
  MAXIMUM         59    359 PM  92    1996  76    -17       89
  MINIMUM         47    920 AM  24    1967  40      7       46
  AVERAGE         53                        58     -5       68

PRECIPITATION (IN)
  TODAY            0.01          0.60 1951   0.02  -0.01     0.00
  MONTH TO DATE    1.71                      0.96   0.75     0.27
  SINCE OCT 1      9.18                     14.08  -4.90     6.62
  SINCE JAN 1      6.23                      9.86  -3.63     2.75

DEGREE DAYS
 HEATING
  TODAY           12                         7      5        0
  MONTH TO DATE  287                       299    -12      288
  SINCE MAR 1    673                       717    -44      583
  SINCE JUL 1   2557                      2768   -211     2219

 COOLING
  TODAY            0                         0      0        3
  MONTH TO DATE    0                         3     -3        5
  SINCE MAR 1      0                         3     -3        5
  SINCE JAN 1      0                         3     -3        5
..................................................................


WIND (MPH)
  RESULTANT WIND SPEED  10   RESULTANT WIND DIRECTION  SW (240)
  HIGHEST WIND SPEED    18   HIGHEST WIND DIRECTION    SW (240)
  HIGHEST GUST SPEED    22   HIGHEST GUST DIRECTION    SW (240)
  AVERAGE WIND SPEED    10.4


SKY COVER
  POSSIBLE SUNSHINE  MM
  AVERAGE SKY COVER 0.0



RELATIVE HUMIDITY (PERCENT)
 HIGHEST    93          1200 AM
 LOWEST     57           400 PM
 AVERAGE    75

..........................................................


THE CAMPO ASOS CA CLIMATE NORMALS FOR TOMORROW
                         NORMAL    RECORD    YEAR
 MAXIMUM TEMPERATURE (F)   76        93      2000
 MINIMUM TEMPERATURE (F)   40        26      1969


SUNRISE AND SUNSET
APRIL 30 2016.........SUNRISE   559 AM PDT   SUNSET   727 PM PDT
MAY  1 2016...........SUNRISE   558 AM PDT   SUNSET   728 PM PDT


-  INDICATES NEGATIVE NUMBERS.
R  INDICATES RECORD WAS SET OR TIED.
MM INDICATES DATA IS MISSING.
T  INDICATES TRACE AMOUNT.




$$
