000
CDUS46 KSGX 150016
CLICZZ


CLIMATE REPORT
NATIONAL WEATHER SERVICE SAN DIEGO, CA
516 PM PDT SUN SEP 14 2014


...................................

...THE CAMPO ASOS CA CLIMATE SUMMARY FOR SEPTEMBER 14 2014...
VALID TODAY AS OF 0500 PM LOCAL TIME.

CLIMATE NORMAL PERIOD 1981 TO 2010
CLIMATE RECORD PERIOD 1948 TO 2014


WEATHER ITEM   OBSERVED TIME   RECORD YEAR NORMAL DEPARTURE LAST
                VALUE   (LST)  VALUE       VALUE  FROM      YEAR
                                                  NORMAL
..................................................................
TEMPERATURE (F)
 TODAY
  MAXIMUM         96    122 PM 101    1951  90      6       97
  MINIMUM         63    433 AM  32    1985  49     14       55
  AVERAGE         80                        70     10       76

PRECIPITATION (IN)
  TODAY            0.00          0.00 2006   0.01  -0.01     0.00
                                      2005
                                      2004
  MONTH TO DATE    0.43                      0.17   0.26     1.51
  SINCE JUL 1      1.05                      1.19  -0.14     1.94
  SINCE JAN 1      3.81                     11.34  -7.53     6.72

SNOWFALL (IN)
  TODAY            0.0
  MONTH TO DATE    0.0
  SINCE JAN 1      0.0
  SINCE JUL 1      0.0
  SNOW DEPTH       0

DEGREE DAYS
 HEATING
  TODAY            0                         1     -1        0
  MONTH TO DATE    0                        12    -12        0
  SINCE SEP 1      0                        12    -12        0
  SINCE JUL 1      2                        26    -24        2

 COOLING
  TODAY           15                         6      9       11
  MONTH TO DATE  130                        97     33      154
  SINCE SEP 1    130                        97     33      154
  SINCE JAN 1    762                       747     15      871
..................................................................


WIND (MPH)
  RESULTANT WIND SPEED   8   RESULTANT WIND DIRECTION   E (70)
  HIGHEST WIND SPEED    23   HIGHEST WIND DIRECTION     E (80)
  HIGHEST GUST SPEED    29   HIGHEST GUST DIRECTION     E (70)
  AVERAGE WIND SPEED     8.8


SKY COVER
  POSSIBLE SUNSHINE  MM
  AVERAGE SKY COVER 0.0



RELATIVE HUMIDITY (PERCENT)
 HIGHEST    63           500 AM
 LOWEST     22           100 PM
 AVERAGE    43

..........................................................


THE CAMPO ASOS CA CLIMATE NORMALS FOR TOMORROW
                         NORMAL    RECORD    YEAR
 MAXIMUM TEMPERATURE (F)   90       102      2000
 MINIMUM TEMPERATURE (F)   49        32      1950


SUNRISE AND SUNSET
SEPTEMBER 14 2014.....SUNRISE   629 AM PDT   SUNSET   653 PM PDT
SEPTEMBER 15 2014.....SUNRISE   630 AM PDT   SUNSET   652 PM PDT


-  INDICATES NEGATIVE NUMBERS.
R  INDICATES RECORD WAS SET OR TIED.
MM INDICATES DATA IS MISSING.
T  INDICATES TRACE AMOUNT.




$$
