000
CDUS46 KSGX 240018
CLICZZ


CLIMATE REPORT
NATIONAL WEATHER SERVICE SAN DIEGO, CA
517 PM PDT SUN JUL 23 2017


...................................

...THE CAMPO ASOS CA CLIMATE SUMMARY FOR JULY 23 2017...
VALID TODAY AS OF 0500 PM LOCAL TIME.

CLIMATE NORMAL PERIOD 1981 TO 2010
CLIMATE RECORD PERIOD 1948 TO 2017


WEATHER ITEM   OBSERVED TIME   RECORD YEAR NORMAL DEPARTURE LAST
                VALUE   (LST)  VALUE       VALUE  FROM      YEAR
                                                  NORMAL
..................................................................
TEMPERATURE (F)
 TODAY
  MAXIMUM         94    113 PM 105    2016  95     -1      105
  MINIMUM         61    526 AM  39    1987  53      8       59
  AVERAGE         78                        74      4       82

PRECIPITATION (IN)
  TODAY            0.00          0.12 1976   0.01  -0.01     0.00
  MONTH TO DATE    0.00                      0.19  -0.19     0.00
  SINCE OCT 1     16.58                     14.56   2.02     9.32
  SINCE JAN 1     11.35                     10.34   1.01     6.37

DEGREE DAYS
 HEATING
  TODAY            0                         0      0        0
  MONTH TO DATE    0                         4     -4        0
  SINCE JUN 1     37                        60    -23       27
  SINCE JUL 1      0                         4     -4        0

 COOLING
  TODAY           13                         9      4       17
  MONTH TO DATE  275                       178     97      181
  SINCE JUN 1    446                       270    176      402
  SINCE JAN 1    473                       300    173      405
..................................................................


WIND (MPH)
  RESULTANT WIND SPEED   5   RESULTANT WIND DIRECTION  SW (210)
  HIGHEST WIND SPEED    22   HIGHEST WIND DIRECTION    SW (220)
  HIGHEST GUST SPEED    26   HIGHEST GUST DIRECTION    SW (240)
  AVERAGE WIND SPEED     9.4


SKY COVER
  POSSIBLE SUNSHINE  MM
  AVERAGE SKY COVER 0.0



RELATIVE HUMIDITY (PERCENT)
 HIGHEST    78           400 AM
 LOWEST     18          1100 AM
 AVERAGE    48

..........................................................


THE CAMPO ASOS CA CLIMATE NORMALS FOR TOMORROW
                         NORMAL    RECORD    YEAR
 MAXIMUM TEMPERATURE (F)   95       105      2014
 MINIMUM TEMPERATURE (F)   53        43      1987


SUNRISE AND SUNSET
JULY 23 2017..........SUNRISE   554 AM PDT   SUNSET   750 PM PDT
JULY 24 2017..........SUNRISE   555 AM PDT   SUNSET   749 PM PDT


-  INDICATES NEGATIVE NUMBERS.
R  INDICATES RECORD WAS SET OR TIED.
MM INDICATES DATA IS MISSING.
T  INDICATES TRACE AMOUNT.




$$
