000
CDUS46 KSGX 291419
CLICZZ


CLIMATE REPORT
NATIONAL WEATHER SERVICE SAN DIEGO, CA
719 AM PDT WED MAR 29 2017


...................................

...THE CAMPO ASOS CA CLIMATE SUMMARY FOR MARCH 28 2017...

CLIMATE NORMAL PERIOD 1981 TO 2010
CLIMATE RECORD PERIOD 1948 TO 2017


WEATHER ITEM   OBSERVED TIME   RECORD YEAR NORMAL DEPARTURE LAST
                VALUE   (LST)  VALUE       VALUE  FROM      YEAR
                                                  NORMAL
..................................................................
TEMPERATURE (F)
 YESTERDAY
  MAXIMUM         71   1210 PM  86    2015  69      2       56
  MINIMUM         33    548 AM  20    1972  36     -3       42
  AVERAGE         52                        52      0       49

PRECIPITATION (IN)
  YESTERDAY        0.00          1.33 1998   0.06  -0.06     0.01
  MONTH TO DATE    0.11                      2.52  -2.41     0.60
  SINCE OCT 1     15.69                     12.95   2.74     7.35
  SINCE JAN 1     10.46                      8.73   1.73     4.40

DEGREE DAYS
 HEATING
  YESTERDAY       13                        13      0       16
  MONTH TO DATE  274                       380   -106      328
  SINCE MAR 1    274                       380   -106      328
  SINCE JUL 1   2184                      2431   -247     2212

 COOLING
  YESTERDAY        0                         0      0        0
  MONTH TO DATE    0                         0      0        0
  SINCE MAR 1      0                         0      0        0
  SINCE JAN 1      0                         0      0        0
..................................................................


WIND (MPH)
  RESULTANT WIND SPEED   1   RESULTANT WIND DIRECTION  SW (230)
  HIGHEST WIND SPEED    16   HIGHEST WIND DIRECTION    SW (220)
  HIGHEST GUST SPEED    21   HIGHEST GUST DIRECTION    SW (220)
  AVERAGE WIND SPEED     6.7


SKY COVER
  POSSIBLE SUNSHINE  MM
  AVERAGE SKY COVER 0.0



RELATIVE HUMIDITY (PERCENT)
 HIGHEST    92           300 AM
 LOWEST     20          1000 AM
 AVERAGE    56

..........................................................


THE CAMPO ASOS CA CLIMATE NORMALS FOR TODAY
                         NORMAL    RECORD    YEAR
 MAXIMUM TEMPERATURE (F)   69        84      1971
 MINIMUM TEMPERATURE (F)   36        19      1972


SUNRISE AND SUNSET
MARCH 29 2017.........SUNRISE   637 AM PDT   SUNSET   704 PM PDT
MARCH 30 2017.........SUNRISE   636 AM PDT   SUNSET   705 PM PDT


-  INDICATES NEGATIVE NUMBERS.
R  INDICATES RECORD WAS SET OR TIED.
MM INDICATES DATA IS MISSING.
T  INDICATES TRACE AMOUNT.




$$
