000
CDUS46 KSGX 131521
CLICZZ


CLIMATE REPORT
NATIONAL WEATHER SERVICE SAN DIEGO, CA
721 AM PST SAT FEB 13 2016


...................................

...THE CAMPO ASOS CA CLIMATE SUMMARY FOR FEBRUARY 12 2016...

CLIMATE NORMAL PERIOD 1981 TO 2010
CLIMATE RECORD PERIOD 1948 TO 2016


WEATHER ITEM   OBSERVED TIME   RECORD YEAR NORMAL DEPARTURE LAST
                VALUE   (LST)  VALUE       VALUE  FROM      YEAR
                                                  NORMAL
..................................................................
TEMPERATURE (F)
 YESTERDAY
  MAXIMUM         83R   156 PM  83    1957  64     19       70
  MINIMUM         31   1218 AM  19    1953  35     -4       51
  AVERAGE         57                        49      8       61

PRECIPITATION (IN)
  YESTERDAY        0.00          1.04 2003   0.11  -0.11     0.00
  MONTH TO DATE    0.20                      1.26  -1.06     0.00
  SINCE OCT 1      6.75                      8.46  -1.71     4.23
  SINCE JAN 1      3.80                      4.24  -0.44     0.36

DEGREE DAYS
 HEATING
  YESTERDAY        8                        16     -8        4
  MONTH TO DATE  156                       192    -36      104
  SINCE DEC 1   1316                      1238     78     1043
  SINCE JUL 1   1732                      1808    -76     1424

 COOLING
  YESTERDAY        0                         0      0        0
  MONTH TO DATE    0                         0      0        0
  SINCE DEC 1      0                         0      0        0
  SINCE JAN 1      0                         0      0        0
..................................................................


WIND (MPH)
  RESULTANT WIND SPEED   5   RESULTANT WIND DIRECTION  NE (60)
  HIGHEST WIND SPEED    17   HIGHEST WIND DIRECTION    SW (220)
  HIGHEST GUST SPEED    21   HIGHEST GUST DIRECTION    NE (50)
  AVERAGE WIND SPEED     7.1


SKY COVER
  POSSIBLE SUNSHINE  MM
  AVERAGE SKY COVER 0.0



RELATIVE HUMIDITY (PERCENT)
 HIGHEST    58          1000 PM
 LOWEST     10           200 PM
 AVERAGE    34

..........................................................


THE CAMPO ASOS CA CLIMATE NORMALS FOR TODAY
                         NORMAL    RECORD    YEAR
 MAXIMUM TEMPERATURE (F)   64        85      1971
 MINIMUM TEMPERATURE (F)   35        19      1964


SUNRISE AND SUNSET
FEBRUARY 13 2016......SUNRISE   631 AM PST   SUNSET   529 PM PST
FEBRUARY 14 2016......SUNRISE   630 AM PST   SUNSET   530 PM PST


-  INDICATES NEGATIVE NUMBERS.
R  INDICATES RECORD WAS SET OR TIED.
MM INDICATES DATA IS MISSING.
T  INDICATES TRACE AMOUNT.




$$
