000
CDUS43 KUNR 250831
CLID07


CLIMATE REPORT
NATIONAL WEATHER SERVICE RAPID CITY SD
131 AM MST SUN FEB 25 2018


...................................

...THE FAITH SD CLIMATE SUMMARY FOR FEBRUARY 24 2018...

CLIMATE NORMAL PERIOD 1981 TO 2010
CLIMATE RECORD PERIOD 9999 TO 9999


WEATHER ITEM   OBSERVED TIME   NORMAL DEPARTURE LAST
                VALUE   (LST)  VALUE  FROM      YEAR
                                      NORMAL
......................................................
TEMPERATURE (F)
 YESTERDAY
  MAXIMUM         20    807 PM  36    -16       30
  MINIMUM         -2   1233 AM  16    -18       16
  AVERAGE          9            26    -17       23

PRECIPITATION (IN)
  YESTERDAY        0.03          0.01   0.02     0.00
  MONTH TO DATE    0.95          0.38   0.57     0.13
  SINCE DEC 1      1.71          0.98   0.73     1.12
  SINCE JAN 1      1.10          0.58   0.52     0.68

DEGREE DAYS
 HEATING
  YESTERDAY       56            39     17       42
  MONTH TO DATE 1415          1007    408      888
  SINCE DEC 1   4157          3753    404     3945
  SINCE JUL 1   5780          5536    244     5196

 COOLING
  YESTERDAY        0             0      0        0
  MONTH TO DATE    0             0      0        0
  SINCE DEC 1      0             0      0        0
  SINCE JAN 1      0             0      0        0
......................................................


WIND (MPH)
  HIGHEST WIND SPEED    24   HIGHEST WIND DIRECTION     W (270)
  HIGHEST GUST SPEED    30   HIGHEST GUST DIRECTION     W (270)
  AVERAGE WIND SPEED    12.6




RELATIVE HUMIDITY (PERCENT)
 HIGHEST   100           700 AM
 LOWEST     67          1100 PM
 AVERAGE    84

..........................................................




SUNRISE AND SUNSET
FEBRUARY 25 2018......SUNRISE   633 AM MST   SUNSET   530 PM MST
FEBRUARY 26 2018......SUNRISE   631 AM MST   SUNSET   531 PM MST


-  INDICATES NEGATIVE NUMBERS.
R  INDICATES RECORD WAS SET OR TIED.
MM INDICATES DATA IS MISSING.
T  INDICATES TRACE AMOUNT.




$$
