357
CDUS43 KUNR 260832
CLID07


CLIMATE REPORT
NATIONAL WEATHER SERVICE RAPID CITY SD
232 AM MDT FRI MAY 26 2017


...................................

...THE FAITH SD CLIMATE SUMMARY FOR MAY 25 2017...

CLIMATE NORMAL PERIOD 1981 TO 2010
CLIMATE RECORD PERIOD 9999 TO 9999


WEATHER ITEM   OBSERVED TIME   NORMAL DEPARTURE LAST
                VALUE   (LST)  VALUE  FROM      YEAR
                                      NORMAL
......................................................
TEMPERATURE (F)
 YESTERDAY
  MAXIMUM         73    229 PM  69      4       70
  MINIMUM         45    428 AM  46     -1       48
  AVERAGE         59            58      1       59

PRECIPITATION (IN)
  YESTERDAY        0.00          0.11  -0.11     0.01
  MONTH TO DATE    1.17          2.45  -1.28     0.37
  SINCE MAR 1      3.22          5.06  -1.84     5.22
  SINCE JAN 1      4.24          5.68  -1.44     6.73

DEGREE DAYS
 HEATING
  YESTERDAY        6             8     -2        6
  MONTH TO DATE  236           277    -41      250
  SINCE MAR 1   1709          1888   -179     1587
  SINCE JUL 1   7060          7576   -516     6533

 COOLING
  YESTERDAY        0             0      0        0
  MONTH TO DATE   12             0     12        2
  SINCE MAR 1     12             1     11        2
  SINCE JAN 1     12             1     11        2
......................................................


WIND (MPH)
  HIGHEST WIND SPEED    30   HIGHEST WIND DIRECTION    NW (310)
  HIGHEST GUST SPEED    38   HIGHEST GUST DIRECTION    NW (300)
  AVERAGE WIND SPEED    16.7




RELATIVE HUMIDITY (PERCENT)
 HIGHEST    93           300 AM
 LOWEST     25          1200 PM
 AVERAGE    59

..........................................................




SUNRISE AND SUNSET
MAY 26 2017...........SUNRISE   508 AM MDT   SUNSET   823 PM MDT
MAY 27 2017...........SUNRISE   508 AM MDT   SUNSET   824 PM MDT


-  INDICATES NEGATIVE NUMBERS.
R  INDICATES RECORD WAS SET OR TIED.
MM INDICATES DATA IS MISSING.
T  INDICATES TRACE AMOUNT.




$$
