000
CDUS43 KUNR 190839
CLID07


CLIMATE REPORT
NATIONAL WEATHER SERVICE RAPID CITY SD
238 AM MDT TUE SEP 19 2017


...................................

...THE FAITH SD CLIMATE SUMMARY FOR SEPTEMBER 18 2017...

CLIMATE NORMAL PERIOD 1981 TO 2010
CLIMATE RECORD PERIOD 9999 TO 9999


WEATHER ITEM   OBSERVED TIME   NORMAL DEPARTURE LAST
                VALUE   (LST)  VALUE  FROM      YEAR
                                      NORMAL
......................................................
TEMPERATURE (F)
 YESTERDAY
  MAXIMUM         78    354 PM  72      6       85
  MINIMUM         39    454 AM  46     -7       53
  AVERAGE         59            59      0       69

PRECIPITATION (IN)
  YESTERDAY        0.00          0.05  -0.05     0.00
  MONTH TO DATE    0.19          0.87  -0.68     1.17
  SINCE SEP 1      0.19          0.87  -0.68     1.17
  SINCE JAN 1      8.66         14.69  -6.03    12.79

DEGREE DAYS
 HEATING
  YESTERDAY        6             7     -1        0
  MONTH TO DATE   68            79    -11       66
  SINCE SEP 1     68            79    -11       66
  SINCE JUL 1     80           112    -32       95

 COOLING
  YESTERDAY        0             1     -1        4
  MONTH TO DATE   84            53     31       42
  SINCE SEP 1     84            53     31       42
  SINCE JAN 1    748           628    120      728
......................................................


WIND (MPH)
  HIGHEST WIND SPEED    22   HIGHEST WIND DIRECTION    SE (120)
  HIGHEST GUST SPEED    27   HIGHEST GUST DIRECTION    SE (130)
  AVERAGE WIND SPEED    11.2




RELATIVE HUMIDITY (PERCENT)
 HIGHEST    MM
 LOWEST     MM
 AVERAGE    MM

..........................................................




SUNRISE AND SUNSET
SEPTEMBER 19 2017.....SUNRISE   632 AM MDT   SUNSET   651 PM MDT
SEPTEMBER 20 2017.....SUNRISE   633 AM MDT   SUNSET   649 PM MDT


-  INDICATES NEGATIVE NUMBERS.
R  INDICATES RECORD WAS SET OR TIED.
MM INDICATES DATA IS MISSING.
T  INDICATES TRACE AMOUNT.




$$
