000
CDUS43 KUNR 300830
CLID07


CLIMATE REPORT
NATIONAL WEATHER SERVICE RAPID CITY SD
230 AM MDT SUN AUG 30 2015


...................................

...THE FAITH SD CLIMATE SUMMARY FOR AUGUST 29 2015...

CLIMATE NORMAL PERIOD 1981 TO 2010
CLIMATE RECORD PERIOD 9999 TO 9999


WEATHER ITEM   OBSERVED TIME   NORMAL DEPARTURE LAST
                VALUE   (LST)  VALUE  FROM      YEAR
                                      NORMAL
......................................................
TEMPERATURE (F)
 YESTERDAY
  MAXIMUM         94    355 PM  83     11       76
  MINIMUM         62    517 AM  55      7       55
  AVERAGE         78            69      9       66

PRECIPITATION (IN)
  YESTERDAY        0.00          0.06  -0.06     0.00
  MONTH TO DATE    2.51          1.52   0.99     5.51
  SINCE JUN 1      5.73          7.41  -1.68    11.87
  SINCE JAN 1     12.97         13.71  -0.74    16.45

DEGREE DAYS
 HEATING
  YESTERDAY        0             2     -2        0
  MONTH TO DATE   29            14     15       22
  SINCE JUN 1     63           116    -53      144
  SINCE JUL 1     29            26      3       39

 COOLING
  YESTERDAY       13             5      8        1
  MONTH TO DATE  208           221    -13      170
  SINCE JUN 1    560           554      6      368
  SINCE JAN 1    562           566     -4      398
......................................................


WIND (MPH)
  HIGHEST WIND SPEED    16   HIGHEST WIND DIRECTION     S (190)
  HIGHEST GUST SPEED    19   HIGHEST GUST DIRECTION     S (190)
  AVERAGE WIND SPEED     9.7




RELATIVE HUMIDITY (PERCENT)
 HIGHEST    68           700 AM
 LOWEST     24           200 PM
 AVERAGE    46

..........................................................




SUNRISE AND SUNSET
AUGUST 30 2015........SUNRISE   607 AM MDT   SUNSET   729 PM MDT
AUGUST 31 2015........SUNRISE   609 AM MDT   SUNSET   727 PM MDT


-  INDICATES NEGATIVE NUMBERS.
R  INDICATES RECORD WAS SET OR TIED.
MM INDICATES DATA IS MISSING.
T  INDICATES TRACE AMOUNT.




$$
