000
CDUS43 KUNR 280842
CLID07


CLIMATE REPORT
NATIONAL WEATHER SERVICE RAPID CITY SD
240 AM MDT SAT MAR 28 2015


...................................

...THE FAITH SD CLIMATE SUMMARY FOR MARCH 27 2015...

CLIMATE NORMAL PERIOD 1981 TO 2010
CLIMATE RECORD PERIOD 9999 TO 9999


WEATHER ITEM   OBSERVED TIME   NORMAL DEPARTURE LAST
                VALUE   (LST)  VALUE  FROM      YEAR
                                      NORMAL
......................................................
TEMPERATURE (F)
 YESTERDAY
  MAXIMUM         69    212 PM  48     21       39
  MINIMUM         31    704 AM  26      5       23
  AVERAGE         50            37     13       31

PRECIPITATION (IN)
  YESTERDAY        0.00          0.05  -0.05     0.00
  MONTH TO DATE    0.15          0.79  -0.64     0.93
  SINCE MAR 1      0.15          0.79  -0.64     0.93
  SINCE JAN 1      0.58          1.41  -0.83     1.83

DEGREE DAYS
 HEATING
  YESTERDAY       15            28    -13       34
  MONTH TO DATE  687           895   -208      989
  SINCE MAR 1    687           895   -208      989
  SINCE JUL 1   6186          6583   -397     7075

 COOLING
  YESTERDAY        0             0      0        0
  MONTH TO DATE    2             0      2        0
  SINCE MAR 1      2             0      2        0
  SINCE JAN 1      2             0      2        0
......................................................


WIND (MPH)
  HIGHEST WIND SPEED    31   HIGHEST WIND DIRECTION     N (340)
  HIGHEST GUST SPEED    39   HIGHEST GUST DIRECTION     N (350)
  AVERAGE WIND SPEED    14.7




RELATIVE HUMIDITY (PERCENT)
 HIGHEST    92           700 AM
 LOWEST     26           200 PM
 AVERAGE    59

..........................................................




SUNRISE AND SUNSET
MARCH 28 2015.........SUNRISE   637 AM MDT   SUNSET   711 PM MDT
MARCH 29 2015.........SUNRISE   635 AM MDT   SUNSET   712 PM MDT


-  INDICATES NEGATIVE NUMBERS.
R  INDICATES RECORD WAS SET OR TIED.
MM INDICATES DATA IS MISSING.
T  INDICATES TRACE AMOUNT.




$$
