000
CDUS42 KMLB 280649
CLIDAB


CLIMATE REPORT
NATIONAL WEATHER SERVICE MELBOURNE FL
239 AM EDT SAT MAR 28 2015


...................................

...THE DAYTONA BEACH CLIMATE SUMMARY FOR MARCH 27 2015...

CLIMATE NORMAL PERIOD 1981 TO 2010
CLIMATE RECORD PERIOD 1923 TO 2015


WEATHER ITEM   OBSERVED TIME   RECORD YEAR NORMAL DEPARTURE LAST
                VALUE   (LST)  VALUE       VALUE  FROM      YEAR
                                                  NORMAL
..................................................................
TEMPERATURE (F)
 YESTERDAY
  MAXIMUM         79   1149 AM  91    2011  76      3       69
                                      1994
  MINIMUM         57   1159 PM  39    2013  56      1       47
                                      2006
                                      1955
  AVERAGE         68                        66      2       58

PRECIPITATION (IN)
  YESTERDAY        0.18          2.81 2003   0.13   0.05     0.00
  MONTH TO DATE    0.86                      3.70  -2.84     3.21
  SINCE MAR 1      0.86                      3.70  -2.84     3.21
  SINCE JAN 1      6.29                      9.22  -2.93     9.79

SNOWFALL (IN)
  YESTERDAY        0.0
  MONTH TO DATE    0.0
  SINCE JUL 1      0.0

DEGREE DAYS
 HEATING
  YESTERDAY        0                         2     -2        7
  MONTH TO DATE   14                        88    -74       75
  SINCE MAR 1     14                        88    -74       75
  SINCE JUL 1    661                       770   -109      588

 COOLING
  YESTERDAY        3                         3      0        0
  MONTH TO DATE  185                        66    119       45
  SINCE MAR 1    185                        66    119       45
  SINCE JAN 1    225                       131     94      129
..................................................................


WIND (MPH)
  HIGHEST WIND SPEED    26   HIGHEST WIND DIRECTION     W (270)
  HIGHEST GUST SPEED    38   HIGHEST GUST DIRECTION     W (270)
  AVERAGE WIND SPEED    11.5


SKY COVER
  AVERAGE SKY COVER 0.8


WEATHER CONDITIONS
 THE FOLLOWING WEATHER WAS RECORDED YESTERDAY.
  HEAVY RAIN
  LIGHT RAIN
  FOG


RELATIVE HUMIDITY (PERCENT)
 HIGHEST   100           600 AM
 LOWEST     62          1200 PM
 AVERAGE    81

..........................................................


THE DAYTONA BEACH CLIMATE NORMALS FOR TODAY
                         NORMAL    RECORD    YEAR
 MAXIMUM TEMPERATURE (F)   76        92      1994
                                             1935
 MINIMUM TEMPERATURE (F)   56        38      2013


SUNRISE AND SUNSET
MARCH 28 2015.........SUNRISE   719 AM EDT   SUNSET   740 PM EDT
MARCH 29 2015.........SUNRISE   718 AM EDT   SUNSET   741 PM EDT


-  INDICATES NEGATIVE NUMBERS.
R  INDICATES RECORD WAS SET OR TIED.
MM INDICATES DATA IS MISSING.
T  INDICATES TRACE AMOUNT.




$$
