000
CDUS42 KMLB 180629
CLIDAB


CLIMATE REPORT
NATIONAL WEATHER SERVICE MELBOURNE FL
229 AM EDT WED OCT 18 2017


...................................

...THE DAYTONA BEACH CLIMATE SUMMARY FOR OCTOBER 17 2017...

CLIMATE NORMAL PERIOD 1981 TO 2010
CLIMATE RECORD PERIOD 1923 TO 2017


WEATHER ITEM   OBSERVED TIME   RECORD YEAR NORMAL DEPARTURE LAST
                VALUE   (LST)  VALUE       VALUE  FROM      YEAR
                                                  NORMAL
..................................................................
TEMPERATURE (F)
 YESTERDAY
  MAXIMUM         80   1139 AM  90    1925  82     -2       84
  MINIMUM         71    459 AM  46    1943  66      5       69
  AVERAGE         76                        74      2       77

PRECIPITATION (IN)
  YESTERDAY        1.74          2.90 1983   0.14   1.60     0.01
  MONTH TO DATE    5.33                      2.72   2.61     7.97
  SINCE SEP 1     15.01                      9.68   5.33    16.21
  SINCE JAN 1     44.68                     42.81   1.87    43.84

SNOWFALL (IN)
  YESTERDAY        0.0
  MONTH TO DATE    0.0
  SINCE JUL 1      0.0

DEGREE DAYS
 HEATING
  YESTERDAY        0                         0      0        0
  MONTH TO DATE    0                         0      0        0
  SINCE SEP 1      0                         0      0        0
  SINCE JUL 1      0                         0      0        0

 COOLING
  YESTERDAY       11                         9      2       12
  MONTH TO DATE  263                       183     80      228
  SINCE SEP 1    745                       619    126      708
  SINCE JAN 1   3172                      2693    479     3173
..................................................................


WIND (MPH)
  HIGHEST WIND SPEED    26   HIGHEST WIND DIRECTION     N (10)
  HIGHEST GUST SPEED    34   HIGHEST GUST DIRECTION     N (20)
  AVERAGE WIND SPEED    14.4


SKY COVER
  AVERAGE SKY COVER 0.9


WEATHER CONDITIONS
 THE FOLLOWING WEATHER WAS RECORDED YESTERDAY.
  HEAVY RAIN
  RAIN
  LIGHT RAIN


RELATIVE HUMIDITY (PERCENT)
 HIGHEST   100           100 AM
 LOWEST     87           600 PM
 AVERAGE    94

..........................................................


THE DAYTONA BEACH CLIMATE NORMALS FOR TODAY
                         NORMAL    RECORD    YEAR
 MAXIMUM TEMPERATURE (F)   82        92      2007
 MINIMUM TEMPERATURE (F)   65        45      1977


SUNRISE AND SUNSET
OCTOBER 18 2017.......SUNRISE   727 AM EDT   SUNSET   651 PM EDT
OCTOBER 19 2017.......SUNRISE   728 AM EDT   SUNSET   650 PM EDT


-  INDICATES NEGATIVE NUMBERS.
R  INDICATES RECORD WAS SET OR TIED.
MM INDICATES DATA IS MISSING.
T  INDICATES TRACE AMOUNT.




$$
