000
CDUS42 KMLB 282020
CLIDAB


CLIMATE REPORT
NATIONAL WEATHER SERVICE MELBOURNE FL
419 PM EDT WED JUN 28 2017


...................................

...THE DAYTONA BEACH CLIMATE SUMMARY FOR JUNE 28 2017...
VALID TODAY AS OF 0400 PM LOCAL TIME.

CLIMATE NORMAL PERIOD 1981 TO 2010
CLIMATE RECORD PERIOD 1923 TO 2017


WEATHER ITEM   OBSERVED TIME   RECORD YEAR NORMAL DEPARTURE LAST
                VALUE   (LST)  VALUE       VALUE  FROM      YEAR
                                                  NORMAL
..................................................................
TEMPERATURE (F)
 TODAY
  MAXIMUM         87    259 PM  99    1954  89     -2       91
  MINIMUM         73    219 AM  63    2012  72      1       75
  AVERAGE         80                        81     -1       83

PRECIPITATION (IN)
  TODAY            0.00          2.93 1963   0.19  -0.19     0.01
  MONTH TO DATE    9.18                      5.45   3.73     3.18
  SINCE JUN 1      9.18                      5.45   3.73     3.18
  SINCE JAN 1     17.41                     20.52  -3.11    23.18

SNOWFALL (IN)
  TODAY            0.0
  MONTH TO DATE    0.0
  SINCE JUL 1      0.0

DEGREE DAYS
 HEATING
  TODAY            0                         0      0        0
  MONTH TO DATE    0                         0      0        0
  SINCE JUN 1      0                         0      0        0
  SINCE JUL 1    401                       809   -408      508

 COOLING
  TODAY           15                        16     -1       18
  MONTH TO DATE  435                       416     19      466
  SINCE JUN 1    435                       416     19      466
  SINCE JAN 1   1252                      1017    235     1240
..................................................................


WIND (MPH)
  HIGHEST WIND SPEED    15   HIGHEST WIND DIRECTION    NE (60)
  HIGHEST GUST SPEED    20   HIGHEST GUST DIRECTION    NE (40)
  AVERAGE WIND SPEED     8.6


SKY COVER
  AVERAGE SKY COVER 0.6


WEATHER CONDITIONS
 THE FOLLOWING WEATHER WAS RECORDED TODAY.
  NO SIGNIFICANT WEATHER WAS OBSERVED.


RELATIVE HUMIDITY (PERCENT)
 HIGHEST   100           100 AM
 LOWEST     68           300 PM
 AVERAGE    84

..........................................................


THE DAYTONA BEACH CLIMATE NORMALS FOR TOMORROW
                         NORMAL    RECORD    YEAR
 MAXIMUM TEMPERATURE (F)   89        98      1998
 MINIMUM TEMPERATURE (F)   73        66      1963


SUNRISE AND SUNSET
JUNE 28 2017..........SUNRISE   628 AM EDT   SUNSET   827 PM EDT
JUNE 29 2017..........SUNRISE   628 AM EDT   SUNSET   827 PM EDT


-  INDICATES NEGATIVE NUMBERS.
R  INDICATES RECORD WAS SET OR TIED.
MM INDICATES DATA IS MISSING.
T  INDICATES TRACE AMOUNT.




$$
