000
CDUS42 KMLB 050652
CLIDAB


CLIMATE REPORT
NATIONAL WEATHER SERVICE MELBOURNE FL
141 AM EST THU MAR 5 2015


...................................

...THE DAYTONA BEACH CLIMATE SUMMARY FOR MARCH 4 2015...

CLIMATE NORMAL PERIOD 1981 TO 2010
CLIMATE RECORD PERIOD 1923 TO 2015


WEATHER ITEM   OBSERVED TIME   RECORD YEAR NORMAL DEPARTURE LAST
                VALUE   (LST)  VALUE       VALUE  FROM      YEAR
                                                  NORMAL
..................................................................
TEMPERATURE (F)
 YESTERDAY
  MAXIMUM         86    407 PM  88    1953  73     13       74
  MINIMUM         64    703 AM  28    1980  53     11       57
  AVERAGE         75                        63     12       66

PRECIPITATION (IN)
  YESTERDAY        0.00          1.01 1993   0.13  -0.13      T
  MONTH TO DATE    T                         0.51  -0.51      T
  SINCE MAR 1      T                         0.51  -0.51      T
  SINCE JAN 1      5.43                      6.03  -0.60     6.58

SNOWFALL (IN)
  YESTERDAY        0.0
  MONTH TO DATE    0.0
  SINCE JUL 1      0.0

DEGREE DAYS
 HEATING
  YESTERDAY        0                         4     -4        0
  MONTH TO DATE    0                        17    -17        6
  SINCE MAR 1      0                        17    -17        6
  SINCE JUL 1    647                       699    -52      519

 COOLING
  YESTERDAY       10                         2      8        1
  MONTH TO DATE   23                         8     15        6
  SINCE MAR 1     23                         8     15        6
  SINCE JAN 1     63                        73    -10       90
..................................................................


WIND (MPH)
  HIGHEST WIND SPEED    16   HIGHEST WIND DIRECTION     S (170)
  HIGHEST GUST SPEED    21   HIGHEST GUST DIRECTION    SW (230)
  AVERAGE WIND SPEED     7.2


SKY COVER
  AVERAGE SKY COVER 0.2


WEATHER CONDITIONS
 THE FOLLOWING WEATHER WAS RECORDED YESTERDAY.
  FOG


RELATIVE HUMIDITY (PERCENT)
 HIGHEST   100           400 AM
 LOWEST     48           200 PM
 AVERAGE    74

..........................................................


THE DAYTONA BEACH CLIMATE NORMALS FOR TODAY
                         NORMAL    RECORD    YEAR
 MAXIMUM TEMPERATURE (F)   73        87      1985
 MINIMUM TEMPERATURE (F)   53        36      2002
                                             1968
                                             1930


SUNRISE AND SUNSET
MARCH  5 2015.........SUNRISE   646 AM EST   SUNSET   626 PM EST
MARCH  6 2015.........SUNRISE   644 AM EST   SUNSET   627 PM EST


-  INDICATES NEGATIVE NUMBERS.
R  INDICATES RECORD WAS SET OR TIED.
MM INDICATES DATA IS MISSING.
T  INDICATES TRACE AMOUNT.




$$
