000
CDUS42 KMLB 190643
CLIDAB


CLIMATE REPORT
NATIONAL WEATHER SERVICE MELBOURNE FL
133 AM EST MON FEB 19 2018


...................................

...THE DAYTONA BEACH CLIMATE SUMMARY FOR FEBRUARY 18 2018...

CLIMATE NORMAL PERIOD 1981 TO 2010
CLIMATE RECORD PERIOD 1923 TO 2018


WEATHER ITEM   OBSERVED TIME   RECORD YEAR NORMAL DEPARTURE LAST
                VALUE   (LST)  VALUE       VALUE  FROM      YEAR
                                                  NORMAL
..................................................................
TEMPERATURE (F)
 YESTERDAY
  MAXIMUM         78    110 PM  87    1944  71      7       78
  MINIMUM         58    316 AM  24    1958  51      7       50
  AVERAGE         68                        61      7       64

PRECIPITATION (IN)
  YESTERDAY        0.00          2.46 1981   0.10  -0.10     0.01
  MONTH TO DATE    0.34                      1.74  -1.40     0.47
  SINCE DEC 1      7.99                      7.11   0.88     3.15
  SINCE JAN 1      6.80                      4.48   2.32     2.45

SNOWFALL (IN)
  YESTERDAY        0.0
  MONTH TO DATE    0.0
  SINCE JUL 1      0.0

DEGREE DAYS
 HEATING
  YESTERDAY        0                         5     -5        1
  MONTH TO DATE   21                       116    -95       50
  SINCE DEC 1    463                       559    -96      264
  SINCE JUL 1    497                       633   -136      301

 COOLING
  YESTERDAY        3                         1      2        0
  MONTH TO DATE   59                        18     41       22
  SINCE DEC 1    155                        98     57      197
  SINCE JAN 1     86                        47     39       89
..................................................................


WIND (MPH)
  HIGHEST WIND SPEED    20   HIGHEST WIND DIRECTION    NE (40)
  HIGHEST GUST SPEED    23   HIGHEST GUST DIRECTION    NE (30)
  AVERAGE WIND SPEED     5.4


SKY COVER
  AVERAGE SKY COVER 0.3


WEATHER CONDITIONS
 THE FOLLOWING WEATHER WAS RECORDED YESTERDAY.
  FOG
  FOG W/VISIBILITY <= 1/4 MILE
  HAZE


RELATIVE HUMIDITY (PERCENT)
 HIGHEST   100           100 AM
 LOWEST     62           100 PM
 AVERAGE    81

..........................................................


THE DAYTONA BEACH CLIMATE NORMALS FOR TODAY
                         NORMAL    RECORD    YEAR
 MAXIMUM TEMPERATURE (F)   71        86      1990
                                             1975
 MINIMUM TEMPERATURE (F)   51        27      1958


SUNRISE AND SUNSET
FEBRUARY 19 2018......SUNRISE   659 AM EST   SUNSET   617 PM EST
FEBRUARY 20 2018......SUNRISE   659 AM EST   SUNSET   618 PM EST


-  INDICATES NEGATIVE NUMBERS.
R  INDICATES RECORD WAS SET OR TIED.
MM INDICATES DATA IS MISSING.
T  INDICATES TRACE AMOUNT.




$$
