000
CDUS42 KMLB 040631
CLIDAB


CLIMATE REPORT
NATIONAL WEATHER SERVICE MELBOURNE FL
230 AM EDT TUE AUG 4 2015


...................................

...THE DAYTONA BEACH CLIMATE SUMMARY FOR AUGUST 3 2015...

CLIMATE NORMAL PERIOD 1981 TO 2010
CLIMATE RECORD PERIOD 1923 TO 2015


WEATHER ITEM   OBSERVED TIME   RECORD YEAR NORMAL DEPARTURE LAST
                VALUE   (LST)  VALUE       VALUE  FROM      YEAR
                                                  NORMAL
..................................................................
TEMPERATURE (F)
 YESTERDAY
  MAXIMUM         84    357 PM  96    1956  90     -6       89
  MINIMUM         73    433 AM  67    1938  73      0       76
  AVERAGE         79                        82     -3       83

PRECIPITATION (IN)
  YESTERDAY        0.06          1.69 2002   0.19  -0.13     0.15
  MONTH TO DATE    1.27                      0.57   0.70     0.18
  SINCE JUN 1     10.70                     12.23  -1.53    11.36
  SINCE JAN 1     25.04                     27.30  -2.26    31.11

SNOWFALL (IN)
  YESTERDAY        0.0
  MONTH TO DATE    0.0
  SINCE JUL 1      0.0

DEGREE DAYS
 HEATING
  YESTERDAY        0                         0      0        0
  MONTH TO DATE    0                         0      0        0
  SINCE JUN 1      0                         0      0        0
  SINCE JUL 1      0                         0      0        0

 COOLING
  YESTERDAY       14                        17     -3       18
  MONTH TO DATE   48                        51     -3       55
  SINCE JUN 1   1093                      1013     80     1017
  SINCE JAN 1   2006                      1614    392     1683
..................................................................


WIND (MPH)
  HIGHEST WIND SPEED    23   HIGHEST WIND DIRECTION    SW (230)
  HIGHEST GUST SPEED    31   HIGHEST GUST DIRECTION    SW (220)
  AVERAGE WIND SPEED    11.8


SKY COVER
  AVERAGE SKY COVER 0.9


WEATHER CONDITIONS
 THE FOLLOWING WEATHER WAS RECORDED YESTERDAY.
  LIGHT RAIN
  FOG


RELATIVE HUMIDITY (PERCENT)
 HIGHEST    94          1200 PM
 LOWEST     69           500 PM
 AVERAGE    82

..........................................................


THE DAYTONA BEACH CLIMATE NORMALS FOR TODAY
                         NORMAL    RECORD    YEAR
 MAXIMUM TEMPERATURE (F)   90        98      1970
 MINIMUM TEMPERATURE (F)   74        63      1938


SUNRISE AND SUNSET
AUGUST  4 2015........SUNRISE   646 AM EDT   SUNSET   814 PM EDT
AUGUST  5 2015........SUNRISE   647 AM EDT   SUNSET   813 PM EDT


-  INDICATES NEGATIVE NUMBERS.
R  INDICATES RECORD WAS SET OR TIED.
MM INDICATES DATA IS MISSING.
T  INDICATES TRACE AMOUNT.




$$
