000
CDUS42 KMLB 260641
CLIDAB


CLIMATE REPORT
NATIONAL WEATHER SERVICE MELBOURNE FL
140 AM EST WED NOV 26 2014


...................................

...THE DAYTONA BEACH CLIMATE SUMMARY FOR NOVEMBER 25 2014...

CLIMATE NORMAL PERIOD 1981 TO 2010
CLIMATE RECORD PERIOD 1923 TO 2014


WEATHER ITEM   OBSERVED TIME   RECORD YEAR NORMAL DEPARTURE LAST
                VALUE   (LST)  VALUE       VALUE  FROM      YEAR
                                                  NORMAL
..................................................................
TEMPERATURE (F)
 YESTERDAY
  MAXIMUM         75    927 AM  86    1992  74      1       74
  MINIMUM         68    146 PM  28    1950  55     13       64
  AVERAGE         72                        65      7       69

PRECIPITATION (IN)
  YESTERDAY        6.22R         2.43 1972   0.08   6.14     0.00
  MONTH TO DATE    8.82                      2.26   6.56     2.60
  SINCE SEP 1     27.55                     13.43  14.12    10.63
  SINCE JAN 1     60.72                     46.56  14.16    45.85

SNOWFALL (IN)
  YESTERDAY        0.0
  MONTH TO DATE    0.0
  SINCE JUL 1      0.0

DEGREE DAYS
 HEATING
  YESTERDAY        0                         3     -3        0
  MONTH TO DATE   93                        48     45        2
  SINCE SEP 1     93                        56     37        3
  SINCE JUL 1     93                        56     37        3

 COOLING
  YESTERDAY        7                         3      4        4
  MONTH TO DATE   74                       103    -29      168
  SINCE SEP 1    790                       825    -35      932
  SINCE JAN 1   2982                      2899     83     3128
..................................................................


WIND (MPH)
  HIGHEST WIND SPEED    20   HIGHEST WIND DIRECTION     W (280)
  HIGHEST GUST SPEED    28   HIGHEST GUST DIRECTION     W (290)
  AVERAGE WIND SPEED     5.4


SKY COVER
  AVERAGE SKY COVER 0.9


WEATHER CONDITIONS
 THE FOLLOWING WEATHER WAS RECORDED YESTERDAY.
  THUNDERSTORM
  HEAVY RAIN
  RAIN
  LIGHT RAIN
  FOG
  FOG W/VISIBILITY <= 1/4 MILE


RELATIVE HUMIDITY (PERCENT)
 HIGHEST   100           900 PM
 LOWEST     84          1200 AM
 AVERAGE    92

..........................................................


THE DAYTONA BEACH CLIMATE NORMALS FOR TODAY
                         NORMAL    RECORD    YEAR
 MAXIMUM TEMPERATURE (F)   74        85      1992
 MINIMUM TEMPERATURE (F)   55        27      1950


SUNRISE AND SUNSET
NOVEMBER 26 2014......SUNRISE   657 AM EST   SUNSET   526 PM EST
NOVEMBER 27 2014......SUNRISE   657 AM EST   SUNSET   526 PM EST


-  INDICATES NEGATIVE NUMBERS.
R  INDICATES RECORD WAS SET OR TIED.
MM INDICATES DATA IS MISSING.
T  INDICATES TRACE AMOUNT.




$$
