000
CDUS42 KMLB 160635
CLIDAB


CLIMATE REPORT
NATIONAL WEATHER SERVICE MELBOURNE
235 AM EDT WED APR 16 2014


...................................

...THE DAYTONA BEACH CLIMATE SUMMARY FOR APRIL 15 2014...

CLIMATE NORMAL PERIOD 1981 TO 2010
CLIMATE RECORD PERIOD 1923 TO 2014


WEATHER ITEM   OBSERVED TIME   RECORD YEAR NORMAL DEPARTURE LAST
                VALUE   (LST)  VALUE       VALUE  FROM      YEAR
                                                  NORMAL
..................................................................
TEMPERATURE (F)
 YESTERDAY
  MAXIMUM         85   1118 AM  94    1999  79      6       86
  MINIMUM         58   1159 PM  38    1935  58      0       65
  AVERAGE         72                        69      3       76

PRECIPITATION (IN)
  YESTERDAY        0.56          2.46 1929   0.06   0.50     0.00
  MONTH TO DATE    1.63                      1.27   0.36     1.50
  SINCE MAR 1      6.35                      5.51   0.84     2.32
  SINCE JAN 1     12.93                     11.03   1.90     4.20

SNOWFALL (IN)
  YESTERDAY        0.0
  MONTH TO DATE    0.0
  SINCE JUL 1      0.0

DEGREE DAYS
 HEATING
  YESTERDAY        0                         1     -1        0
  MONTH TO DATE    3                        18    -15        2
  SINCE MAR 1     83                       115    -32      228
  SINCE JUL 1    596                       797   -201      694

 COOLING
  YESTERDAY        7                         5      2       11
  MONTH TO DATE   83                        59     24       90
  SINCE MAR 1    142                       136      6      127
  SINCE JAN 1    226                       201     25      260
..................................................................


WIND (MPH)
  HIGHEST WIND SPEED    29   HIGHEST WIND DIRECTION     W (280)
  HIGHEST GUST SPEED    35   HIGHEST GUST DIRECTION     W (280)
  AVERAGE WIND SPEED     8.7


SKY COVER
  AVERAGE SKY COVER 0.8


WEATHER CONDITIONS
 THE FOLLOWING WEATHER WAS RECORDED YESTERDAY.
  THUNDERSTORM
  HEAVY RAIN
  RAIN
  LIGHT RAIN
  FOG
  HAZE


RELATIVE HUMIDITY (PERCENT)
 HIGHEST   100          1200 AM
 LOWEST     55          1100 AM
 AVERAGE    78

..........................................................


THE DAYTONA BEACH CLIMATE NORMALS FOR TODAY
                         NORMAL    RECORD    YEAR
 MAXIMUM TEMPERATURE (F)   79        92      1972
                                             1936
 MINIMUM TEMPERATURE (F)   59        42      1952
                                             1943


SUNRISE AND SUNSET
APRIL 16 2014.........SUNRISE   657 AM EDT   SUNSET   751 PM EDT
APRIL 17 2014.........SUNRISE   656 AM EDT   SUNSET   752 PM EDT


-  INDICATES NEGATIVE NUMBERS.
R  INDICATES RECORD WAS SET OR TIED.
MM INDICATES DATA IS MISSING.
T  INDICATES TRACE AMOUNT.




$$
