279
CDUS42 KMLB 052117
CLIDAB


CLIMATE REPORT
NATIONAL WEATHER SERVICE MELBOURNE FL
417 PM EST MON DEC 5 2016


...................................

...THE DAYTONA BEACH CLIMATE SUMMARY FOR DECEMBER 5 2016...
VALID TODAY AS OF 0400 PM LOCAL TIME.

CLIMATE NORMAL PERIOD 1981 TO 2010
CLIMATE RECORD PERIOD 1923 TO 2016


WEATHER ITEM   OBSERVED TIME   RECORD YEAR NORMAL DEPARTURE LAST
                VALUE   (LST)  VALUE       VALUE  FROM      YEAR
                                                  NORMAL
..................................................................
TEMPERATURE (F)
 TODAY
  MAXIMUM         85R   243 PM  83    2013  72     13       77
                                      1984
  MINIMUM         66    645 AM  35    1968  53     13       66
  AVERAGE         76                        63     13       72

PRECIPITATION (IN)
  TODAY            0.00          1.12 1941   0.08  -0.08     0.10
  MONTH TO DATE    0.00                      0.38  -0.38     0.15
  SINCE DEC 1      0.00                      0.38  -0.38     0.15
  SINCE JAN 1     43.94                     47.37  -3.43    43.50

SNOWFALL (IN)
  TODAY            0.0
  MONTH TO DATE    0.0
  SINCE JUL 1      0.0

DEGREE DAYS
 HEATING
  TODAY            0                         5     -5        0
  MONTH TO DATE    8                        21    -13        0
  SINCE DEC 1      8                        21    -13        0
  SINCE JUL 1     45                        95    -50       12

 COOLING
  TODAY           11                         2      9        7
  MONTH TO DATE   22                        10     12       32
  SINCE DEC 1     22                        10     12       32
  SINCE JAN 1   3401                      2922    479     3580
..................................................................


WIND (MPH)
  HIGHEST WIND SPEED    17   HIGHEST WIND DIRECTION    SW (220)
  HIGHEST GUST SPEED    21   HIGHEST GUST DIRECTION     S (180)
  AVERAGE WIND SPEED     8.7


SKY COVER
  AVERAGE SKY COVER 0.4


WEATHER CONDITIONS
 THE FOLLOWING WEATHER WAS RECORDED TODAY.
  FOG


RELATIVE HUMIDITY (PERCENT)
 HIGHEST   100           400 AM
 LOWEST     59           200 PM
 AVERAGE    80

..........................................................


THE DAYTONA BEACH CLIMATE NORMALS FOR TOMORROW
                         NORMAL    RECORD    YEAR
 MAXIMUM TEMPERATURE (F)   72        85      1972
 MINIMUM TEMPERATURE (F)   53        34      1962


SUNRISE AND SUNSET
DECEMBER  5 2016......SUNRISE   704 AM EST   SUNSET   526 PM EST
DECEMBER  6 2016......SUNRISE   705 AM EST   SUNSET   526 PM EST


-  INDICATES NEGATIVE NUMBERS.
R  INDICATES RECORD WAS SET OR TIED.
MM INDICATES DATA IS MISSING.
T  INDICATES TRACE AMOUNT.




$$
