869
CDUS41 KRNK 270934
CLIDAN


CLIMATE REPORT
NATIONAL WEATHER SERVICE BLACKSBURG VA
431 AM EST MON FEB 27 2017


...................................

...THE DANVILLE VA CLIMATE SUMMARY FOR FEBRUARY 26 2017...

CLIMATE NORMAL PERIOD 1981 TO 2010
CLIMATE RECORD PERIOD 1948 TO 2017


WEATHER ITEM   OBSERVED TIME   RECORD YEAR NORMAL DEPARTURE LAST
                VALUE   (LST)  VALUE       VALUE  FROM      YEAR
                                                  NORMAL
..................................................................
TEMPERATURE (F)
 YESTERDAY
  MAXIMUM         54    445 PM  79    2000  53      1       47
  MINIMUM         29   1159 PM   8    1967  34     -5       27
  AVERAGE         42                        43     -1       37

PRECIPITATION (IN)
  YESTERDAY        0.00          1.07 1992   0.09  -0.09     0.00
  MONTH TO DATE    0.89                      2.81  -1.92     4.31
  SINCE DEC 1      6.39                      9.50  -3.11    12.41
  SINCE JAN 1      4.77                      6.23  -1.46     6.85

SNOWFALL (IN)
  YESTERDAY        0.0                                       0.0
  MONTH TO DATE    T                                         1.9
  SINCE DEC 1      8.8                                      11.1
  SINCE JUL 1      8.8                                      11.1
  SNOW DEPTH       0

DEGREE DAYS
 HEATING
  YESTERDAY       23                        22      1       28
  MONTH TO DATE  416                       632   -216      593
  SINCE DEC 1   1856                      2251   -395     1867
  SINCE JUL 1   2426                      2960   -534     2409

 COOLING
  YESTERDAY        0                         0      0        0
  MONTH TO DATE    5                         0      5        0
  SINCE DEC 1      5                         0      5       11
  SINCE JAN 1      5                         0      5        0
..................................................................


WIND (MPH)
  HIGHEST WIND SPEED    16   HIGHEST WIND DIRECTION    NW (300)
  HIGHEST GUST SPEED    23   HIGHEST GUST DIRECTION    NW (310)
  AVERAGE WIND SPEED     5.3


SKY COVER
  AVERAGE SKY COVER 0.0


WEATHER CONDITIONS
 THE FOLLOWING WEATHER WAS RECORDED YESTERDAY.
  NO SIGNIFICANT WEATHER WAS OBSERVED.


RELATIVE HUMIDITY (PERCENT)
 HIGHEST    72          1100 PM
 LOWEST     22           500 PM
 AVERAGE    47

..........................................................


THE DANVILLE VA CLIMATE NORMALS FOR TODAY
                         NORMAL    RECORD    YEAR
 MAXIMUM TEMPERATURE (F)   53        85      1977
 MINIMUM TEMPERATURE (F)   34         8      1963


SUNRISE AND SUNSET
FEBRUARY 27 2017......SUNRISE   650 AM EST   SUNSET   610 PM EST
FEBRUARY 28 2017......SUNRISE   649 AM EST   SUNSET   611 PM EST


-  INDICATES NEGATIVE NUMBERS.
R  INDICATES RECORD WAS SET OR TIED.
MM INDICATES DATA IS MISSING.
T  INDICATES TRACE AMOUNT.

$$

RAB
