000
CDUS41 KRNK 170918
CLIDAN


CLIMATE REPORT
NATIONAL WEATHER SERVICE BLACKSBURG VA
417 AM EST TUE JAN 17 2017


...................................

...THE DANVILLE VA CLIMATE SUMMARY FOR JANUARY 16 2017...

CLIMATE NORMAL PERIOD 1981 TO 2010
CLIMATE RECORD PERIOD 1948 TO 2017


WEATHER ITEM   OBSERVED TIME   RECORD YEAR NORMAL DEPARTURE LAST
                VALUE   (LST)  VALUE       VALUE  FROM      YEAR
                                                  NORMAL
..................................................................
TEMPERATURE (F)
 YESTERDAY
  MAXIMUM         52    411 PM  73    1953  46      6       59
  MINIMUM         40   1132 PM   3    1972  29     11       35
  AVERAGE         46                        38      8       47

PRECIPITATION (IN)
  YESTERDAY        0.00          1.74 1998   0.11  -0.11     0.00
  MONTH TO DATE    1.96                      1.77   0.19     1.38
  SINCE DEC 1      3.58                      5.04  -1.46     6.94
  SINCE JAN 1      1.96                      1.77   0.19     1.38

SNOWFALL (IN)
  YESTERDAY        0.0                                       0.0
  MONTH TO DATE    8.8                                       0.0
  SINCE DEC 1      8.8                                       0.0
  SINCE JUL 1      8.8                                       0.0
  SNOW DEPTH       0

DEGREE DAYS
 HEATING
  YESTERDAY       19                        28     -9       18
  MONTH TO DATE  418                       443    -25      421
  SINCE DEC 1   1152                      1216    -64      812
  SINCE JUL 1   1722                      1925   -203     1354

 COOLING
  YESTERDAY        0                         0      0        0
  MONTH TO DATE    0                         0      0        0
  SINCE DEC 1      0                         0      0       11
  SINCE JAN 1      0                         0      0        0
..................................................................


WIND (MPH)
  HIGHEST WIND SPEED     8   HIGHEST WIND DIRECTION    NE (60)
  HIGHEST GUST SPEED    10   HIGHEST GUST DIRECTION     E (90)
  AVERAGE WIND SPEED     2.9


SKY COVER
  AVERAGE SKY COVER 0.7


WEATHER CONDITIONS
 THE FOLLOWING WEATHER WAS RECORDED YESTERDAY.
  NO SIGNIFICANT WEATHER WAS OBSERVED.


RELATIVE HUMIDITY (PERCENT)
 HIGHEST    85          1100 PM
 LOWEST     54           300 PM
 AVERAGE    70

..........................................................


THE DANVILLE VA CLIMATE NORMALS FOR TODAY
                         NORMAL    RECORD    YEAR
 MAXIMUM TEMPERATURE (F)   46        72      1974
 MINIMUM TEMPERATURE (F)   29         0      1977


SUNRISE AND SUNSET
JANUARY 17 2017.......SUNRISE   728 AM EST   SUNSET   528 PM EST
JANUARY 18 2017.......SUNRISE   727 AM EST   SUNSET   529 PM EST


-  INDICATES NEGATIVE NUMBERS.
R  INDICATES RECORD WAS SET OR TIED.
MM INDICATES DATA IS MISSING.
T  INDICATES TRACE AMOUNT.




$$
