000
CDUS41 KRNK 102127
CLIDAN


CLIMATE REPORT
NATIONAL WEATHER SERVICE BLACKSBURG VA
524 PM EDT THU JUL 10 2014


...................................

...THE DANVILLE VA CLIMATE SUMMARY FOR JULY 10 2014...
VALID TODAY AS OF 0500 PM LOCAL TIME.

CLIMATE NORMAL PERIOD 1981 TO 2010
CLIMATE RECORD PERIOD 1948 TO 2014


WEATHER ITEM   OBSERVED TIME   RECORD YEAR NORMAL DEPARTURE LAST
                VALUE   (LST)  VALUE       VALUE  FROM      YEAR
                                                  NORMAL
..................................................................
TEMPERATURE (F)
 TODAY
  MAXIMUM         82    359 PM 105    1990  88     -6       88
  MINIMUM         69    334 AM  53    1961  68      1       71
  AVERAGE         76                        78     -2

PRECIPITATION (IN)
  TODAY            1.28          1.87 2007   0.16   1.12     0.24
  MONTH TO DATE    2.13                      1.37   0.76     3.20
  SINCE JUN 1      3.36                      5.22  -1.86     9.14
  SINCE JAN 1     21.92                     23.10  -1.18    29.35

SNOWFALL (IN)
  TODAY            0.0
  MONTH TO DATE    0.0
  SINCE JUN 1      0.0
  SINCE JUL 1      0.0
  SNOW DEPTH       0

DEGREE DAYS
 HEATING
  TODAY            0                         0      0
  MONTH TO DATE    0                         0      0
  SINCE JUN 1      0                         3     -3
  SINCE JUL 1      0                         0      0

 COOLING
  TODAY           11                        13     -2
  MONTH TO DATE  142                       130     12
  SINCE JUN 1    487                       427     60
  SINCE JAN 1    648                       571     77
..................................................................


WIND (MPH)
  HIGHEST WIND SPEED     9   HIGHEST WIND DIRECTION    NW (320)
  HIGHEST GUST SPEED    12   HIGHEST GUST DIRECTION     W (290)
  AVERAGE WIND SPEED     0.6


SKY COVER
  POSSIBLE SUNSHINE  MM
  AVERAGE SKY COVER 0.7


WEATHER CONDITIONS
 THE FOLLOWING WEATHER WAS RECORDED TODAY.
  THUNDERSTORM
  HEAVY RAIN
  RAIN
  LIGHT RAIN
  FOG


RELATIVE HUMIDITY (PERCENT)
 HIGHEST    93          1200 PM
 LOWEST     69           300 PM
 AVERAGE    81

..........................................................


THE DANVILLE VA CLIMATE NORMALS FOR TOMORROW
                         NORMAL    RECORD    YEAR
 MAXIMUM TEMPERATURE (F)   88       101      1990
 MINIMUM TEMPERATURE (F)   69        50      1963


SUNRISE AND SUNSET
JULY 10 2014..........SUNRISE   607 AM EDT   SUNSET   838 PM EDT
JULY 11 2014..........SUNRISE   608 AM EDT   SUNSET   837 PM EDT


-  INDICATES NEGATIVE NUMBERS.
R  INDICATES RECORD WAS SET OR TIED.
MM INDICATES DATA IS MISSING.
T  INDICATES TRACE AMOUNT.



$$
