407
CDUS41 KRNK 242218
CLIDAN


CLIMATE REPORT
NATIONAL WEATHER SERVICE BLACKSBURG VA
517 PM EST SAT FEB 24 2018


...................................

...THE DANVILLE VA CLIMATE SUMMARY FOR FEBRUARY 24 2018...
VALID TODAY AS OF 0500 PM LOCAL TIME.

CLIMATE NORMAL PERIOD 1981 TO 2010
CLIMATE RECORD PERIOD 1948 TO 2018


WEATHER ITEM   OBSERVED TIME   RECORD YEAR NORMAL DEPARTURE LAST
                VALUE   (LST)  VALUE       VALUE  FROM      YEAR
                                                  NORMAL
..................................................................
TEMPERATURE (F)
 TODAY
  MAXIMUM         78    418 PM  79    2012  53     25       76
  MINIMUM         42    737 AM  18    2009  33      9       44
                                      1978
  AVERAGE         60                        43     17       60

PRECIPITATION (IN)
  TODAY            0.00          1.12 1994   0.10  -0.10     0.00
  MONTH TO DATE    2.27                      2.62  -0.35     0.81
  SINCE DEC 1      5.84                      9.31  -3.47     6.31
  SINCE JAN 1      5.10                      6.04  -0.94     4.69

SNOWFALL (IN)
  TODAY            0.0                                       0.0
  MONTH TO DATE    T                                          T
  SINCE DEC 1     13.7                                       8.8
  SINCE JUL 1     13.7                                       8.8
  SNOW DEPTH       0

DEGREE DAYS
 HEATING
  TODAY            5                        22    -17        5
  MONTH TO DATE  427                       588   -161      389
  SINCE DEC 1   1888                      2207   -319     1829
  SINCE JUL 1   2610                      2916   -306     2399

 COOLING
  TODAY            0                         0      0        0
  MONTH TO DATE    0                         0      0        5
  SINCE DEC 1      0                         0      0        5
  SINCE JAN 1      0                         0      0        5
..................................................................


WIND (MPH)
  HIGHEST WIND SPEED    20   HIGHEST WIND DIRECTION    SW (230)
  HIGHEST GUST SPEED    25   HIGHEST GUST DIRECTION    SW (230)
  AVERAGE WIND SPEED     3.5


SKY COVER
  AVERAGE SKY COVER 0.7


WEATHER CONDITIONS
 THE FOLLOWING WEATHER WAS RECORDED TODAY.
  FOG
  FOG W/VISIBILITY <= 1/4 MILE


RELATIVE HUMIDITY (PERCENT)
 HIGHEST   100          1200 AM
 LOWEST     58           400 PM
 AVERAGE    79

..........................................................


THE DANVILLE VA CLIMATE NORMALS FOR TOMORROW
                         NORMAL    RECORD    YEAR
 MAXIMUM TEMPERATURE (F)   53        81      1982
 MINIMUM TEMPERATURE (F)   33         9      1967


SUNRISE AND SUNSET
FEBRUARY 24 2018......SUNRISE   654 AM EST   SUNSET   607 PM EST
FEBRUARY 25 2018......SUNRISE   653 AM EST   SUNSET   608 PM EST


-  INDICATES NEGATIVE NUMBERS.
R  INDICATES RECORD WAS SET OR TIED.
MM INDICATES DATA IS MISSING.
T  INDICATES TRACE AMOUNT.

REMARKS:
DUE TO MISSING DATA FROM JANUARY 4-9 AND 21-22...ALL INFORMATION
WILL BE CALCULATED WITHOUT DATA FROM THESE DATES.

$$
