875
CDUS41 KRNK 240643
CLIDAN


CLIMATE REPORT
NATIONAL WEATHER SERVICE BLACKSBURG VA
234 AM EDT TUE MAY 24 2016


...................................

...THE DANVILLE VA CLIMATE SUMMARY FOR MAY 23 2016...

CLIMATE NORMAL PERIOD 1981 TO 2010
CLIMATE RECORD PERIOD 1948 TO 2016


WEATHER ITEM   OBSERVED TIME   RECORD YEAR NORMAL DEPARTURE LAST
                VALUE   (LST)  VALUE       VALUE  FROM      YEAR
                                                  NORMAL
..................................................................
TEMPERATURE (F)
 YESTERDAY
  MAXIMUM         71    346 PM  95    1953  79     -8       78
  MINIMUM         51   1157 PM  36    2002  58     -7       48
  AVERAGE         61                        68     -7       63

PRECIPITATION (IN)
  YESTERDAY        T             1.85 1955   0.13  -0.13     0.00
  MONTH TO DATE    7.22                      2.77   4.45     1.09
  SINCE MAR 1     12.35                     10.34   2.01     6.06
  SINCE JAN 1     19.20                     16.77   2.43     9.85

SNOWFALL (IN)
  YESTERDAY        0.0                                       0.0
  MONTH TO DATE    0.0                                       0.0
  SINCE MAR 1      0.0                                        T
  SINCE JUL 1     11.1                                       9.8
  SNOW DEPTH       0

DEGREE DAYS
 HEATING
  YESTERDAY        4                         1      3        2
  MONTH TO DATE   79                        61     18       24
  SINCE MAR 1    599                       803   -204      680
  SINCE JUL 1   3061                      3804   -743     3774

 COOLING
  YESTERDAY        0                         4     -4        0
  MONTH TO DATE   38                        67    -29      118
  SINCE MAR 1     85                       101    -16      152
  SINCE JAN 1     85                       101    -16      152
..................................................................


WIND (MPH)
  HIGHEST WIND SPEED    16   HIGHEST WIND DIRECTION     N (10)
  HIGHEST GUST SPEED    25   HIGHEST GUST DIRECTION    NE (30)
  AVERAGE WIND SPEED     5.8


SKY COVER
  AVERAGE SKY COVER 0.7


WEATHER CONDITIONS
 THE FOLLOWING WEATHER WAS RECORDED YESTERDAY.
  LIGHT RAIN


RELATIVE HUMIDITY (PERCENT)
 HIGHEST   100          1100 PM
 LOWEST     52           600 PM
 AVERAGE    76

..........................................................


THE DANVILLE VA CLIMATE NORMALS FOR TODAY
                         NORMAL    RECORD    YEAR
 MAXIMUM TEMPERATURE (F)   79        93      1964
 MINIMUM TEMPERATURE (F)   58        41      2006
                                             1961


SUNRISE AND SUNSET
MAY 24 2016...........SUNRISE   604 AM EDT   SUNSET   825 PM EDT
MAY 25 2016...........SUNRISE   603 AM EDT   SUNSET   826 PM EDT


-  INDICATES NEGATIVE NUMBERS.
R  INDICATES RECORD WAS SET OR TIED.
MM INDICATES DATA IS MISSING.
T  INDICATES TRACE AMOUNT.

REMARKS

DUE TO A SENSOR FAILURE CAUSING MISSING TEMPERATURES ON FEBRUARY
25...THE SEASONAL HEATING DEGREE DAY TOTAL AND DEPARTURE FROM
NORMAL WILL BE CALCULATED WITHOUT DATA FROM THIS DATE.

$$
