000
CDUS41 KRNK 230859
CLIDAN


CLIMATE REPORT
NATIONAL WEATHER SERVICE BLACKSBURG VA
356 AM EST THU NOV 23 2017


...................................

...THE DANVILLE VA CLIMATE SUMMARY FOR NOVEMBER 22 2017...

CLIMATE NORMAL PERIOD 1981 TO 2010
CLIMATE RECORD PERIOD 1948 TO 2017


WEATHER ITEM   OBSERVED TIME   RECORD YEAR NORMAL DEPARTURE LAST
                VALUE   (LST)  VALUE       VALUE  FROM      YEAR
                                                  NORMAL
..................................................................
TEMPERATURE (F)
 YESTERDAY
  MAXIMUM         61    156 PM  75    2003  58      3       56
  MINIMUM         32   1159 PM  17    2008  36     -4       24
  AVERAGE         47                        47      0       40

PRECIPITATION (IN)
  YESTERDAY        0.01          2.10 1994   0.11  -0.10     0.00
  MONTH TO DATE    2.07                      2.49  -0.42     0.04
  SINCE SEP 1      7.59                      9.98  -2.39     7.96
  SINCE JAN 1     41.69                     40.27   1.42    44.22

SNOWFALL (IN)
  YESTERDAY        0.0                                       0.0
  MONTH TO DATE    0.0                                       0.0
  SINCE SEP 1      0.0                                       0.0
  SINCE JUL 1      0.0                                       0.0
  SNOW DEPTH       0

DEGREE DAYS
 HEATING
  YESTERDAY       18                        18      0       25
  MONTH TO DATE  356                       317     39      325
  SINCE SEP 1    555                       550      5      461
  SINCE JUL 1    555                       550      5      461

 COOLING
  YESTERDAY        0                         0      0        0
  MONTH TO DATE    0                         0      0        5
  SINCE SEP 1    227                       209     18      343
  SINCE JAN 1   1401                      1436    -35     1648
..................................................................


WIND (MPH)
  HIGHEST WIND SPEED    18   HIGHEST WIND DIRECTION     N (350)
  HIGHEST GUST SPEED    25   HIGHEST GUST DIRECTION     N (350)
  AVERAGE WIND SPEED     7.2


SKY COVER
  AVERAGE SKY COVER 0.3


WEATHER CONDITIONS
 THE FOLLOWING WEATHER WAS RECORDED YESTERDAY.
  RAIN
  FOG


RELATIVE HUMIDITY (PERCENT)
 HIGHEST   100           200 AM
 LOWEST     31           300 PM
 AVERAGE    66

..........................................................


THE DANVILLE VA CLIMATE NORMALS FOR TODAY
                         NORMAL    RECORD    YEAR
 MAXIMUM TEMPERATURE (F)   57        75      1979
 MINIMUM TEMPERATURE (F)   36        19      1981


SUNRISE AND SUNSET
NOVEMBER 23 2017......SUNRISE   703 AM EST   SUNSET   504 PM EST
NOVEMBER 24 2017......SUNRISE   704 AM EST   SUNSET   504 PM EST


-  INDICATES NEGATIVE NUMBERS.
R  INDICATES RECORD WAS SET OR TIED.
MM INDICATES DATA IS MISSING.
T  INDICATES TRACE AMOUNT.

REMARKS:
DUE TO MISSING RAINFALL ON AUGUST 21-24...ALL PRECIPITATION DATA
WILL BE CALCULATED WITHOUT DATA FROM THESE DATES.

$$
RCS
