000
CDUS41 KRNK 250548
CLIDAN


CLIMATE REPORT
NATIONAL WEATHER SERVICE BLACKSBURG VA
147 AM EDT THU MAY 25 2017


...................................

...THE DANVILLE VA CLIMATE SUMMARY FOR MAY 24 2017...

CLIMATE NORMAL PERIOD 1981 TO 2010
CLIMATE RECORD PERIOD 1948 TO 2017


WEATHER ITEM   OBSERVED TIME   RECORD YEAR NORMAL DEPARTURE LAST
                VALUE   (LST)  VALUE       VALUE  FROM      YEAR
                                                  NORMAL
..................................................................
TEMPERATURE (F)
 YESTERDAY
  MAXIMUM         67    700 PM  93    1964  79    -12       81
  MINIMUM         59    828 AM  41    2006  58      1       50
                                      1961
  AVERAGE         63                        68     -5       66

PRECIPITATION (IN)
  YESTERDAY        0.41          1.37 2011   0.13   0.28     0.00
  MONTH TO DATE    5.31                      2.90   2.41     7.22
  SINCE MAR 1     15.50                     10.47   5.03    12.35
  SINCE JAN 1     20.27                     16.90   3.37    19.20

SNOWFALL (IN)
  YESTERDAY        0.0                                       0.0
  MONTH TO DATE    0.0                                       0.0
  SINCE MAR 1      T                                         0.0
  SINCE JUL 1      8.8                                      11.1
  SNOW DEPTH       0

DEGREE DAYS
 HEATING
  YESTERDAY        2                         1      1        0
  MONTH TO DATE   72                        62     10       79
  SINCE MAR 1    686                       804   -118      599
  SINCE JUL 1   3142                      3805   -663     3061

 COOLING
  YESTERDAY        0                         5     -5        1
  MONTH TO DATE   70                        72     -2       39
  SINCE MAR 1    148                       106     42       86
  SINCE JAN 1    153                       106     47       86
..................................................................


WIND (MPH)
  HIGHEST WIND SPEED    13   HIGHEST WIND DIRECTION    NE (50)
  HIGHEST GUST SPEED    16   HIGHEST GUST DIRECTION    NE (60)
  AVERAGE WIND SPEED     5.4


SKY COVER
  AVERAGE SKY COVER 0.9


WEATHER CONDITIONS
 THE FOLLOWING WEATHER WAS RECORDED YESTERDAY.
  THUNDERSTORM
  RAIN
  LIGHT RAIN
  FOG


RELATIVE HUMIDITY (PERCENT)
 HIGHEST   100           100 AM
 LOWEST    100           100 AM
 AVERAGE   100

..........................................................


THE DANVILLE VA CLIMATE NORMALS FOR TODAY
                         NORMAL    RECORD    YEAR
 MAXIMUM TEMPERATURE (F)   79        93      1970
 MINIMUM TEMPERATURE (F)   58        40      2013


SUNRISE AND SUNSET
MAY 25 2017...........SUNRISE   603 AM EDT   SUNSET   826 PM EDT
MAY 26 2017...........SUNRISE   603 AM EDT   SUNSET   826 PM EDT


-  INDICATES NEGATIVE NUMBERS.
R  INDICATES RECORD WAS SET OR TIED.
MM INDICATES DATA IS MISSING.
T  INDICATES TRACE AMOUNT.




$$
