000
CDUS41 KRNK 050904
CLIDAN


CLIMATE REPORT
NATIONAL WEATHER SERVICE BLACKSBURG VA
403 AM EST MON DEC 5 2016


...................................

...THE DANVILLE VA CLIMATE SUMMARY FOR DECEMBER 4 2016...

CLIMATE NORMAL PERIOD 1981 TO 2010
CLIMATE RECORD PERIOD 1948 TO 2016


WEATHER ITEM   OBSERVED TIME   RECORD YEAR NORMAL DEPARTURE LAST
                VALUE   (LST)  VALUE       VALUE  FROM      YEAR
                                                  NORMAL
..................................................................
TEMPERATURE (F)
 YESTERDAY
  MAXIMUM         43    207 PM  74    2012  53    -10       54
                                      1970
  MINIMUM         36    103 AM  16    2000  33      3       26
  AVERAGE         40                        43     -3       40

PRECIPITATION (IN)
  YESTERDAY        0.30          1.87 1990   0.12   0.18     0.00
  MONTH TO DATE    0.30                      0.47  -0.17     0.70
  SINCE DEC 1      0.30                      0.47  -0.17     0.70
  SINCE JAN 1     45.51                     41.61   3.90    47.18

SNOWFALL (IN)
  YESTERDAY        0.0                                       0.0
  MONTH TO DATE    0.0                                       0.0
  SINCE DEC 1      0.0                                       0.0
  SINCE JUL 1      0.0                                       0.0
  SNOW DEPTH       0

DEGREE DAYS
 HEATING
  YESTERDAY       25                        22      3       25
  MONTH TO DATE   86                        87     -1       75
  SINCE DEC 1     86                        87     -1       75
  SINCE JUL 1    656                       796   -140      617

 COOLING
  YESTERDAY        0                         0      0        0
  MONTH TO DATE    0                         0      0        0
  SINCE DEC 1      0                         0      0        0
  SINCE JAN 1   1651                      1439    212     1643
..................................................................


WIND (MPH)
  HIGHEST WIND SPEED     9   HIGHEST WIND DIRECTION     E (70)
  HIGHEST GUST SPEED    12   HIGHEST GUST DIRECTION     E (70)
  AVERAGE WIND SPEED     2.5


SKY COVER
  AVERAGE SKY COVER 0.8


WEATHER CONDITIONS
 THE FOLLOWING WEATHER WAS RECORDED YESTERDAY.
  RAIN
  LIGHT RAIN
  FOG


RELATIVE HUMIDITY (PERCENT)
 HIGHEST   100           500 PM
 LOWEST     64          1200 AM
 AVERAGE    82

..........................................................


THE DANVILLE VA CLIMATE NORMALS FOR TODAY
                         NORMAL    RECORD    YEAR
 MAXIMUM TEMPERATURE (F)   52        75      1982
 MINIMUM TEMPERATURE (F)   32        15      2000


SUNRISE AND SUNSET
DECEMBER  5 2016......SUNRISE   715 AM EST   SUNSET   501 PM EST
DECEMBER  6 2016......SUNRISE   716 AM EST   SUNSET   501 PM EST


-  INDICATES NEGATIVE NUMBERS.
R  INDICATES RECORD WAS SET OR TIED.
MM INDICATES DATA IS MISSING.
T  INDICATES TRACE AMOUNT.




$$
