320
CDUS41 KRNK 120643
CLIDAN


CLIMATE REPORT
NATIONAL WEATHER SERVICE BLACKSBURG VA
142 AM EST FRI FEB 12 2016


...................................

...THE DANVILLE VA CLIMATE SUMMARY FOR FEBRUARY 11 2016...

CLIMATE NORMAL PERIOD 1981 TO 2010
CLIMATE RECORD PERIOD 1948 TO 2016


WEATHER ITEM   OBSERVED TIME   RECORD YEAR NORMAL DEPARTURE LAST
                VALUE   (LST)  VALUE       VALUE  FROM      YEAR
                                                  NORMAL
..................................................................
TEMPERATURE (F)
 YESTERDAY
  MAXIMUM         40    326 PM  71    2009  49     -9       52
  MINIMUM         16    741 AM  10    1979  31    -15       26
  AVERAGE         28                        40    -12       39

PRECIPITATION (IN)
  YESTERDAY        0.00          1.22 1981   0.11  -0.11     0.00
  MONTH TO DATE    1.75                      1.23   0.52     1.09
  SINCE DEC 1      9.85                      7.92   1.93     5.27
  SINCE JAN 1      4.29                      4.65  -0.36     2.60

SNOWFALL (IN)
  YESTERDAY        0.0                                       0.0
  MONTH TO DATE    T                                         0.0
  SINCE DEC 1      9.2                                        T
  SINCE JUL 1      9.2                                        T
  SNOW DEPTH       0

DEGREE DAYS
 HEATING
  YESTERDAY       37                        25     12       26
  MONTH TO DATE  250                       282    -32      266
  SINCE DEC 1   1524                      1901   -377     1760
  SINCE JUL 1   2066                      2610   -544     2520

 COOLING
  YESTERDAY        0                         0      0        0
  MONTH TO DATE    0                         0      0        0
  SINCE DEC 1     11                         0     11        0
  SINCE JAN 1      0                         0      0        0
..................................................................


WIND (MPH)
  HIGHEST WIND SPEED    17   HIGHEST WIND DIRECTION     W (270)
  HIGHEST GUST SPEED    25   HIGHEST GUST DIRECTION     W (280)
  AVERAGE WIND SPEED     6.4


SKY COVER
  AVERAGE SKY COVER 0.0


WEATHER CONDITIONS
 THE FOLLOWING WEATHER WAS RECORDED YESTERDAY.
  NO SIGNIFICANT WEATHER WAS OBSERVED.


RELATIVE HUMIDITY (PERCENT)
 HIGHEST    61           500 AM
 LOWEST     20           400 PM
 AVERAGE    41

..........................................................


THE DANVILLE VA CLIMATE NORMALS FOR TODAY
                         NORMAL    RECORD    YEAR
 MAXIMUM TEMPERATURE (F)   49        71      1999
 MINIMUM TEMPERATURE (F)   31        10      1955


SUNRISE AND SUNSET
FEBRUARY 12 2016......SUNRISE   709 AM EST   SUNSET   554 PM EST
FEBRUARY 13 2016......SUNRISE   708 AM EST   SUNSET   555 PM EST


-  INDICATES NEGATIVE NUMBERS.
R  INDICATES RECORD WAS SET OR TIED.
MM INDICATES DATA IS MISSING.
T  INDICATES TRACE AMOUNT.

$$

RAB
