000
CDUS41 KRNK 232116
CLIDAN


CLIMATE REPORT
NATIONAL WEATHER SERVICE BLACKSBURG VA
514 PM EDT TUE SEP 23 2014


...................................

...THE DANVILLE VA CLIMATE SUMMARY FOR SEPTEMBER 23 2014...
VALID TODAY AS OF 0500 PM LOCAL TIME.

CLIMATE NORMAL PERIOD 1981 TO 2010
CLIMATE RECORD PERIOD 1948 TO 2014


WEATHER ITEM   OBSERVED TIME   RECORD YEAR NORMAL DEPARTURE LAST
                VALUE   (LST)  VALUE       VALUE  FROM      YEAR
                                                  NORMAL
..................................................................
TEMPERATURE (F)
 TODAY
  MAXIMUM         63   1237 PM  98    1980  77    -14       72
  MINIMUM         55    622 AM  38    1983  57     -2       54
  AVERAGE         59                        67     -8

PRECIPITATION (IN)
  TODAY            0.00          2.62 2011   0.13  -0.13     0.00
  MONTH TO DATE    3.10                      3.03   0.07     1.11
  SINCE SEP 1      3.10                      3.03   0.07     1.11
  SINCE JAN 1     32.85                     33.32  -0.47    42.42

SNOWFALL (IN)
  TODAY            0.0
  MONTH TO DATE    0.0
  SINCE SEP 1      0.0
  SINCE JUL 1      0.0
  SNOW DEPTH       0

DEGREE DAYS
 HEATING
  TODAY            6                         2      4
  MONTH TO DATE    6                        11     -5
  SINCE SEP 1      6                        11     -5
  SINCE JUL 1      6                        11     -5

 COOLING
  TODAY            0                         4     -4
  MONTH TO DATE  181                       155     26
  SINCE SEP 1    181                       155     26
  SINCE JAN 1   1370                      1382    -12
..................................................................


WIND (MPH)
  HIGHEST WIND SPEED    16   HIGHEST WIND DIRECTION    NE (40)
  HIGHEST GUST SPEED    19   HIGHEST GUST DIRECTION    NE (30)
  AVERAGE WIND SPEED     8.3


SKY COVER
  POSSIBLE SUNSHINE  MM
  AVERAGE SKY COVER 0.2


WEATHER CONDITIONS
 THE FOLLOWING WEATHER WAS RECORDED TODAY.
  NO SIGNIFICANT WEATHER WAS OBSERVED.


RELATIVE HUMIDITY (PERCENT)
 HIGHEST    72           300 AM
 LOWEST     55          1100 AM
 AVERAGE    64

..........................................................


THE DANVILLE VA CLIMATE NORMALS FOR TOMORROW
                         NORMAL    RECORD    YEAR
 MAXIMUM TEMPERATURE (F)   77        96      1980
 MINIMUM TEMPERATURE (F)   57        38      1983


SUNRISE AND SUNSET
SEPTEMBER 23 2014.....SUNRISE   706 AM EDT   SUNSET   713 PM EDT
SEPTEMBER 24 2014.....SUNRISE   707 AM EDT   SUNSET   711 PM EDT


-  INDICATES NEGATIVE NUMBERS.
R  INDICATES RECORD WAS SET OR TIED.
MM INDICATES DATA IS MISSING.
T  INDICATES TRACE AMOUNT.



$$
