000
CDUS41 KILN 270537
CLIDAY


CLIMATE REPORT
NATIONAL WEATHER SERVICE WILMINGTON OH
136 AM EDT FRI MAR 27 2015


...................................

...THE DAYTON OH CLIMATE SUMMARY FOR MARCH 26 2015...

CLIMATE NORMAL PERIOD 1981 TO 2010
CLIMATE RECORD PERIOD 1869 TO 2015


WEATHER ITEM   OBSERVED TIME   RECORD YEAR NORMAL DEPARTURE LAST
                VALUE   (LST)  VALUE       VALUE  FROM      YEAR
                                                  NORMAL
..................................................................
TEMPERATURE (F)
 YESTERDAY
  MAXIMUM         47   1232 AM  81    1907  54     -7       38
  MINIMUM         35   1159 PM  10    2001  34      1       13
  AVERAGE         41                        44     -3       26

PRECIPITATION (IN)
  YESTERDAY        0.50          1.80 1904   0.12   0.38     0.00
  MONTH TO DATE    3.79                      2.71   1.08     1.27
  SINCE MAR 1      3.79                      2.71   1.08     1.27
  SINCE JAN 1      8.15                      7.66   0.49     6.25

SNOWFALL (IN)
  YESTERDAY        0.0           2.0  1955   0.1   -0.1      0.0
  MONTH TO DATE    5.7                       3.1    2.6      5.8
  SINCE MAR 1      5.7                       3.1    2.6      5.8
  SINCE JUL 1     27.7                      22.4    5.3     51.2
  SNOW DEPTH       0

DEGREE DAYS
 HEATING
  YESTERDAY       24                        21      3       39
  MONTH TO DATE  671                       665      6      769
  SINCE MAR 1    671                       665      6      769
  SINCE JUL 1   5234                      4940    294     5368

 COOLING
  YESTERDAY        0                         0      0        0
  MONTH TO DATE    0                         0      0        0
  SINCE MAR 1      0                         0      0        0
  SINCE JAN 1      0                         0      0        0
..................................................................


WIND (MPH)
  RESULTANT WIND SPEED   9   RESULTANT WIND DIRECTION   N (340)
  HIGHEST WIND SPEED    21   HIGHEST WIND DIRECTION    NW (330)
  HIGHEST GUST SPEED    26   HIGHEST GUST DIRECTION    NW (320)
  AVERAGE WIND SPEED    10.4



WEATHER CONDITIONS
 THE FOLLOWING WEATHER WAS RECORDED YESTERDAY.
  HEAVY RAIN
  RAIN
  LIGHT RAIN
  FOG
  HAZE


RELATIVE HUMIDITY (PERCENT)
 HIGHEST   100           500 AM
 LOWEST     64           900 PM
 AVERAGE    82

..........................................................


THE DAYTON OH CLIMATE NORMALS FOR TODAY
                         NORMAL    RECORD    YEAR
 MAXIMUM TEMPERATURE (F)   54        83      1910
 MINIMUM TEMPERATURE (F)   35        11      1955


SUNRISE AND SUNSET
MARCH 27 2015.........SUNRISE   729 AM EDT   SUNSET   756 PM EDT
MARCH 28 2015.........SUNRISE   728 AM EDT   SUNSET   757 PM EDT


-  INDICATES NEGATIVE NUMBERS.
R  INDICATES RECORD WAS SET OR TIED.
MM INDICATES DATA IS MISSING.
T  INDICATES TRACE AMOUNT.




$$
