000
CDUS41 KILN 280544
CLIDAY


CLIMATE REPORT
NATIONAL WEATHER SERVICE WILMINGTON OH
1243 AM EST FRI NOV 28 2014


...................................

...THE DAYTON OH CLIMATE SUMMARY FOR NOVEMBER 27 2014...

CLIMATE NORMAL PERIOD 1981 TO 2010
CLIMATE RECORD PERIOD 1869 TO 2014


WEATHER ITEM   OBSERVED TIME   RECORD YEAR NORMAL DEPARTURE LAST
                VALUE   (LST)  VALUE       VALUE  FROM      YEAR
                                                  NORMAL
..................................................................
TEMPERATURE (F)
 YESTERDAY
  MAXIMUM         33    306 PM  74    1990  45    -12       33
  MINIMUM         26   1159 PM   0    1930  30     -4       23
  AVERAGE         30                        38     -8       28

PRECIPITATION (IN)
  YESTERDAY        T             1.15 1994   0.12  -0.12      T
  MONTH TO DATE    1.94                      3.06  -1.12     1.60
  SINCE SEP 1      5.19                      9.29  -4.10     9.57
  SINCE JAN 1     33.09                     37.60  -4.51    31.95

SNOWFALL (IN)
  YESTERDAY        T             2.2  1977   0.1   -0.1       T
  MONTH TO DATE    4.1                       0.5    3.6      1.0
  SINCE SEP 1      4.1                       0.9    3.2      2.0
  SINCE JUL 1      4.1                       0.9    3.2      2.0
  SNOW DEPTH       0

DEGREE DAYS
 HEATING
  YESTERDAY       35                        27      8       37
  MONTH TO DATE  747                       579    168      636
  SINCE SEP 1   1144                      1024    120     1011
  SINCE JUL 1   1151                      1026    125     1023

 COOLING
  YESTERDAY        0                         0      0        0
  MONTH TO DATE    0                         0      0        0
  SINCE SEP 1    107                       109     -2      175
  SINCE JAN 1    977                       891     86     1062
..................................................................


WIND (MPH)
  RESULTANT WIND SPEED  11   RESULTANT WIND DIRECTION  NW (300)
  HIGHEST WIND SPEED    21   HIGHEST WIND DIRECTION    NW (300)
  HIGHEST GUST SPEED    25   HIGHEST GUST DIRECTION     W (290)
  AVERAGE WIND SPEED    12.1



WEATHER CONDITIONS
 THE FOLLOWING WEATHER WAS RECORDED YESTERDAY.
  LIGHT SNOW
  FOG
  HAZE


RELATIVE HUMIDITY (PERCENT)
 HIGHEST    92           300 AM
 LOWEST     61          1200 PM
 AVERAGE    77

..........................................................


THE DAYTON OH CLIMATE NORMALS FOR TODAY
                         NORMAL    RECORD    YEAR
 MAXIMUM TEMPERATURE (F)   45        69      1990
 MINIMUM TEMPERATURE (F)   30         6      1930


SUNRISE AND SUNSET
NOVEMBER 28 2014......SUNRISE   736 AM EST   SUNSET   513 PM EST
NOVEMBER 29 2014......SUNRISE   737 AM EST   SUNSET   513 PM EST


-  INDICATES NEGATIVE NUMBERS.
R  INDICATES RECORD WAS SET OR TIED.
MM INDICATES DATA IS MISSING.
T  INDICATES TRACE AMOUNT.




$$
