000
CDUS41 KILN 200622
CLIDAY


CLIMATE REPORT
NATIONAL WEATHER SERVICE WILMINGTON OH
122 AM EST SAT JAN 20 2018


...................................

...THE DAYTON OH CLIMATE SUMMARY FOR JANUARY 19 2018...

CLIMATE NORMAL PERIOD 1981 TO 2010
CLIMATE RECORD PERIOD 1869 TO 2018


WEATHER ITEM   OBSERVED TIME   RECORD YEAR NORMAL DEPARTURE LAST
                VALUE   (LST)  VALUE       VALUE  FROM      YEAR
                                                  NORMAL
..................................................................
TEMPERATURE (F)
 YESTERDAY
  MAXIMUM         37    510 PM  68    1907  35      2       44
  MINIMUM         20    847 AM -25    1994  20      0       36
  AVERAGE         29                        27      2       40

PRECIPITATION (IN)
  YESTERDAY        0.00          1.28 1900   0.08  -0.08     0.06
  MONTH TO DATE    1.53                      1.75  -0.22     2.54
  SINCE DEC 1      3.07                      4.87  -1.80     5.53
  SINCE JAN 1      1.53                      1.75  -0.22     2.54

SNOWFALL (IN)
  YESTERDAY        0.0           4.5  1956   0.2   -0.2      0.0
  MONTH TO DATE    5.8                       4.8    1.0      1.2
  SINCE DEC 1     14.4                       9.3    5.1      5.3
  SINCE JUL 1     14.4                      10.3    4.1      5.3
  SNOW DEPTH       3

DEGREE DAYS
 HEATING
  YESTERDAY       36                        38     -2       25
  MONTH TO DATE  876                       716    160      626
  SINCE DEC 1   1989                      1764    225     1694
  SINCE JUL 1   2996                      2875    121     2467

 COOLING
  YESTERDAY        0                         0      0        0
  MONTH TO DATE    0                         0      0        0
  SINCE DEC 1      0                         0      0        0
  SINCE JAN 1      0                         0      0        0
..................................................................


WIND (MPH)
  RESULTANT WIND SPEED  16   RESULTANT WIND DIRECTION   S (200)
  HIGHEST WIND SPEED    25   HIGHEST WIND DIRECTION     S (200)
  HIGHEST GUST SPEED    36   HIGHEST GUST DIRECTION     S (200)
  AVERAGE WIND SPEED    16.1



WEATHER CONDITIONS
 THE FOLLOWING WEATHER WAS RECORDED YESTERDAY.
  NO SIGNIFICANT WEATHER WAS OBSERVED.


RELATIVE HUMIDITY (PERCENT)
 HIGHEST    73           400 AM
 LOWEST     52           300 PM
 AVERAGE    63

..........................................................


THE DAYTON OH CLIMATE NORMALS FOR TODAY
                         NORMAL    RECORD    YEAR
 MAXIMUM TEMPERATURE (F)   35        69      1906
 MINIMUM TEMPERATURE (F)   20       -24      1985


SUNRISE AND SUNSET
JANUARY 20 2018.......SUNRISE   754 AM EST   SUNSET   542 PM EST
JANUARY 21 2018.......SUNRISE   753 AM EST   SUNSET   543 PM EST


-  INDICATES NEGATIVE NUMBERS.
R  INDICATES RECORD WAS SET OR TIED.
MM INDICATES DATA IS MISSING.
T  INDICATES TRACE AMOUNT.




$$
