266
CDUS41 KILN 070534
CLIDAY


CLIMATE REPORT
NATIONAL WEATHER SERVICE WILMINGTON OH
1233 AM EST SUN FEB 7 2016


...................................

...THE DAYTON OH CLIMATE SUMMARY FOR FEBRUARY 6 2016...

CLIMATE NORMAL PERIOD 1981 TO 2010
CLIMATE RECORD PERIOD 1869 TO 2016


WEATHER ITEM   OBSERVED TIME   RECORD YEAR NORMAL DEPARTURE LAST
                VALUE   (LST)  VALUE       VALUE  FROM      YEAR
                                                  NORMAL
..................................................................
TEMPERATURE (F)
 YESTERDAY
  MAXIMUM         42    346 PM  61    2008  37      5       33
                                      1925
  MINIMUM         20    752 AM  -8    1977  21     -1       13
  AVERAGE         31                        29      2       23

PRECIPITATION (IN)
  YESTERDAY        0.00          1.06 1991   0.08  -0.08     0.00
  MONTH TO DATE    1.23                      0.49   0.74     0.51
  SINCE DEC 1      7.12                      6.32   0.80     6.27
  SINCE JAN 1      2.73                      3.20  -0.47     3.48

SNOWFALL (IN)
  YESTERDAY        0.0           4.5  1972   0.2   -0.2      0.0
  MONTH TO DATE    T                         1.4   -1.4      1.0
  SINCE DEC 1      5.0                      13.8   -8.8      8.8
  SINCE JUL 1      5.0                      14.8   -9.8     12.9
  SNOW DEPTH       0

DEGREE DAYS
 HEATING
  YESTERDAY       34                        36     -2       42
  MONTH TO DATE  176                       218    -42      227
  SINCE DEC 1   1971                      2430   -459     2333
  SINCE JUL 1   2807                      3541   -734     3549

 COOLING
  YESTERDAY        0                         0      0        0
  MONTH TO DATE    0                         0      0        0
  SINCE DEC 1      0                         0      0        0
  SINCE JAN 1      0                         0      0        0
..................................................................


WIND (MPH)
  RESULTANT WIND SPEED   6   RESULTANT WIND DIRECTION  SW (240)
  HIGHEST WIND SPEED    17   HIGHEST WIND DIRECTION     W (260)
  HIGHEST GUST SPEED    20   HIGHEST GUST DIRECTION     W (250)
  AVERAGE WIND SPEED     6.5



WEATHER CONDITIONS
 THE FOLLOWING WEATHER WAS RECORDED YESTERDAY.
  FOG
  HAZE


RELATIVE HUMIDITY (PERCENT)
 HIGHEST   100           900 AM
 LOWEST     37           200 PM
 AVERAGE    69

..........................................................


THE DAYTON OH CLIMATE NORMALS FOR TODAY
                         NORMAL    RECORD    YEAR
 MAXIMUM TEMPERATURE (F)   37        63      1925
 MINIMUM TEMPERATURE (F)   22        -8      1905


SUNRISE AND SUNSET
FEBRUARY  7 2016......SUNRISE   739 AM EST   SUNSET   603 PM EST
FEBRUARY  8 2016......SUNRISE   738 AM EST   SUNSET   604 PM EST


-  INDICATES NEGATIVE NUMBERS.
R  INDICATES RECORD WAS SET OR TIED.
MM INDICATES DATA IS MISSING.
T  INDICATES TRACE AMOUNT.




$$
