000
CDUS41 KILN 290602
CLIDAY


CLIMATE REPORT
NATIONAL WEATHER SERVICE WILMINGTON OH
201 AM EDT SUN MAY 29 2016


...................................

...THE DAYTON OH CLIMATE SUMMARY FOR MAY 28 2016...

CLIMATE NORMAL PERIOD 1981 TO 2010
CLIMATE RECORD PERIOD 1869 TO 2016


WEATHER ITEM   OBSERVED TIME   RECORD YEAR NORMAL DEPARTURE LAST
                VALUE   (LST)  VALUE       VALUE  FROM      YEAR
                                                  NORMAL
..................................................................
TEMPERATURE (F)
 YESTERDAY
  MAXIMUM         81    546 PM  98    1911  75      6       84
  MINIMUM         68    106 PM  33    1907  55     13       62
  AVERAGE         75                        65     10       73

PRECIPITATION (IN)
  YESTERDAY        0.13          1.01 1929   0.15  -0.02     0.00
  MONTH TO DATE    2.88                      4.20  -1.32     1.60
  SINCE MAR 1     11.33                     11.63  -0.30    10.77
  SINCE JAN 1     16.15                     16.58  -0.43    15.13

SNOWFALL (IN)
  YESTERDAY        0.0           0.0    MM   0.0    0.0      0.0
  MONTH TO DATE    0.0                       0.0    0.0      0.0
  SINCE MAR 1      2.1                       4.0   -1.9      5.7
  SINCE JUL 1     12.7                      23.3  -10.6     27.7
  SNOW DEPTH       0

DEGREE DAYS
 HEATING
  YESTERDAY        0                         3     -3        0
  MONTH TO DATE  188                       160     28       67
  SINCE MAR 1   1136                      1336   -200     1198
  SINCE JUL 1   4677                      5611   -934     5761

 COOLING
  YESTERDAY       10                         3      7        8
  MONTH TO DATE   45                        50     -5      147
  SINCE MAR 1     49                        60    -11      151
  SINCE JAN 1     49                        60    -11      151
..................................................................


WIND (MPH)
  RESULTANT WIND SPEED   8   RESULTANT WIND DIRECTION   S (200)
  HIGHEST WIND SPEED    15   HIGHEST WIND DIRECTION    SW (240)
  HIGHEST GUST SPEED    33   HIGHEST GUST DIRECTION    SW (220)
  AVERAGE WIND SPEED     8.8



WEATHER CONDITIONS
 THE FOLLOWING WEATHER WAS RECORDED YESTERDAY.
  THUNDERSTORM
  RAIN
  LIGHT RAIN
  FOG


RELATIVE HUMIDITY (PERCENT)
 HIGHEST    90           100 PM
 LOWEST     62          1200 PM
 AVERAGE    76

..........................................................


THE DAYTON OH CLIMATE NORMALS FOR TODAY
                         NORMAL    RECORD    YEAR
 MAXIMUM TEMPERATURE (F)   75        98      1911
 MINIMUM TEMPERATURE (F)   56        35      1906


SUNRISE AND SUNSET
MAY 29 2016...........SUNRISE   612 AM EDT   SUNSET   857 PM EDT
MAY 30 2016...........SUNRISE   611 AM EDT   SUNSET   858 PM EDT


-  INDICATES NEGATIVE NUMBERS.
R  INDICATES RECORD WAS SET OR TIED.
MM INDICATES DATA IS MISSING.
T  INDICATES TRACE AMOUNT.




$$
