000
CDUS43 KDVN 060919
CLIDBQ


CLIMATE REPORT
NATIONAL WEATHER SERVICE QUAD CITIES IA IL
418 AM CDT MON JUL 6 2015


...................................

...THE DUBUQUE IA CLIMATE SUMMARY FOR JULY 5 2015...

CLIMATE NORMAL PERIOD 1981 TO 2010
CLIMATE RECORD PERIOD 1873 TO 2015


WEATHER ITEM   OBSERVED TIME   RECORD YEAR NORMAL DEPARTURE LAST
                VALUE   (LST)  VALUE       VALUE  FROM      YEAR
                                                  NORMAL
..................................................................
TEMPERATURE (F)
 YESTERDAY
  MAXIMUM         81    139 PM 104    1911  82     -1       68
  MINIMUM         59    434 AM  45    1972  62     -3       56
                                      1970
  AVERAGE         70                        72     -2       62

PRECIPITATION (IN)
  YESTERDAY        0.00          4.55 1876   0.14  -0.14     0.00
  MONTH TO DATE    0.00                      0.67  -0.67     0.01
  SINCE JUN 1      8.34                      5.07   3.27    12.58
  SINCE JAN 1     19.11                     17.94   1.17    24.96

SNOWFALL (IN)
  YESTERDAY        0.0          MM      MM   0.0    0.0      0.0
  MONTH TO DATE    0.0                       0.0    0.0      0.0
  SINCE JUN 1      T                         0.0    0.0      0.0
  SINCE JUL 1      0.0                       0.0    0.0      0.0
  SNOW DEPTH       0

DEGREE DAYS
 HEATING
  YESTERDAY        0                         0      0        3
  MONTH TO DATE    7                         0      7       12
  SINCE JUN 1     30                        40    -10       22
  SINCE JUL 1      7                         0      7       12

 COOLING
  YESTERDAY        5                         7     -2        0
  MONTH TO DATE    7                        35    -28        3
  SINCE JUN 1    126                       174    -48      157
  SINCE JAN 1    162                       211    -49      211
..................................................................


WIND (MPH)
  HIGHEST WIND SPEED    16   HIGHEST WIND DIRECTION     S (180)
  HIGHEST GUST SPEED    20   HIGHEST GUST DIRECTION     S (180)
  AVERAGE WIND SPEED     8.6


SKY COVER
  POSSIBLE SUNSHINE  MM
  AVERAGE SKY COVER 0.0


WEATHER CONDITIONS
 THE FOLLOWING WEATHER WAS RECORDED YESTERDAY.
  FOG
  HAZE


RELATIVE HUMIDITY (PERCENT)
 HIGHEST    93           400 AM
 LOWEST     58           100 PM
 AVERAGE    76

..........................................................


THE DUBUQUE IA CLIMATE NORMALS FOR TODAY
                         NORMAL    RECORD    YEAR
 MAXIMUM TEMPERATURE (F)   82       102      1936
 MINIMUM TEMPERATURE (F)   62        46      1967


SUNRISE AND SUNSET
JULY  6 2015..........SUNRISE   532 AM CDT   SUNSET   842 PM CDT
JULY  7 2015..........SUNRISE   533 AM CDT   SUNSET   842 PM CDT


-  INDICATES NEGATIVE NUMBERS.
R  INDICATES RECORD WAS SET OR TIED.
MM INDICATES DATA IS MISSING.
T  INDICATES TRACE AMOUNT.




$$
