000
CDUS43 KDVN 261006
CLIDBQ


CLIMATE REPORT
NATIONAL WEATHER SERVICE QUAD CITIES IA IL
405 AM CST FRI DEC 26 2014


...................................

...THE DUBUQUE IA CLIMATE SUMMARY FOR DECEMBER 25 2014...

CLIMATE NORMAL PERIOD 1981 TO 2010
CLIMATE RECORD PERIOD 1873 TO 2014


WEATHER ITEM   OBSERVED TIME   RECORD YEAR NORMAL DEPARTURE LAST
                VALUE   (LST)  VALUE       VALUE  FROM      YEAR
                                                  NORMAL
..................................................................
TEMPERATURE (F)
 YESTERDAY
  MAXIMUM         44    301 PM  58    1936  28     16       22
  MINIMUM         30    737 AM -19    1879  13     17       10
  AVERAGE         37                        20     17       16

PRECIPITATION (IN)
  YESTERDAY        T             0.68 2009   0.05  -0.05     0.06
  MONTH TO DATE    0.88                      1.57  -0.69     1.07
  SINCE DEC 1      0.88                      1.57  -0.69     1.07
  SINCE JAN 1     37.40                     36.02   1.38    37.88

SNOWFALL (IN)
  YESTERDAY        T            MM      MM   0.4   -0.4      1.2
  MONTH TO DATE    T                         9.6   -9.6     14.9
  SINCE DEC 1      T                         9.6   -9.6     14.9
  SINCE JUL 1      3.5                      12.4   -8.9     18.8
  SNOW DEPTH       0

DEGREE DAYS
 HEATING
  YESTERDAY       28                        45    -17       49
  MONTH TO DATE  877                      1039   -162     1215
  SINCE DEC 1    877                      1039   -162     1215
  SINCE JUL 1   2659                      2539    120     2814

 COOLING
  YESTERDAY        0                         0      0        0
  MONTH TO DATE    0                         0      0        0
  SINCE DEC 1      0                         0      0        0
  SINCE JAN 1    526                       643   -117      640
..................................................................


WIND (MPH)
  HIGHEST WIND SPEED    23   HIGHEST WIND DIRECTION     S (200)
  HIGHEST GUST SPEED    26   HIGHEST GUST DIRECTION     S (190)
  AVERAGE WIND SPEED    15.2


SKY COVER
  POSSIBLE SUNSHINE  MM
  AVERAGE SKY COVER 0.5


WEATHER CONDITIONS
 THE FOLLOWING WEATHER WAS RECORDED YESTERDAY.
  LIGHT SNOW
  FOG


RELATIVE HUMIDITY (PERCENT)
 HIGHEST    92           200 AM
 LOWEST     62           100 PM
 AVERAGE    77

..........................................................


THE DUBUQUE IA CLIMATE NORMALS FOR TODAY
                         NORMAL    RECORD    YEAR
 MAXIMUM TEMPERATURE (F)   27        56      1936
 MINIMUM TEMPERATURE (F)   13       -23      1962


SUNRISE AND SUNSET
DECEMBER 26 2014......SUNRISE   731 AM CST   SUNSET   436 PM CST
DECEMBER 27 2014......SUNRISE   731 AM CST   SUNSET   437 PM CST


-  INDICATES NEGATIVE NUMBERS.
R  INDICATES RECORD WAS SET OR TIED.
MM INDICATES DATA IS MISSING.
T  INDICATES TRACE AMOUNT.




$$
