000
CDUS43 KDVN 270903
CLIDBQ


CLIMATE REPORT
NATIONAL WEATHER SERVICE QUAD CITIES IA IL
402 AM CDT FRI MAR 27 2015


...................................

...THE DUBUQUE IA CLIMATE SUMMARY FOR MARCH 26 2015...

CLIMATE NORMAL PERIOD 1981 TO 2010
CLIMATE RECORD PERIOD 1873 TO 2015


WEATHER ITEM   OBSERVED TIME   RECORD YEAR NORMAL DEPARTURE LAST
                VALUE   (LST)  VALUE       VALUE  FROM      YEAR
                                                  NORMAL
..................................................................
TEMPERATURE (F)
 YESTERDAY
  MAXIMUM         41    216 PM  82    1907  49     -8       40
  MINIMUM         27    716 PM   5    1955  30     -3        9
  AVERAGE         34                        40     -6       25

PRECIPITATION (IN)
  YESTERDAY        0.00          1.54 1916   0.09  -0.09     0.00
  MONTH TO DATE    0.70                      1.93  -1.23     0.80
  SINCE MAR 1      0.70                      1.93  -1.23     0.80
  SINCE JAN 1      2.99                      4.54  -1.55     3.28

SNOWFALL (IN)
  YESTERDAY        0.0          MM      MM   0.2   -0.2      0.0
  MONTH TO DATE    4.1                       5.6   -1.5     10.9
  SINCE MAR 1      4.1                       5.6   -1.5     10.9
  SINCE JUL 1     33.7                      39.2   -5.5     62.6
  SNOW DEPTH       0

DEGREE DAYS
 HEATING
  YESTERDAY       31                        25      6       40
  MONTH TO DATE  782                       798    -16     1042
  SINCE MAR 1    782                       798    -16     1042
  SINCE JUL 1   6630                      6191    439     7418

 COOLING
  YESTERDAY        0                         0      0        0
  MONTH TO DATE    0                         0      0        0
  SINCE MAR 1      0                         0      0        0
  SINCE JAN 1      0                         0      0        0
..................................................................


WIND (MPH)
  HIGHEST WIND SPEED    24   HIGHEST WIND DIRECTION    NW (320)
  HIGHEST GUST SPEED    30   HIGHEST GUST DIRECTION    NW (330)
  AVERAGE WIND SPEED    14.6


SKY COVER
  POSSIBLE SUNSHINE  MM
  AVERAGE SKY COVER 0.4


WEATHER CONDITIONS
 THE FOLLOWING WEATHER WAS RECORDED YESTERDAY.
  NO SIGNIFICANT WEATHER WAS OBSERVED.


RELATIVE HUMIDITY (PERCENT)
 HIGHEST    78           400 AM
 LOWEST     48          1200 PM
 AVERAGE    63

..........................................................


THE DUBUQUE IA CLIMATE NORMALS FOR TODAY
                         NORMAL    RECORD    YEAR
 MAXIMUM TEMPERATURE (F)   50        80      1945
                                             1910
 MINIMUM TEMPERATURE (F)   31         6      1964


SUNRISE AND SUNSET
MARCH 27 2015.........SUNRISE   654 AM CDT   SUNSET   723 PM CDT
MARCH 28 2015.........SUNRISE   653 AM CDT   SUNSET   724 PM CDT


-  INDICATES NEGATIVE NUMBERS.
R  INDICATES RECORD WAS SET OR TIED.
MM INDICATES DATA IS MISSING.
T  INDICATES TRACE AMOUNT.




$$
