000
CDUS43 KDVN 230912
CLIDBQ


CLIMATE REPORT
NATIONAL WEATHER SERVICE QUAD CITIES IA IL
409 AM CDT SAT SEP 23 2017


...................................

...THE DUBUQUE IA CLIMATE SUMMARY FOR SEPTEMBER 22 2017...

CLIMATE NORMAL PERIOD 1981 TO 2010
CLIMATE RECORD PERIOD 1873 TO 2017


WEATHER ITEM   OBSERVED TIME   RECORD YEAR NORMAL DEPARTURE LAST
                VALUE   (LST)  VALUE       VALUE  FROM      YEAR
                                                  NORMAL
..................................................................
TEMPERATURE (F)
 YESTERDAY
  MAXIMUM         88    333 PM  92    1937  70     18       73
  MINIMUM         69    638 AM  31    1995  49     20       64
                                      1974
  AVERAGE         79                        59     20       69

PRECIPITATION (IN)
  YESTERDAY        0.00          2.07 1946   0.12  -0.12     0.31
  MONTH TO DATE    1.02                      2.60  -1.58     4.61
  SINCE SEP 1      1.02                      2.60  -1.58     4.61
  SINCE JAN 1     28.44                     28.58  -0.14    33.77

SNOWFALL (IN)
  YESTERDAY        0.0          MM      MM   0.0    0.0      0.0
  MONTH TO DATE    0.0                       0.0    0.0      0.0
  SINCE SEP 1      0.0                       0.0    0.0      0.0
  SINCE JUL 1      0.0                       0.0    0.0      0.0
  SNOW DEPTH       0

DEGREE DAYS
 HEATING
  YESTERDAY        0                         7     -7        0
  MONTH TO DATE   55                        85    -30       10
  SINCE SEP 1     55                        85    -30       10
  SINCE JUL 1     81                       112    -31       17

 COOLING
  YESTERDAY       14                         1     13        4
  MONTH TO DATE   64                        54     10       79
  SINCE SEP 1     64                        54     10       79
  SINCE JAN 1    519                       630   -111      759
..................................................................


WIND (MPH)
  HIGHEST WIND SPEED    21   HIGHEST WIND DIRECTION     S (190)
  HIGHEST GUST SPEED    26   HIGHEST GUST DIRECTION     S (190)
  AVERAGE WIND SPEED    11.1


SKY COVER
  POSSIBLE SUNSHINE  MM
  AVERAGE SKY COVER 0.0


WEATHER CONDITIONS
 THE FOLLOWING WEATHER WAS RECORDED YESTERDAY.
  FOG


RELATIVE HUMIDITY (PERCENT)
 HIGHEST    90          1200 AM
 LOWEST     50           100 PM
 AVERAGE    70

..........................................................


THE DUBUQUE IA CLIMATE NORMALS FOR TODAY
                         NORMAL    RECORD    YEAR
 MAXIMUM TEMPERATURE (F)   70        91      1891
                                             1886
 MINIMUM TEMPERATURE (F)   48        31      2012
                                             1974


SUNRISE AND SUNSET
SEPTEMBER 23 2017.....SUNRISE   652 AM CDT   SUNSET   658 PM CDT
SEPTEMBER 24 2017.....SUNRISE   653 AM CDT   SUNSET   656 PM CDT


-  INDICATES NEGATIVE NUMBERS.
R  INDICATES RECORD WAS SET OR TIED.
MM INDICATES DATA IS MISSING.
T  INDICATES TRACE AMOUNT.




$$
