000
CDUS41 KLWX 052124
CLIDCA


CLIMATE REPORT
NATIONAL WEATHER SERVICE BALTIMORE MD/WASHINGTON DC
424 PM EST MON DEC 5 2016


...................................

...THE WASHINGTON NATIONAL DC CLIMATE SUMMARY FOR DECEMBER 5 2016...
VALID TODAY AS OF 0400 PM LOCAL TIME.

CLIMATE NORMAL PERIOD 1981 TO 2010
CLIMATE RECORD PERIOD 1871 TO 2016


WEATHER ITEM   OBSERVED TIME   RECORD YEAR NORMAL DEPARTURE
                VALUE   (LST)  VALUE       VALUE  FROM
                                                  NORMAL
...............................................................
TEMPERATURE (F)
 TODAY
  MAXIMUM         57    135 PM  75    2001  50      7
  MINIMUM         40    249 AM  14    1886  35      5
  AVERAGE         49                        43      6

PRECIPITATION (IN)
  TODAY            0.18          1.72 1993   0.11   0.07
  MONTH TO DATE    0.37                      0.54  -0.17
  SINCE DEC 1      0.37                      0.54  -0.17
  SINCE JAN 1     29.46                     37.23  -7.77

SNOWFALL (IN)
  TODAY           MM             6.1  2002   0.1   MM
  MONTH TO DATE    0.0                       0.3   -0.3
  SINCE JUL 1      0.0                       0.8   -0.8
  SNOW DEPTH       0

DEGREE DAYS
 HEATING
  TODAY           16                               -6
  MONTH TO DATE   81                              -27
  SINCE DEC 1     81                              -27
  SINCE JUL 1    568                             -235

 COOLING
  TODAY            0                                0
  MONTH TO DATE    0                                0
  SINCE DEC 1      0                                0
  SINCE JAN 1   1994                              445
...............................................................


WIND (MPH)
  HIGHEST WIND SPEED    18   HIGHEST WIND DIRECTION     N (340)
  HIGHEST GUST SPEED    24   HIGHEST GUST DIRECTION    NW (320)
  AVERAGE WIND SPEED     8.8




RELATIVE HUMIDITY (PERCENT)
 HIGHEST   100
 LOWEST     51
 AVERAGE    76

..........................................................


THE WASHINGTON NATIONAL DC CLIMATE NORMALS FOR TOMORROW
                         NORMAL    RECORD    YEAR
 MAXIMUM TEMPERATURE (F)   50        78      1998
 MINIMUM TEMPERATURE (F)   35        11      1893


SUNRISE AND SUNSET
DECEMBER  5 2016......SUNRISE   712 AM EST   SUNSET   446 PM EST
DECEMBER  6 2016......SUNRISE   713 AM EST   SUNSET   446 PM EST


-  INDICATES NEGATIVE NUMBERS.
R  INDICATES RECORD WAS SET OR TIED.
MM INDICATES DATA IS MISSING.
T  INDICATES TRACE AMOUNT.




$$
