000
CDUS41 KLWX 312122
CLIDCA


CLIMATE REPORT
NATIONAL WEATHER SERVICE BALTIMORE MD/WASHINGTON DC
522 PM EDT WED AUG 31 2016


...................................

...THE WASHINGTON NATIONAL DC CLIMATE SUMMARY FOR AUGUST 31 2016...
VALID TODAY AS OF 0500 PM LOCAL TIME.

CLIMATE NORMAL PERIOD 1981 TO 2010
CLIMATE RECORD PERIOD 1871 TO 2016


WEATHER ITEM   OBSERVED TIME   RECORD YEAR NORMAL DEPARTURE
                VALUE   (LST)  VALUE       VALUE  FROM
                                                  NORMAL
...............................................................
TEMPERATURE (F)
 TODAY
  MAXIMUM         91    252 PM 100    1953  84      7
                                      1932
  MINIMUM         73    543 AM  49    1934  68      5
  AVERAGE         82                        76      6

PRECIPITATION (IN)
  TODAY            0.00          1.98 1940   0.09  -0.09
  MONTH TO DATE    2.79                      2.93  -0.14
  SINCE JUN 1      9.60                     10.44  -0.84
  SINCE JAN 1     24.93                     26.40  -1.47

SNOWFALL (IN)
  TODAY            0.0          MM      MM   0.0    0.0
  MONTH TO DATE    0.0                       0.0    0.0
  SINCE JUL 1      0.0                       0.0    0.0
  SNOW DEPTH       0

DEGREE DAYS
 HEATING
  TODAY            0                                0
  MONTH TO DATE    0                                0
  SINCE JUN 1      0                               -6
  SINCE JUL 1      0                                0

 COOLING
  TODAY           17                                6
  MONTH TO DATE  556                              150
  SINCE JUN 1   1458                              281
  SINCE JAN 1   1586                              275
...............................................................


WIND (MPH)
  HIGHEST WIND SPEED    17   HIGHEST WIND DIRECTION     S (170)
  HIGHEST GUST SPEED    19   HIGHEST GUST DIRECTION     S (170)
  AVERAGE WIND SPEED     5.9




RELATIVE HUMIDITY (PERCENT)
 HIGHEST    82
 LOWEST     52
 AVERAGE    67

..........................................................


THE WASHINGTON NATIONAL DC CLIMATE NORMALS FOR TOMORROW
                         NORMAL    RECORD    YEAR
 MAXIMUM TEMPERATURE (F)   84        99      1980
                                             1953
 MINIMUM TEMPERATURE (F)   67        50      1890


SUNRISE AND SUNSET
AUGUST 31 2016........SUNRISE   637 AM EDT   SUNSET   739 PM EDT
SEPTEMBER  1 2016.....SUNRISE   638 AM EDT   SUNSET   738 PM EDT


-  INDICATES NEGATIVE NUMBERS.
R  INDICATES RECORD WAS SET OR TIED.
MM INDICATES DATA IS MISSING.
T  INDICATES TRACE AMOUNT.




$$
