000
CDUS41 KALY 010621
CLIDDH


CLIMATE REPORT
NATIONAL WEATHER SERVICE ALBANY NY
221 AM EDT TUE SEP 1 2015


...................................

...THE BENNINGTON VT CLIMATE SUMMARY FOR AUGUST 31 2015...

CLIMATE NORMAL PERIOD 1981 TO 2010
CLIMATE RECORD PERIOD 9999 TO 9999


WEATHER ITEM   OBSERVED TIME   NORMAL DEPARTURE LAST
                VALUE   (LST)  VALUE  FROM      YEAR
                                      NORMAL
......................................................
TEMPERATURE (F)
 YESTERDAY
  MAXIMUM         84    257 PM  75      9       80
  MINIMUM         56    555 AM  53      3       62
  AVERAGE         70            64      6       71

PRECIPITATION (IN)
  YESTERDAY        0.00          0.11  -0.11     0.01
  MONTH TO DATE    1.73          4.00  -2.27     1.85
  SINCE JUN 1      6.67         12.47  -5.80    13.13
  SINCE JAN 1     14.23         27.54 -13.31    25.96

DEGREE DAYS
 HEATING
  YESTERDAY        0             3     -3        0
  MONTH TO DATE   12            44    -32       42
  SINCE JUN 1    134           169    -35      100
  SINCE JUL 1     39            72    -33       53

 COOLING
  YESTERDAY        5             2      3        6
  MONTH TO DATE  120            93     27       51
  SINCE JUN 1    304           274     30      237
  SINCE JAN 1    368           288     80      253
......................................................


WIND (MPH)
  HIGHEST WIND SPEED    18   HIGHEST WIND DIRECTION     W (290)
  HIGHEST GUST SPEED    31   HIGHEST GUST DIRECTION     W (270)
  AVERAGE WIND SPEED     5.2


SKY COVER
  AVERAGE SKY COVER 0.3



RELATIVE HUMIDITY (PERCENT)
 HIGHEST   100           200 AM
 LOWEST     47           400 PM
 AVERAGE    74

..........................................................


THE BENNINGTON VT CLIMATE NORMALS FOR TODAY
                         NORMAL
 MAXIMUM TEMPERATURE (F)   75
 MINIMUM TEMPERATURE (F)   52


SUNRISE AND SUNSET
SEPTEMBER  1 2015.....SUNRISE   617 AM EDT   SUNSET   728 PM EDT
SEPTEMBER  2 2015.....SUNRISE   618 AM EDT   SUNSET   726 PM EDT


-  INDICATES NEGATIVE NUMBERS.
R  INDICATES RECORD WAS SET OR TIED.
MM INDICATES DATA IS MISSING.
T  INDICATES TRACE AMOUNT.




$$
