000
CDUS41 KALY 242047
CLIDDH


CLIMATE REPORT
NATIONAL WEATHER SERVICE ALBANY NY
447 PM EDT THU APR 24 2014


...................................

...THE BENNINGTON VT CLIMATE SUMMARY FOR APRIL 24 2014...
VALID TODAY AS OF 0400 PM LOCAL TIME.

CLIMATE NORMAL PERIOD 1981 TO 2010
CLIMATE RECORD PERIOD 9999 TO 9999


WEATHER ITEM   OBSERVED TIME   NORMAL DEPARTURE LAST
                VALUE   (LST)  VALUE  FROM      YEAR
                                      NORMAL
......................................................
TEMPERATURE (F)
 TODAY
  MAXIMUM         54    343 PM  60     -6       76
  MINIMUM         35    539 AM  37     -2       32
  AVERAGE         45            49     -4       54

PRECIPITATION (IN)
  TODAY            0.00          0.09  -0.09     0.05
  MONTH TO DATE    1.08          2.63  -1.55     3.30
  SINCE MAR 1      3.23          5.78  -2.55     4.58
  SINCE JAN 1      9.09         10.77  -1.68     7.24

DEGREE DAYS
 HEATING
  TODAY           20            16      4       11
  MONTH TO DATE  472           496    -24      505
  SINCE MAR 1   1630          1480    150     1522
  SINCE JUL 1   6878          6731    147     6306

 COOLING
  TODAY            0             0      0        0
  MONTH TO DATE    4             0      4        0
  SINCE MAR 1      4             0      4        0
  SINCE JAN 1      4             0      4        0
......................................................


WIND (MPH)
  HIGHEST WIND SPEED    17   HIGHEST WIND DIRECTION    NW (320)
  HIGHEST GUST SPEED    33   HIGHEST GUST DIRECTION    NW (320)
  AVERAGE WIND SPEED    11.5


SKY COVER
  AVERAGE SKY COVER 0.1



RELATIVE HUMIDITY (PERCENT)
 HIGHEST    48
 LOWEST     26
 AVERAGE    37

..........................................................


THE BENNINGTON VT CLIMATE NORMALS FOR TOMORROW
                         NORMAL
 MAXIMUM TEMPERATURE (F)   61
 MINIMUM TEMPERATURE (F)   38


SUNRISE AND SUNSET
APRIL 24 2014.........SUNRISE   557 AM EDT   SUNSET   746 PM EDT
APRIL 25 2014.........SUNRISE   556 AM EDT   SUNSET   747 PM EDT


-  INDICATES NEGATIVE NUMBERS.
R  INDICATES RECORD WAS SET OR TIED.
MM INDICATES DATA IS MISSING.
T  INDICATES TRACE AMOUNT.




$$
