000
CDUS41 KALY 110623
CLIDDH


CLIMATE REPORT
NATIONAL WEATHER SERVICE ALBANY NY
121 AM EST SUN DEC 11 2016


...................................

...THE BENNINGTON VT CLIMATE SUMMARY FOR DECEMBER 10 2016...

CLIMATE NORMAL PERIOD 1981 TO 2010
CLIMATE RECORD PERIOD 9999 TO 9999


WEATHER ITEM   OBSERVED TIME   NORMAL DEPARTURE LAST
                VALUE   (LST)  VALUE  FROM      YEAR
                                      NORMAL
......................................................
TEMPERATURE (F)
 YESTERDAY
  MAXIMUM         25    355 PM  38    -13       53
  MINIMUM         14    627 AM  22     -8       40
  AVERAGE         20            30    -10       47

PRECIPITATION (IN)
  YESTERDAY        0.00          0.10  -0.10     0.03
  MONTH TO DATE    0.57          0.97  -0.40     0.90
  SINCE DEC 1      0.57          0.97  -0.40     0.90
  SINCE JAN 1     31.11         38.88  -7.77    26.11

DEGREE DAYS
 HEATING
  YESTERDAY       45            35     10       18
  MONTH TO DATE  323           334    -11      273
  SINCE DEC 1    323           334    -11      273
  SINCE JUL 1   1693          1947   -254     1616

 COOLING
  YESTERDAY        0             0      0        0
  MONTH TO DATE    0             0      0        0
  SINCE DEC 1      0             0      0        0
  SINCE JAN 1    488           313    175      444
......................................................


WIND (MPH)
  HIGHEST WIND SPEED    14   HIGHEST WIND DIRECTION     W (290)
  HIGHEST GUST SPEED    21   HIGHEST GUST DIRECTION     W (270)
  AVERAGE WIND SPEED     5.1


SKY COVER
  AVERAGE SKY COVER 0.3



RELATIVE HUMIDITY (PERCENT)
 HIGHEST    80          1000 PM
 LOWEST     40           100 PM
 AVERAGE    60

..........................................................


THE BENNINGTON VT CLIMATE NORMALS FOR TODAY
                         NORMAL
 MAXIMUM TEMPERATURE (F)   37
 MINIMUM TEMPERATURE (F)   22


SUNRISE AND SUNSET
DECEMBER 11 2016......SUNRISE   714 AM EST   SUNSET   419 PM EST
DECEMBER 12 2016......SUNRISE   715 AM EST   SUNSET   419 PM EST


-  INDICATES NEGATIVE NUMBERS.
R  INDICATES RECORD WAS SET OR TIED.
MM INDICATES DATA IS MISSING.
T  INDICATES TRACE AMOUNT.




$$

JVM
