000
CDUS43 KILX 040654
CLIDEC


CLIMATE REPORT
NATIONAL WEATHER SERVICE LINCOLN IL
1246 AM CST WED MAR 4 2015


...................................

...THE DECATUR IL AIRPORT CLIMATE SUMMARY FOR MARCH 3 2015...

CLIMATE NORMAL PERIOD 1981 TO 2010
CLIMATE RECORD PERIOD 9999 TO 9999


WEATHER ITEM   OBSERVED TIME   RECORD YEAR NORMAL DEPARTURE LAST
                VALUE   (LST)  VALUE       VALUE  FROM      YEAR
                                                  NORMAL
..................................................................
TEMPERATURE (F)
 YESTERDAY
  MAXIMUM         40    523 PM  MM      MM  46     -6       21
  MINIMUM         25   1249 AM  MM      MM  28     -3        2
  AVERAGE         33                        37     -4       12

PRECIPITATION (IN)
  YESTERDAY        0.14         MM      MM   0.08   0.06     0.00
  MONTH TO DATE    0.14                      0.23  -0.09      T
  SINCE MAR 1      0.14                      0.23  -0.09      T
  SINCE JAN 1      1.39                      3.95  -2.56     1.12

DEGREE DAYS
 HEATING
  YESTERDAY       32                        28      4       53
  MONTH TO DATE  114                        86     28      142
  SINCE MAR 1    114                        86     28      142
  SINCE JUL 1   4760                      4343    417     4954

 COOLING
  YESTERDAY        0                         0      0        0
  MONTH TO DATE    0                         0      0        0
  SINCE MAR 1      0                         0      0        0
  SINCE JAN 1      0                         0      0        0
..................................................................


WIND (MPH)
  HIGHEST WIND SPEED    21   HIGHEST WIND DIRECTION     S (190)
  HIGHEST GUST SPEED    26   HIGHEST GUST DIRECTION     S (190)
  AVERAGE WIND SPEED    11.7


SKY COVER
  POSSIBLE SUNSHINE  MM
  AVERAGE SKY COVER 1.0


WEATHER CONDITIONS
 THE FOLLOWING WEATHER WAS RECORDED YESTERDAY.
  FREEZING RAIN
  LT FREEZING RAIN
  FOG


RELATIVE HUMIDITY (PERCENT)
 HIGHEST   100           800 AM
 LOWEST     69           500 AM
 AVERAGE    85

..........................................................


THE DECATUR IL AIRPORT CLIMATE NORMALS FOR TODAY
                         NORMAL    RECORD    YEAR
 MAXIMUM TEMPERATURE (F)   46        MM        MM
 MINIMUM TEMPERATURE (F)   28        MM        MM


SUNRISE AND SUNSET
MARCH  4 2015.........SUNRISE   624 AM CST   SUNSET   550 PM CST
MARCH  5 2015.........SUNRISE   623 AM CST   SUNSET   551 PM CST


-  INDICATES NEGATIVE NUMBERS.
R  INDICATES RECORD WAS SET OR TIED.
MM INDICATES DATA IS MISSING.
T  INDICATES TRACE AMOUNT.




$$
