322
CDUS43 KILX 260637
CLIDEC


CLIMATE REPORT
NATIONAL WEATHER SERVICE LINCOLN IL
137 AM CDT WED APR 26 2017


...................................

...THE DECATUR IL AIRPORT CLIMATE SUMMARY FOR APRIL 25 2017...

CLIMATE NORMAL PERIOD 1981 TO 2010
CLIMATE RECORD PERIOD 9999 TO 9999


WEATHER ITEM   OBSERVED TIME   RECORD YEAR NORMAL DEPARTURE LAST
                VALUE   (LST)  VALUE       VALUE  FROM      YEAR
                                                  NORMAL
..................................................................
TEMPERATURE (F)
 YESTERDAY
  MAXIMUM         78    333 PM  MM      MM  68     10       82
  MINIMUM         43    504 AM  MM      MM  45     -2       61
  AVERAGE         61                        56      5       72

PRECIPITATION (IN)
  YESTERDAY        0.00         MM      MM   0.14  -0.14     0.03
  MONTH TO DATE    2.00                      2.85  -0.85     2.21
  SINCE MAR 1      4.70                      5.49  -0.79     5.40
  SINCE JAN 1      6.80                      9.21  -2.41     6.59

DEGREE DAYS
 HEATING
  YESTERDAY        4                         9     -5        0
  MONTH TO DATE  207                       338   -131      324
  SINCE MAR 1    862                      1065   -203      826
  SINCE JUL 1   4221                      5322  -1101     4318

 COOLING
  YESTERDAY        0                         1     -1        7
  MONTH TO DATE   20                         3     17        7
  SINCE MAR 1     20                         4     16        7
  SINCE JAN 1     20                         4     16        7
..................................................................


WIND (MPH)
  HIGHEST WIND SPEED    28   HIGHEST WIND DIRECTION     S (160)
  HIGHEST GUST SPEED    36   HIGHEST GUST DIRECTION     S (170)
  AVERAGE WIND SPEED    11.4


SKY COVER
  POSSIBLE SUNSHINE  MM
  AVERAGE SKY COVER 0.0


WEATHER CONDITIONS
 THE FOLLOWING WEATHER WAS RECORDED YESTERDAY.
  NO SIGNIFICANT WEATHER WAS OBSERVED.


RELATIVE HUMIDITY (PERCENT)
 HIGHEST    77           600 AM
 LOWEST     40           300 PM
 AVERAGE    59

..........................................................


THE DECATUR IL AIRPORT CLIMATE NORMALS FOR TODAY
                         NORMAL    RECORD    YEAR
 MAXIMUM TEMPERATURE (F)   68        MM        MM
 MINIMUM TEMPERATURE (F)   45        MM        MM


SUNRISE AND SUNSET
APRIL 26 2017.........SUNRISE   602 AM CDT   SUNSET   745 PM CDT
APRIL 27 2017.........SUNRISE   601 AM CDT   SUNSET   746 PM CDT


-  INDICATES NEGATIVE NUMBERS.
R  INDICATES RECORD WAS SET OR TIED.
MM INDICATES DATA IS MISSING.
T  INDICATES TRACE AMOUNT.




$$
