000
CDUS43 KILX 232130
CLIDEC


CLIMATE REPORT
NATIONAL WEATHER SERVICE LINCOLN IL
430 PM CDT THU MAR 23 2017


...................................

...THE DECATUR IL AIRPORT CLIMATE SUMMARY FOR MARCH 23 2017...
VALID TODAY AS OF 0400 PM LOCAL TIME.

CLIMATE NORMAL PERIOD 1981 TO 2010
CLIMATE RECORD PERIOD 9999 TO 9999


WEATHER ITEM   OBSERVED TIME   RECORD YEAR NORMAL DEPARTURE LAST
                VALUE   (LST)  VALUE       VALUE  FROM      YEAR
                                                  NORMAL
..................................................................
TEMPERATURE (F)
 TODAY
  MAXIMUM         45    147 PM  MM      MM  55    -10       67
  MINIMUM         30   1252 AM  MM      MM  34     -4       55
  AVERAGE         38                        44     -6       61

PRECIPITATION (IN)
  TODAY            T            MM      MM   0.09  -0.09      T
  MONTH TO DATE    1.21                      1.89  -0.68     1.24
  SINCE MAR 1      1.21                      1.89  -0.68     1.24
  SINCE JAN 1      3.31                      5.61  -2.30     2.43

DEGREE DAYS
 HEATING
  TODAY           27                        21      6        4
  MONTH TO DATE  570                       573     -3      374
  SINCE MAR 1    570                       573     -3      374
  SINCE JUL 1   3929                      4830   -901     3866

 COOLING
  TODAY            0                         0      0        0
  MONTH TO DATE    0                         0      0        0
  SINCE MAR 1      0                         0      0        0
  SINCE JAN 1      0                         0      0        0
..................................................................


WIND (MPH)
  HIGHEST WIND SPEED    20   HIGHEST WIND DIRECTION     S (170)
  HIGHEST GUST SPEED    23   HIGHEST GUST DIRECTION    SE (150)
  AVERAGE WIND SPEED    11.1


SKY COVER
  POSSIBLE SUNSHINE  MM
  AVERAGE SKY COVER 0.8


WEATHER CONDITIONS
 THE FOLLOWING WEATHER WAS RECORDED TODAY.
  LIGHT RAIN


RELATIVE HUMIDITY (PERCENT)
 HIGHEST    69          1200 AM
 LOWEST     52           800 AM
 AVERAGE    61

..........................................................


THE DECATUR IL AIRPORT CLIMATE NORMALS FOR TOMORROW
                         NORMAL    RECORD    YEAR
 MAXIMUM TEMPERATURE (F)   55        MM        MM
 MINIMUM TEMPERATURE (F)   34        MM        MM


SUNRISE AND SUNSET
MARCH 23 2017.........SUNRISE   654 AM CDT   SUNSET   711 PM CDT
MARCH 24 2017.........SUNRISE   652 AM CDT   SUNSET   712 PM CDT


-  INDICATES NEGATIVE NUMBERS.
R  INDICATES RECORD WAS SET OR TIED.
MM INDICATES DATA IS MISSING.
T  INDICATES TRACE AMOUNT.




$$
