000
CDUS43 KILX 280646
CLIDEC


CLIMATE REPORT
NATIONAL WEATHER SERVICE LINCOLN IL
146 AM CDT THU MAY 28 2015


...................................

...THE DECATUR IL AIRPORT CLIMATE SUMMARY FOR MAY 27 2015...

CLIMATE NORMAL PERIOD 1981 TO 2010
CLIMATE RECORD PERIOD 9999 TO 9999


WEATHER ITEM   OBSERVED TIME   RECORD YEAR NORMAL DEPARTURE LAST
                VALUE   (LST)  VALUE       VALUE  FROM      YEAR
                                                  NORMAL
..................................................................
TEMPERATURE (F)
 YESTERDAY
  MAXIMUM         80    231 PM  MM      MM  77      3       86
  MINIMUM         60   1151 PM  MM      MM  55      5       67
  AVERAGE         70                        66      4       77

PRECIPITATION (IN)
  YESTERDAY        T            MM      MM   0.11  -0.11     0.00
  MONTH TO DATE    4.53                      3.87   0.66     2.56
  SINCE MAR 1      8.16                     10.31  -2.15     8.50
  SINCE JAN 1      9.41                     14.03  -4.62     9.62

DEGREE DAYS
 HEATING
  YESTERDAY        0                         3     -3        0
  MONTH TO DATE   79                       132    -53      129
  SINCE MAR 1   1169                      1238    -69     1339
  SINCE JUL 1   5815                      5495    320     6151

 COOLING
  YESTERDAY        5                         4      1       12
  MONTH TO DATE  127                        57     70      106
  SINCE MAR 1    130                        71     59      107
  SINCE JAN 1    130                        71     59      107
..................................................................


WIND (MPH)
  HIGHEST WIND SPEED    22   HIGHEST WIND DIRECTION    SW (230)
  HIGHEST GUST SPEED    28   HIGHEST GUST DIRECTION    SW (220)
  AVERAGE WIND SPEED    10.1


SKY COVER
  POSSIBLE SUNSHINE  MM
  AVERAGE SKY COVER 0.4


WEATHER CONDITIONS
 THE FOLLOWING WEATHER WAS RECORDED YESTERDAY.
  LIGHT RAIN


RELATIVE HUMIDITY (PERCENT)
 HIGHEST    87           500 AM
 LOWEST     48           400 PM
 AVERAGE    68

..........................................................


THE DECATUR IL AIRPORT CLIMATE NORMALS FOR TODAY
                         NORMAL    RECORD    YEAR
 MAXIMUM TEMPERATURE (F)   78        MM        MM
 MINIMUM TEMPERATURE (F)   55        MM        MM


SUNRISE AND SUNSET
MAY 28 2015...........SUNRISE   531 AM CDT   SUNSET   815 PM CDT
MAY 29 2015...........SUNRISE   531 AM CDT   SUNSET   815 PM CDT


-  INDICATES NEGATIVE NUMBERS.
R  INDICATES RECORD WAS SET OR TIED.
MM INDICATES DATA IS MISSING.
T  INDICATES TRACE AMOUNT.




$$
