000
CDUS43 KILX 010643
CLIDEC


CLIMATE REPORT
NATIONAL WEATHER SERVICE LINCOLN IL
143 AM CDT TUE SEP 1 2015


...................................

...THE DECATUR IL AIRPORT CLIMATE SUMMARY FOR AUGUST 31 2015...

CLIMATE NORMAL PERIOD 1981 TO 2010
CLIMATE RECORD PERIOD 9999 TO 9999


WEATHER ITEM   OBSERVED TIME   RECORD YEAR NORMAL DEPARTURE LAST
                VALUE   (LST)  VALUE       VALUE  FROM      YEAR
                                                  NORMAL
..................................................................
TEMPERATURE (F)
 YESTERDAY
  MAXIMUM         88    334 PM  MM      MM  83      5       86
  MINIMUM         67    548 AM  MM      MM  61      6       73
  AVERAGE         78                        72      6       80

PRECIPITATION (IN)
  YESTERDAY        0.00         MM      MM   0.14  -0.14     0.00
  MONTH TO DATE    2.29                      3.65  -1.36     4.93
  SINCE JUN 1     12.21                     11.86   0.35    14.27
  SINCE JAN 1     22.91                     26.31  -3.40    23.93

DEGREE DAYS
 HEATING
  YESTERDAY        0                         0      0        0
  MONTH TO DATE    1                         0      1        0
  SINCE JUN 1      9                        23    -14        3
  SINCE JUL 1      2                         6     -4        2

 COOLING
  YESTERDAY       13                         7      6       15
  MONTH TO DATE  256                       269    -13      300
  SINCE JUN 1    815                       831    -16      759
  SINCE JAN 1    959                       918     41      904
..................................................................


WIND (MPH)
  HIGHEST WIND SPEED    15   HIGHEST WIND DIRECTION     S (180)
  HIGHEST GUST SPEED    18   HIGHEST GUST DIRECTION     S (160)
  AVERAGE WIND SPEED     6.7


SKY COVER
  POSSIBLE SUNSHINE  MM
  AVERAGE SKY COVER 0.2


WEATHER CONDITIONS
 THE FOLLOWING WEATHER WAS RECORDED YESTERDAY.
  FOG


RELATIVE HUMIDITY (PERCENT)
 HIGHEST    90           300 AM
 LOWEST     55           300 PM
 AVERAGE    73

..........................................................


THE DECATUR IL AIRPORT CLIMATE NORMALS FOR TODAY
                         NORMAL    RECORD    YEAR
 MAXIMUM TEMPERATURE (F)   83        MM        MM
 MINIMUM TEMPERATURE (F)   60        MM        MM


SUNRISE AND SUNSET
SEPTEMBER  1 2015.....SUNRISE   623 AM CDT   SUNSET   727 PM CDT
SEPTEMBER  2 2015.....SUNRISE   624 AM CDT   SUNSET   726 PM CDT


-  INDICATES NEGATIVE NUMBERS.
R  INDICATES RECORD WAS SET OR TIED.
MM INDICATES DATA IS MISSING.
T  INDICATES TRACE AMOUNT.




$$
