000
CDUS43 KILX 280640
CLIDEC


CLIMATE REPORT
NATIONAL WEATHER SERVICE LINCOLN IL
140 AM CDT WED JUN 28 2017


...................................

...THE DECATUR IL AIRPORT CLIMATE SUMMARY FOR JUNE 27 2017...

CLIMATE NORMAL PERIOD 1981 TO 2010
CLIMATE RECORD PERIOD 9999 TO 9999


WEATHER ITEM   OBSERVED TIME   RECORD YEAR NORMAL DEPARTURE LAST
                VALUE   (LST)  VALUE       VALUE  FROM      YEAR
                                                  NORMAL
..................................................................
TEMPERATURE (F)
 YESTERDAY
  MAXIMUM         76    446 PM  MM      MM  86    -10       93
  MINIMUM         50    419 AM  MM      MM  65    -15       71
  AVERAGE         63                        75    -12       82

PRECIPITATION (IN)
  YESTERDAY        0.00         MM      MM   0.13  -0.13     0.00
  MONTH TO DATE    1.33                      4.04  -2.71     2.16
  SINCE JUN 1      1.33                      4.04  -2.71     2.16
  SINCE JAN 1     20.26                     18.49   1.77    13.02

DEGREE DAYS
 HEATING
  YESTERDAY        2                         0      2        0
  MONTH TO DATE    4                        14    -10        0
  SINCE JUN 1      4                        14    -10        0
  SINCE JUL 1   4415                      5518  -1103     4485

 COOLING
  YESTERDAY        0                        10    -10       17
  MONTH TO DATE  222                       198     24      316
  SINCE JUN 1    222                       198     24      316
  SINCE JAN 1    319                       285     34      406
..................................................................


WIND (MPH)
  HIGHEST WIND SPEED    12   HIGHEST WIND DIRECTION    SE (140)
  HIGHEST GUST SPEED    16   HIGHEST GUST DIRECTION     S (190)
  AVERAGE WIND SPEED     4.9


SKY COVER
  POSSIBLE SUNSHINE  MM
  AVERAGE SKY COVER 0.0


WEATHER CONDITIONS
 THE FOLLOWING WEATHER WAS RECORDED YESTERDAY.
  NO SIGNIFICANT WEATHER WAS OBSERVED.


RELATIVE HUMIDITY (PERCENT)
 HIGHEST    89           500 AM
 LOWEST     29           400 PM
 AVERAGE    59

..........................................................


THE DECATUR IL AIRPORT CLIMATE NORMALS FOR TODAY
                         NORMAL    RECORD    YEAR
 MAXIMUM TEMPERATURE (F)   86        MM        MM
 MINIMUM TEMPERATURE (F)   65        MM        MM


SUNRISE AND SUNSET
JUNE 28 2017..........SUNRISE   530 AM CDT   SUNSET   828 PM CDT
JUNE 29 2017..........SUNRISE   530 AM CDT   SUNSET   828 PM CDT


-  INDICATES NEGATIVE NUMBERS.
R  INDICATES RECORD WAS SET OR TIED.
MM INDICATES DATA IS MISSING.
T  INDICATES TRACE AMOUNT.




$$
