552
CDUS45 KBOU 262329
CLIDEN


CLIMATE REPORT
NATIONAL WEATHER SERVICE DENVER/BOULDER CO
529 PM MDT FRI AUG 26 2016


...................................

...THE DENVER CO CLIMATE SUMMARY FOR AUGUST 26 2016...
VALID TODAY AS OF 0500 PM LOCAL TIME.

CLIMATE NORMAL PERIOD 1981 TO 2010
CLIMATE RECORD PERIOD 1872 TO 2016


WEATHER ITEM   OBSERVED TIME   RECORD YEAR NORMAL DEPARTURE LAST
                VALUE   (LST)  VALUE       VALUE  FROM      YEAR
                                                  NORMAL
..................................................................
TEMPERATURE (F)
 TODAY
  MAXIMUM         80    330 PM  97    2015  86     -6       97
                                      1985
                                      1936
  MINIMUM         50    146 AM  40    1910  56     -6       61
  AVERAGE         65                        71     -6       79

PRECIPITATION (IN)
  TODAY            0.00          0.95 1944   0.04  -0.04      T
  MONTH TO DATE    0.22                      1.50  -1.28     1.06
  SINCE JUN 1      2.91                      5.64  -2.73     4.65
  SINCE JAN 1     10.01                     11.17  -1.16    13.48

DEGREE DAYS
 HEATING
  TODAY            0                         0      0        0
  MONTH TO DATE   15                         0     15       13
  SINCE JUN 1     19                        68    -49       29
  SINCE JUL 1     15                         6      9       18

 COOLING
  TODAY            0                         6     -6       14
  MONTH TO DATE  196                       216    -20      258
  SINCE JUN 1    737                       638     99      663
  SINCE JAN 1    740                       660     80      667
..................................................................


WIND (MPH)
  HIGHEST WIND SPEED    16   HIGHEST WIND DIRECTION     N (10)
  HIGHEST GUST SPEED    18   HIGHEST GUST DIRECTION     N (10)
  AVERAGE WIND SPEED     6.8


SKY COVER **
  POSSIBLE SUNSHINE  MM
  AVERAGE SKY COVER 0.7


WEATHER CONDITIONS
 THE FOLLOWING WEATHER WAS RECORDED TODAY.
  FOG
  HAZE


RELATIVE HUMIDITY (PERCENT)
 HIGHEST    89           800 AM
 LOWEST     23           300 PM
 AVERAGE    56

..........................................................


THE DENVER CO CLIMATE NORMALS FOR TOMORROW
                         NORMAL    RECORD    YEAR
 MAXIMUM TEMPERATURE (F)   85        98      2012
                                             1994
 MINIMUM TEMPERATURE (F)   56        48      2004
                                             1992


SUNRISE AND SUNSET
AUGUST 26 2016........SUNRISE   622 AM MDT   SUNSET   739 PM MDT
AUGUST 27 2016........SUNRISE   622 AM MDT   SUNSET   737 PM MDT


-  INDICATES NEGATIVE NUMBERS.
R  INDICATES RECORD WAS SET OR TIED.
MM INDICATES DATA IS MISSING.
T  INDICATES TRACE AMOUNT.




$$
