000
CDUS45 KBOU 262330
CLIDEN


CLIMATE REPORT
NATIONAL WEATHER SERVICE DENVER/BOULDER CO
530 PM MDT MON SEP 26 2016


...................................

...THE DENVER CO CLIMATE SUMMARY FOR SEPTEMBER 26 2016...
VALID TODAY AS OF 0500 PM LOCAL TIME.

CLIMATE NORMAL PERIOD 1981 TO 2010
CLIMATE RECORD PERIOD 1872 TO 2016


WEATHER ITEM   OBSERVED TIME   RECORD YEAR NORMAL DEPARTURE LAST
                VALUE   (LST)  VALUE       VALUE  FROM      YEAR
                                                  NORMAL
..................................................................
TEMPERATURE (F)
 TODAY
  MAXIMUM         76    345 PM  90    2010  74      2       87
                                      1892
  MINIMUM         42    506 AM  28    1927  44     -2       49
  AVERAGE         59                        59      0       68

PRECIPITATION (IN)
  TODAY            0.00          1.41 2012   0.03  -0.03     0.00
  MONTH TO DATE    0.28                      0.83  -0.55     0.04
  SINCE SEP 1      0.28                      0.83  -0.55     0.04
  SINCE JAN 1     10.29                     12.19  -1.90    13.64

DEGREE DAYS
 HEATING
  TODAY            6                         7     -1        0
  MONTH TO DATE   62                        92    -30        9
  SINCE SEP 1     62                        92    -30        9
  SINCE JUL 1     77                       108    -31       27

 COOLING
  TODAY            0                         1     -1        3
  MONTH TO DATE   96                        73     23      134
  SINCE SEP 1     96                        73     23      134
  SINCE JAN 1    858                       761     97      847
..................................................................


WIND (MPH)
  HIGHEST WIND SPEED    14   HIGHEST WIND DIRECTION    SW (210)
  HIGHEST GUST SPEED    17   HIGHEST GUST DIRECTION     E (80)
  AVERAGE WIND SPEED     7.2


SKY COVER **
  POSSIBLE SUNSHINE  MM
  AVERAGE SKY COVER 0.1


WEATHER CONDITIONS
 THE FOLLOWING WEATHER WAS RECORDED TODAY.
  NO SIGNIFICANT WEATHER WAS OBSERVED.


RELATIVE HUMIDITY (PERCENT)
 HIGHEST    62           600 AM
 LOWEST     18           100 PM
 AVERAGE    40

..........................................................


THE DENVER CO CLIMATE NORMALS FOR TOMORROW
                         NORMAL    RECORD    YEAR
 MAXIMUM TEMPERATURE (F)   74        92      1953
 MINIMUM TEMPERATURE (F)   44        21      1908


SUNRISE AND SUNSET
SEPTEMBER 26 2016.....SUNRISE   651 AM MDT   SUNSET   649 PM MDT
SEPTEMBER 27 2016.....SUNRISE   652 AM MDT   SUNSET   647 PM MDT


-  INDICATES NEGATIVE NUMBERS.
R  INDICATES RECORD WAS SET OR TIED.
MM INDICATES DATA IS MISSING.
T  INDICATES TRACE AMOUNT.




$$
