000
CDUS45 KBOU 072228
CLIDEN


CLIMATE REPORT
NATIONAL WEATHER SERVICE DENVER CO
428 PM MDT TUE JUL 7 2015


...................................

...THE DENVER CO CLIMATE SUMMARY FOR JULY 7 2015...
VALID TODAY AS OF 0400 PM LOCAL TIME.

CLIMATE NORMAL PERIOD 1981 TO 2010
CLIMATE RECORD PERIOD 1872 TO 2015


WEATHER ITEM   OBSERVED TIME   RECORD YEAR NORMAL DEPARTURE LAST
                VALUE   (LST)  VALUE       VALUE  FROM      YEAR
                                                  NORMAL
..................................................................
TEMPERATURE (F)
 TODAY
  MAXIMUM         75    106 PM 102    1989  89    -14      100
  MINIMUM         58    601 AM  43    1952  58      0       61
  AVERAGE         67                        73     -6       81

PRECIPITATION (IN)
  TODAY            0.00          1.41 1988   0.05  -0.05     0.15
  MONTH TO DATE    0.17                      0.39  -0.22     0.15
  SINCE JUN 1      2.70                      2.37   0.33     1.97
  SINCE JAN 1     11.53                      7.90   3.63     8.68

DEGREE DAYS
 HEATING
  TODAY            0                         0      0        0
  MONTH TO DATE    3                         1      2        0
  SINCE JUN 1     14                        63    -49       30
  SINCE JUL 1      3                         1      2        0

 COOLING
  TODAY            2                         9     -7       16
  MONTH TO DATE   48                        56     -8       73
  SINCE JUN 1    202                       189     13      179
  SINCE JAN 1    206                       211     -5      200
..................................................................


WIND (MPH)
  HIGHEST WIND SPEED    23   HIGHEST WIND DIRECTION    SE (130)
  HIGHEST GUST SPEED    30   HIGHEST GUST DIRECTION    SE (130)
  AVERAGE WIND SPEED    14.5


SKY COVER **
  POSSIBLE SUNSHINE  MM
  AVERAGE SKY COVER 0.9


WEATHER CONDITIONS
 THE FOLLOWING WEATHER WAS RECORDED TODAY.
  HAZE


RELATIVE HUMIDITY (PERCENT)
 HIGHEST    80           100 AM
 LOWEST     49           100 PM
 AVERAGE    65

..........................................................


THE DENVER CO CLIMATE NORMALS FOR TOMORROW
                         NORMAL    RECORD    YEAR
 MAXIMUM TEMPERATURE (F)   89       103      1989
 MINIMUM TEMPERATURE (F)   58        45      1952


SUNRISE AND SUNSET
JULY  7 2015..........SUNRISE   537 AM MST   SUNSET   830 PM MST
JULY  8 2015..........SUNRISE   538 AM MST   SUNSET   829 PM MST


-  INDICATES NEGATIVE NUMBERS.
R  INDICATES RECORD WAS SET OR TIED.
MM INDICATES DATA IS MISSING.
T  INDICATES TRACE AMOUNT.




$$
