000
CDUS45 KBOU 290757
CLIDEN


CLIMATE REPORT
NATIONAL WEATHER SERVICE DENVER/BOULDER CO
156 AM MDT THU JUN 29 2017


...................................

...THE DENVER CO CLIMATE SUMMARY FOR JUNE 28 2017...

CLIMATE NORMAL PERIOD 1981 TO 2010
CLIMATE RECORD PERIOD 1872 TO 2017


WEATHER ITEM   OBSERVED TIME   RECORD YEAR NORMAL DEPARTURE LAST
                VALUE   (LST)  VALUE       VALUE  FROM      YEAR
                                                  NORMAL
..................................................................
TEMPERATURE (F)
 YESTERDAY
  MAXIMUM         90    401 PM  99    1986  87      3       93
  MINIMUM         52    424 AM  48    1999  56     -4       57
                                      1985
                                      1894
  AVERAGE         71                        71      0       75

PRECIPITATION (IN)
  YESTERDAY        T             0.97 1902   0.06  -0.06      T
  MONTH TO DATE    0.12                      1.87  -1.75     1.62
  SINCE JUN 1      0.12                      1.87  -1.75     1.62
  SINCE JAN 1      6.43                      7.40  -0.97     8.72

SNOWFALL (IN)
  YESTERDAY        0.0
  MONTH TO DATE      0
  SINCE JUN 1        0
  SINCE JUL 1     21.8
  SNOW DEPTH       0


DEGREE DAYS
 HEATING
  YESTERDAY        0                         1     -1        0
  MONTH TO DATE   23                        61    -38        4
  SINCE JUN 1     23                        61    -38        4
  SINCE JUL 1   5107                      6057   -950     5560

 COOLING
  YESTERDAY        6                         7     -1       10
  MONTH TO DATE  161                       117     44      171
  SINCE JUN 1    161                       117     44      171
  SINCE JAN 1    167                       139     28      174
..................................................................


WIND (MPH)
  HIGHEST WIND SPEED    24   HIGHEST WIND DIRECTION    SE (130)
  HIGHEST GUST SPEED    33   HIGHEST GUST DIRECTION     E (110)
  AVERAGE WIND SPEED    11.5


SKY COVER **
  POSSIBLE SUNSHINE  MM
  AVERAGE SKY COVER 0.6


WEATHER CONDITIONS
 THE FOLLOWING WEATHER WAS RECORDED YESTERDAY.
  THUNDERSTORM
  LIGHT RAIN


RELATIVE HUMIDITY (PERCENT)
 HIGHEST    52          1000 PM
 LOWEST     14           400 PM
 AVERAGE    33

..........................................................


THE DENVER CO CLIMATE NORMALS FOR TODAY
                         NORMAL    RECORD    YEAR
 MAXIMUM TEMPERATURE (F)   87       102      1990
 MINIMUM TEMPERATURE (F)   56        47      2008
                                             1995
                                             1880


SUNRISE AND SUNSET
JUNE 29 2017..........SUNRISE   533 AM MDT   SUNSET   831 PM MDT
JUNE 30 2017..........SUNRISE   534 AM MDT   SUNSET   831 PM MDT


-  INDICATES NEGATIVE NUMBERS.
R  INDICATES RECORD WAS SET OR TIED.
MM INDICATES DATA IS MISSING.
T  INDICATES TRACE AMOUNT.

&&

** SUNSHINE DATA WILL NO LONGER BE AVAILABLE EFFECTIVE OCTOBER 1ST 2009.




$$
