000
CDUS45 KBOU 202331
CLIDEN


CLIMATE REPORT
NATIONAL WEATHER SERVICE DENVER/BOULDER CO
430 PM MST MON FEB 20 2017


...................................

...THE DENVER CO CLIMATE SUMMARY FOR FEBRUARY 20 2017...
VALID TODAY AS OF 0400 PM LOCAL TIME.

CLIMATE NORMAL PERIOD 1981 TO 2010
CLIMATE RECORD PERIOD 1872 TO 2017


WEATHER ITEM   OBSERVED TIME   RECORD YEAR NORMAL DEPARTURE LAST
                VALUE   (LST)  VALUE       VALUE  FROM      YEAR
                                                  NORMAL
..................................................................
TEMPERATURE (F)
 TODAY
  MAXIMUM         63    304 PM  75    1935  47     16       62
  MINIMUM         24    501 AM  -5    1955  20      4       27
  AVERAGE         44                        33     11       45

PRECIPITATION (IN)
  TODAY            0.00          0.47 1971   0.01  -0.01     0.00
  MONTH TO DATE    T                         0.25  -0.25     0.48
  SINCE DEC 1      1.32                      1.01   0.31     1.69
  SINCE JAN 1      0.54                      0.66  -0.12     0.98

DEGREE DAYS
 HEATING
  TODAY           21                        32    -11       20
  MONTH TO DATE  431                       666   -235      563
  SINCE DEC 1   2652                      2815   -163     2681
  SINCE JUL 1   3548                      4197   -649     3771

 COOLING
  TODAY            0                         0      0        0
  MONTH TO DATE    0                         0      0        0
  SINCE DEC 1      0                         0      0        0
  SINCE JAN 1      0                         0      0        0
..................................................................


WIND (MPH)
  HIGHEST WIND SPEED    21   HIGHEST WIND DIRECTION    NW (300)
  HIGHEST GUST SPEED    27   HIGHEST GUST DIRECTION    NW (310)
  AVERAGE WIND SPEED     8.1


SKY COVER **
  POSSIBLE SUNSHINE  MM
  AVERAGE SKY COVER 0.2


WEATHER CONDITIONS
 THE FOLLOWING WEATHER WAS RECORDED TODAY.
  NO SIGNIFICANT WEATHER WAS OBSERVED.


RELATIVE HUMIDITY (PERCENT)
 HIGHEST    81           500 AM
 LOWEST     13           300 PM
 AVERAGE    47

..........................................................


THE DENVER CO CLIMATE NORMALS FOR TOMORROW
                         NORMAL    RECORD    YEAR
 MAXIMUM TEMPERATURE (F)   47        71      1995
                                             1982
 MINIMUM TEMPERATURE (F)   20        -2      1955


SUNRISE AND SUNSET
FEBRUARY 20 2017......SUNRISE   644 AM MST   SUNSET   541 PM MST
FEBRUARY 21 2017......SUNRISE   643 AM MST   SUNSET   542 PM MST


-  INDICATES NEGATIVE NUMBERS.
R  INDICATES RECORD WAS SET OR TIED.
MM INDICATES DATA IS MISSING.
T  INDICATES TRACE AMOUNT.




$$
