000
CDUS45 KBOU 202331
CLIDEN


CLIMATE REPORT
NATIONAL WEATHER SERVICE DENVER/BOULDER CO
431 PM MST TUE FEB 20 2018


...................................

...THE DENVER CO CLIMATE SUMMARY FOR FEBRUARY 20 2018...
VALID TODAY AS OF 0400 PM LOCAL TIME.

CLIMATE NORMAL PERIOD 1981 TO 2010
CLIMATE RECORD PERIOD 1872 TO 2018


WEATHER ITEM   OBSERVED TIME   RECORD YEAR NORMAL DEPARTURE LAST
                VALUE   (LST)  VALUE       VALUE  FROM      YEAR
                                                  NORMAL
..................................................................
TEMPERATURE (F)
 TODAY
  MAXIMUM         13    359 PM  75    1935  47    -34       63
  MINIMUM         -3    645 AM  -5    1955  20    -23       24
  AVERAGE          5                        33    -28       44

PRECIPITATION (IN)
  TODAY            T             0.47 1971   0.01  -0.01     0.00
  MONTH TO DATE    0.29                      0.25   0.04      T
  SINCE DEC 1      1.04                      1.01   0.03     1.32
  SINCE JAN 1      0.83                      0.66   0.17     0.54

DEGREE DAYS
 HEATING
  TODAY           60                        32     28       21
  MONTH TO DATE  669                       666      3      431
  SINCE DEC 1   2580                      2815   -235     2652
  SINCE JUL 1   3751                      4197   -446     3548

 COOLING
  TODAY            0                         0      0        0
  MONTH TO DATE    0                         0      0        0
  SINCE DEC 1      0                         0      0        0
  SINCE JAN 1      0                         0      0        0
..................................................................


WIND (MPH)
  HIGHEST WIND SPEED    17   HIGHEST WIND DIRECTION     N (20)
  HIGHEST GUST SPEED    20   HIGHEST GUST DIRECTION    NE (30)
  AVERAGE WIND SPEED     6.7


SKY COVER
  POSSIBLE SUNSHINE  MM
  AVERAGE SKY COVER 0.9


WEATHER CONDITIONS
 THE FOLLOWING WEATHER WAS RECORDED TODAY.
  LIGHT SNOW
  FOG


RELATIVE HUMIDITY (PERCENT)
 HIGHEST    86          1200 AM
 LOWEST     67           400 PM
 AVERAGE    77

..........................................................


THE DENVER CO CLIMATE NORMALS FOR TOMORROW
                         NORMAL    RECORD    YEAR
 MAXIMUM TEMPERATURE (F)   47        73      2017
 MINIMUM TEMPERATURE (F)   20        -2      1955
                                             1953


SUNRISE AND SUNSET
FEBRUARY 20 2018......SUNRISE   645 AM MST   SUNSET   541 PM MST
FEBRUARY 21 2018......SUNRISE   643 AM MST   SUNSET   542 PM MST


-  INDICATES NEGATIVE NUMBERS.
R  INDICATES RECORD WAS SET OR TIED.
MM INDICATES DATA IS MISSING.
T  INDICATES TRACE AMOUNT.




$$
