000
CDUS45 KBOU 122331
CLIDEN


CLIMATE REPORT
NATIONAL WEATHER SERVICE DENVER/BOULDER CO
430 PM MST TUE DEC 12 2017


...................................

...THE DENVER CO CLIMATE SUMMARY FOR DECEMBER 12 2017...
VALID TODAY AS OF 0400 PM LOCAL TIME.

CLIMATE NORMAL PERIOD 1981 TO 2010
CLIMATE RECORD PERIOD 1872 TO 2017


WEATHER ITEM   OBSERVED TIME   RECORD YEAR NORMAL DEPARTURE LAST
                VALUE   (LST)  VALUE       VALUE  FROM      YEAR
                                                  NORMAL
..................................................................
TEMPERATURE (F)
 TODAY
  MAXIMUM         69R   227 PM  69    1895  42     27       44
  MINIMUM         29    402 AM -12    1961  17     12       19
  AVERAGE         49                        30     19       32

PRECIPITATION (IN)
  TODAY            0.00          0.44 1901   0.01  -0.01     0.00
  MONTH TO DATE    T                         0.14  -0.14     0.15
  SINCE DEC 1      T                         0.14  -0.14     0.15
  SINCE JAN 1     11.48                     14.09  -2.61    11.22

DEGREE DAYS
 HEATING
  TODAY           16                        35    -19       33
  MONTH TO DATE  287                       412   -125      477
  SINCE DEC 1    287                       412   -125      477
  SINCE JUL 1   1458                      1794   -336     1373

 COOLING
  TODAY            0                         0      0        0
  MONTH TO DATE    0                         0      0        0
  SINCE DEC 1      0                         0      0        0
  SINCE JAN 1    881                       769    112      878
..................................................................


WIND (MPH)
  HIGHEST WIND SPEED    18   HIGHEST WIND DIRECTION    SW (210)
  HIGHEST GUST SPEED    22   HIGHEST GUST DIRECTION    SW (210)
  AVERAGE WIND SPEED    10.3


SKY COVER
  POSSIBLE SUNSHINE  MM
  AVERAGE SKY COVER 0.2


WEATHER CONDITIONS
 THE FOLLOWING WEATHER WAS RECORDED TODAY.
  NO SIGNIFICANT WEATHER WAS OBSERVED.


RELATIVE HUMIDITY (PERCENT)
 HIGHEST    43           400 AM
 LOWEST     11           200 PM
 AVERAGE    27

..........................................................


THE DENVER CO CLIMATE NORMALS FOR TOMORROW
                         NORMAL    RECORD    YEAR
 MAXIMUM TEMPERATURE (F)   42        72      1921
 MINIMUM TEMPERATURE (F)   17       -12      1961


SUNRISE AND SUNSET
DECEMBER 12 2017......SUNRISE   711 AM MST   SUNSET   434 PM MST
DECEMBER 13 2017......SUNRISE   712 AM MST   SUNSET   434 PM MST


-  INDICATES NEGATIVE NUMBERS.
R  INDICATES RECORD WAS SET OR TIED.
MM INDICATES DATA IS MISSING.
T  INDICATES TRACE AMOUNT.




$$
