000
CDUS45 KBOU 282330
CLIDEN


CLIMATE REPORT
NATIONAL WEATHER SERVICE DENVER CO
529 PM MDT FRI AUG 28 2015


...................................

...THE DENVER CO CLIMATE SUMMARY FOR AUGUST 28 2015...
VALID TODAY AS OF 0500 PM LOCAL TIME.

CLIMATE NORMAL PERIOD 1981 TO 2010
CLIMATE RECORD PERIOD 1872 TO 2015


WEATHER ITEM   OBSERVED TIME   RECORD YEAR NORMAL DEPARTURE LAST
                VALUE   (LST)  VALUE       VALUE  FROM      YEAR
                                                  NORMAL
..................................................................
TEMPERATURE (F)
 TODAY
  MAXIMUM         85    358 PM  96    2012  85      0       72
                                      2011
  MINIMUM         58    520 AM  42    2004  55      3       54
  AVERAGE         72                        70      2       63

PRECIPITATION (IN)
  TODAY            0.00          0.68 1882   0.03  -0.03      T
  MONTH TO DATE    1.06                      1.57  -0.51     2.73
  SINCE JUN 1      4.65                      5.71  -1.06     8.40
  SINCE JAN 1     13.48                     11.24   2.24    15.11

DEGREE DAYS
 HEATING
  TODAY            0                         1     -1        2
  MONTH TO DATE   13                         2     11        2
  SINCE JUN 1     29                        70    -41       37
  SINCE JUL 1     18                         8     10        7

 COOLING
  TODAY            7                         6      1        0
  MONTH TO DATE  273                       228     45      175
  SINCE JUN 1    678                       650     28      585
  SINCE JAN 1    682                       672     10      606
..................................................................


WIND (MPH)
  HIGHEST WIND SPEED    21   HIGHEST WIND DIRECTION     N (360)
  HIGHEST GUST SPEED    27   HIGHEST GUST DIRECTION     N (10)
  AVERAGE WIND SPEED     8.3


SKY COVER **
  POSSIBLE SUNSHINE  MM
  AVERAGE SKY COVER 0.4


WEATHER CONDITIONS
 THE FOLLOWING WEATHER WAS RECORDED TODAY.
  NO SIGNIFICANT WEATHER WAS OBSERVED.


RELATIVE HUMIDITY (PERCENT)
 HIGHEST    80           500 AM
 LOWEST     20           400 PM
 AVERAGE    50

..........................................................


THE DENVER CO CLIMATE NORMALS FOR TOMORROW
                         NORMAL    RECORD    YEAR
 MAXIMUM TEMPERATURE (F)   85        97      2012
 MINIMUM TEMPERATURE (F)   55        44      1962


SUNRISE AND SUNSET
AUGUST 28 2015........SUNRISE   623 AM MST   SUNSET   738 PM MST
AUGUST 29 2015........SUNRISE   624 AM MST   SUNSET   736 PM MST


-  INDICATES NEGATIVE NUMBERS.
R  INDICATES RECORD WAS SET OR TIED.
MM INDICATES DATA IS MISSING.
T  INDICATES TRACE AMOUNT.




$$
