000
CDUS45 KBOU 282324
CLIDEN


CLIMATE REPORT
NATIONAL WEATHER SERVICE DENVER CO
523 PM MDT THU MAY 28 2015


...................................

...THE DENVER CO CLIMATE SUMMARY FOR MAY 28 2015...
VALID TODAY AS OF 0500 PM LOCAL TIME.

CLIMATE NORMAL PERIOD 1981 TO 2010
CLIMATE RECORD PERIOD 1872 TO 2015


WEATHER ITEM   OBSERVED TIME   RECORD YEAR NORMAL DEPARTURE LAST
                VALUE   (LST)  VALUE       VALUE  FROM      YEAR
                                                  NORMAL
..................................................................
TEMPERATURE (F)
 TODAY
  MAXIMUM         73   1058 AM  93    1974  76     -3       87
  MINIMUM         50   1259 AM  32    1947  47      3       53
  AVERAGE         62                        61      1       70

PRECIPITATION (IN)
  TODAY            0.00          1.24 1898   0.07  -0.07     0.00
  MONTH TO DATE    3.72                      1.88   1.84     3.46
  SINCE MAR 1      7.16                      4.51   2.65     5.53
  SINCE JAN 1      8.79                      5.29   3.50     6.66

DEGREE DAYS
 HEATING
  TODAY            3                         5     -2        0
  MONTH TO DATE  350                       250    100      242
  SINCE MAR 1   1442                      1542   -100     1453
  SINCE JUL 1   5555                      5981   -426     5972

 COOLING
  TODAY            0                         1     -1        5
  MONTH TO DATE    0                        13    -13       13
  SINCE MAR 1      0                        14    -14       13
  SINCE JAN 1      0                        14    -14       13
..................................................................


WIND (MPH)
  HIGHEST WIND SPEED    21   HIGHEST WIND DIRECTION     E (70)
  HIGHEST GUST SPEED    24   HIGHEST GUST DIRECTION     E (70)
  AVERAGE WIND SPEED     7.0


SKY COVER **
  POSSIBLE SUNSHINE  MM
  AVERAGE SKY COVER 0.7


WEATHER CONDITIONS
 THE FOLLOWING WEATHER WAS RECORDED TODAY.
  FOG
  FOG W/VISIBILITY <= 1/4 MILE


RELATIVE HUMIDITY (PERCENT)
 HIGHEST    93           200 AM
 LOWEST     35          1100 AM
 AVERAGE    64

..........................................................


THE DENVER CO CLIMATE NORMALS FOR TOMORROW
                         NORMAL    RECORD    YEAR
 MAXIMUM TEMPERATURE (F)   76        94      2003
 MINIMUM TEMPERATURE (F)   47        32      1883


SUNRISE AND SUNSET
MAY 28 2015...........SUNRISE   535 AM MST   SUNSET   817 PM MST
MAY 29 2015...........SUNRISE   534 AM MST   SUNSET   818 PM MST


-  INDICATES NEGATIVE NUMBERS.
R  INDICATES RECORD WAS SET OR TIED.
MM INDICATES DATA IS MISSING.
T  INDICATES TRACE AMOUNT.




$$
