000
CDUS45 KBOU 310756
CLIDEN


CLIMATE REPORT
NATIONAL WEATHER SERVICE DENVER CO
156 AM MDT FRI JUL 31 2015


...................................

...THE DENVER CO CLIMATE SUMMARY FOR JULY 30 2015...

CLIMATE NORMAL PERIOD 1981 TO 2010
CLIMATE RECORD PERIOD 1872 TO 2015


WEATHER ITEM   OBSERVED TIME   RECORD YEAR NORMAL DEPARTURE LAST
                VALUE   (LST)  VALUE       VALUE  FROM      YEAR
                                                  NORMAL
..................................................................
TEMPERATURE (F)
 YESTERDAY
  MAXIMUM         91    413 PM 101    2005  90      1       62
  MINIMUM         58    509 AM  43    1971  60     -2       57
  AVERAGE         75                        75      0       60

PRECIPITATION (IN)
  YESTERDAY        0.00          2.71 1997   0.08  -0.08     1.13
  MONTH TO DATE    1.06                      2.08  -1.02     3.85
  SINCE JUN 1      3.59                      4.06  -0.47     5.67
  SINCE JAN 1     12.42                      9.59   2.83    12.38

SNOWFALL (IN)
  YESTERDAY        0.0
  MONTH TO DATE      0
  SINCE JUN 1        0
  SINCE JUL 1        0
  SNOW DEPTH       0


DEGREE DAYS
 HEATING
  YESTERDAY        0                         0      0        5
  MONTH TO DATE    5                         1      4        5
  SINCE JUN 1     16                        63    -47       35
  SINCE JUL 1      5                         1      4        5

 COOLING
  YESTERDAY       10                        10      0        0
  MONTH TO DATE  240                       279    -39      301
  SINCE JUN 1    394                       412    -18      407
  SINCE JAN 1    398                       434    -36      428
..................................................................


WIND (MPH)
  HIGHEST WIND SPEED    21   HIGHEST WIND DIRECTION     S (160)
  HIGHEST GUST SPEED    25   HIGHEST GUST DIRECTION     S (160)
  AVERAGE WIND SPEED     9.9


SKY COVER **
  POSSIBLE SUNSHINE  MM
  AVERAGE SKY COVER 0.3


WEATHER CONDITIONS
 THE FOLLOWING WEATHER WAS RECORDED YESTERDAY.
  NO SIGNIFICANT WEATHER WAS OBSERVED.


RELATIVE HUMIDITY (PERCENT)
 HIGHEST    72           500 AM
 LOWEST     17           200 PM
 AVERAGE    45

..........................................................


THE DENVER CO CLIMATE NORMALS FOR TODAY
                         NORMAL    RECORD    YEAR
 MAXIMUM TEMPERATURE (F)   90       100      1889
 MINIMUM TEMPERATURE (F)   60        42      1873


SUNRISE AND SUNSET
JULY 31 2015..........SUNRISE   556 AM MST   SUNSET   814 PM MST
AUGUST  1 2015........SUNRISE   557 AM MST   SUNSET   813 PM MST


-  INDICATES NEGATIVE NUMBERS.
R  INDICATES RECORD WAS SET OR TIED.
MM INDICATES DATA IS MISSING.
T  INDICATES TRACE AMOUNT.

&&

** SUNSHINE DATA WILL NO LONGER BE AVAILABLE EFFECTIVE OCTOBER 1ST 2009.




$$
