000
CDUS45 KBOU 080800
CLIDEN


CLIMATE REPORT
NATIONAL WEATHER SERVICE DENVER/BOULDER CO
1259 AM MST MON FEB 8 2016


...................................

...THE DENVER CO CLIMATE SUMMARY FOR FEBRUARY 7 2016...

CLIMATE NORMAL PERIOD 1981 TO 2010
CLIMATE RECORD PERIOD 1872 TO 2016


WEATHER ITEM   OBSERVED TIME   RECORD YEAR NORMAL DEPARTURE LAST
                VALUE   (LST)  VALUE       VALUE  FROM      YEAR
                                                  NORMAL
..................................................................
TEMPERATURE (F)
 YESTERDAY
  MAXIMUM         43    105 AM  74    2015  45     -2       74
  MINIMUM         14    948 PM -17    1936  18     -4       41
  AVERAGE         29                        31     -2       58

PRECIPITATION (IN)
  YESTERDAY        0.00          0.54 1934   0.01  -0.01     0.00
  MONTH TO DATE    0.48                      0.09   0.39     0.17
  SINCE DEC 1      1.69                      0.85   0.84     1.14
  SINCE JAN 1      0.98                      0.50   0.48     0.55

SNOWFALL (IN)
  YESTERDAY        0.0
  MONTH TO DATE   11.6
  SINCE DEC 1     27.5
  SINCE JUL 1     38.8
  SNOW DEPTH       2


DEGREE DAYS
 HEATING
  YESTERDAY       36                        34      2        7
  MONTH TO DATE  292                       238     54      159
  SINCE DEC 1   2410                      2387     23     2154
  SINCE JUL 1   3500                      3769   -269     3408

 COOLING
  YESTERDAY        0                         0      0        0
  MONTH TO DATE    0                         0      0        0
  SINCE DEC 1      0                         0      0        0
  SINCE JAN 1      0                         0      0        0
..................................................................


WIND (MPH)
  HIGHEST WIND SPEED    26   HIGHEST WIND DIRECTION     W (270)
  HIGHEST GUST SPEED    33   HIGHEST GUST DIRECTION     W (270)
  AVERAGE WIND SPEED    13.3


SKY COVER **
  POSSIBLE SUNSHINE  MM
  AVERAGE SKY COVER 0.4


WEATHER CONDITIONS
 THE FOLLOWING WEATHER WAS RECORDED YESTERDAY.
  NO SIGNIFICANT WEATHER WAS OBSERVED.


RELATIVE HUMIDITY (PERCENT)
 HIGHEST    84           600 PM
 LOWEST     28           300 AM
 AVERAGE    56

..........................................................


THE DENVER CO CLIMATE NORMALS FOR TODAY
                         NORMAL    RECORD    YEAR
 MAXIMUM TEMPERATURE (F)   45        75      1954
 MINIMUM TEMPERATURE (F)   18       -25      1936


SUNRISE AND SUNSET
FEBRUARY  8 2016......SUNRISE   700 AM MST   SUNSET   525 PM MST
FEBRUARY  9 2016......SUNRISE   659 AM MST   SUNSET   527 PM MST


-  INDICATES NEGATIVE NUMBERS.
R  INDICATES RECORD WAS SET OR TIED.
MM INDICATES DATA IS MISSING.
T  INDICATES TRACE AMOUNT.

&&

** SUNSHINE DATA WILL NO LONGER BE AVAILABLE EFFECTIVE OCTOBER 1ST 2009.




$$
