000
CDUS44 KSHV 260749
CLIDEQ


CLIMATE REPORT
NATIONAL WEATHER SERVICE SHREVEPORT, LA
249 AM CDT WED APR 26 2017


...................................

...THE DE QUEEN CLIMATE SUMMARY FOR APRIL 25 2017...

CLIMATE NORMAL PERIOD 1981 TO 2010
CLIMATE RECORD PERIOD 1902 TO 2017


WEATHER ITEM   OBSERVED TIME   RECORD YEAR NORMAL DEPARTURE LAST
                VALUE   (LST)  VALUE       VALUE  FROM      YEAR
                                                  NORMAL
..................................................................
TEMPERATURE (F)
 YESTERDAY
  MAXIMUM         81        MM  88    1955  76      5       82
  MINIMUM         51        MM  34    2013  52     -1       58
  AVERAGE         66                        64      2       70

PRECIPITATION (IN)
  YESTERDAY        0.00          5.22 2011   0.16  -0.16     0.00
  MONTH TO DATE    6.58                      3.04   3.54     4.23
  SINCE DEC 1     17.36                     19.04  -1.68    21.07
  SINCE JAN 1     14.65                     14.68  -0.03    10.79

SNOWFALL (IN)
  YESTERDAY        0.0
  MONTH TO DATE    0.0
  SINCE MAR 1      0.0
  SINCE JUL 1      0.3
  SNOW DEPTH       0

DEGREE DAYS
 HEATING
  YESTERDAY        0                         3     -3        0
  MONTH TO DATE   56                       141    -85       89
  SINCE MAR 1    289                       518   -229      343
  SINCE JUL 1   2058                      3009   -951     2295

 COOLING
  YESTERDAY        1                         2     -1        5
  MONTH TO DATE   55                        28     27       14
  SINCE MAR 1     82                        37     45       22
  SINCE JAN 1     92                        39     53       22
..................................................................


WIND (MPH)
  HIGHEST WIND SPEED    14   HIGHEST WIND DIRECTION     S (190)
  HIGHEST GUST SPEED    25   HIGHEST GUST DIRECTION     S (190)
  AVERAGE WIND SPEED     7.2


SKY COVER
  POSSIBLE SUNSHINE  MM
  AVERAGE SKY COVER 0.3


WEATHER CONDITIONS
 THE FOLLOWING WEATHER WAS RECORDED YESTERDAY.
  NO SIGNIFICANT WEATHER WAS OBSERVED.


RELATIVE HUMIDITY (PERCENT)
 HIGHEST   100           100 AM
 LOWEST     62           100 PM
 AVERAGE    81

..........................................................


THE DE QUEEN CLIMATE NORMALS FOR TODAY
                         NORMAL    RECORD    YEAR
 MAXIMUM TEMPERATURE (F)   77        88      1939
 MINIMUM TEMPERATURE (F)   52        33      1950


SUNRISE AND SUNSET
APRIL 26 2017.........SUNRISE   633 AM CDT   SUNSET   758 PM CDT
APRIL 27 2017.........SUNRISE   632 AM CDT   SUNSET   759 PM CDT


-  INDICATES NEGATIVE NUMBERS.
R  INDICATES RECORD WAS SET OR TIED.
MM INDICATES DATA IS MISSING.
T  INDICATES TRACE AMOUNT.




$$
