000
CDUS44 KSHV 222235
CLIDEQ


CLIMATE REPORT
NATIONAL WEATHER SERVICE SHREVEPORT, LA
432 PM CST MON DEC 22 2014


...................................

...THE DE QUEEN CLIMATE SUMMARY FOR DECEMBER 22 2014...
VALID TODAY AS OF 0400 PM LOCAL TIME.

CLIMATE NORMAL PERIOD 1981 TO 2010
CLIMATE RECORD PERIOD 1902 TO 2014


WEATHER ITEM   OBSERVED TIME   RECORD YEAR NORMAL DEPARTURE LAST
                VALUE   (LST)  VALUE       VALUE  FROM      YEAR
                                                  NORMAL
..................................................................
TEMPERATURE (F)
 TODAY
  MAXIMUM         64    344 PM  72    1974  54     10       47
  MINIMUM         48   1241 AM   6    1989  30     18       31
  AVERAGE         56                        42     14       39

PRECIPITATION (IN)
  TODAY            0.00          1.57 1968   0.16  -0.16     0.00
  MONTH TO DATE    1.65                      2.83  -1.18     1.93
  SINCE DEC 1      1.65                      2.83  -1.18     1.93
  SINCE JAN 1     42.39                     47.46  -5.07    34.72

SNOWFALL (IN)
  TODAY            0.0
  MONTH TO DATE    0.0
  SINCE DEC 1      0.0
  SINCE JUL 1      0.5
  SNOW DEPTH       0

DEGREE DAYS
 HEATING
  TODAY            9                        23    -14       26
  MONTH TO DATE  379                       475    -96      460
  SINCE DEC 1    379                       475    -96      460
  SINCE JUL 1   1001                      1001      0     1073

 COOLING
  TODAY            0                         0      0        0
  MONTH TO DATE    0                         0      0        3
  SINCE DEC 1      0                         0      0        3
  SINCE JAN 1   1712                      1941   -229     2032
..................................................................


WIND (MPH)
  HIGHEST WIND SPEED    12   HIGHEST WIND DIRECTION     S (170)
  HIGHEST GUST SPEED    16   HIGHEST GUST DIRECTION     S (170)
  AVERAGE WIND SPEED     5.6


SKY COVER
  POSSIBLE SUNSHINE  MM
  AVERAGE SKY COVER 0.9


WEATHER CONDITIONS
 THE FOLLOWING WEATHER WAS RECORDED TODAY.
  FOG
  HAZE


RELATIVE HUMIDITY (PERCENT)
 HIGHEST    93          1200 AM
 LOWEST     72           400 PM
 AVERAGE    83

..........................................................


THE DE QUEEN CLIMATE NORMALS FOR TOMORROW
                         NORMAL    RECORD    YEAR
 MAXIMUM TEMPERATURE (F)   54        78      1964
 MINIMUM TEMPERATURE (F)   30        -5      1963


SUNRISE AND SUNSET
DECEMBER 22 2014......SUNRISE   720 AM CST   SUNSET   513 PM CST
DECEMBER 23 2014......SUNRISE   720 AM CST   SUNSET   513 PM CST


-  INDICATES NEGATIVE NUMBERS.
R  INDICATES RECORD WAS SET OR TIED.
MM INDICATES DATA IS MISSING.
T  INDICATES TRACE AMOUNT.




$$
