000
CDUS44 KSHV 230742
CLIDEQ


CLIMATE REPORT
NATIONAL WEATHER SERVICE SHREVEPORT, LA
241 AM CDT THU MAR 23 2017


...................................

...THE DE QUEEN CLIMATE SUMMARY FOR MARCH 22 2017...

CLIMATE NORMAL PERIOD 1981 TO 2010
CLIMATE RECORD PERIOD 1902 TO 2017


WEATHER ITEM   OBSERVED TIME   RECORD YEAR NORMAL DEPARTURE LAST
                VALUE   (LST)  VALUE       VALUE  FROM      YEAR
                                                  NORMAL
..................................................................
TEMPERATURE (F)
 YESTERDAY
  MAXIMUM         74    405 PM  84    1997  68      6       72
  MINIMUM         55    153 AM  24    1955  42     13       34
  AVERAGE         65                        55     10       53

PRECIPITATION (IN)
  YESTERDAY        0.00          0.93 1968   0.19  -0.19     0.00
  MONTH TO DATE    1.70                      2.96  -1.26     3.19
  SINCE DEC 1      8.59                     14.32  -5.73    15.72
  SINCE JAN 1      5.88                      9.96  -4.08     5.44

SNOWFALL (IN)
  YESTERDAY        0.0
  MONTH TO DATE    0.0
  SINCE MAR 1      0.0
  SINCE JUL 1      0.3
  SNOW DEPTH       0

DEGREE DAYS
 HEATING
  YESTERDAY        0                        11    -11       12
  MONTH TO DATE  207                       290    -83      187
  SINCE MAR 1    207                       290    -83      187
  SINCE JUL 1   1976                      2781   -805     2139

 COOLING
  YESTERDAY        0                         0      0        0
  MONTH TO DATE   20                         0     20        2
  SINCE MAR 1     20                         0     20        2
  SINCE JAN 1     30                         2     28        2
..................................................................


WIND (MPH)
  HIGHEST WIND SPEED    20   HIGHEST WIND DIRECTION     E (100)
  HIGHEST GUST SPEED    27   HIGHEST GUST DIRECTION     E (80)
  AVERAGE WIND SPEED    10.0


SKY COVER
  POSSIBLE SUNSHINE  MM
  AVERAGE SKY COVER 0.4


WEATHER CONDITIONS
 THE FOLLOWING WEATHER WAS RECORDED YESTERDAY.
  NO SIGNIFICANT WEATHER WAS OBSERVED.


RELATIVE HUMIDITY (PERCENT)
 HIGHEST   100          1200 AM
 LOWEST     57           200 PM
 AVERAGE    79

..........................................................


THE DE QUEEN CLIMATE NORMALS FOR TODAY
                         NORMAL    RECORD    YEAR
 MAXIMUM TEMPERATURE (F)   68        86      1995
 MINIMUM TEMPERATURE (F)   42        26      1983


SUNRISE AND SUNSET
MARCH 23 2017.........SUNRISE   717 AM CDT   SUNSET   732 PM CDT
MARCH 24 2017.........SUNRISE   715 AM CDT   SUNSET   733 PM CDT


-  INDICATES NEGATIVE NUMBERS.
R  INDICATES RECORD WAS SET OR TIED.
MM INDICATES DATA IS MISSING.
T  INDICATES TRACE AMOUNT.




$$
