000
CDUS46 KOTX 180829
CLIDEW


CLIMATE REPORT
NATIONAL WEATHER SERVICE SPOKANE, WA
124 AM PDT FRI APR 18 2014


...................................

...THE DEER_PARK WA AIRPORT CLIMATE SUMMARY FOR APRIL 17 2014...

CLIMATE NORMAL PERIOD 1981 TO 2010
CLIMATE RECORD PERIOD 9999 TO 9999


WEATHER ITEM   OBSERVED TIME   RECORD YEAR NORMAL DEPARTURE LAST
                VALUE   (LST)  VALUE       VALUE  FROM      YEAR
                                                  NORMAL
..................................................................
TEMPERATURE (F)
 YESTERDAY
  MAXIMUM         50    429 PM   MM    MM   58     -8       53
  MINIMUM         40    123 AM   MM    MM   32      8       19
  AVERAGE         45                        45      0       36

PRECIPITATION (IN)
  YESTERDAY        0.52          MM    MM   0.04   0.48     0.00
  MONTH TO DATE    0.87                     1.02  -0.15     1.09
  SINCE OCT 1     12.55                    15.16  -2.61    13.41
  SINCE JAN 1      8.75                     7.34   1.41     4.57

SNOWFALL (IN)
  YESTERDAY       MM             MM    MM    MM     MM       MM
  MONTH TO DATE   MM                         MM     MM       MM
  SINCE MAR 1     MM                         MM     MM       MM
  SINCE JUL 1     MM                         MM     MM       MM
  SNOW DEPTH      MM

DEGREE DAYS
 HEATING
  YESTERDAY       20                        20      0       29
  MONTH TO DATE  351                       364    -13      311
  SINCE MAR 1   1209                      1206      3     1138
  SINCE JUL 1   6603                      6571     32     6216

 COOLING
  YESTERDAY        0                         0      0        0
  MONTH TO DATE    0                         0      0        0
  SINCE MAR 1      0                         0      0        0
  SINCE JAN 1      0                         0      0        0
..................................................................


WIND (MPH)
  HIGHEST WIND SPEED    20   HIGHEST WIND DIRECTION     S (200)
  HIGHEST GUST SPEED    23   HIGHEST GUST DIRECTION    SW (210)
  AVERAGE WIND SPEED     7.7


SKY COVER
  POSSIBLE SUNSHINE  MM
  AVERAGE SKY COVER 1.0


WEATHER CONDITIONS
 THE FOLLOWING WEATHER WAS RECORDED YESTERDAY.
  RAIN
  LIGHT RAIN
  FOG


RELATIVE HUMIDITY (PERCENT)
 HIGHEST   100          1200 AM
 LOWEST     86          1100 AM
 AVERAGE    93

..........................................................


THE DEER_PARK WA AIRPORT CLIMATE NORMALS FOR TODAY
                         NORMAL    RECORD    YEAR
 MAXIMUM TEMPERATURE (F)   59        MM        MM
 MINIMUM TEMPERATURE (F)   32        MM        MM


SUNRISE AND SUNSET
APRIL 18 2014.........SUNRISE   554 AM PDT   SUNSET   744 PM PDT
APRIL 19 2014.........SUNRISE   553 AM PDT   SUNSET   746 PM PDT


-  INDICATES NEGATIVE NUMBERS.
R  INDICATES RECORD WAS SET OR TIED.
MM INDICATES DATA IS MISSING.
T  INDICATES TRACE AMOUNT.

$$
