000
CDUS46 KOTX 260830
CLIDEW


CLIMATE REPORT
NATIONAL WEATHER SERVICE SPOKANE, WA
130 AM PDT THU MAR 26 2015


...................................

...THE DEER_PARK WA AIRPORT CLIMATE SUMMARY FOR MARCH 25 2015...

CLIMATE NORMAL PERIOD 1981 TO 2010
CLIMATE RECORD PERIOD 9999 TO 9999


WEATHER ITEM   OBSERVED TIME   RECORD YEAR NORMAL DEPARTURE LAST
                VALUE   (LST)  VALUE       VALUE  FROM      YEAR
                                                  NORMAL
..................................................................
TEMPERATURE (F)
 YESTERDAY
  MAXIMUM         46   1159 PM  MM      MM  52     -6       52
  MINIMUM         28    513 AM  MM      MM  30     -2       37
  AVERAGE         37                        41     -4       45

PRECIPITATION (IN)
  YESTERDAY        0.24         MM      MM   0.09   0.15     0.00
  MONTH TO DATE    1.87                      1.63   0.24     3.34
  SINCE OCT 1     12.45                     13.68  -1.23    10.86
  SINCE JAN 1      6.06                      5.86   0.20     7.06

DEGREE DAYS
 HEATING
  YESTERDAY       28                        24      4       20
  MONTH TO DATE  589                       701   -112      715
  SINCE MAR 1    589                       701   -112      715
  SINCE JUL 1   5158                      6066   -908     6109

 COOLING
  YESTERDAY        0                         0      0        0
  MONTH TO DATE    0                         0      0        0
  SINCE MAR 1      0                         0      0        0
  SINCE JAN 1      0                         0      0        0
..................................................................


WIND (MPH)
  HIGHEST WIND SPEED    13   HIGHEST WIND DIRECTION    SW (210)
  HIGHEST GUST SPEED    16   HIGHEST GUST DIRECTION     S (200)
  AVERAGE WIND SPEED     4.8


SKY COVER
  POSSIBLE SUNSHINE  MM
  AVERAGE SKY COVER 0.8


WEATHER CONDITIONS
 THE FOLLOWING WEATHER WAS RECORDED YESTERDAY.
  LIGHT RAIN
  FOG


RELATIVE HUMIDITY (PERCENT)
 HIGHEST   100           800 PM
 LOWEST     86          1200 PM
 AVERAGE    93

..........................................................


THE DEER_PARK WA AIRPORT CLIMATE NORMALS FOR TODAY
                         NORMAL    RECORD    YEAR
 MAXIMUM TEMPERATURE (F)   52        MM        MM
 MINIMUM TEMPERATURE (F)   30        MM        MM


SUNRISE AND SUNSET
MARCH 26 2015.........SUNRISE   641 AM PDT   SUNSET   711 PM PDT
MARCH 27 2015.........SUNRISE   639 AM PDT   SUNSET   712 PM PDT


-  INDICATES NEGATIVE NUMBERS.
R  INDICATES RECORD WAS SET OR TIED.
MM INDICATES DATA IS MISSING.
T  INDICATES TRACE AMOUNT.




$$
