000
CDUS46 KOTX 080826
CLIDEW


CLIMATE REPORT
NATIONAL WEATHER SERVICE SPOKANE, WA
1226 AM PST THU DEC 8 2016


...................................

...THE DEER_PARK WA AIRPORT CLIMATE SUMMARY FOR DECEMBER 7 2016...

CLIMATE NORMAL PERIOD 1981 TO 2010
CLIMATE RECORD PERIOD 9999 TO 9999


WEATHER ITEM   OBSERVED TIME   RECORD YEAR NORMAL DEPARTURE LAST
                VALUE   (LST)  VALUE       VALUE  FROM      YEAR
                                                  NORMAL
..................................................................
TEMPERATURE (F)
 YESTERDAY
  MAXIMUM         29    132 PM  MM      MM  33     -4       40
  MINIMUM         17   1116 PM  MM      MM  20     -3       33
  AVERAGE         23                        27     -4       37

PRECIPITATION (IN)
  YESTERDAY        0.00         MM      MM   0.09  -0.09     1.13
  MONTH TO DATE    0.18                      0.61  -0.43     2.25
  SINCE OCT 1     10.01                      5.56   4.45     5.44
  SINCE JAN 1     24.58                     20.00   4.58    16.41

SNOWFALL (IN)
  YESTERDAY       MM

DEGREE DAYS
 HEATING
  YESTERDAY       42                        38      4       28
  MONTH TO DATE  250                       263    -13      213
  SINCE DEC 1    250                       263    -13      213
  SINCE JUL 1   1891                      2266   -375     1884

 COOLING
  YESTERDAY        0                         0      0        0
  MONTH TO DATE    0                         0      0        0
  SINCE DEC 1      0                         0      0        0
  SINCE JAN 1    212                       187     25      391
..................................................................


WIND (MPH)
  HIGHEST WIND SPEED    14   HIGHEST WIND DIRECTION    NE (30)
  HIGHEST GUST SPEED    18   HIGHEST GUST DIRECTION    NE (40)
  AVERAGE WIND SPEED     7.1


SKY COVER
  POSSIBLE SUNSHINE  MM
  AVERAGE SKY COVER 0.8


WEATHER CONDITIONS
 THE FOLLOWING WEATHER WAS RECORDED YESTERDAY.
  NO SIGNIFICANT WEATHER WAS OBSERVED.


RELATIVE HUMIDITY (PERCENT)
 HIGHEST    77          1200 AM
 LOWEST     46           100 PM
 AVERAGE    62

..........................................................


THE DEER_PARK WA AIRPORT CLIMATE NORMALS FOR TODAY
                         NORMAL    RECORD    YEAR
 MAXIMUM TEMPERATURE (F)   33        MM        MM
 MINIMUM TEMPERATURE (F)   20        MM        MM


SUNRISE AND SUNSET
DECEMBER  8 2016......SUNRISE   727 AM PST   SUNSET   357 PM PST
DECEMBER  9 2016......SUNRISE   728 AM PST   SUNSET   357 PM PST


-  INDICATES NEGATIVE NUMBERS.
R  INDICATES RECORD WAS SET OR TIED.
MM INDICATES DATA IS MISSING.
T  INDICATES TRACE AMOUNT.




$$
