000
CDUS44 KFWD 202121
CLIDFW


CLIMATE REPORT
NATIONAL WEATHER SERVICE FORT WORTH TX
421 PM CDT FRI OCT 20 2017


...................................

...THE DALLAS FORT WORTH CLIMATE SUMMARY FOR OCTOBER 20 2017...
VALID AS OF 0400 PM LOCAL TIME.

CLIMATE NORMAL PERIOD 1981 TO 2010
CLIMATE RECORD PERIOD 1898 TO 2017


WEATHER ITEM   OBSERVED TIME   RECORD YEAR NORMAL DEPARTURE LAST
                VALUE   (LST)  VALUE       VALUE  FROM      YEAR
                                                  NORMAL
..................................................................
TEMPERATURE (F)
 TODAY
  MAXIMUM         83    255 PM  95    1934  77      6       78
  MINIMUM         62    643 AM  33    1989  56      6       59
  AVERAGE         73

PRECIPITATION (IN)
  TODAY            T             2.13 1984   0.16  -0.16     0.31
  MONTH TO DATE    0.55                      2.58  -2.03     2.01
  SINCE SEP 1      1.02                      5.13  -4.11     2.99
  SINCE JAN 1     29.68                     29.24   0.44    31.66

SNOWFALL (IN)
  TODAY            0.0           0.0         0.0    0.0      0.0
  MONTH TO DATE    0.0                       0.0    0.0      0.0
  SINCE SEP 1      0.0                       0.0    0.0      0.0
  SINCE JUL 1      0.0                       0.0    0.0      0.0
  SNOW DEPTH       0

..................................................................


WIND (MPH)
  HIGHEST WIND SPEED    21   HIGHEST WIND DIRECTION    SE (150)
  HIGHEST GUST SPEED    27   HIGHEST GUST DIRECTION    SE (140)
  AVERAGE WIND SPEED     8.8




..........................................................


THE DALLAS FORT WORTH CLIMATE NORMALS FOR TOMORROW
                         NORMAL    RECORD    YEAR
 MAXIMUM TEMPERATURE (F)   77        94      1979
                                             1939
 MINIMUM TEMPERATURE (F)   55        36      1917
                                             1898


SUNRISE AND SUNSET
OCTOBER 20 2017.......SUNRISE   736 AM CDT   SUNSET   649 PM CDT
OCTOBER 21 2017.......SUNRISE   737 AM CDT   SUNSET   648 PM CDT


-  INDICATES NEGATIVE NUMBERS.
R  INDICATES RECORD WAS SET OR TIED.
MM INDICATES DATA IS MISSING.
T  INDICATES TRACE AMOUNT.




$$
