000
CDUS44 KFWD 240639
CLIDFW


CLIMATE REPORT
NATIONAL WEATHER SERVICE FORT WORTH TX
139 AM CDT SAT JUN 24 2017


...................................

...THE DALLAS FORT WORTH CLIMATE SUMMARY FOR JUNE 23 2017...

CLIMATE NORMAL PERIOD 1981 TO 2010
CLIMATE RECORD PERIOD 1898 TO 2017


WEATHER ITEM   OBSERVED TIME   RECORD YEAR NORMAL DEPARTURE LAST
                VALUE   (LST)  VALUE       VALUE  FROM      YEAR
                                                  NORMAL
..................................................................
TEMPERATURE (F)
 YESTERDAY
  MAXIMUM        100    428 PM 104    1980  93      7       96
  MINIMUM         77   1159 PM  63    1903  73      4       80
  AVERAGE         89                        83      6       88

PRECIPITATION (IN)
  YESTERDAY        0.14          0.84 1947   0.12   0.02     0.00
  MONTH TO DATE    4.09                      3.05   1.04     3.60
  SINCE JUN 1      4.09                      3.05   1.04     3.60
  SINCE JAN 1     15.95                     19.30  -3.35    20.36

DEGREE DAYS
 HEATING
  YESTERDAY        0                         0      0        0
  MONTH TO DATE    0                         0      0        0
  SINCE JUN 1      0                         0      0        0
  SINCE JUL 1   1305                      2284   -979     1592

 COOLING
  YESTERDAY       24                        18      6       23
  MONTH TO DATE  414                       363     51      419
  SINCE JUN 1    414                       363     51      419
  SINCE JAN 1   1096                       785    311      842
..................................................................


WIND (MPH)
  HIGHEST WIND SPEED    35   HIGHEST WIND DIRECTION    NE (50)
  HIGHEST GUST SPEED    41   HIGHEST GUST DIRECTION    NE (40)
  AVERAGE WIND SPEED     8.5


SKY COVER
  POSSIBLE SUNSHINE  MM
  AVERAGE SKY COVER 0.5


WEATHER CONDITIONS
 THE FOLLOWING WEATHER WAS RECORDED YESTERDAY.
  THUNDERSTORM
  HEAVY RAIN
  LIGHT RAIN
  FOG


RELATIVE HUMIDITY (PERCENT)
 HIGHEST    91           600 AM
 LOWEST     42           500 PM
 AVERAGE    67

..........................................................


THE DALLAS FORT WORTH CLIMATE NORMALS FOR TODAY
                         NORMAL    RECORD    YEAR
 MAXIMUM TEMPERATURE (F)   93       106      1980
 MINIMUM TEMPERATURE (F)   73        61      1903


SUNRISE AND SUNSET
JUNE 24 2017..........SUNRISE   621 AM CDT   SUNSET   840 PM CDT
JUNE 25 2017..........SUNRISE   621 AM CDT   SUNSET   840 PM CDT


-  INDICATES NEGATIVE NUMBERS.
R  INDICATES RECORD WAS SET OR TIED.
MM INDICATES DATA IS MISSING.
T  INDICATES TRACE AMOUNT.




$$
