000
CDUS44 KFWD 072121
CLIDFW


CLIMATE REPORT
NATIONAL WEATHER SERVICE FORT WORTH TX
421 PM CDT TUE JUL 7 2015


...................................

...THE DALLAS FORT WORTH CLIMATE SUMMARY FOR JULY 7 2015...
VALID AS OF 0400 PM LOCAL TIME.

CLIMATE NORMAL PERIOD 1981 TO 2010
CLIMATE RECORD PERIOD 1898 TO 2015


WEATHER ITEM   OBSERVED TIME   RECORD YEAR NORMAL DEPARTURE LAST
                VALUE   (LST)  VALUE       VALUE  FROM      YEAR
                                                  NORMAL
..................................................................
TEMPERATURE (F)
 TODAY
  MAXIMUM         92    154 PM 106    1996  95     -3       99
  MINIMUM         80    633 AM  64    1972  75      5       76
                                      1968
  AVERAGE         86

PRECIPITATION (IN)
  TODAY            0.00          3.01 1973   0.09  -0.09     0.00
  MONTH TO DATE    0.00                      0.64  -0.64     0.00
  SINCE JUN 1      3.95                      4.43  -0.48     3.26
  SINCE JAN 1     35.58                     20.68  14.90    10.59

..................................................................


WIND (MPH)
  HIGHEST WIND SPEED    25   HIGHEST WIND DIRECTION    SW (210)
  HIGHEST GUST SPEED    31   HIGHEST GUST DIRECTION    SW (210)
  AVERAGE WIND SPEED    17.7




..........................................................


THE DALLAS FORT WORTH CLIMATE NORMALS FOR TOMORROW
                         NORMAL    RECORD    YEAR
 MAXIMUM TEMPERATURE (F)   95       107      1956
 MINIMUM TEMPERATURE (F)   75        62      1952


SUNRISE AND SUNSET
JULY  7 2015..........SUNRISE   626 AM CDT   SUNSET   840 PM CDT
JULY  8 2015..........SUNRISE   627 AM CDT   SUNSET   840 PM CDT


-  INDICATES NEGATIVE NUMBERS.
R  INDICATES RECORD WAS SET OR TIED.
MM INDICATES DATA IS MISSING.
T  INDICATES TRACE AMOUNT.




$$
