000
CDUS44 KFWD 310636
CLIDFW


CLIMATE REPORT
NATIONAL WEATHER SERVICE FORT WORTH TX
136 AM CDT MON AUG 31 2015


...................................

...THE DALLAS FORT WORTH CLIMATE SUMMARY FOR AUGUST 30 2015...

CLIMATE NORMAL PERIOD 1981 TO 2010
CLIMATE RECORD PERIOD 1898 TO 2015


WEATHER ITEM   OBSERVED TIME   RECORD YEAR NORMAL DEPARTURE LAST
                VALUE   (LST)  VALUE       VALUE  FROM      YEAR
                                                  NORMAL
..................................................................
TEMPERATURE (F)
 YESTERDAY
  MAXIMUM         97    423 PM 106    2000  94      3       94
                                      1954
  MINIMUM         75    535 AM  59    1915  73      2       76
  AVERAGE         86                        84      2       85

PRECIPITATION (IN)
  YESTERDAY        0.00          1.35 1991   0.08  -0.08     0.00
  MONTH TO DATE    0.46                      1.82  -1.36     4.34
  SINCE JUN 1      5.33                      7.77  -2.44     8.58
  SINCE JAN 1     36.96                     24.02  12.94    15.91

DEGREE DAYS
 HEATING
  YESTERDAY        0                         0      0        0
  MONTH TO DATE    0                         0      0        0
  SINCE JUN 1      0                         0      0        0
  SINCE JUL 1      0                         0      0        0

 COOLING
  YESTERDAY       21                        19      2       20
  MONTH TO DATE  679                       615     64      643
  SINCE JUN 1   1893                      1737    156     1759
  SINCE JAN 1   2212                      2159     53     2235
..................................................................


WIND (MPH)
  HIGHEST WIND SPEED    18   HIGHEST WIND DIRECTION     S (180)
  HIGHEST GUST SPEED    24   HIGHEST GUST DIRECTION     W (260)
  AVERAGE WIND SPEED     9.6


SKY COVER
  POSSIBLE SUNSHINE  MM
  AVERAGE SKY COVER 0.8


WEATHER CONDITIONS
 THE FOLLOWING WEATHER WAS RECORDED YESTERDAY.
  NO SIGNIFICANT WEATHER WAS OBSERVED.


RELATIVE HUMIDITY (PERCENT)
 HIGHEST    74           600 AM
 LOWEST     26           400 PM
 AVERAGE    50

..........................................................


THE DALLAS FORT WORTH CLIMATE NORMALS FOR TODAY
                         NORMAL    RECORD    YEAR
 MAXIMUM TEMPERATURE (F)   94       108      2000
 MINIMUM TEMPERATURE (F)   73        55      1915


SUNRISE AND SUNSET
AUGUST 31 2015........SUNRISE   702 AM CDT   SUNSET   754 PM CDT
SEPTEMBER  1 2015.....SUNRISE   703 AM CDT   SUNSET   753 PM CDT


-  INDICATES NEGATIVE NUMBERS.
R  INDICATES RECORD WAS SET OR TIED.
MM INDICATES DATA IS MISSING.
T  INDICATES TRACE AMOUNT.




$$
