000
CDUS44 KFWD 260638
CLIDFW

CLIMATE REPORT
NATIONAL WEATHER SERVICE FORT WORTH TX
1239 AM CST MON JAN 26 2015

...................................

...THE DALLAS FORT WORTH CLIMATE SUMMARY FOR JANUARY 25 2015...

CLIMATE NORMAL PERIOD 1981 TO 2010
CLIMATE RECORD PERIOD 1898 TO 2015


WEATHER ITEM   OBSERVED TIME   RECORD YEAR NORMAL DEPARTURE LAST
                VALUE   (LST)  VALUE       VALUE  FROM      YEAR
                                                  NORMAL
..................................................................
TEMPERATURE (F)
 YESTERDAY
  MAXIMUM         64    303 PM  84    1952  57      7       68
  MINIMUM         41    258 AM  12    1940  36      5       26
  AVERAGE         53                        46      7       47

PRECIPITATION (IN)
  YESTERDAY        0.00          3.54 2012   0.07  -0.07     0.00
  MONTH TO DATE    3.08                      1.66   1.42     0.33
  SINCE DEC 1      4.21                      4.21   0.00     3.09
  SINCE JAN 1      3.08                      1.66   1.42     0.33

SNOWFALL (IN)
  YESTERDAY        0.0           0.1  1949   0.0    0.0      0.0
  MONTH TO DATE    T                         0.2   -0.2       T
  SINCE DEC 1      T                         0.5   -0.5      2.1
  SINCE JUL 1      T                         0.5   -0.5      2.1
  SNOW DEPTH       0

DEGREE DAYS
 HEATING
  YESTERDAY       12                        19     -7       18
  MONTH TO DATE  571                       486     85      483
  SINCE DEC 1   1027                      1044    -17     1154
  SINCE JUL 1   1445                      1398     47     1555

 COOLING
  YESTERDAY        0                         0      0        0
  MONTH TO DATE    0                         0      0        0
  SINCE DEC 1      1                         4     -3        0
  SINCE JAN 1      0                         0      0        0
..................................................................


WIND (MPH)
  HIGHEST WIND SPEED    33   HIGHEST WIND DIRECTION    NW (320)
  HIGHEST GUST SPEED    39   HIGHEST GUST DIRECTION    NW (310)
  AVERAGE WIND SPEED    15.0


SKY COVER
  POSSIBLE SUNSHINE  MM
  AVERAGE SKY COVER 0.1


WEATHER CONDITIONS
 THE FOLLOWING WEATHER WAS RECORDED YESTERDAY.
  NO SIGNIFICANT WEATHER WAS OBSERVED.


RELATIVE HUMIDITY (PERCENT)
 HIGHEST    79           300 AM
 LOWEST     22           100 PM
 AVERAGE    51

..........................................................


THE DALLAS FORT WORTH CLIMATE NORMALS FOR TODAY
                         NORMAL    RECORD    YEAR
 MAXIMUM TEMPERATURE (F)   57        82      1953
 MINIMUM TEMPERATURE (F)   36        12      1904


SUNRISE AND SUNSET
JANUARY 26 2015.......SUNRISE   727 AM CST   SUNSET   555 PM CST
JANUARY 27 2015.......SUNRISE   726 AM CST   SUNSET   556 PM CST


-  INDICATES NEGATIVE NUMBERS.
R  INDICATES RECORD WAS SET OR TIED.
MM INDICATES DATA IS MISSING.
T  INDICATES TRACE AMOUNT.


$$


58
