000
CDUS44 KFWD 280640
CLIDFW

CLIMATE REPORT
NATIONAL WEATHER SERVICE FORT WORTH TX
1238 AM CST FRI NOV 28 2014


...................................

...THE DALLAS FORT WORTH CLIMATE SUMMARY FOR NOVEMBER 27 2014...

CLIMATE NORMAL PERIOD 1981 TO 2010
CLIMATE RECORD PERIOD 1898 TO 2014


WEATHER ITEM   OBSERVED TIME   RECORD YEAR NORMAL DEPARTURE LAST
                VALUE   (LST)  VALUE       VALUE  FROM      YEAR
                                                  NORMAL
..................................................................
TEMPERATURE (F)
 YESTERDAY
  MAXIMUM         57    350 PM  82    1905  62     -5       47
  MINIMUM         36    722 AM  21    1938  42     -6       29
  AVERAGE         47                        52     -5       38

PRECIPITATION (IN)
  YESTERDAY        0.00          0.76 1958   0.07  -0.07     0.00
  MONTH TO DATE    2.13                      2.48  -0.35     2.12
  SINCE SEP 1      4.28                      9.25  -4.97     7.97
  SINCE JAN 1     20.19                     33.36 -13.17    26.64

SNOWFALL (IN)
  YESTERDAY        0.0           T    1918   0.0    0.0      0.0
  MONTH TO DATE    T                         0.0    0.0       T
  SINCE SEP 1      T                         0.0    0.0       T
  SINCE JUL 1      T                         0.0    0.0       T
  SNOW DEPTH       0

DEGREE DAYS
 HEATING
  YESTERDAY       18                        13      5       27
  MONTH TO DATE  392                       239    153      301
  SINCE SEP 1    405                       311     94      345
  SINCE JUL 1    405                       311     94      345

 COOLING
  YESTERDAY        0                         0      0        0
  MONTH TO DATE    0                        27    -27       18
  SINCE SEP 1    690                       568    122      702
  SINCE JAN 1   2946                      2750    196     2930
..................................................................


WIND (MPH)
  HIGHEST WIND SPEED    21   HIGHEST WIND DIRECTION    NE (30)
  HIGHEST GUST SPEED    26   HIGHEST GUST DIRECTION    NE (30)
  AVERAGE WIND SPEED     6.5


SKY COVER
  POSSIBLE SUNSHINE  MM
  AVERAGE SKY COVER 0.1


WEATHER CONDITIONS
 THE FOLLOWING WEATHER WAS RECORDED YESTERDAY.
  NO SIGNIFICANT WEATHER WAS OBSERVED.


RELATIVE HUMIDITY (PERCENT)
 HIGHEST    70           600 AM
 LOWEST     24           200 PM
 AVERAGE    47

..........................................................


THE DALLAS FORT WORTH CLIMATE NORMALS FOR TODAY
                         NORMAL    RECORD    YEAR
 MAXIMUM TEMPERATURE (F)   62        81      1949
                                             1926
 MINIMUM TEMPERATURE (F)   41        24      1976
                                             1955


SUNRISE AND SUNSET
NOVEMBER 28 2014......SUNRISE   710 AM CST   SUNSET   522 PM CST
NOVEMBER 29 2014......SUNRISE   711 AM CST   SUNSET   522 PM CST


-  INDICATES NEGATIVE NUMBERS.
R  INDICATES RECORD WAS SET OR TIED.
MM INDICATES DATA IS MISSING.
T  INDICATES TRACE AMOUNT.




$$
