000
CDUS44 KFWD 140638
CLIDFW


CLIMATE REPORT
NATIONAL WEATHER SERVICE FORT WORTH TX
1237 AM CST THU DEC 14 2017


...................................

...THE DALLAS FORT WORTH CLIMATE SUMMARY FOR DECEMBER 13 2017...

CLIMATE NORMAL PERIOD 1981 TO 2010
CLIMATE RECORD PERIOD 1898 TO 2017


WEATHER ITEM   OBSERVED TIME   RECORD YEAR NORMAL DEPARTURE LAST
                VALUE   (LST)  VALUE       VALUE  FROM      YEAR
                                                  NORMAL
..................................................................
TEMPERATURE (F)
 YESTERDAY
  MAXIMUM         77    314 PM  83    1933  57     20       59
  MINIMUM         34    655 AM  14    1917  37     -3       43
  AVERAGE         56                        47      9       51

PRECIPITATION (IN)
  YESTERDAY        0.00          1.40 1992   0.09  -0.09     0.00
  MONTH TO DATE    0.29                      1.11  -0.82     0.55
  SINCE DEC 1      0.29                      1.11  -0.82     0.55
  SINCE JAN 1     32.35                     34.70  -2.35    35.43

SNOWFALL (IN)
  YESTERDAY        0.0           0.6  2000   0.0    0.0      0.0
  MONTH TO DATE    0.0                       0.1   -0.1      0.0
  SINCE DEC 1      0.0                       0.1   -0.1      0.0
  SINCE JUL 1      0.0                       0.1   -0.1      0.0
  SNOW DEPTH       0

DEGREE DAYS
 HEATING
  YESTERDAY        9                        18     -9       14
  MONTH TO DATE  144                       214    -70      231
  SINCE DEC 1    144                       214    -70      231
  SINCE JUL 1    347                       568   -221      333

 COOLING
  YESTERDAY        0                         0      0        0
  MONTH TO DATE   12                         0     12        0
  SINCE DEC 1     12                         0     12        0
  SINCE JAN 1   3271                      2752    519     3207
..................................................................


WIND (MPH)
  HIGHEST WIND SPEED    18   HIGHEST WIND DIRECTION    SW (230)
  HIGHEST GUST SPEED    24   HIGHEST GUST DIRECTION    SW (220)
  AVERAGE WIND SPEED     8.6


SKY COVER
  POSSIBLE SUNSHINE  MM
  AVERAGE SKY COVER 0.1


WEATHER CONDITIONS
 THE FOLLOWING WEATHER WAS RECORDED YESTERDAY.
  NO SIGNIFICANT WEATHER WAS OBSERVED.


RELATIVE HUMIDITY (PERCENT)
 HIGHEST    75           300 AM
 LOWEST     11           300 PM
 AVERAGE    43

..........................................................


THE DALLAS FORT WORTH CLIMATE NORMALS FOR TODAY
                         NORMAL    RECORD    YEAR
 MAXIMUM TEMPERATURE (F)   57        80      1995
 MINIMUM TEMPERATURE (F)   37        14      1901


SUNRISE AND SUNSET
DECEMBER 14 2017......SUNRISE   723 AM CST   SUNSET   523 PM CST
DECEMBER 15 2017......SUNRISE   724 AM CST   SUNSET   523 PM CST


-  INDICATES NEGATIVE NUMBERS.
R  INDICATES RECORD WAS SET OR TIED.
MM INDICATES DATA IS MISSING.
T  INDICATES TRACE AMOUNT.




$$
