000
CDUS44 KFWD 240640
CLIDFW

CLIMATE REPORT
NATIONAL WEATHER SERVICE FORT WORTH TX
139 AM CDT THU JUL 24 2014


...................................

...THE DALLAS FORT WORTH CLIMATE SUMMARY FOR JULY 23 2014...

CLIMATE NORMAL PERIOD 1981 TO 2010
CLIMATE RECORD PERIOD 1898 TO 2014


WEATHER ITEM   OBSERVED TIME   RECORD YEAR NORMAL DEPARTURE LAST
                VALUE   (LST)  VALUE       VALUE  FROM      YEAR
                                                  NORMAL
..................................................................
TEMPERATURE (F)
 YESTERDAY
  MAXIMUM         97    421 PM 105    1974  96      1       99
  MINIMUM         76   1148 PM  59    1970  76      0       80
  AVERAGE         87                        86      1       90

PRECIPITATION (IN)
  YESTERDAY        T             1.36 1926   0.05  -0.05     0.00
  MONTH TO DATE    0.81                      1.73  -0.92     1.96
  SINCE JUN 1      4.07                      5.52  -1.45     4.10
  SINCE JAN 1     11.40                     21.77 -10.37    17.26

DEGREE DAYS
 HEATING
  YESTERDAY        0                         0      0        0
  MONTH TO DATE    0                         0      0        0
  SINCE JUN 1      0                         0      0        0
  SINCE JUL 1      0                         0      0        0

 COOLING
  YESTERDAY       22                        21      1       25
  MONTH TO DATE  430                       462    -32      440
  SINCE JUN 1    957                       953      4      978
  SINCE JAN 1   1433                      1375     58     1367
..................................................................


WIND (MPH)
  HIGHEST WIND SPEED    23   HIGHEST WIND DIRECTION     E (100)
  HIGHEST GUST SPEED    32   HIGHEST GUST DIRECTION     E (100)
  AVERAGE WIND SPEED     5.3


SKY COVER
  POSSIBLE SUNSHINE  MM
  AVERAGE SKY COVER 0.4


WEATHER CONDITIONS
 THE FOLLOWING WEATHER WAS RECORDED YESTERDAY.
  THUNDERSTORM
  LIGHT RAIN
  HAZE


RELATIVE HUMIDITY (PERCENT)
 HIGHEST    79           700 AM
 LOWEST     40           300 PM
 AVERAGE    60

..........................................................


THE DALLAS FORT WORTH CLIMATE NORMALS FOR TODAY
                         NORMAL    RECORD    YEAR
 MAXIMUM TEMPERATURE (F)   96       108      1977
                                             1954
 MINIMUM TEMPERATURE (F)   76        64      1911


SUNRISE AND SUNSET
JULY 24 2014..........SUNRISE   636 AM CDT   SUNSET   833 PM CDT
JULY 25 2014..........SUNRISE   637 AM CDT   SUNSET   832 PM CDT


-  INDICATES NEGATIVE NUMBERS.
R  INDICATES RECORD WAS SET OR TIED.
MM INDICATES DATA IS MISSING.
T  INDICATES TRACE AMOUNT.




$$
