000
CDUS44 KFWD 310649
CLIDFW

CLIMATE REPORT
NATIONAL WEATHER SERVICE FORT WORTH TX
147 AM CDT FRI OCT 31 2014

...................................

...THE DALLAS FORT WORTH CLIMATE SUMMARY FOR OCTOBER 30 2014...

CLIMATE NORMAL PERIOD 1981 TO 2010
CLIMATE RECORD PERIOD 1898 TO 2014


WEATHER ITEM   OBSERVED TIME   RECORD YEAR NORMAL DEPARTURE LAST
                VALUE   (LST)  VALUE       VALUE  FROM      YEAR
                                                  NORMAL
..................................................................
TEMPERATURE (F)
 YESTERDAY
  MAXIMUM         78    405 PM  90    1951  74      4       73
  MINIMUM         52    607 AM  24    1917  53     -1       66
  AVERAGE         65                        63      2       70

PRECIPITATION (IN)
  YESTERDAY        T             2.43 1973   0.14  -0.14     0.10
  MONTH TO DATE    2.09                      4.08  -1.99     3.12
  SINCE SEP 1      2.15                      6.63  -4.48     5.84
  SINCE JAN 1     18.06                     30.74 -12.68    24.51

SNOWFALL (IN)
  YESTERDAY        0.0           0.0    MM   0.0    0.0      0.0
  MONTH TO DATE    0.0                       0.0    0.0      0.0
  SINCE SEP 1      0.0                       0.0    0.0      0.0
  SINCE JUL 1      0.0                       0.0    0.0      0.0
  SNOW DEPTH       0

DEGREE DAYS
 HEATING
  YESTERDAY        0                         4     -4        0
  MONTH TO DATE    4                        62    -58       44
  SINCE SEP 1      5                        68    -63       44
  SINCE JUL 1      5                        68    -63       44

 COOLING
  YESTERDAY        0                         3     -3        5
  MONTH TO DATE  225                       144     81      152
  SINCE SEP 1    690                       539    151      684
  SINCE JAN 1   2946                      2721    225     2912
..................................................................


WIND (MPH)
  HIGHEST WIND SPEED    15   HIGHEST WIND DIRECTION     S (190)
  HIGHEST GUST SPEED    19   HIGHEST GUST DIRECTION     S (190)
  AVERAGE WIND SPEED     5.9


SKY COVER
  POSSIBLE SUNSHINE  MM
  AVERAGE SKY COVER 0.3


WEATHER CONDITIONS
 THE FOLLOWING WEATHER WAS RECORDED YESTERDAY.
  NO SIGNIFICANT WEATHER WAS OBSERVED.


RELATIVE HUMIDITY (PERCENT)
 HIGHEST    78          1000 PM
 LOWEST     38          1200 PM
 AVERAGE    58

..........................................................


THE DALLAS FORT WORTH CLIMATE NORMALS FOR TODAY
                         NORMAL    RECORD    YEAR
 MAXIMUM TEMPERATURE (F)   73        89      1977
                                             1938
                                             1934
 MINIMUM TEMPERATURE (F)   52        29      1993


SUNRISE AND SUNSET
OCTOBER 31 2014.......SUNRISE   745 AM CDT   SUNSET   638 PM CDT
NOVEMBER  1 2014......SUNRISE   746 AM CDT   SUNSET   637 PM CDT


-  INDICATES NEGATIVE NUMBERS.
R  INDICATES RECORD WAS SET OR TIED.
MM INDICATES DATA IS MISSING.
T  INDICATES TRACE AMOUNT.


$$
