000
CDUS44 KFWD 190637
CLIDFW

CLIMATE REPORT
NATIONAL WEATHER SERVICE FORT WORTH TX
140 AM CDT SAT AUG 19 2017

...................................

...THE DALLAS FORT WORTH CLIMATE SUMMARY FOR AUGUST 18 2017...

CLIMATE NORMAL PERIOD 1981 TO 2010
CLIMATE RECORD PERIOD 1898 TO 2017


WEATHER ITEM   OBSERVED TIME   RECORD YEAR NORMAL DEPARTURE LAST
                VALUE   (LST)  VALUE       VALUE  FROM      YEAR
                                                  NORMAL
..................................................................
TEMPERATURE (F)
 YESTERDAY
  MAXIMUM         93   1239 PM 112    1909  96     -3       90
  MINIMUM         75   1214 AM  65    1992  75      0       75
  AVERAGE         84                        86     -2       83

PRECIPITATION (IN)
  YESTERDAY        T             3.47 1915   0.06  -0.06     0.08
  MONTH TO DATE    3.38                      0.97   2.41     1.01
  SINCE JUN 1     15.94                      6.92   9.02     8.50
  SINCE JAN 1     27.80                     23.17   4.63    25.26

DEGREE DAYS
 HEATING
  YESTERDAY        0                         0      0        0
  MONTH TO DATE    0                         0      0        0
  SINCE JUN 1      0                         0      0        0
  SINCE JUL 1      0                         0      0        0

 COOLING
  YESTERDAY       19                        21     -2       18
  MONTH TO DATE  368                       378    -10      418
  SINCE JUN 1   1577                      1500     77     1693
  SINCE JAN 1   2259                      1922    337     2116
..................................................................


WIND (MPH)
  HIGHEST WIND SPEED    17   HIGHEST WIND DIRECTION     S (180)
  HIGHEST GUST SPEED    21   HIGHEST GUST DIRECTION     N (350)
  AVERAGE WIND SPEED     5.1


SKY COVER
  POSSIBLE SUNSHINE  MM
  AVERAGE SKY COVER 0.6


WEATHER CONDITIONS
 THE FOLLOWING WEATHER WAS RECORDED YESTERDAY.
  LIGHT RAIN


RELATIVE HUMIDITY (PERCENT)
 HIGHEST    85           700 AM
 LOWEST     56          1100 AM
 AVERAGE    71

..........................................................


THE DALLAS FORT WORTH CLIMATE NORMALS FOR TODAY
                         NORMAL    RECORD    YEAR
 MAXIMUM TEMPERATURE (F)   96       107      2011
 MINIMUM TEMPERATURE (F)   75        62      1940


SUNRISE AND SUNSET
AUGUST 19 2017........SUNRISE   654 AM CDT   SUNSET   808 PM CDT
AUGUST 20 2017........SUNRISE   655 AM CDT   SUNSET   807 PM CDT


-  INDICATES NEGATIVE NUMBERS.
R  INDICATES RECORD WAS SET OR TIED.
MM INDICATES DATA IS MISSING.
T  INDICATES TRACE AMOUNT.

$$
