000
CDUS43 KDDC 270711
CLIDGC


CLIMATE REPORT
NATIONAL WEATHER SERVICE DODGE CITY KS
210 AM CDT WED JUL 27 2016


...................................

...THE DODGE CITY KS CLIMATE SUMMARY FOR JULY 26 2016...

CLIMATE NORMAL PERIOD 1981 TO 2010
CLIMATE RECORD PERIOD 1875 TO 2016


WEATHER ITEM   OBSERVED TIME   RECORD YEAR NORMAL DEPARTURE LAST
                VALUE   (LST)  VALUE       VALUE  FROM      YEAR
                                                  NORMAL
..................................................................
TEMPERATURE (F)
 YESTERDAY
  MAXIMUM         89    517 PM 107    1940  93     -4       94
  MINIMUM         66    454 AM  53    2004  67     -1       68
  AVERAGE         78                        80     -2       81

PRECIPITATION (IN)
  YESTERDAY        0.00          1.25 1977   0.10  -0.10     0.00
  MONTH TO DATE    5.15                      2.58   2.57     1.41
  SINCE JUN 1      7.86                      5.82   2.04     3.49
  SINCE JAN 1     18.98                     13.34   5.64    17.21

SNOWFALL (IN)
  YESTERDAY        0.0           0.0  2001   0.0    0.0      0.0
  MONTH TO DATE    0.0                       0.0    0.0      0.0
  SINCE JUN 1      0.0                       0.0    0.0      0.0
  SINCE JUL 1      0.0                       0.0    0.0      0.0
  SNOW DEPTH       0

DEGREE DAYS
 HEATING
  YESTERDAY        0                         0      0        0
  MONTH TO DATE    0                         0      0        1
  SINCE JUN 1      1                        13    -12        1
  SINCE JUL 1      0                         0      0        1

 COOLING
  YESTERDAY       13                        15     -2       16
  MONTH TO DATE  400                       378     22      384
  SINCE JUN 1    751                       656     95      737
  SINCE JAN 1    809                       765     44      798
..................................................................


WIND (MPH)
  HIGHEST WIND SPEED    15   HIGHEST WIND DIRECTION     E (110)
  HIGHEST GUST SPEED    20   HIGHEST GUST DIRECTION    SE (120)
  AVERAGE WIND SPEED     5.7


SKY COVER
  POSSIBLE SUNSHINE  MM
  AVERAGE SKY COVER 0.3


WEATHER CONDITIONS
 THE FOLLOWING WEATHER WAS RECORDED YESTERDAY.
  FOG
  FOG W/VISIBILITY <= 1/4 MILE
  HAZE


RELATIVE HUMIDITY (PERCENT)
 HIGHEST   100           300 AM
 LOWEST     46           600 PM
 AVERAGE    73

..........................................................


THE DODGE CITY KS CLIMATE NORMALS FOR TODAY
                         NORMAL    RECORD    YEAR
 MAXIMUM TEMPERATURE (F)   93       109      2011
 MINIMUM TEMPERATURE (F)   67        49      2005


SUNRISE AND SUNSET
JULY 27 2016..........SUNRISE   640 AM CDT   SUNSET   853 PM CDT
JULY 28 2016..........SUNRISE   641 AM CDT   SUNSET   852 PM CDT


-  INDICATES NEGATIVE NUMBERS.
R  INDICATES RECORD WAS SET OR TIED.
MM INDICATES DATA IS MISSING.
T  INDICATES TRACE AMOUNT.




$$
