000
CDUS43 KDDC 200706
CLIDGC


CLIMATE REPORT
NATIONAL WEATHER SERVICE DODGE CITY KS
106 AM CST SAT JAN 20 2018


...................................

...THE DODGE CITY KS CLIMATE SUMMARY FOR JANUARY 19 2018...

CLIMATE NORMAL PERIOD 1981 TO 2010
CLIMATE RECORD PERIOD 1875 TO 2018


WEATHER ITEM   OBSERVED TIME   RECORD YEAR NORMAL DEPARTURE LAST
                VALUE   (LST)  VALUE       VALUE  FROM      YEAR
                                                  NORMAL
..................................................................
TEMPERATURE (F)
 YESTERDAY
  MAXIMUM         67    314 PM  75    1986  44     23       45
  MINIMUM         28    818 AM -20    1883  20      8       32
  AVERAGE         48                        32     16       39

PRECIPITATION (IN)
  YESTERDAY        0.00          1.30 1990   0.02  -0.02     0.00
  MONTH TO DATE    0.09                      0.34  -0.25     2.51
  SINCE DEC 1      0.09                      1.18  -1.09     3.13
  SINCE JAN 1      0.09                      0.34  -0.25     2.51

SNOWFALL (IN)
  YESTERDAY        0.0          11.3  1990   0.2   -0.2      0.0
  MONTH TO DATE    1.2                       2.8   -1.6      2.7
  SINCE DEC 1      1.2                       6.9   -5.7      5.0
  SINCE JUL 1      1.2                       9.1   -7.9      5.0
  SNOW DEPTH       0

DEGREE DAYS
 HEATING
  YESTERDAY       17                        33    -16       26
  MONTH TO DATE  663                       627     36      667
  SINCE DEC 1   1643                      1627     16     1744
  SINCE JUL 1   2497                      2641   -144     2340

 COOLING
  YESTERDAY        0                         0      0        0
  MONTH TO DATE    0                         0      0        0
  SINCE DEC 1      0                         0      0        0
  SINCE JAN 1      0                         0      0        0
..................................................................


WIND (MPH)
  HIGHEST WIND SPEED    23   HIGHEST WIND DIRECTION    SW (210)
  HIGHEST GUST SPEED    29   HIGHEST GUST DIRECTION    SW (210)
  AVERAGE WIND SPEED    14.0


SKY COVER
  POSSIBLE SUNSHINE  MM
  AVERAGE SKY COVER 0.0


WEATHER CONDITIONS
 THE FOLLOWING WEATHER WAS RECORDED YESTERDAY.
  NO SIGNIFICANT WEATHER WAS OBSERVED.


RELATIVE HUMIDITY (PERCENT)
 HIGHEST    50           600 AM
 LOWEST     16           200 PM
 AVERAGE    33

..........................................................


THE DODGE CITY KS CLIMATE NORMALS FOR TODAY
                         NORMAL    RECORD    YEAR
 MAXIMUM TEMPERATURE (F)   44        77      1986
 MINIMUM TEMPERATURE (F)   20       -17      1883


SUNRISE AND SUNSET
JANUARY 20 2018.......SUNRISE   752 AM CST   SUNSET   550 PM CST
JANUARY 21 2018.......SUNRISE   751 AM CST   SUNSET   551 PM CST


-  INDICATES NEGATIVE NUMBERS.
R  INDICATES RECORD WAS SET OR TIED.
MM INDICATES DATA IS MISSING.
T  INDICATES TRACE AMOUNT.




$$
