000
CDUS43 KDDC 041114
CLIDGC


CLIMATE REPORT
NATIONAL WEATHER SERVICE DODGE CITY KS
505 AM CDT TUE AUG 4 2015


...................................

...THE DODGE CITY KS CLIMATE SUMMARY FOR AUGUST 3 2015...

CLIMATE NORMAL PERIOD 1981 TO 2010
CLIMATE RECORD PERIOD 1875 TO 2015


WEATHER ITEM   OBSERVED TIME   RECORD YEAR NORMAL DEPARTURE LAST
                VALUE   (LST)  VALUE       VALUE  FROM      YEAR
                                                  NORMAL
..................................................................
TEMPERATURE (F)
 YESTERDAY
  MAXIMUM         92    316 PM 105    1959  92      0       89
                                      1930
                                      1924
  MINIMUM         67    514 AM  50    1880  67      0       61
  AVERAGE         80                        80      0       75

PRECIPITATION (IN)
  YESTERDAY        0.00          2.42 1877   0.10  -0.10     0.00
  MONTH TO DATE    0.00                      0.29  -0.29     0.00
  SINCE JUN 1      4.22                      6.61  -2.39    12.10
  SINCE JAN 1     17.94                     14.13   3.81    15.62

SNOWFALL (IN)
  YESTERDAY        0.0           0.0  2002   0.0    0.0      0.0
                                      2001
  MONTH TO DATE    0.0                       0.0    0.0      0.0
  SINCE JUN 1      0.0                       0.0    0.0      0.0
  SINCE JUL 1      0.0                       0.0    0.0      0.0
  SNOW DEPTH       0

DEGREE DAYS
 HEATING
  YESTERDAY        0                         0      0        0
  MONTH TO DATE    0                         0      0        0
  SINCE JUN 1      1                        14    -13       20
  SINCE JUL 1      1                         1      0       13

 COOLING
  YESTERDAY       15                        15      0       10
  MONTH TO DATE   42                        45     -3       31
  SINCE JUN 1    841                       775     66      659
  SINCE JAN 1    902                       884     18      831
..................................................................


WIND (MPH)
  HIGHEST WIND SPEED    18   HIGHEST WIND DIRECTION     S (160)
  HIGHEST GUST SPEED    22   HIGHEST GUST DIRECTION     S (160)
  AVERAGE WIND SPEED     9.4


SKY COVER
  POSSIBLE SUNSHINE  MM
  AVERAGE SKY COVER 0.0


WEATHER CONDITIONS
 THE FOLLOWING WEATHER WAS RECORDED YESTERDAY.
  FOG


RELATIVE HUMIDITY (PERCENT)
 HIGHEST    93           500 AM
 LOWEST     38           300 PM
 AVERAGE    66

..........................................................


THE DODGE CITY KS CLIMATE NORMALS FOR TODAY
                         NORMAL    RECORD    YEAR
 MAXIMUM TEMPERATURE (F)   92       108      2008
 MINIMUM TEMPERATURE (F)   67        51      1880


SUNRISE AND SUNSET
AUGUST  4 2015........SUNRISE   646 AM CDT   SUNSET   846 PM CDT
AUGUST  5 2015........SUNRISE   647 AM CDT   SUNSET   845 PM CDT


-  INDICATES NEGATIVE NUMBERS.
R  INDICATES RECORD WAS SET OR TIED.
MM INDICATES DATA IS MISSING.
T  INDICATES TRACE AMOUNT.




$$
