000
CDUS43 KDDC 281008
CLIDGC


CLIMATE REPORT
NATIONAL WEATHER SERVICE DODGE CITY KS
408 AM CST FRI NOV 28 2014


...................................

...THE DODGE CITY KS CLIMATE SUMMARY FOR NOVEMBER 27 2014...

CLIMATE NORMAL PERIOD 1981 TO 2010
CLIMATE RECORD PERIOD 1875 TO 2014


WEATHER ITEM   OBSERVED TIME   RECORD YEAR NORMAL DEPARTURE LAST
                VALUE   (LST)  VALUE       VALUE  FROM      YEAR
                                                  NORMAL
..................................................................
TEMPERATURE (F)
 YESTERDAY
  MAXIMUM         54    343 PM  81    1933  50      4       46
  MINIMUM         20    734 AM -13    1887  25     -5       15
  AVERAGE         37                        38     -1       31

PRECIPITATION (IN)
  YESTERDAY        0.00          0.51 1948   0.03  -0.03     0.00
                                      1934
  MONTH TO DATE    0.15                      0.70  -0.55     0.80
  SINCE SEP 1      3.95                      4.11  -0.16     4.76
  SINCE JAN 1     22.18                     20.70   1.48    20.24

SNOWFALL (IN)
  YESTERDAY        0.0           5.0  1982   0.1   -0.1      0.0
                                      1948
  MONTH TO DATE    2.2                       1.5    0.7      2.3
  SINCE SEP 1      2.2                       1.9    0.3      5.0
  SINCE JUL 1      2.2                       1.9    0.3      5.0
  SNOW DEPTH       0

DEGREE DAYS
 HEATING
  YESTERDAY       28                        28      0       34
  MONTH TO DATE  698                       574    124      614
  SINCE SEP 1    938                       926     12      954
  SINCE JUL 1    951                       930     21      954

 COOLING
  YESTERDAY        0                         0      0        0
  MONTH TO DATE    0                         0      0        0
  SINCE SEP 1    230                       216     14      277
  SINCE JAN 1   1475                      1462     13     1641
..................................................................


WIND (MPH)
  HIGHEST WIND SPEED    28   HIGHEST WIND DIRECTION     S (180)
  HIGHEST GUST SPEED    34   HIGHEST GUST DIRECTION     S (190)
  AVERAGE WIND SPEED    14.6


SKY COVER
  POSSIBLE SUNSHINE  MM
  AVERAGE SKY COVER 0.0


WEATHER CONDITIONS
 THE FOLLOWING WEATHER WAS RECORDED YESTERDAY.
  NO SIGNIFICANT WEATHER WAS OBSERVED.


RELATIVE HUMIDITY (PERCENT)
 HIGHEST    84           500 AM
 LOWEST     28           300 PM
 AVERAGE    56

..........................................................


THE DODGE CITY KS CLIMATE NORMALS FOR TODAY
                         NORMAL    RECORD    YEAR
 MAXIMUM TEMPERATURE (F)   49        74      1893
 MINIMUM TEMPERATURE (F)   25         0      1958


SUNRISE AND SUNSET
NOVEMBER 28 2014......SUNRISE   734 AM CST   SUNSET   522 PM CST
NOVEMBER 29 2014......SUNRISE   735 AM CST   SUNSET   522 PM CST


-  INDICATES NEGATIVE NUMBERS.
R  INDICATES RECORD WAS SET OR TIED.
MM INDICATES DATA IS MISSING.
T  INDICATES TRACE AMOUNT.




$$
