000
CDUS43 KDDC 300707
CLIDGC


CLIMATE REPORT
NATIONAL WEATHER SERVICE DODGE CITY KS
207 AM CDT SUN APR 30 2017


...................................

...THE DODGE CITY KS CLIMATE SUMMARY FOR APRIL 29 2017...

CLIMATE NORMAL PERIOD 1981 TO 2010
CLIMATE RECORD PERIOD 1875 TO 2017


WEATHER ITEM   OBSERVED TIME   RECORD YEAR NORMAL DEPARTURE LAST
                VALUE   (LST)  VALUE       VALUE  FROM      YEAR
                                                  NORMAL
..................................................................
TEMPERATURE (F)
 YESTERDAY
  MAXIMUM         40    236 PM  91    1981  72    -32       50
                                      1887
  MINIMUM         34   1159 PM  25    1908  45    -11       39
                                      1907
  AVERAGE         37                        59    -22       45

PRECIPITATION (IN)
  YESTERDAY        1.80          2.29 1930   0.07   1.73     2.27
  MONTH TO DATE    6.83                      1.75   5.08     8.08
  SINCE MAR 1      9.41                      3.34   6.07     8.12
  SINCE JAN 1     11.98                      4.60   7.38     8.71

SNOWFALL (IN)
  YESTERDAY        T             0.9  1907   0.0    0.0      0.0
  MONTH TO DATE    T                         1.1   -1.1      0.0
  SINCE MAR 1      T                         6.0   -6.0      0.4
  SINCE JUL 1      5.0                      21.1  -16.1     10.4
  SNOW DEPTH       0

DEGREE DAYS
 HEATING
  YESTERDAY       28                         8     20       20
  MONTH TO DATE  280                       345    -65      288
  SINCE MAR 1    764                       985   -221      794
  SINCE JUL 1   3998                      4832   -834     4156

 COOLING
  YESTERDAY        0                         1     -1        0
  MONTH TO DATE   32                        14     18        7
  SINCE MAR 1     41                        15     26        9
  SINCE JAN 1     41                        15     26       11
..................................................................


WIND (MPH)
  HIGHEST WIND SPEED    36   HIGHEST WIND DIRECTION     N (10)
  HIGHEST GUST SPEED    47   HIGHEST GUST DIRECTION     N (10)
  AVERAGE WIND SPEED    26.2


SKY COVER
  POSSIBLE SUNSHINE  MM
  AVERAGE SKY COVER 1.0


WEATHER CONDITIONS
 THE FOLLOWING WEATHER WAS RECORDED YESTERDAY.
  THUNDERSTORM
  HEAVY RAIN
  RAIN
  LIGHT RAIN
  LIGHT SNOW
  FOG


RELATIVE HUMIDITY (PERCENT)
 HIGHEST   100           900 AM
 LOWEST     92          1200 AM
 AVERAGE    96

..........................................................


THE DODGE CITY KS CLIMATE NORMALS FOR TODAY
                         NORMAL    RECORD    YEAR
 MAXIMUM TEMPERATURE (F)   72        93      2008
 MINIMUM TEMPERATURE (F)   46        20      1907


SUNRISE AND SUNSET
APRIL 30 2017.........SUNRISE   645 AM CDT   SUNSET   830 PM CDT
MAY  1 2017...........SUNRISE   644 AM CDT   SUNSET   831 PM CDT


-  INDICATES NEGATIVE NUMBERS.
R  INDICATES RECORD WAS SET OR TIED.
MM INDICATES DATA IS MISSING.
T  INDICATES TRACE AMOUNT.




$$
