000
CDUS43 KDDC 282327
CLIDGC


CLIMATE REPORT
NATIONAL WEATHER SERVICE DODGE CITY KS
626 PM CDT SAT MAR 28 2015


...................................

...THE DODGE CITY KS CLIMATE SUMMARY FOR MARCH 28 2015...
VALID TODAY AS OF 0500 PM LOCAL TIME.

CLIMATE NORMAL PERIOD 1981 TO 2010
CLIMATE RECORD PERIOD 1875 TO 2015


WEATHER ITEM   OBSERVED TIME   RECORD YEAR NORMAL DEPARTURE LAST
                VALUE   (LST)  VALUE       VALUE  FROM      YEAR
                                                  NORMAL
..................................................................
TEMPERATURE (F)
 TODAY
  MAXIMUM         80    456 PM  91    1963  62     18       62
  MINIMUM         44    642 AM   2    1899  34     10       30
  AVERAGE         62                        48     14       46

PRECIPITATION (IN)
  TODAY            0.00          1.01 1918   0.06  -0.06     0.01
  MONTH TO DATE    0.29                      1.40  -1.11     0.27
  SINCE MAR 1      0.29                      1.40  -1.11     0.27
  SINCE JAN 1      1.59                      2.66  -1.07     1.11

SNOWFALL (IN)
  TODAY            0.0           4.3  1987   0.2   -0.2      0.0
  MONTH TO DATE    T                         4.5   -4.5      4.4
  SINCE MAR 1      T                         4.5   -4.5      4.4
  SINCE JUL 1     21.4                      19.6    1.8     28.9
  SNOW DEPTH       0

DEGREE DAYS
 HEATING
  TODAY            3                        17    -14       19
  MONTH TO DATE  486                       590   -104      720
  SINCE MAR 1    486                       590   -104      720
  SINCE JUL 1   4234                      4437   -203     4877

 COOLING
  TODAY            0                         0      0        0
  MONTH TO DATE    0                         0      0        0
  SINCE MAR 1      0                         0      0        0
  SINCE JAN 1      0                         0      0        0
..................................................................


WIND (MPH)
  HIGHEST WIND SPEED    15   HIGHEST WIND DIRECTION    SE (130)
  HIGHEST GUST SPEED    20   HIGHEST GUST DIRECTION    SW (210)
  AVERAGE WIND SPEED    10.5


SKY COVER
  POSSIBLE SUNSHINE  MM
  AVERAGE SKY COVER 0.0


WEATHER CONDITIONS
 THE FOLLOWING WEATHER WAS RECORDED TODAY.
  NO SIGNIFICANT WEATHER WAS OBSERVED.


RELATIVE HUMIDITY (PERCENT)
 HIGHEST    60          1200 AM
 LOWEST     19           300 PM
 AVERAGE    40

..........................................................


THE DODGE CITY KS CLIMATE NORMALS FOR TOMORROW
                         NORMAL    RECORD    YEAR
 MAXIMUM TEMPERATURE (F)   62        88      1943
 MINIMUM TEMPERATURE (F)   34        13      1987


SUNRISE AND SUNSET
MARCH 28 2015.........SUNRISE   732 AM CDT   SUNSET   759 PM CDT
MARCH 29 2015.........SUNRISE   730 AM CDT   SUNSET   800 PM CDT


-  INDICATES NEGATIVE NUMBERS.
R  INDICATES RECORD WAS SET OR TIED.
MM INDICATES DATA IS MISSING.
T  INDICATES TRACE AMOUNT.




$$
