000
CDUS43 KDDC 230713
CLIDGC


CLIMATE REPORT
NATIONAL WEATHER SERVICE DODGE CITY KS
212 AM CDT MON OCT 23 2017


...................................

...THE DODGE CITY KS CLIMATE SUMMARY FOR OCTOBER 22 2017...

CLIMATE NORMAL PERIOD 1981 TO 2010
CLIMATE RECORD PERIOD 1875 TO 2017


WEATHER ITEM   OBSERVED TIME   RECORD YEAR NORMAL DEPARTURE LAST
                VALUE   (LST)  VALUE       VALUE  FROM      YEAR
                                                  NORMAL
..................................................................
TEMPERATURE (F)
 YESTERDAY
  MAXIMUM         72    435 PM  88    1927  68      4       86
  MINIMUM         31    650 AM  23    1936  41    -10       46
  AVERAGE         52                        54     -2       66

PRECIPITATION (IN)
  YESTERDAY        0.00          2.40 1942   0.06  -0.06     0.00
  MONTH TO DATE    0.37                      1.31  -0.94     0.09
  SINCE SEP 1      1.91                      2.98  -1.07     0.40
  SINCE JAN 1     25.56                     19.57   5.99    22.41

SNOWFALL (IN)
  YESTERDAY        0.0           0.9  1936   0.0    0.0      0.0
  MONTH TO DATE    0.0                       0.2   -0.2      0.0
  SINCE SEP 1      0.0                       0.2   -0.2      0.0
  SINCE JUL 1      0.0                       0.2   -0.2      0.0
  SNOW DEPTH       0

DEGREE DAYS
 HEATING
  YESTERDAY       13                        11      2        0
  MONTH TO DATE  110                       174    -64      101
  SINCE SEP 1    140                       235    -95      127
  SINCE JUL 1    140                       239    -99      127

 COOLING
  YESTERDAY        0                         0      0        1
  MONTH TO DATE   41                        27     14       56
  SINCE SEP 1    288                       214     74      298
  SINCE JAN 1   1520                      1460     60     1552
..................................................................


WIND (MPH)
  HIGHEST WIND SPEED    18   HIGHEST WIND DIRECTION     W (250)
  HIGHEST GUST SPEED    24   HIGHEST GUST DIRECTION     W (250)
  AVERAGE WIND SPEED     9.3


SKY COVER
  POSSIBLE SUNSHINE  MM
  AVERAGE SKY COVER 0.0


WEATHER CONDITIONS
 THE FOLLOWING WEATHER WAS RECORDED YESTERDAY.
  NO SIGNIFICANT WEATHER WAS OBSERVED.


RELATIVE HUMIDITY (PERCENT)
 HIGHEST    82           100 AM
 LOWEST     11           200 PM
 AVERAGE    47

..........................................................


THE DODGE CITY KS CLIMATE NORMALS FOR TODAY
                         NORMAL    RECORD    YEAR
 MAXIMUM TEMPERATURE (F)   67        89      2003
 MINIMUM TEMPERATURE (F)   41        13      1917


SUNRISE AND SUNSET
OCTOBER 23 2017.......SUNRISE   756 AM CDT   SUNSET   651 PM CDT
OCTOBER 24 2017.......SUNRISE   757 AM CDT   SUNSET   650 PM CDT


-  INDICATES NEGATIVE NUMBERS.
R  INDICATES RECORD WAS SET OR TIED.
MM INDICATES DATA IS MISSING.
T  INDICATES TRACE AMOUNT.




$$
