000
CDUS43 KDDC 031009
CLIDGC


CLIMATE REPORT
NATIONAL WEATHER SERVICE DODGE CITY KS
407 AM CST TUE MAR 3 2015


...................................

...THE DODGE CITY KS CLIMATE SUMMARY FOR MARCH 2 2015...

CLIMATE NORMAL PERIOD 1981 TO 2010
CLIMATE RECORD PERIOD 1875 TO 2015


WEATHER ITEM   OBSERVED TIME   RECORD YEAR NORMAL DEPARTURE LAST
                VALUE   (LST)  VALUE       VALUE  FROM      YEAR
                                                  NORMAL
..................................................................
TEMPERATURE (F)
 YESTERDAY
  MAXIMUM         35   1137 PM  86    1904  53    -18        5
  MINIMUM         20   1234 AM -10    1922  27     -7       -2
  AVERAGE         28                        40    -12        2

PRECIPITATION (IN)
  YESTERDAY        0.00          1.62 2000   0.04  -0.04     0.19
  MONTH TO DATE    0.00                      0.07  -0.07     0.19
  SINCE MAR 1      0.00                      0.07  -0.07     0.19
  SINCE JAN 1      1.30                      1.33  -0.03     1.03

SNOWFALL (IN)
  YESTERDAY        0.0           7.8  1969   0.2   -0.2      2.7
  MONTH TO DATE    0.0                       0.3   -0.3      3.3
  SINCE MAR 1      0.0                       0.3   -0.3      3.3
  SINCE JUL 1     21.4                      15.4    6.0     27.8
  SNOW DEPTH       T

DEGREE DAYS
 HEATING
  YESTERDAY       37                        25     12       63
  MONTH TO DATE   77                        50     27      114
  SINCE MAR 1     77                        50     27      114
  SINCE JUL 1   3825                      3897    -72     4271

 COOLING
  YESTERDAY        0                         0      0        0
  MONTH TO DATE    0                         0      0        0
  SINCE MAR 1      0                         0      0        0
  SINCE JAN 1      0                         0      0        0
..................................................................


WIND (MPH)
  HIGHEST WIND SPEED    29   HIGHEST WIND DIRECTION     S (170)
  HIGHEST GUST SPEED    36   HIGHEST GUST DIRECTION     S (200)
  AVERAGE WIND SPEED    14.1


SKY COVER
  POSSIBLE SUNSHINE  MM
  AVERAGE SKY COVER 0.2


WEATHER CONDITIONS
 THE FOLLOWING WEATHER WAS RECORDED YESTERDAY.
  FOG
  HAZE


RELATIVE HUMIDITY (PERCENT)
 HIGHEST    88           900 AM
 LOWEST     66           400 PM
 AVERAGE    77

..........................................................


THE DODGE CITY KS CLIMATE NORMALS FOR TODAY
                         NORMAL    RECORD    YEAR
 MAXIMUM TEMPERATURE (F)   53        78      1946
 MINIMUM TEMPERATURE (F)   28       -12      1960


SUNRISE AND SUNSET
MARCH  3 2015.........SUNRISE   709 AM CST   SUNSET   635 PM CST
MARCH  4 2015.........SUNRISE   707 AM CST   SUNSET   636 PM CST


-  INDICATES NEGATIVE NUMBERS.
R  INDICATES RECORD WAS SET OR TIED.
MM INDICATES DATA IS MISSING.
T  INDICATES TRACE AMOUNT.




$$
