000
CDUS45 KCYS 070734
CLIDGW


CLIMATE REPORT
NATIONAL WEATHER SERVICE CHEYENNE WY
1233 AM MST SUN FEB 7 2016


...................................

...THE DOUGLAS WY AIRPORT CLIMATE SUMMARY FOR FEBRUARY 6 2016...

CLIMATE NORMAL PERIOD 1981 TO 2010
CLIMATE RECORD PERIOD 1998 TO 2016


WEATHER ITEM   OBSERVED TIME   RECORD YEAR NORMAL DEPARTURE LAST
                VALUE   (LST)  VALUE       VALUE  FROM      YEAR
                                                  NORMAL
..................................................................
TEMPERATURE (F)
 YESTERDAY
  MAXIMUM         44        MM  66    2015  39      5       66
  MINIMUM         15        MM -25    2014  12      3       43
  AVERAGE         30                        25      5       55

PRECIPITATION (IN)
  YESTERDAY        0.00          0.07 2001   0.02  -0.02     0.00
  MONTH TO DATE    0.01                      0.09  -0.08     0.23
  SINCE JAN 1      0.46                      0.47  -0.01     0.57

DEGREE DAYS
 HEATING
  YESTERDAY       35                        40     -5       10
  MONTH TO DATE  265                       240     25      186
  SINCE DEC 1   2723                      2749    -26     2524
  SINCE JUL 1   4185                      4571   -386     4248

 COOLING
  YESTERDAY        0                         0      0        0
  MONTH TO DATE    0                         0      0        0
  SINCE DEC 1      0                         0      0        0
  SINCE JAN 1      0                         0      0        0
..................................................................


WIND (MPH)
  HIGHEST WIND SPEED    35   HIGHEST WIND DIRECTION     W (270)
  HIGHEST GUST SPEED    44   HIGHEST GUST DIRECTION     W (260)
  AVERAGE WIND SPEED    15.4


SKY COVER
  AVERAGE SKY COVER 0.0


WEATHER CONDITIONS
 THE FOLLOWING WEATHER WAS RECORDED YESTERDAY.
  NO SIGNIFICANT WEATHER WAS OBSERVED.


RELATIVE HUMIDITY (PERCENT)
 HIGHEST     0          1200 AM
 LOWEST      0          1200 AM
 AVERAGE     0

..........................................................


THE DOUGLAS WY AIRPORT CLIMATE NORMALS FOR TODAY
                         NORMAL    RECORD    YEAR
 MAXIMUM TEMPERATURE (F)   39        64      2015
 MINIMUM TEMPERATURE (F)   12       -16      2014


SUNRISE AND SUNSET
FEBRUARY  7 2016......SUNRISE   710 AM MST   SUNSET   522 PM MST
FEBRUARY  8 2016......SUNRISE   708 AM MST   SUNSET   523 PM MST


-  INDICATES NEGATIVE NUMBERS.
R  INDICATES RECORD WAS SET OR TIED.
MM INDICATES DATA IS MISSING.
T  INDICATES TRACE AMOUNT.




$$
