000
CDUS45 KCYS 290734
CLIDGW


CLIMATE REPORT
NATIONAL WEATHER SERVICE CHEYENNE WY
1233 AM MST THU JAN 29 2015


...................................

...THE DOUGLAS WY AIRPORT CLIMATE SUMMARY FOR JANUARY 28 2015...

CLIMATE NORMAL PERIOD 1981 TO 2010
CLIMATE RECORD PERIOD 1998 TO 2015


WEATHER ITEM   OBSERVED TIME   RECORD YEAR NORMAL DEPARTURE LAST
                VALUE   (LST)  VALUE       VALUE  FROM      YEAR
                                                  NORMAL
..................................................................
TEMPERATURE (F)
 YESTERDAY
  MAXIMUM         51   1250 AM  56    2011  38     13       32
  MINIMUM         35   1159 PM   0    2014  12     23        0
  AVERAGE         43                        25     18       16

PRECIPITATION (IN)
  YESTERDAY        0.10          0.17 2001   0.01   0.09     0.00
  MONTH TO DATE    0.13                      0.32  -0.19     0.33
  SINCE JAN 1      0.13                      0.32  -0.19     0.33

DEGREE DAYS
 HEATING
  YESTERDAY       22                        40    -18       49
  MONTH TO DATE 1075                      1122    -47     1067
  SINCE DEC 1   2246                      2389   -143     2409
  SINCE JUL 1   3970                      4211   -241     4146

 COOLING
  YESTERDAY        0                         0      0        0
  MONTH TO DATE    0                         0      0        0
  SINCE DEC 1      0                         0      0        0
  SINCE JAN 1      0                         0      0        0
..................................................................


WIND (MPH)
  HIGHEST WIND SPEED    32   HIGHEST WIND DIRECTION     W (290)
  HIGHEST GUST SPEED    42   HIGHEST GUST DIRECTION     W (290)
  AVERAGE WIND SPEED    14.2


SKY COVER
  AVERAGE SKY COVER 0.6


WEATHER CONDITIONS
 THE FOLLOWING WEATHER WAS RECORDED YESTERDAY.
  LIGHT RAIN
  FOG


RELATIVE HUMIDITY (PERCENT)
 HIGHEST    92          1200 PM
 LOWEST     42           100 AM
 AVERAGE    67

..........................................................


THE DOUGLAS WY AIRPORT CLIMATE NORMALS FOR TODAY
                         NORMAL    RECORD    YEAR
 MAXIMUM TEMPERATURE (F)   38        53      2012
 MINIMUM TEMPERATURE (F)   12        -3      2002


SUNRISE AND SUNSET
JANUARY 29 2015.......SUNRISE   719 AM MST   SUNSET   510 PM MST
JANUARY 30 2015.......SUNRISE   718 AM MST   SUNSET   512 PM MST


-  INDICATES NEGATIVE NUMBERS.
R  INDICATES RECORD WAS SET OR TIED.
MM INDICATES DATA IS MISSING.
T  INDICATES TRACE AMOUNT.




$$
