000
CDUS44 KTAE 300637
CLIDHN


CLIMATE REPORT
NATIONAL WEATHER SERVICE TALLAHASSEE FL
237 AM EDT TUE AUG 30 2016


...................................

...THE DOTHAN CLIMATE SUMMARY FOR AUGUST 29 2016...

CLIMATE NORMAL PERIOD 1981 TO 2010
CLIMATE RECORD PERIOD 1965 TO 2016


WEATHER ITEM   OBSERVED TIME   NORMAL DEPARTURE LAST
                VALUE   (LST)  VALUE  FROM      YEAR
                                      NORMAL
......................................................
TEMPERATURE (F)
 YESTERDAY
  MAXIMUM         93    324 PM  90      3       86
  MINIMUM         73    538 AM  70      3       70
  AVERAGE         83            80      3       78

PRECIPITATION (IN)
  YESTERDAY        0.00          0.12  -0.12     1.22
  MONTH TO DATE    5.14          4.24   0.90     5.11
  SINCE JUN 1     18.81         15.79   3.02    12.42
  SINCE JAN 1     43.23         38.15   5.08    36.67

SNOWFALL (IN)
  YESTERDAY        0.0

DEGREE DAYS
 COOLING
  YESTERDAY       18            15      3       13
  MONTH TO DATE  519           470     49      521
  SINCE JUN 1   1581          1438    143     1600
  SINCE JAN 1   2034          1851    183     2188
......................................................


WIND (MPH)
  HIGHEST WIND SPEED    16   HIGHEST WIND DIRECTION    NE (30)
  HIGHEST GUST SPEED    20   HIGHEST GUST DIRECTION    NE (40)
  AVERAGE WIND SPEED     7.0








-  INDICATES NEGATIVE NUMBERS.
R  INDICATES RECORD WAS SET OR TIED.
MM INDICATES DATA IS MISSING.
T  INDICATES TRACE AMOUNT.




$$
