000
CDUS44 KTAE 300630
CLIDHN


CLIMATE REPORT
NATIONAL WEATHER SERVICE TALLAHASSEE FL
230 AM EDT SUN APR 30 2017


...................................

...THE DOTHAN CLIMATE SUMMARY FOR APRIL 29 2017...

CLIMATE NORMAL PERIOD 1981 TO 2010
CLIMATE RECORD PERIOD 1965 TO 2017


WEATHER ITEM   OBSERVED TIME   NORMAL DEPARTURE LAST
                VALUE   (LST)  VALUE  FROM      YEAR
                                      NORMAL
......................................................
TEMPERATURE (F)
 YESTERDAY
  MAXIMUM         90    346 PM  82      8       89
  MINIMUM         68    346 AM  57     11       64
  AVERAGE         79            70      9       77

PRECIPITATION (IN)
  YESTERDAY        0.00          0.08  -0.08     0.00
  MONTH TO DATE    1.58          3.45  -1.87     5.79
  SINCE MAR 1      3.11          9.33  -6.22    11.95
  SINCE JAN 1     22.70         18.73   3.97    22.80

SNOWFALL (IN)
  YESTERDAY        0.0

DEGREE DAYS
 HEATING
  YESTERDAY        0             1     -1        0
  MONTH TO DATE   22            69    -47       38
  SINCE MAR 1    193           280    -87      160
  SINCE JUL 1   1052          1839   -787     1338

 COOLING
  YESTERDAY       14             5      9       12
  MONTH TO DATE  178            84     94       75
  SINCE MAR 1    254           105    149      148
  SINCE JAN 1    292           115    177      154
......................................................


WIND (MPH)
  HIGHEST WIND SPEED    21   HIGHEST WIND DIRECTION     S (160)
  HIGHEST GUST SPEED    26   HIGHEST GUST DIRECTION     S (180)
  AVERAGE WIND SPEED    11.4








-  INDICATES NEGATIVE NUMBERS.
R  INDICATES RECORD WAS SET OR TIED.
MM INDICATES DATA IS MISSING.
T  INDICATES TRACE AMOUNT.




$$
