000
CDUS44 KTAE 220633
CLIDHN


CLIMATE REPORT
NATIONAL WEATHER SERVICE TALLAHASSEE FL
133 AM EST SUN JAN 22 2017


...................................

...THE DOTHAN CLIMATE SUMMARY FOR JANUARY 21 2017...

CLIMATE NORMAL PERIOD 1981 TO 2010
CLIMATE RECORD PERIOD 1965 TO 2017


WEATHER ITEM   OBSERVED TIME   NORMAL DEPARTURE LAST
                VALUE   (LST)  VALUE  FROM      YEAR
                                      NORMAL
......................................................
TEMPERATURE (F)
 YESTERDAY
  MAXIMUM         73    944 AM  60     13       57
  MINIMUM         61   1157 PM  38     23       47
  AVERAGE         67            49     18       52

PRECIPITATION (IN)
  YESTERDAY        3.78          0.12   3.66     0.75
  MONTH TO DATE   12.49          2.77   9.72     2.72
  SINCE DEC 1     22.85          7.16  15.69    12.85
  SINCE JAN 1     12.49          2.77   9.72     2.72

SNOWFALL (IN)
  YESTERDAY        0.0

DEGREE DAYS
 HEATING
  YESTERDAY        0            16    -16       13
  MONTH TO DATE  165           347   -182      374
  SINCE DEC 1    446           783   -337      555
  SINCE JUL 1    607          1060   -453      690
......................................................


WIND (MPH)
  HIGHEST WIND SPEED    36   HIGHEST WIND DIRECTION    NW (300)
  HIGHEST GUST SPEED    44   HIGHEST GUST DIRECTION    NW (300)
  AVERAGE WIND SPEED    10.3








-  INDICATES NEGATIVE NUMBERS.
R  INDICATES RECORD WAS SET OR TIED.
MM INDICATES DATA IS MISSING.
T  INDICATES TRACE AMOUNT.




$$
