000
CDUS44 KTAE 300632
CLIDHN


CLIMATE REPORT
NATIONAL WEATHER SERVICE TALLAHASSEE FL
232 AM EDT MON MAR 30 2015


...................................

...THE DOTHAN CLIMATE SUMMARY FOR MARCH 29 2015...

CLIMATE NORMAL PERIOD 1981 TO 2010
CLIMATE RECORD PERIOD 1965 TO 2015


WEATHER ITEM   OBSERVED TIME   NORMAL DEPARTURE LAST
                VALUE   (LST)  VALUE  FROM      YEAR
                                      NORMAL
......................................................
TEMPERATURE (F)
 YESTERDAY
  MAXIMUM         67    337 PM  74     -7       71
  MINIMUM         44    523 AM  49     -5       50
  AVERAGE         56            61     -5       61

PRECIPITATION (IN)
  YESTERDAY        0.00          0.25  -0.25     0.69
  MONTH TO DATE    4.31          5.38  -1.07     5.30
  SINCE MAR 1      4.31          5.38  -1.07     5.30
  SINCE JAN 1     10.98         14.78  -3.80    13.03

SNOWFALL (IN)
  YESTERDAY        0.0

DEGREE DAYS
 HEATING
  YESTERDAY        9             5      4        4
  MONTH TO DATE  128           202    -74      253
  SINCE MAR 1    128           202    -74      253
  SINCE JUL 1   1815          1761     54     1918

 COOLING
  YESTERDAY        0             1     -1        0
  MONTH TO DATE   74            28     46        2
  SINCE MAR 1     74            28     46        2
  SINCE JAN 1     78            38     40       11
......................................................


WIND (MPH)
  HIGHEST WIND SPEED    14   HIGHEST WIND DIRECTION     E (90)
  HIGHEST GUST SPEED    18   HIGHEST GUST DIRECTION     E (110)
  AVERAGE WIND SPEED     5.4








-  INDICATES NEGATIVE NUMBERS.
R  INDICATES RECORD WAS SET OR TIED.
MM INDICATES DATA IS MISSING.
T  INDICATES TRACE AMOUNT.




$$
