000
CDUS44 KTAE 282231
CLIDHN


CLIMATE REPORT
NATIONAL WEATHER SERVICE TALLAHASSEE FL
531 PM EST WED JAN 28 2015


...................................

...THE DOTHAN CLIMATE SUMMARY FOR JANUARY 28 2015...
VALID TODAY AS OF 0500 PM LOCAL TIME.

CLIMATE NORMAL PERIOD 1981 TO 2010
CLIMATE RECORD PERIOD 1965 TO 2015


WEATHER ITEM   OBSERVED TIME   NORMAL DEPARTURE LAST
                VALUE   (LST)  VALUE  FROM      YEAR
                                      NORMAL
......................................................
TEMPERATURE (F)
 TODAY
  MAXIMUM         57    335 PM  61     -4       46
  MINIMUM         33    700 AM  38     -5       26
  AVERAGE         45            50     -5       36

PRECIPITATION (IN)
  TODAY            0.00          0.16  -0.16     0.51
  MONTH TO DATE    2.95          4.06  -1.11     2.93
  SINCE DEC 1      8.39          8.45  -0.06    11.57
  SINCE JAN 1      2.95          4.06  -1.11     2.93

......................................................










-  INDICATES NEGATIVE NUMBERS.
R  INDICATES RECORD WAS SET OR TIED.
MM INDICATES DATA IS MISSING.
T  INDICATES TRACE AMOUNT.




$$
