000
CDUS44 KAMA 281413
CLIDHT


CLIMATE REPORT
NATIONAL WEATHER SERVICE AMARILLO TX
911 AM CDT FRI APR 28 2017


...................................

...THE DALHART CLIMATE SUMMARY FOR APRIL 28 2017...
VALID AS OF 0900 AM LOCAL TIME.

CLIMATE NORMAL PERIOD 1981 TO 2010
CLIMATE RECORD PERIOD 1948 TO 2017


WEATHER ITEM   OBSERVED TIME   RECORD YEAR NORMAL DEPARTURE LAST
                VALUE   (LST)  VALUE       VALUE  FROM      YEAR
                                                  NORMAL
..................................................................
TEMPERATURE (F)
 TODAY
  MINIMUM         43    438 AM  27    2008  42      1       46
                                      1994

PRECIPITATION (IN)
  TODAY            0.00          0.95 1985   0.04  -0.04     0.05
  MONTH TO DATE    2.09                      0.99   1.10     3.42
  SINCE MAR 1      3.51                      2.16   1.35     3.72
  SINCE JAN 1      4.59                      3.08   1.51     4.10

SNOWFALL (IN)
  TODAY            0.0           2.4  1994   0.0    0.0      0.0
  MONTH TO DATE    1.0                       1.2   -0.2      0.0
  SINCE MAR 1      1.0                       5.4   -4.4      6.0
  SINCE JUL 1      2.3                      18.9  -16.6     12.7
  SNOW DEPTH       0

..................................................................


WIND (MPH)
  RESULTANT WIND SPEED   4   RESULTANT WIND DIRECTION   N (350)
  HIGHEST WIND SPEED    12   HIGHEST WIND DIRECTION     N (20)
  HIGHEST GUST SPEED    13   HIGHEST GUST DIRECTION     N (20)
  AVERAGE WIND SPEED     5.9


SKY COVER
  AVERAGE SKY COVER 0.6


WEATHER CONDITIONS
 THE FOLLOWING WEATHER WAS RECORDED TODAY.
  NO SIGNIFICANT WEATHER WAS OBSERVED.


RELATIVE HUMIDITY (PERCENT)
 HIGHEST    89           500 AM
 LOWEST     68          1200 AM
 AVERAGE    79

..........................................................


THE DALHART CLIMATE NORMALS FOR TOMORROW
                         NORMAL    RECORD    YEAR
 MAXIMUM TEMPERATURE (F)   73        92      2011
 MINIMUM TEMPERATURE (F)   42        31      1996


SUNRISE AND SUNSET
APRIL 28 2017.........SUNRISE   701 AM CDT   SUNSET   835 PM CDT
APRIL 29 2017.........SUNRISE   659 AM CDT   SUNSET   836 PM CDT


-  INDICATES NEGATIVE NUMBERS.
R  INDICATES RECORD WAS SET OR TIED.
MM INDICATES DATA IS MISSING.
T  INDICATES TRACE AMOUNT.




$$
