000
CDUS44 KAMA 232234
CLIDHT


CLIMATE REPORT
NATIONAL WEATHER SERVICE AMARILLO TX
433 PM CST MON JAN 23 2017


...................................

...THE DALHART CLIMATE SUMMARY FOR JANUARY 23 2017...
VALID TODAY AS OF 0400 PM LOCAL TIME.

CLIMATE NORMAL PERIOD 1981 TO 2010
CLIMATE RECORD PERIOD 1948 TO 2017


WEATHER ITEM   OBSERVED TIME   RECORD YEAR NORMAL DEPARTURE LAST
                VALUE   (LST)  VALUE       VALUE  FROM      YEAR
                                                  NORMAL
..................................................................
TEMPERATURE (F)
 TODAY
  MAXIMUM         70    243 PM  74    1972  51     19       67
  MINIMUM         26    742 AM  -2    1963  20      6       21
  AVERAGE         48                        35     13       44

PRECIPITATION (IN)
  TODAY            0.00          0.10 1993   0.02  -0.02     0.00
  MONTH TO DATE    1.03                      0.36   0.67     0.24
  SINCE DEC 1      1.23                      0.90   0.33     0.79
  SINCE JAN 1      1.03                      0.36   0.67     0.24

SNOWFALL (IN)
  TODAY            0.0           1.5  2014   0.1   -0.1      0.0
  MONTH TO DATE    0.0                       3.0   -3.0      4.0
  SINCE DEC 1      1.3                       7.3   -6.0      5.5
  SINCE JUL 1      1.3                       9.2   -7.9      6.0
  SNOW DEPTH       0

DEGREE DAYS
 HEATING
  TODAY           17                        30    -13       21
  MONTH TO DATE  615                       701    -86      684
  SINCE DEC 1   1507                      1649   -142     1481
  SINCE JUL 1   2083                      2644   -561     2191

 COOLING
  TODAY            0                         0      0        0
  MONTH TO DATE    0                         0      0        0
  SINCE DEC 1      0                         0      0        0
  SINCE JAN 1      0                         0      0        0
..................................................................


WIND (MPH)
  RESULTANT WIND SPEED  14   RESULTANT WIND DIRECTION  SW (240)
  HIGHEST WIND SPEED    32   HIGHEST WIND DIRECTION    SW (240)
  HIGHEST GUST SPEED    40   HIGHEST GUST DIRECTION    SW (240)
  AVERAGE WIND SPEED    15.4


SKY COVER
  AVERAGE SKY COVER 0.0


WEATHER CONDITIONS
 THE FOLLOWING WEATHER WAS RECORDED TODAY.
  NO SIGNIFICANT WEATHER WAS OBSERVED.


RELATIVE HUMIDITY (PERCENT)
 HIGHEST    85           200 AM
 LOWEST     22           300 PM
 AVERAGE    54

..........................................................


THE DALHART CLIMATE NORMALS FOR TOMORROW
                         NORMAL    RECORD    YEAR
 MAXIMUM TEMPERATURE (F)   51        77      1970
 MINIMUM TEMPERATURE (F)   20         3      1969
                                             1966


SUNRISE AND SUNSET
JANUARY 23 2017.......SUNRISE   757 AM CST   SUNSET   608 PM CST
JANUARY 24 2017.......SUNRISE   756 AM CST   SUNSET   609 PM CST


-  INDICATES NEGATIVE NUMBERS.
R  INDICATES RECORD WAS SET OR TIED.
MM INDICATES DATA IS MISSING.
T  INDICATES TRACE AMOUNT.




$$
