000
CDUS44 KAMA 010625
CLIDHT


CLIMATE REPORT
NATIONAL WEATHER SERVICE AMARILLO TX
125 AM CDT FRI AUG 1 2014


...................................

...THE DALHART CLIMATE SUMMARY FOR JULY 31 2014...

CLIMATE NORMAL PERIOD 1981 TO 2010
CLIMATE RECORD PERIOD 1894 TO 2014


WEATHER ITEM   OBSERVED TIME   RECORD YEAR NORMAL DEPARTURE LAST
                VALUE   (LST)  VALUE       VALUE  FROM      YEAR
                                                  NORMAL
..................................................................
TEMPERATURE (F)
 YESTERDAY
  MAXIMUM         80    359 PM 101    2012  91    -11       89
  MINIMUM         57    619 AM  49    2005  62     -5       67
  AVERAGE         69                        77     -8       78

PRECIPITATION (IN)
  YESTERDAY        0.00          1.65 1998   0.10  -0.10     0.00
  MONTH TO DATE    2.15                      2.79  -0.64     1.53
  SINCE JUN 1      5.92                      5.09   0.83     2.16
  SINCE JAN 1      7.76                     10.50  -2.74     3.46

SNOWFALL (IN)
  YESTERDAY        0.0           0.0    MM   0.0    0.0      0.0
  MONTH TO DATE    0.0                       0.0    0.0      0.0
  SINCE JUN 1      0.0                       0.0    0.0      0.0
  SINCE JUL 1      0.0                       0.0    0.0      0.0
  SNOW DEPTH       0

DEGREE DAYS
 HEATING
  YESTERDAY        0                         0      0        0
  MONTH TO DATE    0                         0      0        0
  SINCE JUN 1      4                        13     -9        0
  SINCE JUL 1      0                         1     -1        0

 COOLING
  YESTERDAY        4                        12     -8       13
  MONTH TO DATE  377                       365     12      402
  SINCE JUN 1    673                       605     68      809
  SINCE JAN 1    793                       677    116      963
..................................................................


WIND (MPH)
  RESULTANT WIND SPEED   5   RESULTANT WIND DIRECTION  NE (60)
  HIGHEST WIND SPEED    14   HIGHEST WIND DIRECTION     E (80)
  HIGHEST GUST SPEED    20   HIGHEST GUST DIRECTION     E (80)
  AVERAGE WIND SPEED     5.9


SKY COVER
  AVERAGE SKY COVER 0.2


WEATHER CONDITIONS
 THE FOLLOWING WEATHER WAS RECORDED YESTERDAY.
  FOG
  HAZE


RELATIVE HUMIDITY (PERCENT)
 HIGHEST    93           600 AM
 LOWEST     32           500 PM
 AVERAGE    63

..........................................................


THE DALHART CLIMATE NORMALS FOR TODAY
                         NORMAL    RECORD    YEAR
 MAXIMUM TEMPERATURE (F)   91       103      2012
                                             2003
 MINIMUM TEMPERATURE (F)   62        55      1973


SUNRISE AND SUNSET
AUGUST  1 2014........SUNRISE   658 AM CDT   SUNSET   855 PM CDT
AUGUST  2 2014........SUNRISE   658 AM CDT   SUNSET   854 PM CDT


-  INDICATES NEGATIVE NUMBERS.
R  INDICATES RECORD WAS SET OR TIED.
MM INDICATES DATA IS MISSING.
T  INDICATES TRACE AMOUNT.




$$
