000
CDUS44 KAMA 282236
CLIDHT


CLIMATE REPORT
NATIONAL WEATHER SERVICE AMARILLO TX
434 PM CST SAT FEB 28 2015


...................................

...THE DALHART CLIMATE SUMMARY FOR FEBRUARY 28 2015...
VALID TODAY AS OF 0400 PM LOCAL TIME.

CLIMATE NORMAL PERIOD 1981 TO 2010
CLIMATE RECORD PERIOD 1894 TO 2015


WEATHER ITEM   OBSERVED TIME   RECORD YEAR NORMAL DEPARTURE LAST
                VALUE   (LST)  VALUE       VALUE  FROM      YEAR
                                                  NORMAL
..................................................................
TEMPERATURE (F)
 TODAY
  MAXIMUM         27    430 PM  85    2006  56    -29       73
  MINIMUM         13    741 AM   1    1962  26    -13       42
  AVERAGE         20                        41    -21       58

PRECIPITATION (IN)
  TODAY            0.17R         0.17 1953   0.02   0.15     0.00
  MONTH TO DATE    1.54                      0.40   1.14     0.08
  SINCE DEC 1      3.59                      1.46   2.13     0.30
  SINCE JAN 1      3.26                      0.92   2.34     0.09

SNOWFALL (IN)
  TODAY            2.2 R         0.3  1949   0.1    2.1      0.0
  MONTH TO DATE   14.0                       3.0   11.0      2.8
  SINCE DEC 1     31.7                      11.6   20.1     12.3
  SINCE JUL 1     33.2                      13.5   19.7     15.3
  SNOW DEPTH       5

DEGREE DAYS
 HEATING
  TODAY           45                        24     21        7
  MONTH TO DATE  705                       760    -55      747
  SINCE DEC 1   2440                      2648   -208     2648
  SINCE JUL 1   3293                      3643   -350     3594

 COOLING
  TODAY            0                         0      0        0
  MONTH TO DATE    0                         0      0        0
  SINCE DEC 1      0                         0      0        0
  SINCE JAN 1      0                         0      0        0
..................................................................


WIND (MPH)
  RESULTANT WIND SPEED  13   RESULTANT WIND DIRECTION   S (190)
  HIGHEST WIND SPEED    23   HIGHEST WIND DIRECTION    SW (220)
  HIGHEST GUST SPEED    28   HIGHEST GUST DIRECTION    SW (230)
  AVERAGE WIND SPEED    14.1


SKY COVER
  AVERAGE SKY COVER 1.0


WEATHER CONDITIONS
 THE FOLLOWING WEATHER WAS RECORDED TODAY.
  SNOW
  LIGHT SNOW
  FOG


RELATIVE HUMIDITY (PERCENT)
 HIGHEST    84           200 AM
 LOWEST     68           300 PM
 AVERAGE    76

..........................................................


THE DALHART CLIMATE NORMALS FOR TOMORROW
                         NORMAL    RECORD    YEAR
 MAXIMUM TEMPERATURE (F)   57        80      1974
 MINIMUM TEMPERATURE (F)   26         5      1980


SUNRISE AND SUNSET
FEBRUARY 28 2015......SUNRISE   722 AM CST   SUNSET   644 PM CST
MARCH  1 2015.........SUNRISE   721 AM CST   SUNSET   645 PM CST


-  INDICATES NEGATIVE NUMBERS.
R  INDICATES RECORD WAS SET OR TIED.
MM INDICATES DATA IS MISSING.
T  INDICATES TRACE AMOUNT.




$$
