000
CDUS44 KAMA 170629
CLIDHT


CLIMATE REPORT
NATIONAL WEATHER SERVICE AMARILLO TX
128 AM CDT WED SEP 17 2014


...................................

...THE DALHART CLIMATE SUMMARY FOR SEPTEMBER 16 2014...

CLIMATE NORMAL PERIOD 1981 TO 2010
CLIMATE RECORD PERIOD 1894 TO 2014


WEATHER ITEM   OBSERVED TIME   RECORD YEAR NORMAL DEPARTURE LAST
                VALUE   (LST)  VALUE       VALUE  FROM      YEAR
                                                  NORMAL
..................................................................
TEMPERATURE (F)
 YESTERDAY
  MAXIMUM         82    216 PM  97    2000  82      0       76
  MINIMUM         58    728 AM  35    1951  53      5       60
  AVERAGE         70                        67      3       68

PRECIPITATION (IN)
  YESTERDAY        0.00          2.30 2001   0.05  -0.05      T
  MONTH TO DATE    1.13                      0.93   0.20     1.51
  SINCE SEP 1      1.13                      0.93   0.20     1.51
  SINCE JAN 1      9.77                     14.28  -4.51     6.53

SNOWFALL (IN)
  YESTERDAY        0.0           0.0    MM   0.0    0.0      0.0
  MONTH TO DATE    0.0                       0.0    0.0      0.0
  SINCE SEP 1      0.0                       0.0    0.0      0.0
  SINCE JUL 1      0.0                       0.0    0.0      0.0
  SNOW DEPTH       0

DEGREE DAYS
 HEATING
  YESTERDAY        0                         2     -2        0
  MONTH TO DATE   21                        13      8        0
  SINCE SEP 1     21                        13      8        0
  SINCE JUL 1     21                        16      5        0

 COOLING
  YESTERDAY        5                         4      1        3
  MONTH TO DATE  103                        96      7      159
  SINCE SEP 1    103                        96      7      159
  SINCE JAN 1   1318                      1092    226     1512
..................................................................


WIND (MPH)
  RESULTANT WIND SPEED   9   RESULTANT WIND DIRECTION  SW (210)
  HIGHEST WIND SPEED    24   HIGHEST WIND DIRECTION    SW (220)
  HIGHEST GUST SPEED    28   HIGHEST GUST DIRECTION    SW (210)
  AVERAGE WIND SPEED    10.0


SKY COVER
  AVERAGE SKY COVER 0.4


WEATHER CONDITIONS
 THE FOLLOWING WEATHER WAS RECORDED YESTERDAY.
  FOG
  FOG W/VISIBILITY <= 1/4 MILE
  HAZE


RELATIVE HUMIDITY (PERCENT)
 HIGHEST    93           600 AM
 LOWEST     49           100 PM
 AVERAGE    71

..........................................................


THE DALHART CLIMATE NORMALS FOR TODAY
                         NORMAL    RECORD    YEAR
 MAXIMUM TEMPERATURE (F)   82        97      2004
 MINIMUM TEMPERATURE (F)   52        36      1965


SUNRISE AND SUNSET
SEPTEMBER 17 2014.....SUNRISE   734 AM CDT   SUNSET   754 PM CDT
SEPTEMBER 18 2014.....SUNRISE   735 AM CDT   SUNSET   753 PM CDT


-  INDICATES NEGATIVE NUMBERS.
R  INDICATES RECORD WAS SET OR TIED.
MM INDICATES DATA IS MISSING.
T  INDICATES TRACE AMOUNT.




$$
