318
CDUS44 KAMA 210626
CLIDHT


CLIMATE REPORT
NATIONAL WEATHER SERVICE AMARILLO TX
125 AM CDT THU SEP 21 2017


...................................

...THE DALHART CLIMATE SUMMARY FOR SEPTEMBER 20 2017...

CLIMATE NORMAL PERIOD 1981 TO 2010
CLIMATE RECORD PERIOD 1948 TO 2017


WEATHER ITEM   OBSERVED TIME   RECORD YEAR NORMAL DEPARTURE LAST
                VALUE   (LST)  VALUE       VALUE  FROM      YEAR
                                                  NORMAL
..................................................................
TEMPERATURE (F)
 YESTERDAY
  MAXIMUM         81    501 PM  97    1956  80      1       94
  MINIMUM         50    655 AM  38    1971  51     -1       49
  AVERAGE         66                        66      0       72

PRECIPITATION (IN)
  YESTERDAY        0.00          0.82 1972   0.06  -0.06     0.00
  MONTH TO DATE    0.23                      1.15  -0.92     3.25
  SINCE SEP 1      0.23                      1.15  -0.92     3.25
  SINCE JAN 1     17.47                     14.50   2.97    17.44

SNOWFALL (IN)
  YESTERDAY        0.0           0.0    MM   0.0    0.0      0.0
  MONTH TO DATE    0.0                       0.0    0.0      0.0
  SINCE SEP 1      0.0                       0.0    0.0      0.0
  SINCE JUL 1      0.0                       0.0    0.0      0.0
  SNOW DEPTH       0

DEGREE DAYS
 HEATING
  YESTERDAY        0                         3     -3        0
  MONTH TO DATE    0                        22    -22        1
  SINCE SEP 1      0                        22    -22        1
  SINCE JUL 1      0                        25    -25        1

 COOLING
  YESTERDAY        1                         3     -2        7
  MONTH TO DATE  127                       110     17      183
  SINCE SEP 1    127                       110     17      183
  SINCE JAN 1   1275                      1106    169     1458
..................................................................


WIND (MPH)
  RESULTANT WIND SPEED   3   RESULTANT WIND DIRECTION   N (20)
  HIGHEST WIND SPEED    28   HIGHEST WIND DIRECTION    NE (30)
  HIGHEST GUST SPEED    34   HIGHEST GUST DIRECTION    NE (40)
  AVERAGE WIND SPEED     9.5


SKY COVER
  AVERAGE SKY COVER 0.0


WEATHER CONDITIONS
 THE FOLLOWING WEATHER WAS RECORDED YESTERDAY.
  HAZE


RELATIVE HUMIDITY (PERCENT)
 HIGHEST    63           600 AM
 LOWEST     21           300 PM
 AVERAGE    42

..........................................................


THE DALHART CLIMATE NORMALS FOR TODAY
                         NORMAL    RECORD    YEAR
 MAXIMUM TEMPERATURE (F)   80        96      1980
 MINIMUM TEMPERATURE (F)   51        31      1983


SUNRISE AND SUNSET
SEPTEMBER 21 2017.....SUNRISE   738 AM CDT   SUNSET   748 PM CDT
SEPTEMBER 22 2017.....SUNRISE   738 AM CDT   SUNSET   747 PM CDT


-  INDICATES NEGATIVE NUMBERS.
R  INDICATES RECORD WAS SET OR TIED.
MM INDICATES DATA IS MISSING.
T  INDICATES TRACE AMOUNT.




$$
