000
CDUS44 KAMA 052232
CLIDHT


CLIMATE REPORT
NATIONAL WEATHER SERVICE AMARILLO TX
432 PM CST MON DEC 5 2016


...................................

...THE DALHART CLIMATE SUMMARY FOR DECEMBER 5 2016...
VALID TODAY AS OF 0400 PM LOCAL TIME.

CLIMATE NORMAL PERIOD 1981 TO 2010
CLIMATE RECORD PERIOD 1948 TO 2016


WEATHER ITEM   OBSERVED TIME   RECORD YEAR NORMAL DEPARTURE LAST
                VALUE   (LST)  VALUE       VALUE  FROM      YEAR
                                                  NORMAL
..................................................................
TEMPERATURE (F)
 TODAY
  MAXIMUM         71R   426 PM  71    2015  51     20       71
  MINIMUM         23    759 AM   3    1972  21      2       30
  AVERAGE         47                        36     11       51

PRECIPITATION (IN)
  TODAY            0.00          0.32 1992   0.02  -0.02     0.00
  MONTH TO DATE    0.03                      0.08  -0.05     0.00
  SINCE DEC 1      0.03                      0.08  -0.05     0.00
  SINCE JAN 1     18.91                     17.13   1.78    20.82

SNOWFALL (IN)
  TODAY            0.0           3.3  1992   0.1   -0.1      0.0
  MONTH TO DATE    0.5                       0.6   -0.1      0.0
  SINCE DEC 1      0.5                       0.6   -0.1      0.0
  SINCE JUL 1      0.5                       2.5   -2.0      0.5
  SNOW DEPTH       0

DEGREE DAYS
 HEATING
  TODAY           18                        29    -11       14
  MONTH TO DATE  135                       143     -8      113
  SINCE DEC 1    135                       143     -8      113
  SINCE JUL 1    711                      1138   -427      823

 COOLING
  TODAY            0                         0      0        0
  MONTH TO DATE    0                         0      0        0
  SINCE DEC 1      0                         0      0        0
  SINCE JAN 1   1556                      1138    418     1538
..................................................................


WIND (MPH)
  RESULTANT WIND SPEED  10   RESULTANT WIND DIRECTION  SW (220)
  HIGHEST WIND SPEED    18   HIGHEST WIND DIRECTION    SW (240)
  HIGHEST GUST SPEED    22   HIGHEST GUST DIRECTION    SW (240)
  AVERAGE WIND SPEED    11.3


SKY COVER
  AVERAGE SKY COVER 0.0


WEATHER CONDITIONS
 THE FOLLOWING WEATHER WAS RECORDED TODAY.
  NO SIGNIFICANT WEATHER WAS OBSERVED.


RELATIVE HUMIDITY (PERCENT)
 HIGHEST    96           800 AM
 LOWEST     16           300 PM
 AVERAGE    56

..........................................................


THE DALHART CLIMATE NORMALS FOR TOMORROW
                         NORMAL    RECORD    YEAR
 MAXIMUM TEMPERATURE (F)   50        70      1981
 MINIMUM TEMPERATURE (F)   21        -1      2011
                                             1972


SUNRISE AND SUNSET
DECEMBER  5 2016......SUNRISE   746 AM CST   SUNSET   536 PM CST
DECEMBER  6 2016......SUNRISE   747 AM CST   SUNSET   536 PM CST


-  INDICATES NEGATIVE NUMBERS.
R  INDICATES RECORD WAS SET OR TIED.
MM INDICATES DATA IS MISSING.
T  INDICATES TRACE AMOUNT.




$$
