000
CDUS44 KAMA 100728
CLIDHT


CLIMATE REPORT
NATIONAL WEATHER SERVICE AMARILLO TX
127 AM CST WED FEB 10 2016


...................................

...THE DALHART CLIMATE SUMMARY FOR FEBRUARY 9 2016...

CLIMATE NORMAL PERIOD 1981 TO 2010
CLIMATE RECORD PERIOD 1948 TO 2016


WEATHER ITEM   OBSERVED TIME   RECORD YEAR NORMAL DEPARTURE LAST
                VALUE   (LST)  VALUE       VALUE  FROM      YEAR
                                                  NORMAL
..................................................................
TEMPERATURE (F)
 YESTERDAY
  MAXIMUM         65    422 PM  77    1976  52     13       75
  MINIMUM         27    457 AM   2    2011  21      6       33
                                      1975
  AVERAGE         46                        37      9       54

PRECIPITATION (IN)
  YESTERDAY        0.00          0.37 1986   0.02  -0.02     0.00
  MONTH TO DATE    0.03                      0.14  -0.11      T
  SINCE DEC 1      0.55                      1.20  -0.65     2.05
  SINCE JAN 1      0.14                      0.66  -0.52     1.72

SNOWFALL (IN)
  YESTERDAY        0.0           6.0  1986   0.1   -0.1      0.0
  MONTH TO DATE    0.5                       1.2   -0.7       T
  SINCE DEC 1      3.5                       9.8   -6.3     17.7
  SINCE JUL 1      4.0                      11.7   -7.7     19.2
  SNOW DEPTH       0

DEGREE DAYS
 HEATING
  YESTERDAY       19                        28     -9       11
  MONTH TO DATE  267                       260      7      149
  SINCE DEC 1   1921                      2147   -226     1884
  SINCE JUL 1   2631                      3142   -511     2737

 COOLING
  YESTERDAY        0                         0      0        0
  MONTH TO DATE    0                         0      0        0
  SINCE DEC 1      0                         0      0        0
  SINCE JAN 1      0                         0      0        0
..................................................................


WIND (MPH)
  RESULTANT WIND SPEED   7   RESULTANT WIND DIRECTION   W (290)
  HIGHEST WIND SPEED    21   HIGHEST WIND DIRECTION     W (280)
  HIGHEST GUST SPEED    25   HIGHEST GUST DIRECTION     W (270)
  AVERAGE WIND SPEED     8.4


SKY COVER
  AVERAGE SKY COVER 0.0


WEATHER CONDITIONS
 THE FOLLOWING WEATHER WAS RECORDED YESTERDAY.
  NO SIGNIFICANT WEATHER WAS OBSERVED.


RELATIVE HUMIDITY (PERCENT)
 HIGHEST    75           500 AM
 LOWEST     17           300 PM
 AVERAGE    46

..........................................................


THE DALHART CLIMATE NORMALS FOR TODAY
                         NORMAL    RECORD    YEAR
 MAXIMUM TEMPERATURE (F)   52        80      1962
 MINIMUM TEMPERATURE (F)   22        -3      1981


SUNRISE AND SUNSET
FEBRUARY 10 2016......SUNRISE   743 AM CST   SUNSET   626 PM CST
FEBRUARY 11 2016......SUNRISE   742 AM CST   SUNSET   627 PM CST


-  INDICATES NEGATIVE NUMBERS.
R  INDICATES RECORD WAS SET OR TIED.
MM INDICATES DATA IS MISSING.
T  INDICATES TRACE AMOUNT.




$$
