000
CDUS44 KAMA 240639
CLIDHT


CLIMATE REPORT
NATIONAL WEATHER SERVICE AMARILLO TX
138 AM CDT WED AUG 24 2016


...................................

...THE DALHART CLIMATE SUMMARY FOR AUGUST 23 2016...

CLIMATE NORMAL PERIOD 1981 TO 2010
CLIMATE RECORD PERIOD 1948 TO 2016


WEATHER ITEM   OBSERVED TIME   RECORD YEAR NORMAL DEPARTURE LAST
                VALUE   (LST)  VALUE       VALUE  FROM      YEAR
                                                  NORMAL
..................................................................
TEMPERATURE (F)
 YESTERDAY
  MAXIMUM         96    432 PM 101    2010  89      7       78
  MINIMUM         64   1202 AM  52    1966  61      3       63
  AVERAGE         80                        75      5       71

PRECIPITATION (IN)
  YESTERDAY        0.01          1.57 1959   0.08  -0.07     0.00
  MONTH TO DATE    2.18                      2.28  -0.10     1.72
  SINCE JUN 1      6.26                      7.37  -1.11     6.72
  SINCE JAN 1     13.48                     12.78   0.70    13.43

SNOWFALL (IN)
  YESTERDAY        0.0           T    1994   0.0    0.0      0.0
  MONTH TO DATE    0.0                       0.0    0.0      0.0
  SINCE JUN 1      0.0                       0.0    0.0      0.0
  SINCE JUL 1      0.0                       0.0    0.0      0.0
  SNOW DEPTH       0

DEGREE DAYS
 HEATING
  YESTERDAY        0                         0      0        0
  MONTH TO DATE    0                         0      0        0
  SINCE JUN 1      0                        13    -13        0
  SINCE JUL 1      0                         1     -1        0

 COOLING
  YESTERDAY       15                        10      5        6
  MONTH TO DATE  290                       247     43      296
  SINCE JUN 1   1172                       852    320     1095
  SINCE JAN 1   1218                       924    294     1117
..................................................................


WIND (MPH)
  RESULTANT WIND SPEED  16   RESULTANT WIND DIRECTION  SW (210)
  HIGHEST WIND SPEED    30   HIGHEST WIND DIRECTION    SW (220)
  HIGHEST GUST SPEED    40   HIGHEST GUST DIRECTION    SW (240)
  AVERAGE WIND SPEED    16.2


SKY COVER
  AVERAGE SKY COVER 0.1


WEATHER CONDITIONS
 THE FOLLOWING WEATHER WAS RECORDED YESTERDAY.
  THUNDERSTORM
  LIGHT RAIN


RELATIVE HUMIDITY (PERCENT)
 HIGHEST    87           200 AM
 LOWEST     14           400 PM
 AVERAGE    51

..........................................................


THE DALHART CLIMATE NORMALS FOR TODAY
                         NORMAL    RECORD    YEAR
 MAXIMUM TEMPERATURE (F)   88       101      2011
 MINIMUM TEMPERATURE (F)   61        51      1987


SUNRISE AND SUNSET
AUGUST 24 2016........SUNRISE   716 AM CDT   SUNSET   828 PM CDT
AUGUST 25 2016........SUNRISE   717 AM CDT   SUNSET   827 PM CDT


-  INDICATES NEGATIVE NUMBERS.
R  INDICATES RECORD WAS SET OR TIED.
MM INDICATES DATA IS MISSING.
T  INDICATES TRACE AMOUNT.




$$
