000
CDUS44 KAMA 301419
CLIDHT


CLIMATE REPORT
NATIONAL WEATHER SERVICE AMARILLO TX
919 AM CDT SAT MAY 30 2015


...................................

...THE DALHART CLIMATE SUMMARY FOR MAY 30 2015...
VALID AS OF 0900 AM LOCAL TIME.

CLIMATE NORMAL PERIOD 1981 TO 2010
CLIMATE RECORD PERIOD 1894 TO 2015


WEATHER ITEM   OBSERVED TIME   RECORD YEAR NORMAL DEPARTURE LAST
                VALUE   (LST)  VALUE       VALUE  FROM      YEAR
                                                  NORMAL
..................................................................
TEMPERATURE (F)
 TODAY
  MINIMUM         52    653 AM  41    1975  53     -1       64

PRECIPITATION (IN)
  TODAY            0.00          0.68 1976   0.09  -0.09     0.06
  MONTH TO DATE    2.02                      2.16  -0.14     1.44
  SINCE MAR 1      3.40                      4.41  -1.01     1.64
  SINCE JAN 1      6.71                      5.33   1.38     1.73

SNOWFALL (IN)
  TODAY            0.0           T    1951   0.0    0.0      0.0
  MONTH TO DATE    0.0                       0.1   -0.1      0.0
  SINCE MAR 1      0.8                       5.5   -4.7      2.1
  SINCE JUL 1     34.1                      19.0   15.1     17.4
  SNOW DEPTH       0

..................................................................


WIND (MPH)
  RESULTANT WIND SPEED  14   RESULTANT WIND DIRECTION   N (10)
  HIGHEST WIND SPEED    28   HIGHEST WIND DIRECTION     N (340)
  HIGHEST GUST SPEED    35   HIGHEST GUST DIRECTION    NW (330)
  AVERAGE WIND SPEED    14.8


SKY COVER
  AVERAGE SKY COVER 0.1


WEATHER CONDITIONS
 THE FOLLOWING WEATHER WAS RECORDED TODAY.
  NO SIGNIFICANT WEATHER WAS OBSERVED.


RELATIVE HUMIDITY (PERCENT)
 HIGHEST    89           400 AM
 LOWEST     83           100 AM
 AVERAGE    86

..........................................................


THE DALHART CLIMATE NORMALS FOR TOMORROW
                         NORMAL    RECORD    YEAR
 MAXIMUM TEMPERATURE (F)   83        99      2002
 MINIMUM TEMPERATURE (F)   54        40      2004


SUNRISE AND SUNSET
MAY 30 2015...........SUNRISE   636 AM CDT   SUNSET   900 PM CDT
MAY 31 2015...........SUNRISE   635 AM CDT   SUNSET   901 PM CDT


-  INDICATES NEGATIVE NUMBERS.
R  INDICATES RECORD WAS SET OR TIED.
MM INDICATES DATA IS MISSING.
T  INDICATES TRACE AMOUNT.




$$
