000
CDUS44 KAMA 050632
CLIDHT


CLIMATE REPORT
NATIONAL WEATHER SERVICE AMARILLO TX
129 AM CDT WED AUG 5 2015


...................................

...THE DALHART CLIMATE SUMMARY FOR AUGUST 4 2015...

CLIMATE NORMAL PERIOD 1981 TO 2010
CLIMATE RECORD PERIOD 1894 TO 2015


WEATHER ITEM   OBSERVED TIME   RECORD YEAR NORMAL DEPARTURE LAST
                VALUE   (LST)  VALUE       VALUE  FROM      YEAR
                                                  NORMAL
..................................................................
TEMPERATURE (F)
 YESTERDAY
  MAXIMUM         91    442 PM 101    1959  90      1       92
  MINIMUM         62    616 AM  50    1971  62      0       59
  AVERAGE         77                        76      1       76

PRECIPITATION (IN)
  YESTERDAY        0.83          1.42 2004   0.12   0.71     0.00
  MONTH TO DATE    1.17                      0.45   0.72     0.00
  SINCE JUN 1      6.17                      5.54   0.63     5.92
  SINCE JAN 1     12.88                     10.95   1.93     7.76

SNOWFALL (IN)
  YESTERDAY        0.0           0.0    MM   0.0    0.0      0.0
  MONTH TO DATE    0.0                       0.0    0.0      0.0
  SINCE JUN 1      0.0                       0.0    0.0      0.0
  SINCE JUL 1      0.0                       0.0    0.0      0.0
  SNOW DEPTH       0

DEGREE DAYS
 HEATING
  YESTERDAY        0                         0      0        0
  MONTH TO DATE    0                         0      0        0
  SINCE JUN 1      0                        13    -13        4
  SINCE JUL 1      0                         1     -1        0

 COOLING
  YESTERDAY       12                        11      1       11
  MONTH TO DATE   54                        45      9       40
  SINCE JUN 1    853                       650    203      713
  SINCE JAN 1    875                       722    153      833
..................................................................


WIND (MPH)
  RESULTANT WIND SPEED   8   RESULTANT WIND DIRECTION   S (170)
  HIGHEST WIND SPEED    24   HIGHEST WIND DIRECTION    NW (300)
  HIGHEST GUST SPEED    30   HIGHEST GUST DIRECTION     W (290)
  AVERAGE WIND SPEED    10.2


SKY COVER
  AVERAGE SKY COVER 0.2


WEATHER CONDITIONS
 THE FOLLOWING WEATHER WAS RECORDED YESTERDAY.
  THUNDERSTORM
  HEAVY RAIN
  RAIN
  LIGHT RAIN
  FOG


RELATIVE HUMIDITY (PERCENT)
 HIGHEST    93           600 AM
 LOWEST     41           600 PM
 AVERAGE    67

..........................................................


THE DALHART CLIMATE NORMALS FOR TODAY
                         NORMAL    RECORD    YEAR
 MAXIMUM TEMPERATURE (F)   90       101      1959
 MINIMUM TEMPERATURE (F)   62        56      1978


SUNRISE AND SUNSET
AUGUST  5 2015........SUNRISE   700 AM CDT   SUNSET   851 PM CDT
AUGUST  6 2015........SUNRISE   701 AM CDT   SUNSET   850 PM CDT


-  INDICATES NEGATIVE NUMBERS.
R  INDICATES RECORD WAS SET OR TIED.
MM INDICATES DATA IS MISSING.
T  INDICATES TRACE AMOUNT.




$$
