000
CDUS43 KBIS 190734
CLIDIK


CLIMATE REPORT
NATIONAL WEATHER SERVICE BISMARCK ND
234 AM CDT THU OCT 19 2017


...................................

...THE DICKINSON ND CLIMATE SUMMARY FOR OCTOBER 18 2017...

CLIMATE NORMAL PERIOD 1981 TO 2010
CLIMATE RECORD PERIOD 1893 TO 2017


WEATHER ITEM   OBSERVED TIME   RECORD YEAR NORMAL DEPARTURE LAST
                VALUE   (LST)  VALUE       VALUE  FROM      YEAR
                                                  NORMAL
..................................................................
TEMPERATURE (F)
 YESTERDAY
  MAXIMUM         64   1228 AM  82    2015  56      8       55
                                      2000
  MINIMUM         36    854 PM  10    1930  31      5       29
  AVERAGE         50                        43      7       42

PRECIPITATION (IN)
  YESTERDAY        0.00          0.45 1994   0.04  -0.04     0.01
  MONTH TO DATE    0.06                      0.80  -0.74     0.92
  SINCE SEP 1      2.89                      2.27   0.62     4.34
  SINCE JAN 1     10.13                     14.56  -4.43    15.97

DEGREE DAYS
 HEATING
  YESTERDAY       15                        22     -7       23
  MONTH TO DATE  337                       331      6      340
  SINCE SEP 1    582                       599    -17      569
  SINCE JUL 1    633                       685    -52      629

 COOLING
  YESTERDAY        0                         0      0        0
  MONTH TO DATE    0                         0      0        0
  SINCE SEP 1     41                        32      9       21
  SINCE JAN 1    487                       418     69      315
..................................................................


WIND (MPH)
  HIGHEST WIND SPEED    31   HIGHEST WIND DIRECTION    NW (330)
  HIGHEST GUST SPEED    40   HIGHEST GUST DIRECTION    NW (330)
  AVERAGE WIND SPEED    13.8


SKY COVER
  POSSIBLE SUNSHINE  MM
  AVERAGE SKY COVER 0.0


WEATHER CONDITIONS
 THE FOLLOWING WEATHER WAS RECORDED YESTERDAY.
  HAZE


RELATIVE HUMIDITY (PERCENT)
 HIGHEST    59           700 AM
 LOWEST     22          1200 AM
 AVERAGE    41

..........................................................


THE DICKINSON ND CLIMATE NORMALS FOR TODAY
                         NORMAL    RECORD    YEAR
 MAXIMUM TEMPERATURE (F)   55        85      1947
 MINIMUM TEMPERATURE (F)   30         0      1960


SUNRISE AND SUNSET
OCTOBER 19 2017.......SUNRISE   715 AM MDT   SUNSET   556 PM MDT
OCTOBER 20 2017.......SUNRISE   716 AM MDT   SUNSET   555 PM MDT


-  INDICATES NEGATIVE NUMBERS.
R  INDICATES RECORD WAS SET OR TIED.
MM INDICATES DATA IS MISSING.
T  INDICATES TRACE AMOUNT.




$$
