000
CDUS43 KBIS 260724
CLIDIK


CLIMATE REPORT
NATIONAL WEATHER SERVICE BISMARCK ND
223 AM CDT SAT JUL 26 2014


...................................

...THE DICKINSON ND CLIMATE SUMMARY FOR JULY 25 2014...

CLIMATE NORMAL PERIOD 1981 TO 2010
CLIMATE RECORD PERIOD 1903 TO 2014


WEATHER ITEM   OBSERVED TIME   RECORD YEAR NORMAL DEPARTURE LAST
                VALUE   (LST)  VALUE       VALUE  FROM      YEAR
                                                  NORMAL
..................................................................
TEMPERATURE (F)
 YESTERDAY
  MAXIMUM         83    453 PM 108    1931  85     -2       74
  MINIMUM         51    452 AM  37    1911  56     -5       47
  AVERAGE         67                        71     -4       61

PRECIPITATION (IN)
  YESTERDAY        0.00          0.93 1953   0.07  -0.07     0.00
  MONTH TO DATE    1.11                      2.08  -0.97     1.93
  SINCE JUN 1      4.94                      5.28  -0.34     4.25
  SINCE JAN 1     12.98                     10.39   2.59    13.18

DEGREE DAYS
 HEATING
  YESTERDAY        0                         1     -1        4
  MONTH TO DATE   44                        31     13       11
  SINCE JUN 1    209                       168     41      135
  SINCE JUL 1     44                        31     13       11

 COOLING
  YESTERDAY        2                         6     -4        0
  MONTH TO DATE   83                       126    -43      107
  SINCE JUN 1     95                       180    -85      133
  SINCE JAN 1    125                       190    -65      142
..................................................................


WIND (MPH)
  HIGHEST WIND SPEED    20   HIGHEST WIND DIRECTION    NW (310)
  HIGHEST GUST SPEED    26   HIGHEST GUST DIRECTION    NW (300)
  AVERAGE WIND SPEED     9.6


SKY COVER
  POSSIBLE SUNSHINE  MM
  AVERAGE SKY COVER 0.0


WEATHER CONDITIONS
 THE FOLLOWING WEATHER WAS RECORDED YESTERDAY.
  NO SIGNIFICANT WEATHER WAS OBSERVED.


RELATIVE HUMIDITY (PERCENT)
 HIGHEST    93          1200 AM
 LOWEST     26           200 PM
 AVERAGE    60

..........................................................


THE DICKINSON ND CLIMATE NORMALS FOR TODAY
                         NORMAL    RECORD    YEAR
 MAXIMUM TEMPERATURE (F)   85       106      1929
 MINIMUM TEMPERATURE (F)   56        38      1971


SUNRISE AND SUNSET
JULY 26 2014..........SUNRISE   524 AM MDT   SUNSET   831 PM MDT
JULY 27 2014..........SUNRISE   525 AM MDT   SUNSET   829 PM MDT


-  INDICATES NEGATIVE NUMBERS.
R  INDICATES RECORD WAS SET OR TIED.
MM INDICATES DATA IS MISSING.
T  INDICATES TRACE AMOUNT.




$$
