000
CDUS43 KBIS 150020
CLIDIK


CLIMATE REPORT
NATIONAL WEATHER SERVICE BISMARCK ND
719 PM CDT SUN SEP 14 2014


...................................

...THE DICKINSON ND CLIMATE SUMMARY FOR SEPTEMBER 14 2014...
VALID TODAY AS OF 0700 PM LOCAL TIME.

CLIMATE NORMAL PERIOD 1981 TO 2010
CLIMATE RECORD PERIOD 1903 TO 2014


WEATHER ITEM   OBSERVED TIME   RECORD YEAR NORMAL DEPARTURE LAST
                VALUE   (LST)  VALUE       VALUE  FROM      YEAR
                                                  NORMAL
..................................................................
TEMPERATURE (F)
 TODAY
  MAXIMUM         57    200 PM  94    1946  72    -15       73
  MINIMUM         30    400 AM  18    1904  44    -14       53
  AVERAGE         44                        58    -14       63

PRECIPITATION (IN)
  TODAY            0.00          0.42 2013   0.05  -0.05     0.42
  MONTH TO DATE    0.77                      0.69   0.08     2.63
  SINCE SEP 1      0.77                      0.69   0.08     2.63
  SINCE JAN 1     20.54                     12.98   7.56    17.64

DEGREE DAYS
 HEATING
  TODAY           21                         8     13        2
  MONTH TO DATE  167                        83     84        8
  SINCE SEP 1    167                        83     84        8
  SINCE JUL 1    268                       169     99       48

 COOLING
  TODAY            0                         1     -1        0
  MONTH TO DATE    0                        25    -25       67
  SINCE SEP 1      0                        25    -25       67
  SINCE JAN 1    232                       411   -179      379
..................................................................


WIND (MPH)
  RESULTANT WIND SPEED   2   RESULTANT WIND DIRECTION  NW (330)
  HIGHEST WIND SPEED     8   HIGHEST WIND DIRECTION    NW (320)
  HIGHEST GUST SPEED    MM   HIGHEST GUST DIRECTION    MM
  AVERAGE WIND SPEED     4.5


SKY COVER
  POSSIBLE SUNSHINE   0 PERCENT
  AVERAGE SKY COVER 0.0


WEATHER CONDITIONS
 THE FOLLOWING WEATHER WAS RECORDED TODAY.
  NO SIGNIFICANT WEATHER WAS OBSERVED.


RELATIVE HUMIDITY (PERCENT)
 HIGHEST     0          1200 AM
 LOWEST      0          1200 AM
 AVERAGE     0

..........................................................


THE DICKINSON ND CLIMATE NORMALS FOR TOMORROW
                         NORMAL    RECORD    YEAR
 MAXIMUM TEMPERATURE (F)   71        98      1948
 MINIMUM TEMPERATURE (F)   43        18      1934


SUNRISE AND SUNSET
SEPTEMBER 14 2014.....SUNRISE   628 AM MDT   SUNSET   705 PM MDT
SEPTEMBER 15 2014.....SUNRISE   629 AM MDT   SUNSET   703 PM MDT


-  INDICATES NEGATIVE NUMBERS.
R  INDICATES RECORD WAS SET OR TIED.
MM INDICATES DATA IS MISSING.
T  INDICATES TRACE AMOUNT.




$$
