000
CDUS43 KBIS 270811
CLIDIK


CLIMATE REPORT
NATIONAL WEATHER SERVICE BISMARCK ND
309 AM CDT WED JUL 27 2016


...................................

...THE DICKINSON ND CLIMATE SUMMARY FOR JULY 26 2016...

CLIMATE NORMAL PERIOD 1981 TO 2010
CLIMATE RECORD PERIOD 1893 TO 2016


WEATHER ITEM   OBSERVED TIME   RECORD YEAR NORMAL DEPARTURE LAST
                VALUE   (LST)  VALUE       VALUE  FROM      YEAR
                                                  NORMAL
..................................................................
TEMPERATURE (F)
 YESTERDAY
  MAXIMUM         78    332 PM 106    1929  85     -7       95
  MINIMUM         54   1134 PM  38    1971  56     -2       61
  AVERAGE         66                        71     -5       78

PRECIPITATION (IN)
  YESTERDAY        0.16          1.35 2015   0.06   0.10     1.35
  MONTH TO DATE    3.16                      2.14   1.02     2.37
  SINCE JUN 1      5.82                      5.34   0.48     5.30
  SINCE JAN 1     10.24                     10.45  -0.21     8.73

DEGREE DAYS
 HEATING
  YESTERDAY        0                         1     -1        0
  MONTH TO DATE   13                        32    -19        8
  SINCE JUN 1     72                       169    -97       76
  SINCE JUL 1     13                        32    -19        8

 COOLING
  YESTERDAY        1                         6     -5       13
  MONTH TO DATE  116                       132    -16      153
  SINCE JUN 1    173                       186    -13      211
  SINCE JAN 1    176                       196    -20      211
..................................................................


WIND (MPH)
  HIGHEST WIND SPEED    23   HIGHEST WIND DIRECTION     N (20)
  HIGHEST GUST SPEED    29   HIGHEST GUST DIRECTION    NW (300)
  AVERAGE WIND SPEED     8.8


SKY COVER
  POSSIBLE SUNSHINE  MM
  AVERAGE SKY COVER 0.2


WEATHER CONDITIONS
 THE FOLLOWING WEATHER WAS RECORDED YESTERDAY.
  THUNDERSTORM
  RAIN
  LIGHT RAIN
  FOG


RELATIVE HUMIDITY (PERCENT)
 HIGHEST   100           100 AM
 LOWEST     49           600 PM
 AVERAGE    75

..........................................................


THE DICKINSON ND CLIMATE NORMALS FOR TODAY
                         NORMAL    RECORD    YEAR
 MAXIMUM TEMPERATURE (F)   85       109      1931
 MINIMUM TEMPERATURE (F)   56        40      2013
                                             1971


SUNRISE AND SUNSET
JULY 27 2016..........SUNRISE   526 AM MDT   SUNSET   829 PM MDT
JULY 28 2016..........SUNRISE   527 AM MDT   SUNSET   828 PM MDT


-  INDICATES NEGATIVE NUMBERS.
R  INDICATES RECORD WAS SET OR TIED.
MM INDICATES DATA IS MISSING.
T  INDICATES TRACE AMOUNT.




$$
