000
CDUS43 KBIS 191227
CLIDIK


CLIMATE REPORT
NATIONAL WEATHER SERVICE BISMARCK ND
627 AM CST SUN FEB 19 2017


...................................

...THE DICKINSON ND CLIMATE SUMMARY FOR FEBRUARY 18 2017...

CLIMATE NORMAL PERIOD 1981 TO 2010
CLIMATE RECORD PERIOD 1893 TO 2017


WEATHER ITEM   OBSERVED TIME   RECORD YEAR NORMAL DEPARTURE LAST
                VALUE   (LST)  VALUE       VALUE  FROM      YEAR
                                                  NORMAL
..................................................................
TEMPERATURE (F)
 YESTERDAY
  MAXIMUM         48    202 PM  61    1983  32     16       47
  MINIMUM         26   1104 PM -40    1910  11     15       29
  AVERAGE         37                        21     16       38

PRECIPITATION (IN)
  YESTERDAY        0.00          0.37 1952   0.01  -0.01      T
  MONTH TO DATE    0.03                      0.17  -0.14     0.22
  SINCE DEC 1      0.23                      0.71  -0.48     0.64
  SINCE JAN 1      0.07                      0.47  -0.40     0.38

DEGREE DAYS
 HEATING
  YESTERDAY       28                        44    -16       27
  MONTH TO DATE  810                       823    -13      671
  SINCE DEC 1   4082                      3793    289     3393
  SINCE JUL 1   5749                      5870   -121     5067

 COOLING
  YESTERDAY        0                         0      0        0
  MONTH TO DATE    0                         0      0        0
  SINCE DEC 1      0                         0      0        0
  SINCE JAN 1      0                         0      0        0
..................................................................


WIND (MPH)
  HIGHEST WIND SPEED    21   HIGHEST WIND DIRECTION     E (80)
  HIGHEST GUST SPEED    25   HIGHEST GUST DIRECTION     E (80)
  AVERAGE WIND SPEED     8.4


SKY COVER
  POSSIBLE SUNSHINE  MM
  AVERAGE SKY COVER 0.3


WEATHER CONDITIONS
 THE FOLLOWING WEATHER WAS RECORDED YESTERDAY.
  FOG


RELATIVE HUMIDITY (PERCENT)
 HIGHEST   100           800 PM
 LOWEST     58           100 PM
 AVERAGE    79

..........................................................


THE DICKINSON ND CLIMATE NORMALS FOR TODAY
                         NORMAL    RECORD    YEAR
 MAXIMUM TEMPERATURE (F)   32        62      1995
 MINIMUM TEMPERATURE (F)   11       -40      1929


SUNRISE AND SUNSET
FEBRUARY 19 2017......SUNRISE   648 AM MST   SUNSET   523 PM MST
FEBRUARY 20 2017......SUNRISE   646 AM MST   SUNSET   524 PM MST


-  INDICATES NEGATIVE NUMBERS.
R  INDICATES RECORD WAS SET OR TIED.
MM INDICATES DATA IS MISSING.
T  INDICATES TRACE AMOUNT.




$$
