000
CDUS43 KBIS 220029
CLIDIK


CLIMATE REPORT
NATIONAL WEATHER SERVICE BISMARCK ND
728 PM CDT WED JUN 21 2017


...................................

...THE DICKINSON ND CLIMATE SUMMARY FOR JUNE 21 2017...
VALID TODAY AS OF 0700 PM LOCAL TIME.

CLIMATE NORMAL PERIOD 1981 TO 2010
CLIMATE RECORD PERIOD 1893 TO 2017


WEATHER ITEM   OBSERVED TIME   RECORD YEAR NORMAL DEPARTURE LAST
                VALUE   (LST)  VALUE       VALUE  FROM      YEAR
                                                  NORMAL
..................................................................
TEMPERATURE (F)
 TODAY
  MAXIMUM         84        MM 101    1988  77      7       86
  MINIMUM         53    300 AM  31    1902  51      2       49
  AVERAGE         69                        64      5       68

PRECIPITATION (IN)
  TODAY            0.00          3.09 1957   0.11  -0.11     0.21
  MONTH TO DATE    0.58                      2.25  -1.67     2.00
  SINCE JUN 1      0.58                      2.25  -1.67     2.00
  SINCE JAN 1      2.91                      7.36  -4.45     6.42

DEGREE DAYS
 HEATING
  TODAY            0                         3     -3        0
  MONTH TO DATE   43                       113    -70       40
  SINCE JUN 1     43                       113    -70       40
  SINCE JUL 1   8246                      8553   -307     7377

 COOLING
  TODAY            4                         2      2        3
  MONTH TO DATE   40                        29     11       45
  SINCE JUN 1     40                        29     11       45
  SINCE JAN 1     50                        39     11       48
..................................................................


WIND (MPH)
  RESULTANT WIND SPEED   7   RESULTANT WIND DIRECTION   W (290)
  HIGHEST WIND SPEED    22   HIGHEST WIND DIRECTION     W (290)
  HIGHEST GUST SPEED    36   HIGHEST GUST DIRECTION    NW (320)
  AVERAGE WIND SPEED    14.1


SKY COVER
  POSSIBLE SUNSHINE   0 PERCENT
  AVERAGE SKY COVER 0.0


WEATHER CONDITIONS
 THE FOLLOWING WEATHER WAS RECORDED TODAY.
  NO SIGNIFICANT WEATHER WAS OBSERVED.


RELATIVE HUMIDITY (PERCENT)
 HIGHEST     0          1200 AM
 LOWEST      0          1200 AM
 AVERAGE     0

..........................................................


THE DICKINSON ND CLIMATE NORMALS FOR TOMORROW
                         NORMAL    RECORD    YEAR
 MAXIMUM TEMPERATURE (F)   78       101      1900
 MINIMUM TEMPERATURE (F)   51        34      1942


SUNRISE AND SUNSET
JUNE 21 2017..........SUNRISE   457 AM MDT   SUNSET   849 PM MDT
JUNE 22 2017..........SUNRISE   457 AM MDT   SUNSET   849 PM MDT


-  INDICATES NEGATIVE NUMBERS.
R  INDICATES RECORD WAS SET OR TIED.
MM INDICATES DATA IS MISSING.
T  INDICATES TRACE AMOUNT.




$$
