000
CDUS43 KBIS 170732
CLIDIK


CLIMATE REPORT
NATIONAL WEATHER SERVICE BISMARCK ND
130 AM CST SUN DEC 17 2017


...................................

...THE DICKINSON ND CLIMATE SUMMARY FOR DECEMBER 16 2017...

CLIMATE NORMAL PERIOD 1981 TO 2010
CLIMATE RECORD PERIOD 1893 TO 2017


WEATHER ITEM   OBSERVED TIME   RECORD YEAR NORMAL DEPARTURE LAST
                VALUE   (LST)  VALUE       VALUE  FROM      YEAR
                                                  NORMAL
..................................................................
TEMPERATURE (F)
 YESTERDAY
  MAXIMUM         37   1228 AM  58    1962  28      9        5
  MINIMUM         22   1155 PM -29    1914   7     15       -8
  AVERAGE         30                        17     13       -1

PRECIPITATION (IN)
  YESTERDAY        0.00          0.34 1929   0.01  -0.01      T
  MONTH TO DATE    0.01                      0.12  -0.11     0.06
  SINCE DEC 1      0.01                      0.12  -0.11     0.06
  SINCE JAN 1     10.23                     15.65  -5.42    16.43

DEGREE DAYS
 HEATING
  YESTERDAY       35                        48    -13       66
  MONTH TO DATE  548                       729   -181      962
  SINCE DEC 1    548                       729   -181      962
  SINCE JUL 1   2501                      2806   -305     2629

 COOLING
  YESTERDAY        0                         0      0        0
  MONTH TO DATE    0                         0      0        0
  SINCE DEC 1      0                         0      0        0
  SINCE JAN 1    487                       419     68      315
..................................................................


WIND (MPH)
  HIGHEST WIND SPEED    17   HIGHEST WIND DIRECTION     W (290)
  HIGHEST GUST SPEED    21   HIGHEST GUST DIRECTION    NW (310)
  AVERAGE WIND SPEED    10.1


SKY COVER
  POSSIBLE SUNSHINE  MM
  AVERAGE SKY COVER 0.2


WEATHER CONDITIONS
 THE FOLLOWING WEATHER WAS RECORDED YESTERDAY.
  NO SIGNIFICANT WEATHER WAS OBSERVED.


RELATIVE HUMIDITY (PERCENT)
 HIGHEST   100           400 AM
 LOWEST     64          1200 AM
 AVERAGE    82

..........................................................


THE DICKINSON ND CLIMATE NORMALS FOR TODAY
                         NORMAL    RECORD    YEAR
 MAXIMUM TEMPERATURE (F)   27        60      1998
 MINIMUM TEMPERATURE (F)    7       -31      1924


SUNRISE AND SUNSET
DECEMBER 17 2017......SUNRISE   731 AM MST   SUNSET   404 PM MST
DECEMBER 18 2017......SUNRISE   732 AM MST   SUNSET   404 PM MST


-  INDICATES NEGATIVE NUMBERS.
R  INDICATES RECORD WAS SET OR TIED.
MM INDICATES DATA IS MISSING.
T  INDICATES TRACE AMOUNT.




$$
