000
CDUS43 KBIS 200727
CLIDIK


CLIMATE REPORT
NATIONAL WEATHER SERVICE BISMARCK ND
226 AM CDT SUN AUG 20 2017


...................................

...THE DICKINSON ND CLIMATE SUMMARY FOR AUGUST 19 2017...

CLIMATE NORMAL PERIOD 1981 TO 2010
CLIMATE RECORD PERIOD 1893 TO 2017


WEATHER ITEM   OBSERVED TIME   RECORD YEAR NORMAL DEPARTURE LAST
                VALUE   (LST)  VALUE       VALUE  FROM      YEAR
                                                  NORMAL
..................................................................
TEMPERATURE (F)
 YESTERDAY
  MAXIMUM         89    231 PM 100    1940  83      6       62
  MINIMUM         57    414 AM  32    1950  53      4       44
  AVERAGE         73                        68      5       53

PRECIPITATION (IN)
  YESTERDAY        0.00          1.47 1982   0.05  -0.05     0.31
  MONTH TO DATE    1.96                      0.95   1.01     0.61
  SINCE JUN 1      4.71                      6.59  -1.88     7.17
  SINCE JAN 1      7.07                     11.70  -4.63    11.59

DEGREE DAYS
 HEATING
  YESTERDAY        0                         2     -2       12
  MONTH TO DATE   39                        21     18       19
  SINCE JUN 1    131                       192    -61       95
  SINCE JUL 1     39                        55    -16       36

 COOLING
  YESTERDAY        8                         5      3        0
  MONTH TO DATE   30                       109    -79       70
  SINCE JUN 1    395                       328     67      261
  SINCE JAN 1    405                       338     67      264
..................................................................


WIND (MPH)
  HIGHEST WIND SPEED    25   HIGHEST WIND DIRECTION     W (290)
  HIGHEST GUST SPEED    34   HIGHEST GUST DIRECTION     W (280)
  AVERAGE WIND SPEED    12.7


SKY COVER
  POSSIBLE SUNSHINE  MM
  AVERAGE SKY COVER 0.0


WEATHER CONDITIONS
 THE FOLLOWING WEATHER WAS RECORDED YESTERDAY.
  NO SIGNIFICANT WEATHER WAS OBSERVED.


RELATIVE HUMIDITY (PERCENT)
 HIGHEST    80           400 AM
 LOWEST     21           200 PM
 AVERAGE    51

..........................................................


THE DICKINSON ND CLIMATE NORMALS FOR TODAY
                         NORMAL    RECORD    YEAR
 MAXIMUM TEMPERATURE (F)   83        98      1903
 MINIMUM TEMPERATURE (F)   53        33      1895


SUNRISE AND SUNSET
AUGUST 20 2017........SUNRISE   556 AM MDT   SUNSET   752 PM MDT
AUGUST 21 2017........SUNRISE   557 AM MDT   SUNSET   751 PM MDT


-  INDICATES NEGATIVE NUMBERS.
R  INDICATES RECORD WAS SET OR TIED.
MM INDICATES DATA IS MISSING.
T  INDICATES TRACE AMOUNT.




$$
