000
CDUS43 KBIS 240743
CLIDIK


CLIMATE REPORT
NATIONAL WEATHER SERVICE BISMARCK ND
143 AM CST MON NOV 24 2014


...................................

...THE DICKINSON ND CLIMATE SUMMARY FOR NOVEMBER 23 2014...

CLIMATE NORMAL PERIOD 1981 TO 2010
CLIMATE RECORD PERIOD 1903 TO 2014


WEATHER ITEM   OBSERVED TIME   RECORD YEAR NORMAL DEPARTURE LAST
                VALUE   (LST)  VALUE       VALUE  FROM      YEAR
                                                  NORMAL
..................................................................
TEMPERATURE (F)
 YESTERDAY
  MAXIMUM         37    410 AM  63    1984  36      1       30
  MINIMUM         13   1159 PM -15    1996  15     -2       -3
  AVERAGE         25                        26     -1       14

PRECIPITATION (IN)
  YESTERDAY        T             0.33 1996   0.01  -0.01     0.00
  MONTH TO DATE    0.27                      0.47  -0.20     0.06
  SINCE SEP 1      2.00                      3.17  -1.17     7.83
  SINCE JAN 1     21.77                     15.46   6.31    22.84

DEGREE DAYS
 HEATING
  YESTERDAY       40                        39      1       51
  MONTH TO DATE  965                       776    189      801
  SINCE SEP 1   1784                      1701     83     1642
  SINCE JUL 1   1885                      1787     98     1682

 COOLING
  YESTERDAY        0                         0      0        0
  MONTH TO DATE    0                         0      0        0
  SINCE SEP 1     24                        33     -9       74
  SINCE JAN 1    256                       419   -163      386
..................................................................


WIND (MPH)
  HIGHEST WIND SPEED    39   HIGHEST WIND DIRECTION    NW (310)
  HIGHEST GUST SPEED    47   HIGHEST GUST DIRECTION    NW (310)
  AVERAGE WIND SPEED    24.0


SKY COVER
  POSSIBLE SUNSHINE  MM
  AVERAGE SKY COVER 0.8


WEATHER CONDITIONS
 THE FOLLOWING WEATHER WAS RECORDED YESTERDAY.
  LIGHT SNOW
  HAZE


RELATIVE HUMIDITY (PERCENT)
 HIGHEST    82           200 AM
 LOWEST     68          1200 PM
 AVERAGE    75

..........................................................


THE DICKINSON ND CLIMATE NORMALS FOR TODAY
                         NORMAL    RECORD    YEAR
 MAXIMUM TEMPERATURE (F)   35        66      1984
 MINIMUM TEMPERATURE (F)   15       -17      1977


SUNRISE AND SUNSET
NOVEMBER 24 2014......SUNRISE   707 AM MST   SUNSET   409 PM MST
NOVEMBER 25 2014......SUNRISE   708 AM MST   SUNSET   408 PM MST


-  INDICATES NEGATIVE NUMBERS.
R  INDICATES RECORD WAS SET OR TIED.
MM INDICATES DATA IS MISSING.
T  INDICATES TRACE AMOUNT.




$$
