000
CDUS43 KBIS 012235
CLIDIK


CLIMATE REPORT
NATIONAL WEATHER SERVICE BISMARCK ND
534 PM CDT SUN MAY 1 2016


...................................

...THE DICKINSON ND CLIMATE SUMMARY FOR MAY 1 2016...
VALID TODAY AS OF 0500 PM LOCAL TIME.

CLIMATE NORMAL PERIOD 1981 TO 2010
CLIMATE RECORD PERIOD 1893 TO 2016


WEATHER ITEM   OBSERVED TIME   RECORD YEAR NORMAL DEPARTURE LAST
                VALUE   (LST)  VALUE       VALUE  FROM      YEAR
                                                  NORMAL
..................................................................
TEMPERATURE (F)
 TODAY
  MAXIMUM         63    300 PM  92    1901  62      1       75
  MINIMUM         28        MM  15    1911  35     -7       36
  AVERAGE         46                        48     -2       56

PRECIPITATION (IN)
  TODAY            0.00          1.24 1972   0.07  -0.07     0.00
  MONTH TO DATE    0.00                      0.07  -0.07     0.00
  SINCE MAR 1      2.63                      2.23   0.40     1.50
  SINCE JAN 1      3.05                      2.86   0.19     1.77

DEGREE DAYS
 HEATING
  TODAY           19                        17      2        9
  MONTH TO DATE   19                        17      2        9
  SINCE MAR 1   1565                      1785   -220     1476
  SINCE JUL 1   6974                      8079  -1105     7591

 COOLING
  TODAY            0                         0      0        0
  MONTH TO DATE    0                         0      0        0
  SINCE MAR 1      0                         1     -1        0
  SINCE JAN 1      0                         1     -1        0
..................................................................


WIND (MPH)
  RESULTANT WIND SPEED   3   RESULTANT WIND DIRECTION  NW (330)
  HIGHEST WIND SPEED    13   HIGHEST WIND DIRECTION     N (350)
  HIGHEST GUST SPEED    17   HIGHEST GUST DIRECTION     N (340)
  AVERAGE WIND SPEED     5.9


SKY COVER
  POSSIBLE SUNSHINE  MM
  AVERAGE SKY COVER 0.0


WEATHER CONDITIONS
 THE FOLLOWING WEATHER WAS RECORDED TODAY.
  NO SIGNIFICANT WEATHER WAS OBSERVED.


RELATIVE HUMIDITY (PERCENT)
 HIGHEST    82           600 AM
 LOWEST     25           200 PM
 AVERAGE    54

..........................................................


THE DICKINSON ND CLIMATE NORMALS FOR TOMORROW
                         NORMAL    RECORD    YEAR
 MAXIMUM TEMPERATURE (F)   62        87      1955
 MINIMUM TEMPERATURE (F)   35         6      1967


SUNRISE AND SUNSET
MAY  1 2016...........SUNRISE   535 AM MDT   SUNSET   802 PM MDT
MAY  2 2016...........SUNRISE   534 AM MDT   SUNSET   803 PM MDT


-  INDICATES NEGATIVE NUMBERS.
R  INDICATES RECORD WAS SET OR TIED.
MM INDICATES DATA IS MISSING.
T  INDICATES TRACE AMOUNT.




$$
