000
CDUS43 KDLH 280628
CLIDLH


CLIMATE REPORT
NATIONAL WEATHER SERVICE DULUTH MN
1227 AM CST FRI NOV 28 2014


...................................

...THE DULUTH MN CLIMATE SUMMARY FOR NOVEMBER 27 2014...

CLIMATE NORMAL PERIOD 1981 TO 2010
CLIMATE RECORD PERIOD 1870 TO 2014


WEATHER ITEM   OBSERVED TIME   RECORD YEAR NORMAL DEPARTURE LAST
                VALUE   (LST)  VALUE       VALUE  FROM      YEAR
                                                  NORMAL
..................................................................
TEMPERATURE (F)
 YESTERDAY
  MAXIMUM         10    227 PM  60    1998  29    -19       20
  MINIMUM         -9    812 AM -12    1985  16    -25        6
  AVERAGE          1                        22    -21       13

PRECIPITATION (IN)
  YESTERDAY        0.00          1.34 1994   0.06  -0.06     0.10
  MONTH TO DATE    0.90                      1.92  -1.02     0.81
  SINCE SEP 1      4.34                      8.88  -4.54     6.00
  SINCE JAN 1     29.29                     29.58  -0.29    27.59

SNOWFALL (IN)
  YESTERDAY        0.0          12.4  1994   0.6   -0.6      2.7
  MONTH TO DATE   15.1                      12.0    3.1      4.4
  SINCE SEP 1     15.2                      14.4    0.8      4.7
  SINCE JUL 1     15.2                      14.4    0.8      4.7
  SNOW DEPTH       4

DEGREE DAYS
 HEATING
  YESTERDAY       64                        43     21       52
  MONTH TO DATE 1143                       959    184      966
  SINCE SEP 1   1992                      1935     57     1744
  SINCE JUL 1   2069                      2084    -15     1818

 COOLING
  YESTERDAY        0                         0      0        0
  MONTH TO DATE    0                         0      0        0
  SINCE SEP 1      9                        14     -5       24
  SINCE JAN 1    179                       204    -25      375
..................................................................


WIND (MPH)
  HIGHEST WIND SPEED    15   HIGHEST WIND DIRECTION     N (340)
  HIGHEST GUST SPEED    20   HIGHEST GUST DIRECTION     N (360)
  AVERAGE WIND SPEED     6.4


SKY COVER
  AVERAGE SKY COVER 0.1


WEATHER CONDITIONS
 THE FOLLOWING WEATHER WAS RECORDED YESTERDAY.
  NO SIGNIFICANT WEATHER WAS OBSERVED.


RELATIVE HUMIDITY (PERCENT)
 HIGHEST    83           400 AM
 LOWEST     50           200 PM
 AVERAGE    67

..........................................................


THE DULUTH MN CLIMATE NORMALS FOR TODAY
                         NORMAL    RECORD    YEAR
 MAXIMUM TEMPERATURE (F)   29        49      1899
 MINIMUM TEMPERATURE (F)   15       -16      1875


SUNRISE AND SUNSET
NOVEMBER 28 2014......SUNRISE   729 AM CST   SUNSET   424 PM CST
NOVEMBER 29 2014......SUNRISE   730 AM CST   SUNSET   423 PM CST


-  INDICATES NEGATIVE NUMBERS.
R  INDICATES RECORD WAS SET OR TIED.
MM INDICATES DATA IS MISSING.
T  INDICATES TRACE AMOUNT.




$$
