000
CDUS43 KDLH 050622
CLIDLH


CLIMATE REPORT
NATIONAL WEATHER SERVICE DULUTH MN
122 AM CDT SAT SEP 5 2015


...................................

...THE DULUTH MN CLIMATE SUMMARY FOR SEPTEMBER 4 2015...

CLIMATE NORMAL PERIOD 1981 TO 2010
CLIMATE RECORD PERIOD 1870 TO 2015


WEATHER ITEM   OBSERVED TIME   RECORD YEAR NORMAL DEPARTURE LAST
                VALUE   (LST)  VALUE       VALUE  FROM      YEAR
                                                  NORMAL
..................................................................
TEMPERATURE (F)
 YESTERDAY
  MAXIMUM         77    153 PM  89    1897  70      7       76
  MINIMUM         56    319 AM  36    1918  51      5       59
  AVERAGE         67                        60      7       68

PRECIPITATION (IN)
  YESTERDAY        0.00          1.60 1911   0.14  -0.14     0.15
  MONTH TO DATE    2.02                      0.54   1.48     0.40
  SINCE SEP 1      2.02                      0.54   1.48     0.40
  SINCE JAN 1     19.15                     21.24  -2.09    25.35

SNOWFALL (IN)
  YESTERDAY        0.0           0.0  2002   0.0    0.0      0.0
                                      2001
  MONTH TO DATE    0.0                       0.0    0.0      0.0
  SINCE SEP 1      0.0                       0.0    0.0      0.0
  SINCE JUL 1      0.0                       0.0    0.0      0.0
  SNOW DEPTH       0

DEGREE DAYS
 HEATING
  YESTERDAY        0                         6     -6        0
  MONTH TO DATE    0                        22    -22        2
  SINCE SEP 1      0                        22    -22        2
  SINCE JUL 1     96                       171    -75       79

 COOLING
  YESTERDAY        2                         1      1        3
  MONTH TO DATE   16                         4     12        4
  SINCE SEP 1     16                         4     12        4
  SINCE JAN 1    294                       194    100      174
..................................................................


WIND (MPH)
  HIGHEST WIND SPEED    18   HIGHEST WIND DIRECTION     E (110)
  HIGHEST GUST SPEED    24   HIGHEST GUST DIRECTION     E (90)
  AVERAGE WIND SPEED    10.8


SKY COVER
  AVERAGE SKY COVER 0.3


WEATHER CONDITIONS
 THE FOLLOWING WEATHER WAS RECORDED YESTERDAY.
  FOG


RELATIVE HUMIDITY (PERCENT)
 HIGHEST    97           600 AM
 LOWEST     69           100 PM
 AVERAGE    83

..........................................................


THE DULUTH MN CLIMATE NORMALS FOR TODAY
                         NORMAL    RECORD    YEAR
 MAXIMUM TEMPERATURE (F)   69        90      1947
 MINIMUM TEMPERATURE (F)   50        34      1984
                                             1972
                                             1962


SUNRISE AND SUNSET
SEPTEMBER  5 2015.....SUNRISE   633 AM CDT   SUNSET   740 PM CDT
SEPTEMBER  6 2015.....SUNRISE   634 AM CDT   SUNSET   738 PM CDT


-  INDICATES NEGATIVE NUMBERS.
R  INDICATES RECORD WAS SET OR TIED.
MM INDICATES DATA IS MISSING.
T  INDICATES TRACE AMOUNT.




$$
