000
CDUS45 KTFX 130116
CLIDLN


CLIMATE REPORT
NATIONAL WEATHER SERVICE GREAT FALLS MT
714 PM MDT SAT JUL 12 2014


...................................

...THE DILLON AIRPORT MT CLIMATE SUMMARY FOR JULY 12 2014...
VALID TODAY AS OF 0500 PM LOCAL TIME.

CLIMATE NORMAL PERIOD 1981 TO 2010
CLIMATE RECORD PERIOD 1929 TO 2014


WEATHER ITEM   OBSERVED TIME   RECORD YEAR NORMAL DEPARTURE LAST
                VALUE   (LST)  VALUE       VALUE  FROM      YEAR
                                                  NORMAL
..................................................................
TEMPERATURE (F)
 TODAY
  MAXIMUM         81    508 PM 102    2002  82     -1       84
  MINIMUM         57    349 AM  36    1974  49      8       50
  AVERAGE         69                        66      3       67

PRECIPITATION (IN)
  TODAY            0.00          0.37 2011   0.04  -0.04      T
  MONTH TO DATE    0.42                      0.47  -0.05     0.26
  SINCE OCT 1      6.37                      7.91  -1.54     5.86
  SINCE JAN 1      5.88                      6.51  -0.63     4.84

SNOWFALL (IN)
  TODAY           MM
  SNOW DEPTH       0

DEGREE DAYS
 HEATING
  TODAY            0                         2     -2        0
  MONTH TO DATE    6                        31    -25        0
  SINCE JUN 1    256                       254      2      188
  SINCE JUL 1      6                        31    -25        0

 COOLING
  TODAY            4                         3      1        2
  MONTH TO DATE   55                        24     31       63
  SINCE JUN 1     55                        40     15       85
  SINCE JAN 1     55                        41     14       88
..................................................................


WIND (MPH)
  HIGHEST WIND SPEED    18   HIGHEST WIND DIRECTION     N (340)
  HIGHEST GUST SPEED    23   HIGHEST GUST DIRECTION    NW (330)
  AVERAGE WIND SPEED     0.0


SKY COVER
  AVERAGE SKY COVER 0.2


WEATHER CONDITIONS
 THE FOLLOWING WEATHER WAS RECORDED TODAY.
  NO SIGNIFICANT WEATHER WAS OBSERVED.


RELATIVE HUMIDITY (PERCENT)
 HIGHEST    93
 LOWEST     84
 AVERAGE    89

..........................................................


THE DILLON AIRPORT MT CLIMATE NORMALS FOR TOMORROW
                         NORMAL    RECORD    YEAR
 MAXIMUM TEMPERATURE (F)   82        99      2002
 MINIMUM TEMPERATURE (F)   49        37      1943


SUNRISE AND SUNSET
JULY 12 2014..........SUNRISE   554 AM MDT   SUNSET   917 PM MDT
JULY 13 2014..........SUNRISE   555 AM MDT   SUNSET   916 PM MDT


-  INDICATES NEGATIVE NUMBERS.
R  INDICATES RECORD WAS SET OR TIED.
MM INDICATES DATA IS MISSING.
T  INDICATES TRACE AMOUNT.




$$
