000
CDUS45 KTFX 231005
CLIDLN


CLIMATE REPORT
NATIONAL WEATHER SERVICE GREAT FALLS MT
404 AM MDT WED APR 23 2014


...................................

...THE DILLON AIRPORT MT CLIMATE SUMMARY FOR APRIL 22 2014...

CLIMATE NORMAL PERIOD 1981 TO 2010
CLIMATE RECORD PERIOD 1929 TO 2014


WEATHER ITEM   OBSERVED TIME   RECORD YEAR NORMAL DEPARTURE LAST
                VALUE   (LST)  VALUE       VALUE  FROM      YEAR
                                                  NORMAL
..................................................................
TEMPERATURE (F)
 YESTERDAY
  MAXIMUM         67   1239 PM  78    1987  57     10       38
  MINIMUM         35   1030 PM  15    1968  30      5       19
  AVERAGE         51                        43      8       29

PRECIPITATION (IN)
  YESTERDAY       MM             0.63 1960   0.03  MM        0.02
  MONTH TO DATE    0.04                      0.73  -0.69     0.14
  SINCE OCT 1      1.10                      3.21  -2.11     1.56
  SINCE JAN 1      0.61                      1.81  -1.20     0.54

SNOWFALL (IN)
  YESTERDAY       MM
  SNOW DEPTH       0

DEGREE DAYS
 HEATING
  YESTERDAY       14                               -8       36
  MONTH TO DATE  481                              -60      596
  SINCE MAR 1   1405                              -86     1512
  SINCE JUL 1   7185                             -223     6927

 COOLING
  YESTERDAY        0                                0        0
  MONTH TO DATE    0                                0        0
  SINCE MAR 1      0                                0        0
  SINCE JAN 1      0                                0        0
..................................................................


WIND (MPH)
  HIGHEST WIND SPEED    39   HIGHEST WIND DIRECTION    SW (240)
  HIGHEST GUST SPEED    47   HIGHEST GUST DIRECTION    SW (240)
  AVERAGE WIND SPEED    11.9



WEATHER CONDITIONS
 THE FOLLOWING WEATHER WAS RECORDED YESTERDAY.
  RAIN
  LIGHT RAIN
  LIGHT SNOW
  FOG
  HAZE


RELATIVE HUMIDITY (PERCENT)
 HIGHEST    92
 LOWEST     22
 AVERAGE    57

..........................................................


THE DILLON AIRPORT MT CLIMATE NORMALS FOR TODAY
                         NORMAL    RECORD    YEAR
 MAXIMUM TEMPERATURE (F)   57        78      1949
 MINIMUM TEMPERATURE (F)   30        13      2013


SUNRISE AND SUNSET
APRIL 23 2014.........SUNRISE   631 AM MDT   SUNSET   826 PM MDT
APRIL 24 2014.........SUNRISE   630 AM MDT   SUNSET   828 PM MDT


-  INDICATES NEGATIVE NUMBERS.
R  INDICATES RECORD WAS SET OR TIED.
MM INDICATES DATA IS MISSING.
T  INDICATES TRACE AMOUNT.




$$
