335
CDUS45 KTFX 281017
CLIDLN


CLIMATE REPORT
NATIONAL WEATHER SERVICE GREAT FALLS MT
414 AM MDT SAT MAY 28 2016


...................................

...THE DILLON AIRPORT MT CLIMATE SUMMARY FOR MAY 27 2016...

CLIMATE NORMAL PERIOD 1981 TO 2010
CLIMATE RECORD PERIOD 1929 TO 2016


WEATHER ITEM   OBSERVED TIME   RECORD YEAR NORMAL DEPARTURE LAST
                VALUE   (LST)  VALUE       VALUE  FROM      YEAR
                                                  NORMAL
..................................................................
TEMPERATURE (F)
 YESTERDAY
  MAXIMUM         59   1109 AM  88    1966  66     -7       60
  MINIMUM         42   1117 PM  30    2011  40      2       46
  AVERAGE         51                        53     -2       53

PRECIPITATION (IN)
  YESTERDAY        0.11          0.62 2006   0.08   0.03     0.02
  MONTH TO DATE    1.65                      1.62   0.03     2.75
  SINCE OCT 1      5.45                      5.14   0.31     5.44
  SINCE JAN 1      3.37                      3.74  -0.37     4.28

SNOWFALL (IN)
  YESTERDAY       MM
  SNOW DEPTH       0

DEGREE DAYS
 HEATING
  YESTERDAY       14                                2       12
  MONTH TO DATE  419                                9      385
  SINCE MAR 1   1824                             -238     1774
  SINCE JUL 1   7324                             -655     6886

 COOLING
  YESTERDAY        0                                0        0
  MONTH TO DATE    0                                0        0
  SINCE MAR 1      0                                0        0
  SINCE JAN 1      0                                0        0
..................................................................


WIND (MPH)
  HIGHEST WIND SPEED    22   HIGHEST WIND DIRECTION     N (360)
  HIGHEST GUST SPEED    24   HIGHEST GUST DIRECTION    NW (300)
  AVERAGE WIND SPEED     5.4


SKY COVER
  AVERAGE SKY COVER 0.8


WEATHER CONDITIONS
 THE FOLLOWING WEATHER WAS RECORDED YESTERDAY.
  THUNDERSTORM
  RAIN
  LIGHT RAIN
  FOG


RELATIVE HUMIDITY (PERCENT)
 HIGHEST    89
 LOWEST     54
 AVERAGE    72

..........................................................


THE DILLON AIRPORT MT CLIMATE NORMALS FOR TODAY
                         NORMAL    RECORD    YEAR
 MAXIMUM TEMPERATURE (F)   67        89      2003
 MINIMUM TEMPERATURE (F)   40        25      1947


SUNRISE AND SUNSET
MAY 28 2016...........SUNRISE   548 AM MDT   SUNSET   908 PM MDT
MAY 29 2016...........SUNRISE   547 AM MDT   SUNSET   909 PM MDT


-  INDICATES NEGATIVE NUMBERS.
R  INDICATES RECORD WAS SET OR TIED.
MM INDICATES DATA IS MISSING.
T  INDICATES TRACE AMOUNT.




$$
