182
CDUS45 KTFX 102324
CLIDLN


CLIMATE REPORT
NATIONAL WEATHER SERVICE GREAT FALLS MT
422 PM MST WED FEB 10 2016


...................................

...THE DILLON AIRPORT MT CLIMATE SUMMARY FOR FEBRUARY 10 2016...
VALID TODAY AS OF 0400 PM LOCAL TIME.

CLIMATE NORMAL PERIOD 1981 TO 2010
CLIMATE RECORD PERIOD 1929 TO 2016


WEATHER ITEM   OBSERVED TIME   RECORD YEAR NORMAL DEPARTURE LAST
                VALUE   (LST)  VALUE       VALUE  FROM      YEAR
                                                  NORMAL
..................................................................
TEMPERATURE (F)
 TODAY
  MAXIMUM         47    310 PM  63    1951  36     11       48
  MINIMUM         29    219 AM -28    1981  14     15       33
  AVERAGE         38                        25     13       41

PRECIPITATION (IN)
  TODAY            0.00          0.09 1986   0.01  -0.01     0.00
  MONTH TO DATE    0.00                      0.07  -0.07     0.13
  SINCE OCT 1      2.13                      1.75   0.38     1.29
  SINCE JAN 1      0.05                      0.35  -0.30     0.13

DEGREE DAYS
 HEATING
  TODAY           27                        40    -13       24
  MONTH TO DATE  387                       407    -20      251
  SINCE DEC 1   3053                      3087    -34     2515
  SINCE JUL 1   4976                      5238   -262     4489

 COOLING
  TODAY            0                         0      0        0
  MONTH TO DATE    0                         0      0        0
  SINCE DEC 1      0                         0      0        0
  SINCE JAN 1      0                         0      0        0
..................................................................


WIND (MPH)
  HIGHEST WIND SPEED    25   HIGHEST WIND DIRECTION    SW (210)
  HIGHEST GUST SPEED    29   HIGHEST GUST DIRECTION    SW (230)
  AVERAGE WIND SPEED    15.1


SKY COVER
  AVERAGE SKY COVER 0.0


WEATHER CONDITIONS
 THE FOLLOWING WEATHER WAS RECORDED TODAY.
  NO SIGNIFICANT WEATHER WAS OBSERVED.


RELATIVE HUMIDITY (PERCENT)
 HIGHEST    69
 LOWEST     49
 AVERAGE    59

..........................................................


THE DILLON AIRPORT MT CLIMATE NORMALS FOR TOMORROW
                         NORMAL    RECORD    YEAR
 MAXIMUM TEMPERATURE (F)   36        58      1991
 MINIMUM TEMPERATURE (F)   14       -23      1948


SUNRISE AND SUNSET
FEBRUARY 10 2016......SUNRISE   739 AM MST   SUNSET   550 PM MST
FEBRUARY 11 2016......SUNRISE   738 AM MST   SUNSET   551 PM MST


-  INDICATES NEGATIVE NUMBERS.
R  INDICATES RECORD WAS SET OR TIED.
MM INDICATES DATA IS MISSING.
T  INDICATES TRACE AMOUNT.




$$
