000
CDUS45 KTFX 301029
CLIDLN


CLIMATE REPORT
NATIONAL WEATHER SERVICE GREAT FALLS MT
429 AM MDT SAT AUG 30 2014


...................................

...THE DILLON AIRPORT MT CLIMATE SUMMARY FOR AUGUST 29 2014...

CLIMATE NORMAL PERIOD 1981 TO 2010
CLIMATE RECORD PERIOD 1929 TO 2014


WEATHER ITEM   OBSERVED TIME   RECORD YEAR NORMAL DEPARTURE LAST
                VALUE   (LST)  VALUE       VALUE  FROM      YEAR
                                                  NORMAL
..................................................................
TEMPERATURE (F)
 YESTERDAY
  MAXIMUM         83    554 PM  91    2005  78      5       87
                                      1988
  MINIMUM         50    357 AM  34    1980  45      5       53
  AVERAGE         67                        61      6       70

PRECIPITATION (IN)
  YESTERDAY        0.01          0.54 1971   0.04  -0.03     0.00
  MONTH TO DATE    2.51                      0.98   1.53     1.58
  SINCE OCT 1      9.09                      9.63  -0.54     8.02
  SINCE JAN 1      8.60                      8.23   0.37     7.00

SNOWFALL (IN)
  YESTERDAY       MM
  SNOW DEPTH       0

DEGREE DAYS
 HEATING
  YESTERDAY        0                               -5        0
  MONTH TO DATE   64                               -7        6
  SINCE JUN 1    330                              -19      194
  SINCE JUL 1     80                              -46        6

 COOLING
  YESTERDAY        2                                1        5
  MONTH TO DATE   52                                1       65
  SINCE JUN 1    164                               20      218
  SINCE JAN 1    164                               19      221
..................................................................


WIND (MPH)
  HIGHEST WIND SPEED    33   HIGHEST WIND DIRECTION     S (180)
  HIGHEST GUST SPEED    44   HIGHEST GUST DIRECTION     S (170)
  AVERAGE WIND SPEED     6.6



WEATHER CONDITIONS
 THE FOLLOWING WEATHER WAS RECORDED YESTERDAY.
  THUNDERSTORM
  LIGHT RAIN
  HAZE


RELATIVE HUMIDITY (PERCENT)
 HIGHEST    72
 LOWEST     18
 AVERAGE    45

..........................................................


THE DILLON AIRPORT MT CLIMATE NORMALS FOR TODAY
                         NORMAL    RECORD    YEAR
 MAXIMUM TEMPERATURE (F)   77        93      1954
 MINIMUM TEMPERATURE (F)   45        31      1965


SUNRISE AND SUNSET
AUGUST 30 2014........SUNRISE   650 AM MDT   SUNSET   811 PM MDT
AUGUST 31 2014........SUNRISE   651 AM MDT   SUNSET   809 PM MDT


-  INDICATES NEGATIVE NUMBERS.
R  INDICATES RECORD WAS SET OR TIED.
MM INDICATES DATA IS MISSING.
T  INDICATES TRACE AMOUNT.




$$
