000
CDUS45 KTFX 281012
CLIDLN


CLIMATE REPORT
NATIONAL WEATHER SERVICE GREAT FALLS MT
410 AM MDT THU MAY 28 2015


...................................

...THE DILLON AIRPORT MT CLIMATE SUMMARY FOR MAY 27 2015...

CLIMATE NORMAL PERIOD 1981 TO 2010
CLIMATE RECORD PERIOD 1929 TO 2015


WEATHER ITEM   OBSERVED TIME   RECORD YEAR NORMAL DEPARTURE LAST
                VALUE   (LST)  VALUE       VALUE  FROM      YEAR
                                                  NORMAL
..................................................................
TEMPERATURE (F)
 YESTERDAY
  MAXIMUM         60    301 PM  88    1966  66     -6       76
  MINIMUM         46   1038 PM  30    2011  40      6       43
  AVERAGE         53                        53      0       60

PRECIPITATION (IN)
  YESTERDAY        0.02          0.62 2006   0.08  -0.06     0.00
  MONTH TO DATE    2.75                      1.62   1.13     1.13
  SINCE OCT 1      5.44                      5.14   0.30     3.35
  SINCE JAN 1      4.28                      3.74   0.54     2.86

SNOWFALL (IN)
  YESTERDAY       MM
  SNOW DEPTH       0

DEGREE DAYS
 HEATING
  YESTERDAY       12                                0        5
  MONTH TO DATE  385                              -25      360
  SINCE MAR 1   1774                             -288     1956
  SINCE JUL 1   6886                            -1093     7736

 COOLING
  YESTERDAY        0                                0        0
  MONTH TO DATE    0                                0        0
  SINCE MAR 1      0                                0        0
  SINCE JAN 1      0                                0        0
..................................................................


WIND (MPH)
  HIGHEST WIND SPEED    26   HIGHEST WIND DIRECTION     W (270)
  HIGHEST GUST SPEED    32   HIGHEST GUST DIRECTION     W (280)
  AVERAGE WIND SPEED     4.2


SKY COVER
  AVERAGE SKY COVER 0.5


WEATHER CONDITIONS
 THE FOLLOWING WEATHER WAS RECORDED YESTERDAY.
  LIGHT RAIN


RELATIVE HUMIDITY (PERCENT)
 HIGHEST    93
 LOWEST     47
 AVERAGE    70

..........................................................


THE DILLON AIRPORT MT CLIMATE NORMALS FOR TODAY
                         NORMAL    RECORD    YEAR
 MAXIMUM TEMPERATURE (F)   67        89      2003
 MINIMUM TEMPERATURE (F)   40        25      1947


SUNRISE AND SUNSET
MAY 28 2015...........SUNRISE   548 AM MDT   SUNSET   907 PM MDT
MAY 29 2015...........SUNRISE   548 AM MDT   SUNSET   908 PM MDT


-  INDICATES NEGATIVE NUMBERS.
R  INDICATES RECORD WAS SET OR TIED.
MM INDICATES DATA IS MISSING.
T  INDICATES TRACE AMOUNT.




$$
