258
CDUS45 KTFX 082330
CLIDLN


CLIMATE REPORT
NATIONAL WEATHER SERVICE GREAT FALLS MT
430 PM MST THU DEC 8 2016


...................................

...THE DILLON AIRPORT MT CLIMATE SUMMARY FOR DECEMBER 8 2016...
VALID TODAY AS OF 0400 PM LOCAL TIME.

CLIMATE NORMAL PERIOD 1981 TO 2010
CLIMATE RECORD PERIOD 1929 TO 2016


WEATHER ITEM   OBSERVED TIME   RECORD YEAR NORMAL DEPARTURE LAST
                VALUE   (LST)  VALUE       VALUE  FROM      YEAR
                                                  NORMAL
..................................................................
TEMPERATURE (F)
 TODAY
  MAXIMUM         12    328 PM  54    1939  31    -19       51
  MINIMUM         -8    727 AM -27    1972  11    -19       36
  AVERAGE          2                        21    -19       44

PRECIPITATION (IN)
  TODAY            0.00          0.21 2003   0.01  -0.01     0.00
  MONTH TO DATE    0.01                      0.09  -0.08      T
  SINCE OCT 1      2.50                      1.22   1.28     1.67
  SINCE JAN 1      9.51                     10.39  -0.88     9.63

DEGREE DAYS
 HEATING
  TODAY           63                        44     19       21
  MONTH TO DATE  375                       345     30      288
  SINCE DEC 1    375                       345     30      288
  SINCE JUL 1   2158                      2496   -338     2211

 COOLING
  TODAY            0                         0      0        0
  MONTH TO DATE    0                         0      0        0
  SINCE DEC 1      0                         0      0        0
  SINCE JAN 1    168                       156     12      258
..................................................................


WIND (MPH)
  HIGHEST WIND SPEED    13   HIGHEST WIND DIRECTION    SW (210)
  HIGHEST GUST SPEED    16   HIGHEST GUST DIRECTION    SW (220)
  AVERAGE WIND SPEED     6.6


SKY COVER
  AVERAGE SKY COVER 0.1


WEATHER CONDITIONS
 THE FOLLOWING WEATHER WAS RECORDED TODAY.
  NO SIGNIFICANT WEATHER WAS OBSERVED.


RELATIVE HUMIDITY (PERCENT)
 HIGHEST    79
 LOWEST     53
 AVERAGE    66

..........................................................


THE DILLON AIRPORT MT CLIMATE NORMALS FOR TOMORROW
                         NORMAL    RECORD    YEAR
 MAXIMUM TEMPERATURE (F)   30        58      1957
 MINIMUM TEMPERATURE (F)   11       -36      1932


SUNRISE AND SUNSET
DECEMBER  8 2016......SUNRISE   757 AM MST   SUNSET   448 PM MST
DECEMBER  9 2016......SUNRISE   758 AM MST   SUNSET   448 PM MST


-  INDICATES NEGATIVE NUMBERS.
R  INDICATES RECORD WAS SET OR TIED.
MM INDICATES DATA IS MISSING.
T  INDICATES TRACE AMOUNT.




$$
