000
CDUS45 KTFX 190758
CLIDLN


CLIMATE REPORT
NATIONAL WEATHER SERVICE GREAT FALLS MT
156 AM MDT FRI SEP 19 2014


...................................

...THE DILLON AIRPORT MT CLIMATE SUMMARY FOR SEPTEMBER 18 2014...

CLIMATE NORMAL PERIOD 1981 TO 2010
CLIMATE RECORD PERIOD 1929 TO 2014


WEATHER ITEM   OBSERVED TIME   RECORD YEAR NORMAL DEPARTURE LAST
                VALUE   (LST)  VALUE       VALUE  FROM      YEAR
                                                  NORMAL
..................................................................
TEMPERATURE (F)
 YESTERDAY
  MAXIMUM         73    212 PM  89    1981  69      4       60
  MINIMUM         49   1105 PM  17    1965  39     10       41
  AVERAGE         61                        54      7       51

PRECIPITATION (IN)
  YESTERDAY        0.05          1.15 1976   0.03   0.02     0.30
  MONTH TO DATE    0.11                      0.54  -0.43     1.39
  SINCE OCT 1      9.47                     10.24  -0.77     9.41
  SINCE JAN 1      8.98                      8.84   0.14     8.39

SNOWFALL (IN)
  YESTERDAY       MM
  SNOW DEPTH       0

DEGREE DAYS
 HEATING
  YESTERDAY        4                               -7       14
  MONTH TO DATE  176                               29       50
  SINCE SEP 1    176                               29       50
  SINCE JUL 1    268                              -15       56

 COOLING
  YESTERDAY        0                                0        0
  MONTH TO DATE    1                               -6       19
  SINCE SEP 1      1                               -6       19
  SINCE JAN 1    165                               10      247
..................................................................


WIND (MPH)
  HIGHEST WIND SPEED    18   HIGHEST WIND DIRECTION     S (200)
  HIGHEST GUST SPEED    22   HIGHEST GUST DIRECTION     S (200)
  AVERAGE WIND SPEED     6.8



WEATHER CONDITIONS
 THE FOLLOWING WEATHER WAS RECORDED YESTERDAY.
  THUNDERSTORM
  RAIN
  LIGHT RAIN


RELATIVE HUMIDITY (PERCENT)
 HIGHEST    93
 LOWEST     38
 AVERAGE    66

..........................................................


THE DILLON AIRPORT MT CLIMATE NORMALS FOR TODAY
                         NORMAL    RECORD    YEAR
 MAXIMUM TEMPERATURE (F)   68        88      1956
 MINIMUM TEMPERATURE (F)   39        16      1983


SUNRISE AND SUNSET
SEPTEMBER 19 2014.....SUNRISE   714 AM MDT   SUNSET   733 PM MDT
SEPTEMBER 20 2014.....SUNRISE   715 AM MDT   SUNSET   731 PM MDT


-  INDICATES NEGATIVE NUMBERS.
R  INDICATES RECORD WAS SET OR TIED.
MM INDICATES DATA IS MISSING.
T  INDICATES TRACE AMOUNT.




$$
