000
CDUS45 KTFX 262232
CLIDLN


CLIMATE REPORT
NATIONAL WEATHER SERVICE GREAT FALLS MT
430 PM MDT FRI AUG 26 2016


...................................

...THE DILLON AIRPORT MT CLIMATE SUMMARY FOR AUGUST 26 2016...
VALID TODAY AS OF 0400 PM LOCAL TIME.

CLIMATE NORMAL PERIOD 1981 TO 2010
CLIMATE RECORD PERIOD 1929 TO 2016


WEATHER ITEM   OBSERVED TIME   RECORD YEAR NORMAL DEPARTURE LAST
                VALUE   (LST)  VALUE       VALUE  FROM      YEAR
                                                  NORMAL
..................................................................
TEMPERATURE (F)
 TODAY
  MAXIMUM         74    255 PM  96    2010  79     -5       90
  MINIMUM         42    630 AM  37    2005  46     -4       50
                                      1989
  AVERAGE         58                        62     -4       70

PRECIPITATION (IN)
  TODAY            0.00          0.61 2013   0.03  -0.03     0.00
  MONTH TO DATE    0.12                      0.86  -0.74     0.28
  SINCE OCT 1      7.61                      9.51  -1.90     7.85
  SINCE JAN 1      5.53                      8.11  -2.58     6.69

DEGREE DAYS
 HEATING
  TODAY            7                         4      3        0
  MONTH TO DATE   70                        58     12       54
  SINCE JUN 1    232                       336   -104      179
  SINCE JUL 1    124                       113     11      103

 COOLING
  TODAY            0                         1     -1        5
  MONTH TO DATE   23                        48    -25       79
  SINCE JUN 1    140                       141     -1      222
  SINCE JAN 1    140                       142     -2      222
..................................................................


WIND (MPH)
  HIGHEST WIND SPEED    12   HIGHEST WIND DIRECTION     N (350)
  HIGHEST GUST SPEED    14   HIGHEST GUST DIRECTION    NE (40)
  AVERAGE WIND SPEED     2.8


SKY COVER
  AVERAGE SKY COVER 0.5


WEATHER CONDITIONS
 THE FOLLOWING WEATHER WAS RECORDED TODAY.
  HAZE


RELATIVE HUMIDITY (PERCENT)
 HIGHEST    62
 LOWEST     22
 AVERAGE    42

..........................................................


THE DILLON AIRPORT MT CLIMATE NORMALS FOR TOMORROW
                         NORMAL    RECORD    YEAR
 MAXIMUM TEMPERATURE (F)   78        90      2012
                                             2011
                                             2001
 MINIMUM TEMPERATURE (F)   46        36      1976


SUNRISE AND SUNSET
AUGUST 26 2016........SUNRISE   645 AM MDT   SUNSET   817 PM MDT
AUGUST 27 2016........SUNRISE   647 AM MDT   SUNSET   816 PM MDT


-  INDICATES NEGATIVE NUMBERS.
R  INDICATES RECORD WAS SET OR TIED.
MM INDICATES DATA IS MISSING.
T  INDICATES TRACE AMOUNT.




$$
