000
CDUS45 KTFX 290930
CLIDLN


CLIMATE REPORT
NATIONAL WEATHER SERVICE GREAT FALLS MT
329 AM MDT THU JUN 29 2017


...................................

...THE DILLON AIRPORT MT CLIMATE SUMMARY FOR JUNE 28 2017...

CLIMATE NORMAL PERIOD 1981 TO 2010
CLIMATE RECORD PERIOD 1929 TO 2017


WEATHER ITEM   OBSERVED TIME   RECORD YEAR NORMAL DEPARTURE LAST
                VALUE   (LST)  VALUE       VALUE  FROM      YEAR
                                                  NORMAL
..................................................................
TEMPERATURE (F)
 YESTERDAY
  MAXIMUM         70    204 PM  98    2015  77     -7       91
  MINIMUM         48    501 AM  30    1975  47      1       47
  AVERAGE         59                        62     -3       69

PRECIPITATION (IN)
  YESTERDAY        0.01          0.46 1959   0.05  -0.04     0.00
  MONTH TO DATE    1.30                      1.89  -0.59     1.12
  SINCE OCT 1      8.07                      7.36   0.71     6.60
  SINCE JAN 1      5.53                      5.96  -0.43     4.52

SNOWFALL (IN)
  YESTERDAY       MM
  SNOW DEPTH       0

DEGREE DAYS
 HEATING
  YESTERDAY        6                                2        0
  MONTH TO DATE  168                              -47      108
  SINCE JUN 1    168                              -47      108
  SINCE JUL 1   7949                             -291     7480

 COOLING
  YESTERDAY        0                               -1        4
  MONTH TO DATE   22                               11       29
  SINCE JUN 1     22                               11       29
  SINCE JAN 1     22                               10       29
..................................................................


WIND (MPH)
  HIGHEST WIND SPEED    32   HIGHEST WIND DIRECTION     W (270)
  HIGHEST GUST SPEED    38   HIGHEST GUST DIRECTION     W (270)
  AVERAGE WIND SPEED     9.9


SKY COVER
  AVERAGE SKY COVER 0.3


WEATHER CONDITIONS
 THE FOLLOWING WEATHER WAS RECORDED YESTERDAY.
  THUNDERSTORM
  LIGHT RAIN


RELATIVE HUMIDITY (PERCENT)
 HIGHEST    80
 LOWEST     33
 AVERAGE    57

..........................................................


THE DILLON AIRPORT MT CLIMATE NORMALS FOR TODAY
                         NORMAL    RECORD    YEAR
 MAXIMUM TEMPERATURE (F)   78        96      2015
 MINIMUM TEMPERATURE (F)   47        30      1985


SUNRISE AND SUNSET
JUNE 29 2017..........SUNRISE   546 AM MDT   SUNSET   922 PM MDT
JUNE 30 2017..........SUNRISE   546 AM MDT   SUNSET   922 PM MDT


-  INDICATES NEGATIVE NUMBERS.
R  INDICATES RECORD WAS SET OR TIED.
MM INDICATES DATA IS MISSING.
T  INDICATES TRACE AMOUNT.




$$
