000
CDUS45 KTFX 040934
CLIDLN


CLIMATE REPORT
NATIONAL WEATHER SERVICE GREAT FALLS MT
332 AM MDT TUE AUG 4 2015


...................................

...THE DILLON AIRPORT MT CLIMATE SUMMARY FOR AUGUST 3 2015...

CLIMATE NORMAL PERIOD 1981 TO 2010
CLIMATE RECORD PERIOD 1929 TO 2015


WEATHER ITEM   OBSERVED TIME   RECORD YEAR NORMAL DEPARTURE LAST
                VALUE   (LST)  VALUE       VALUE  FROM      YEAR
                                                  NORMAL
..................................................................
TEMPERATURE (F)
 YESTERDAY
  MAXIMUM         86    255 PM  97    1961  83      3       87
  MINIMUM         49    232 AM  39    1987  50     -1       55
  AVERAGE         68                        66      2       71

PRECIPITATION (IN)
  YESTERDAY        0.00          0.50 2003   0.03  -0.03      T
                                      1951
  MONTH TO DATE    0.00                      0.09  -0.09      T
  SINCE OCT 1      7.57                      8.74  -1.17     6.58
  SINCE JAN 1      6.41                      7.34  -0.93     6.09

SNOWFALL (IN)
  YESTERDAY       MM
  SNOW DEPTH       0

DEGREE DAYS
 HEATING
  YESTERDAY        0                               -1        0
  MONTH TO DATE    0                               -3        0
  SINCE JUN 1    125                             -156      266
  SINCE JUL 1     49                               -9       16

 COOLING
  YESTERDAY        3                                0        6
  MONTH TO DATE   14                                5       13
  SINCE JUN 1    157                               55      125
  SINCE JAN 1    157                               54      125
..................................................................


WIND (MPH)
  HIGHEST WIND SPEED    23   HIGHEST WIND DIRECTION     S (190)
  HIGHEST GUST SPEED    28   HIGHEST GUST DIRECTION     S (190)
  AVERAGE WIND SPEED     7.8


SKY COVER
  AVERAGE SKY COVER 0.1


WEATHER CONDITIONS
 THE FOLLOWING WEATHER WAS RECORDED YESTERDAY.
  NO SIGNIFICANT WEATHER WAS OBSERVED.


RELATIVE HUMIDITY (PERCENT)
 HIGHEST    64
 LOWEST     20
 AVERAGE    42

..........................................................


THE DILLON AIRPORT MT CLIMATE NORMALS FOR TODAY
                         NORMAL    RECORD    YEAR
 MAXIMUM TEMPERATURE (F)   83        98      1961
 MINIMUM TEMPERATURE (F)   49        38      1980


SUNRISE AND SUNSET
AUGUST  4 2015........SUNRISE   618 AM MDT   SUNSET   854 PM MDT
AUGUST  5 2015........SUNRISE   619 AM MDT   SUNSET   852 PM MDT


-  INDICATES NEGATIVE NUMBERS.
R  INDICATES RECORD WAS SET OR TIED.
MM INDICATES DATA IS MISSING.
T  INDICATES TRACE AMOUNT.




$$
