000
CDUS45 KTFX 281032
CLIDLN


CLIMATE REPORT
NATIONAL WEATHER SERVICE GREAT FALLS MT
431 AM MDT FRI AUG 28 2015


...................................

...THE DILLON AIRPORT MT CLIMATE SUMMARY FOR AUGUST 27 2015...

CLIMATE NORMAL PERIOD 1981 TO 2010
CLIMATE RECORD PERIOD 1929 TO 2015


WEATHER ITEM   OBSERVED TIME   RECORD YEAR NORMAL DEPARTURE LAST
                VALUE   (LST)  VALUE       VALUE  FROM      YEAR
                                                  NORMAL
..................................................................
TEMPERATURE (F)
 YESTERDAY
  MAXIMUM         86    148 PM  90    2012  78      8       81
                                      2011
                                      2001
  MINIMUM         55   1018 PM  36    1976  46      9       46
  AVERAGE         71                        62      9       64

PRECIPITATION (IN)
  YESTERDAY        T             0.34 1966   0.04  -0.04     0.00
  MONTH TO DATE    0.28                      0.90  -0.62     2.50
  SINCE OCT 1      7.85                      9.55  -1.70     9.08
  SINCE JAN 1      6.69                      8.15  -1.46     8.59

SNOWFALL (IN)
  YESTERDAY       MM
  SNOW DEPTH       0

DEGREE DAYS
 HEATING
  YESTERDAY        0                               -4        1
  MONTH TO DATE   54                               -8       64
  SINCE JUN 1    179                             -161      330
  SINCE JUL 1    103                              -14       80

 COOLING
  YESTERDAY        6                                5        0
  MONTH TO DATE   85                               36       48
  SINCE JUN 1    228                               86      160
  SINCE JAN 1    228                               85      160
..................................................................


WIND (MPH)
  HIGHEST WIND SPEED    21   HIGHEST WIND DIRECTION    SW (210)
  HIGHEST GUST SPEED    28   HIGHEST GUST DIRECTION     S (200)
  AVERAGE WIND SPEED     6.9


SKY COVER
  AVERAGE SKY COVER 0.3


WEATHER CONDITIONS
 THE FOLLOWING WEATHER WAS RECORDED YESTERDAY.
  THUNDERSTORM
  LIGHT RAIN
  HAZE


RELATIVE HUMIDITY (PERCENT)
 HIGHEST    67
 LOWEST     18
 AVERAGE    43

..........................................................


THE DILLON AIRPORT MT CLIMATE NORMALS FOR TODAY
                         NORMAL    RECORD    YEAR
 MAXIMUM TEMPERATURE (F)   78        95      2012
 MINIMUM TEMPERATURE (F)   45        32      1960


SUNRISE AND SUNSET
AUGUST 28 2015........SUNRISE   647 AM MDT   SUNSET   815 PM MDT
AUGUST 29 2015........SUNRISE   648 AM MDT   SUNSET   813 PM MDT


-  INDICATES NEGATIVE NUMBERS.
R  INDICATES RECORD WAS SET OR TIED.
MM INDICATES DATA IS MISSING.
T  INDICATES TRACE AMOUNT.




$$
