000
CDUS41 KLWX 270531
CLIDMH


CLIMATE REPORT
NATIONAL WEATHER SERVICE BALTIMORE MD/WASHINGTON DC
1230 AM EST SAT DEC 27 2014


...................................

...THE BALTIMORE INNER HARBOR MD CLIMATE SUMMARY FOR DECEMBER 26 2014...

CLIMATE NORMAL PERIOD 1981 TO 2010
CLIMATE RECORD PERIOD 9999 TO 9999


WEATHER ITEM   OBSERVED TIME   RECORD YEAR NORMAL DEPARTURE LAST
                VALUE   (LST)  VALUE       VALUE  FROM      YEAR
                                                  NORMAL
..................................................................
TEMPERATURE (F)
 YESTERDAY
  MAXIMUM         53    300 PM  MM      MM  43     10       45
  MINIMUM         37    818 AM  MM      MM  30      7       26
  AVERAGE         45                        37      8       36

PRECIPITATION (IN)
  YESTERDAY        0.00         MM      MM   0.10  -0.10     0.00
  MONTH TO DATE    3.26                      2.96   0.30     4.02
  SINCE DEC 1      3.26                      2.96   0.30     4.02
  SINCE JAN 1     52.78                     40.44  12.34    40.98

DEGREE DAYS
 HEATING
  YESTERDAY       20                        28     -8       29
  MONTH TO DATE  613                       649    -36      467
  SINCE DEC 1    613                       649    -36      467
  SINCE JUL 1   1348                      1300     48     1092

 COOLING
  YESTERDAY        0                         0      0        0
  MONTH TO DATE    0                         0      0        0
  SINCE DEC 1      0                         0      0        0
  SINCE JAN 1   1456                      1665   -209     2023
..................................................................


WIND (MPH)
  HIGHEST WIND SPEED    MM   HIGHEST WIND DIRECTION    MM
  HIGHEST GUST SPEED    MM   HIGHEST GUST DIRECTION    MM
  AVERAGE WIND SPEED    MM


SKY COVER
  POSSIBLE SUNSHINE  MM



RELATIVE HUMIDITY (PERCENT)
 HIGHEST    76           200 AM
 LOWEST     38           200 PM
 AVERAGE    57

..........................................................


THE BALTIMORE INNER HARBOR MD CLIMATE NORMALS FOR TODAY
                         NORMAL
 MAXIMUM TEMPERATURE (F)   43
 MINIMUM TEMPERATURE (F)   30


SUNRISE AND SUNSET
DECEMBER 27 2014......SUNRISE   725 AM EST   SUNSET   450 PM EST
DECEMBER 28 2014......SUNRISE   725 AM EST   SUNSET   451 PM EST


-  INDICATES NEGATIVE NUMBERS.
R  INDICATES RECORD WAS SET OR TIED.
MM INDICATES DATA IS MISSING.
T  INDICATES TRACE AMOUNT.




$$
