000
CDUS41 KLWX 240522
CLIDMH


CLIMATE REPORT
NATIONAL WEATHER SERVICE BALTIMORE MD/WASHINGTON DC
122 AM EDT SUN MAY 24 2015


...................................

...THE BALTIMORE INNER HARBOR MD CLIMATE SUMMARY FOR MAY 23 2015...

CLIMATE NORMAL PERIOD 1981 TO 2010
CLIMATE RECORD PERIOD 9999 TO 9999


WEATHER ITEM   OBSERVED TIME   RECORD YEAR NORMAL DEPARTURE LAST
                VALUE   (LST)  VALUE       VALUE  FROM      YEAR
                                                  NORMAL
..................................................................
TEMPERATURE (F)
 YESTERDAY
  MAXIMUM         70    155 PM  MM      MM  77     -7       77
  MINIMUM         53    528 AM  MM      MM  59     -6       60
  AVERAGE         62                        68     -6       69

PRECIPITATION (IN)
  YESTERDAY        0.00         MM      MM   0.14  -0.14     0.00
  MONTH TO DATE    3.13                      2.47   0.66     2.65
  SINCE MAR 1     10.52                      9.55   0.97    16.15
  SINCE JAN 1     16.34                     15.07   1.27    22.48

DEGREE DAYS
 HEATING
  YESTERDAY        3                         2      1        0
  MONTH TO DATE   29                        72    -43       29
  SINCE MAR 1    863                       929    -66     1048
  SINCE JUL 1   4377                      4017    360     4118

 COOLING
  YESTERDAY        0                         5     -5        4
  MONTH TO DATE  139                        68     71       67
  SINCE MAR 1    148                        93     55       81
  SINCE JAN 1    148                        93     55       81
..................................................................


WIND (MPH)
  HIGHEST WIND SPEED    MM   HIGHEST WIND DIRECTION    MM
  HIGHEST GUST SPEED    MM   HIGHEST GUST DIRECTION    MM
  AVERAGE WIND SPEED    MM


SKY COVER
  POSSIBLE SUNSHINE  MM



RELATIVE HUMIDITY (PERCENT)
 HIGHEST    55          1100 PM
 LOWEST     22          1100 AM
 AVERAGE    39

..........................................................


THE BALTIMORE INNER HARBOR MD CLIMATE NORMALS FOR TODAY
                         NORMAL
 MAXIMUM TEMPERATURE (F)   78
 MINIMUM TEMPERATURE (F)   60


SUNRISE AND SUNSET
MAY 24 2015...........SUNRISE   546 AM EDT   SUNSET   821 PM EDT
MAY 25 2015...........SUNRISE   546 AM EDT   SUNSET   822 PM EDT


-  INDICATES NEGATIVE NUMBERS.
R  INDICATES RECORD WAS SET OR TIED.
MM INDICATES DATA IS MISSING.
T  INDICATES TRACE AMOUNT.




$$
