000
CDUS41 KLWX 220527
CLIDMH


CLIMATE REPORT
NATIONAL WEATHER SERVICE BALTIMORE MD/WASHINGTON DC
126 AM EDT TUE AUG 22 2017


...................................

...THE BALTIMORE INNER HARBOR MD CLIMATE SUMMARY FOR AUGUST 21 2017...

CLIMATE NORMAL PERIOD 1981 TO 2010
CLIMATE RECORD PERIOD 1999 TO 2017


WEATHER ITEM   OBSERVED TIME   RECORD YEAR NORMAL DEPARTURE LAST
                VALUE   (LST)  VALUE       VALUE  FROM      YEAR
                                                  NORMAL
..................................................................
TEMPERATURE (F)
 YESTERDAY
  MAXIMUM         88   1140 AM  MM      MM  87      1       85
  MINIMUM         76    628 AM  MM      MM  71      5       74
  AVERAGE         82                        79      3       80

PRECIPITATION (IN)
  YESTERDAY        0.07         MM      MM   0.11  -0.04     0.40
  MONTH TO DATE    5.35                      2.27   3.08     3.77
  SINCE JUN 1     12.49                     10.16   2.33    13.35
  SINCE JAN 1     27.41                     26.25   1.16    29.53

DEGREE DAYS
 HEATING
  YESTERDAY        0                         0      0        0
  MONTH TO DATE    0                         0      0        0
  SINCE JUN 1      2                         5     -3        0
  SINCE JUL 1      0                         0      0        0

 COOLING
  YESTERDAY       17                        14      3       15
  MONTH TO DATE  287                       304    -17      374
  SINCE JUN 1   1238                      1129    109     1257
  SINCE JAN 1   1415                      1268    147     1394
..................................................................


WIND (MPH)
  HIGHEST WIND SPEED    MM   HIGHEST WIND DIRECTION    MM
  HIGHEST GUST SPEED    MM   HIGHEST GUST DIRECTION    MM
  AVERAGE WIND SPEED    MM


SKY COVER
  POSSIBLE SUNSHINE  MM



RELATIVE HUMIDITY (PERCENT)
 HIGHEST    91           500 PM
 LOWEST     63          1100 AM
 AVERAGE    77

..........................................................


THE BALTIMORE INNER HARBOR MD CLIMATE NORMALS FOR TODAY
                         NORMAL
 MAXIMUM TEMPERATURE (F)   87
 MINIMUM TEMPERATURE (F)   70


SUNRISE AND SUNSET
AUGUST 22 2017........SUNRISE   626 AM EDT   SUNSET   752 PM EDT
AUGUST 23 2017........SUNRISE   627 AM EDT   SUNSET   750 PM EDT


-  INDICATES NEGATIVE NUMBERS.
R  INDICATES RECORD WAS SET OR TIED.
MM INDICATES DATA IS MISSING.
T  INDICATES TRACE AMOUNT.




$$
