000
CDUS41 KLWX 300523
CLIDMH


CLIMATE REPORT
NATIONAL WEATHER SERVICE BALTIMORE MD/WASHINGTON DC
121 AM EDT TUE SEP 30 2014


...................................

...THE BALTIMORE INNER HARBOR MD CLIMATE SUMMARY FOR SEPTEMBER 29 2014...

CLIMATE NORMAL PERIOD 1981 TO 2010
CLIMATE RECORD PERIOD 9999 TO 9999


WEATHER ITEM   OBSERVED TIME   RECORD YEAR NORMAL DEPARTURE LAST
                VALUE   (LST)  VALUE       VALUE  FROM      YEAR
                                                  NORMAL
..................................................................
TEMPERATURE (F)
 YESTERDAY
  MAXIMUM         73   1254 PM  MM      MM  75     -2       77
  MINIMUM         65    512 AM  MM      MM  58      7       60
  AVERAGE         69                        66      3       69

PRECIPITATION (IN)
  YESTERDAY        0.00         MM      MM   0.14  -0.14     0.00
  MONTH TO DATE    2.51                      3.94  -1.43     1.67
  SINCE SEP 1      2.51                      3.94  -1.43     1.67
  SINCE JAN 1     42.12                     31.31  10.81    29.65

DEGREE DAYS
 HEATING
  YESTERDAY        0                         2     -2        0
  MONTH TO DATE    5                        14     -9        5
  SINCE SEP 1      5                        14     -9        5
  SINCE JUL 1      5                        14     -9        5

 COOLING
  YESTERDAY        4                         4      0        4
  MONTH TO DATE  211                       224    -13      243
  SINCE SEP 1    211                       224    -13      243
  SINCE JAN 1   1429                      1620   -191     1917
..................................................................


WIND (MPH)
  HIGHEST WIND SPEED    MM   HIGHEST WIND DIRECTION    MM
  HIGHEST GUST SPEED    MM   HIGHEST GUST DIRECTION    MM
  AVERAGE WIND SPEED    MM


SKY COVER
  POSSIBLE SUNSHINE  MM



RELATIVE HUMIDITY (PERCENT)
 HIGHEST    84           900 PM
 LOWEST     68           900 AM
 AVERAGE    76

..........................................................


THE BALTIMORE INNER HARBOR MD CLIMATE NORMALS FOR TODAY
                         NORMAL
 MAXIMUM TEMPERATURE (F)   74
 MINIMUM TEMPERATURE (F)   58


SUNRISE AND SUNSET
SEPTEMBER 30 2014.....SUNRISE   701 AM EDT   SUNSET   651 PM EDT
OCTOBER  1 2014.......SUNRISE   702 AM EDT   SUNSET   649 PM EDT


-  INDICATES NEGATIVE NUMBERS.
R  INDICATES RECORD WAS SET OR TIED.
MM INDICATES DATA IS MISSING.
T  INDICATES TRACE AMOUNT.




$$
