000
CDUS41 KLWX 060534
CLIDMH


CLIMATE REPORT
NATIONAL WEATHER SERVICE BALTIMORE MD/WASHINGTON DC
1234 AM EST SAT FEB 6 2016


...................................

...THE BALTIMORE INNER HARBOR MD CLIMATE SUMMARY FOR FEBRUARY 5 2016...

CLIMATE NORMAL PERIOD 1981 TO 2010
CLIMATE RECORD PERIOD 9999 TO 9999


WEATHER ITEM   OBSERVED TIME   RECORD YEAR NORMAL DEPARTURE LAST
                VALUE   (LST)  VALUE       VALUE  FROM      YEAR
                                                  NORMAL
..................................................................
TEMPERATURE (F)
 YESTERDAY
  MAXIMUM         43        MM  MM      MM  44     -1       44
  MINIMUM         34        MM  MM      MM  30      4       20
  AVERAGE         39                        37      2       32

PRECIPITATION (IN)
  YESTERDAY        0.09         MM      MM   0.09   0.00     0.00
  MONTH TO DATE    0.79                      0.47   0.32     0.37
  SINCE DEC 1     10.31                      6.80   3.51     7.40
  SINCE JAN 1      4.07                      3.39   0.68     4.07

DEGREE DAYS
 HEATING
  YESTERDAY       26                        28     -2       33
  MONTH TO DATE   94                       141    -47      162
  SINCE DEC 1   1445                      1838   -393     1878
  SINCE JUL 1   1973                      2489   -516     2613

 COOLING
  YESTERDAY        0                         0      0        0
  MONTH TO DATE    0                         0      0        0
  SINCE DEC 1      3                         0      3        0
  SINCE JAN 1      0                         0      0        0
..................................................................


WIND (MPH)
  HIGHEST WIND SPEED    MM   HIGHEST WIND DIRECTION    MM
  HIGHEST GUST SPEED    MM   HIGHEST GUST DIRECTION    MM
  AVERAGE WIND SPEED    MM


SKY COVER
  POSSIBLE SUNSHINE  MM



RELATIVE HUMIDITY (PERCENT)
 HIGHEST    92           400 AM
 LOWEST     38           400 PM
 AVERAGE    65

..........................................................


THE BALTIMORE INNER HARBOR MD CLIMATE NORMALS FOR TODAY
                         NORMAL
 MAXIMUM TEMPERATURE (F)   44
 MINIMUM TEMPERATURE (F)   30


SUNRISE AND SUNSET
FEBRUARY  6 2016......SUNRISE   709 AM EST   SUNSET   532 PM EST
FEBRUARY  7 2016......SUNRISE   708 AM EST   SUNSET   534 PM EST


-  INDICATES NEGATIVE NUMBERS.
R  INDICATES RECORD WAS SET OR TIED.
MM INDICATES DATA IS MISSING.
T  INDICATES TRACE AMOUNT.




$$
