000
CDUS45 KEPZ 160932
CLIDMN


CLIMATE REPORT
NATIONAL WEATHER SERVICE EL PASO, TX
331 AM MDT WED APR 16 2014


...................................

...THE DEMING CLIMATE SUMMARY FOR APRIL 15 2014...

CLIMATE NORMAL PERIOD 1981 TO 2010
CLIMATE RECORD PERIOD 2000 TO 2014


WEATHER ITEM   OBSERVED TIME   NORMAL DEPARTURE LAST
                VALUE   (LST)  VALUE  FROM      YEAR
                                      NORMAL
......................................................
TEMPERATURE (F)
 YESTERDAY
  MAXIMUM         72    409 PM  78              82
  MINIMUM         34    458 AM  42              52
  AVERAGE         53            60     -7       67

PRECIPITATION (IN)
  YESTERDAY        0.00          0.01  -0.01     0.00
  MONTH TO DATE    0.00          0.18  -0.18      T
  SINCE MAR 1      0.37          0.60  -0.23     0.19
  SINCE JAN 1      0.37          1.80  -1.43     0.48

......................................................


WIND (MPH)
  HIGHEST WIND SPEED    15   HIGHEST WIND DIRECTION    NE (60)
  HIGHEST GUST SPEED    19   HIGHEST GUST DIRECTION     S (190)
  AVERAGE WIND SPEED     8.2


SKY COVER
  AVERAGE SKY COVER 0.0


WEATHER CONDITIONS
 THE FOLLOWING WEATHER WAS RECORDED YESTERDAY.
  NO SIGNIFICANT WEATHER WAS OBSERVED.


RELATIVE HUMIDITY (PERCENT)
 HIGHEST    41           500 AM
 LOWEST      8           300 PM
 AVERAGE    25

..........................................................


THE DEMING CLIMATE NORMALS FOR TODAY
                         NORMAL
 MAXIMUM TEMPERATURE (F)   78
 MINIMUM TEMPERATURE (F)   42


SUNRISE AND SUNSET
APRIL 16 2014.........SUNRISE   640 AM MDT   SUNSET   741 PM MDT
APRIL 17 2014.........SUNRISE   639 AM MDT   SUNSET   742 PM MDT


-  INDICATES NEGATIVE NUMBERS.
R  INDICATES RECORD WAS SET OR TIED.
MM INDICATES DATA IS MISSING.
T  INDICATES TRACE AMOUNT.




$$
