718
CDUS45 KEPZ 252329
CLIDMN


CLIMATE REPORT
NATIONAL WEATHER SERVICE EL PASO, TX
427 PM MST SUN FEB 25 2018


...................................

...THE DEMING CLIMATE SUMMARY FOR FEBRUARY 25 2018...
VALID TODAY AS OF 400 PM LOCAL TIME.

CLIMATE NORMAL PERIOD 1981 TO 2010
CLIMATE RECORD PERIOD 2000 TO 2018


WEATHER ITEM   OBSERVED TIME   NORMAL DEPARTURE LAST
                VALUE   (LST)  VALUE  FROM      YEAR
                                      NORMAL
......................................................
TEMPERATURE (F)
 TODAY
  MAXIMUM         57    259 PM  64     -7       62
  MINIMUM         24    450 AM  33     -9       28

PRECIPITATION (IN)
  TODAY            0.00          0.02  -0.02     0.00
  MONTH TO DATE    0.77          0.54   0.23     0.48
  SINCE DEC 1      1.07          2.04  -0.97     4.72
  SINCE JAN 1      0.81          1.15  -0.34     2.93

......................................................


WIND (MPH)
  HIGHEST WIND SPEED    22   HIGHEST WIND DIRECTION     W (260)
  HIGHEST GUST SPEED    31   HIGHEST GUST DIRECTION     W (250)


SKY COVER
  AVERAGE SKY COVER 0.0


WEATHER CONDITIONS
 THE FOLLOWING WEATHER WAS RECORDED TODAY.
  NO SIGNIFICANT WEATHER WAS OBSERVED.


RELATIVE HUMIDITY (PERCENT)
 HIGHEST    62           500 AM
 LOWEST     11           200 PM
 AVERAGE    37

..........................................................


THE DEMING CLIMATE NORMALS FOR TOMORROW
                         NORMAL
 MAXIMUM TEMPERATURE (F)   64
 MINIMUM TEMPERATURE (F)   33


SUNRISE AND SUNSET
FEBRUARY 25 2018......SUNRISE   643 AM MST   SUNSET   605 PM MST
FEBRUARY 26 2018......SUNRISE   642 AM MST   SUNSET   606 PM MST


-  INDICATES NEGATIVE NUMBERS.
R  INDICATES RECORD WAS SET OR TIED.
MM INDICATES DATA IS MISSING.
T  INDICATES TRACE AMOUNT.




$$
