000
CDUS45 KEPZ 180926
CLIDMN


CLIMATE REPORT
NATIONAL WEATHER SERVICE EL PASO, TX
325 AM MDT FRI AUG 18 2017


...................................

...THE DEMING CLIMATE SUMMARY FOR AUGUST 17 2017...

CLIMATE NORMAL PERIOD 1981 TO 2010
CLIMATE RECORD PERIOD 2000 TO 2017


WEATHER ITEM   OBSERVED TIME   NORMAL DEPARTURE LAST
                VALUE   (LST)  VALUE  FROM      YEAR
                                      NORMAL
......................................................
TEMPERATURE (F)
 YESTERDAY
  MAXIMUM         94    248 PM  92              91
  MINIMUM         59    605 AM  64              63
  AVERAGE         77            78     -1       77

PRECIPITATION (IN)
  YESTERDAY        0.00          0.07  -0.07     0.00
  MONTH TO DATE    1.36          1.59  -0.23     2.62
  SINCE JUN 1      4.99          4.48   0.51     3.42
  SINCE JAN 1      8.18          6.89   1.29     4.61

......................................................


WIND (MPH)
  HIGHEST WIND SPEED    16   HIGHEST WIND DIRECTION    SW (220)
  HIGHEST GUST SPEED    22   HIGHEST GUST DIRECTION    SW (220)
  AVERAGE WIND SPEED     6.2


SKY COVER
  AVERAGE SKY COVER 0.1


WEATHER CONDITIONS
 THE FOLLOWING WEATHER WAS RECORDED YESTERDAY.
  NO SIGNIFICANT WEATHER WAS OBSERVED.


RELATIVE HUMIDITY (PERCENT)
 HIGHEST    62           600 AM
 LOWEST     17           100 PM
 AVERAGE    40

..........................................................


THE DEMING CLIMATE NORMALS FOR TODAY
                         NORMAL
 MAXIMUM TEMPERATURE (F)   92
 MINIMUM TEMPERATURE (F)   64


SUNRISE AND SUNSET
AUGUST 18 2017........SUNRISE   637 AM MDT   SUNSET   751 PM MDT
AUGUST 19 2017........SUNRISE   638 AM MDT   SUNSET   750 PM MDT


-  INDICATES NEGATIVE NUMBERS.
R  INDICATES RECORD WAS SET OR TIED.
MM INDICATES DATA IS MISSING.
T  INDICATES TRACE AMOUNT.




$$
