000
CDUS45 KEPZ 230927
CLIDMN


CLIMATE REPORT
NATIONAL WEATHER SERVICE EL PASO, TX
226 AM MST MON JAN 23 2017


...................................

...THE DEMING CLIMATE SUMMARY FOR JANUARY 22 2017...

CLIMATE NORMAL PERIOD 1981 TO 2010
CLIMATE RECORD PERIOD 2000 TO 2017


WEATHER ITEM   OBSERVED TIME   NORMAL DEPARTURE LAST
                VALUE   (LST)  VALUE  FROM      YEAR
                                      NORMAL
......................................................
TEMPERATURE (F)
 YESTERDAY
  MAXIMUM         51    446 PM  58              60
  MINIMUM         31    657 AM  28              21
  AVERAGE         41            43     -2       41

PRECIPITATION (IN)
  YESTERDAY        0.00          0.03  -0.03     0.00
  MONTH TO DATE    2.45          0.42   2.03     0.42
  SINCE DEC 1      4.24          1.31   2.93     0.78
  SINCE JAN 1      2.45          0.42   2.03     0.42

......................................................


WIND (MPH)
  HIGHEST WIND SPEED    23   HIGHEST WIND DIRECTION     W (280)
  HIGHEST GUST SPEED    31   HIGHEST GUST DIRECTION     W (290)
  AVERAGE WIND SPEED     9.9


SKY COVER
  AVERAGE SKY COVER 0.0


WEATHER CONDITIONS
 THE FOLLOWING WEATHER WAS RECORDED YESTERDAY.
  NO SIGNIFICANT WEATHER WAS OBSERVED.


RELATIVE HUMIDITY (PERCENT)
 HIGHEST    92           600 AM
 LOWEST     41           400 PM
 AVERAGE    67

..........................................................


THE DEMING CLIMATE NORMALS FOR TODAY
                         NORMAL
 MAXIMUM TEMPERATURE (F)   58
 MINIMUM TEMPERATURE (F)   28


SUNRISE AND SUNSET
JANUARY 23 2017.......SUNRISE   709 AM MST   SUNSET   536 PM MST
JANUARY 24 2017.......SUNRISE   709 AM MST   SUNSET   537 PM MST


-  INDICATES NEGATIVE NUMBERS.
R  INDICATES RECORD WAS SET OR TIED.
MM INDICATES DATA IS MISSING.
T  INDICATES TRACE AMOUNT.




$$
