000
CDUS45 KEPZ 050937
CLIDMN


CLIMATE REPORT
NATIONAL WEATHER SERVICE EL PASO, TX
234 AM MST MON DEC 5 2016


...................................

...THE DEMING CLIMATE SUMMARY FOR DECEMBER 4 2016...

CLIMATE NORMAL PERIOD 1981 TO 2010
CLIMATE RECORD PERIOD 2000 TO 2016


WEATHER ITEM   OBSERVED TIME   NORMAL DEPARTURE LAST
                VALUE   (LST)  VALUE  FROM      YEAR
                                      NORMAL
......................................................
TEMPERATURE (F)
 YESTERDAY
  MAXIMUM         55    318 PM  59              62
  MINIMUM         31   1146 PM  28              25
  AVERAGE         43            44     -1       44

PRECIPITATION (IN)
  YESTERDAY        0.00          0.03  -0.03     0.00
  MONTH TO DATE    0.26          0.12   0.14     0.00
  SINCE DEC 1      0.26          0.12   0.14     0.00
  SINCE JAN 1      6.49         10.78  -4.29    12.00

......................................................


WIND (MPH)
  HIGHEST WIND SPEED    22   HIGHEST WIND DIRECTION    NE (50)
  HIGHEST GUST SPEED    28   HIGHEST GUST DIRECTION    NE (30)
  AVERAGE WIND SPEED     7.0


SKY COVER
  AVERAGE SKY COVER 0.0


WEATHER CONDITIONS
 THE FOLLOWING WEATHER WAS RECORDED YESTERDAY.
  FOG


RELATIVE HUMIDITY (PERCENT)
 HIGHEST    92          1200 AM
 LOWEST     26           300 PM
 AVERAGE    59

..........................................................


THE DEMING CLIMATE NORMALS FOR TODAY
                         NORMAL
 MAXIMUM TEMPERATURE (F)   59
 MINIMUM TEMPERATURE (F)   28


SUNRISE AND SUNSET
DECEMBER  5 2016......SUNRISE   658 AM MST   SUNSET   506 PM MST
DECEMBER  6 2016......SUNRISE   658 AM MST   SUNSET   506 PM MST


-  INDICATES NEGATIVE NUMBERS.
R  INDICATES RECORD WAS SET OR TIED.
MM INDICATES DATA IS MISSING.
T  INDICATES TRACE AMOUNT.




$$
