000
CDUS43 KEAX 250634
CLIDMO


CLIMATE REPORT
NATIONAL WEATHER SERVICE KANSAS CITY/PLEASANT HILL MO
134 AM CDT MON SEP 25 2017


...................................

...THE SEDALIA MO CLIMATE SUMMARY FOR SEPTEMBER 24 2017...

CLIMATE NORMAL PERIOD 1981 TO 2010
CLIMATE RECORD PERIOD 9999 TO 9999


WEATHER ITEM   OBSERVED TIME   NORMAL DEPARTURE LAST
                VALUE   (LST)  VALUE  FROM      YEAR
                                      NORMAL
......................................................
TEMPERATURE (F)
 YESTERDAY
  MAXIMUM         91    225 PM  76     15       90
  MINIMUM         67    629 AM  55     12       67
  AVERAGE         79            66     13       79

PRECIPITATION (IN)
  YESTERDAY        0.00          0.13  -0.13     0.02
  MONTH TO DATE    1.02          3.36  -2.34     4.47
  SINCE SEP 1      1.02          3.36  -2.34     4.47
  SINCE JAN 1     30.22         31.30  -1.08    28.83

DEGREE DAYS
 HEATING
  YESTERDAY        0             3     -3        0
  MONTH TO DATE    2            21    -19        0
  SINCE SEP 1      2            21    -19        0
  SINCE JUL 1      7            22    -15        0

 COOLING
  YESTERDAY       14             3     11       14
  MONTH TO DATE  205           147     58      250
  SINCE SEP 1    205           147     58      250
  SINCE JAN 1   1379          1432    -53     1663
......................................................


WIND (MPH)
  HIGHEST WIND SPEED    16   HIGHEST WIND DIRECTION     S (180)
  HIGHEST GUST SPEED    20   HIGHEST GUST DIRECTION     S (190)
  AVERAGE WIND SPEED     7.8


SKY COVER
  AVERAGE SKY COVER 0.1


WEATHER CONDITIONS
 THE FOLLOWING WEATHER WAS RECORDED YESTERDAY.
  NO SIGNIFICANT WEATHER WAS OBSERVED.


RELATIVE HUMIDITY (PERCENT)
 HIGHEST   100           600 AM
 LOWEST     47           300 PM
 AVERAGE    74

..........................................................


THE SEDALIA MO CLIMATE NORMALS FOR TODAY
                         NORMAL
 MAXIMUM TEMPERATURE (F)   76
 MINIMUM TEMPERATURE (F)   55


SUNRISE AND SUNSET
SEPTEMBER 25 2017.....SUNRISE   703 AM CDT   SUNSET   704 PM CDT
SEPTEMBER 26 2017.....SUNRISE   704 AM CDT   SUNSET   703 PM CDT


-  INDICATES NEGATIVE NUMBERS.
R  INDICATES RECORD WAS SET OR TIED.
MM INDICATES DATA IS MISSING.
T  INDICATES TRACE AMOUNT.




$$
