000
CDUS43 KEAX 300033
CLIDMO


CLIMATE REPORT
NATIONAL WEATHER SERVICE KANSAS CITY/PLEASANT HILL MO
732 PM CDT SUN MAR 29 2015


...................................

...THE SEDALIA MO CLIMATE SUMMARY FOR MARCH 29 2015...
VALID TODAY AS OF 0700 PM LOCAL TIME.

CLIMATE NORMAL PERIOD 1981 TO 2010
CLIMATE RECORD PERIOD 9999 TO 9999


WEATHER ITEM   OBSERVED TIME   NORMAL DEPARTURE LAST
                VALUE   (LST)  VALUE  FROM      YEAR
                                      NORMAL
......................................................
TEMPERATURE (F)
 TODAY
  MAXIMUM         62    505 PM  62      0       56
  MINIMUM         37    339 AM  40     -3       33
  AVERAGE         50            51     -1       45

PRECIPITATION (IN)
  TODAY            0.01          0.09  -0.08     0.00
  MONTH TO DATE    1.13          2.43  -1.30     0.93
  SINCE MAR 1      1.13          2.43  -1.30     0.93
  SINCE JAN 1      3.21          6.03  -2.82     1.87

DEGREE DAYS
 HEATING
  TODAY           15            14      1       20
  MONTH TO DATE  528           557    -29      679
  SINCE MAR 1    528           557    -29      679
  SINCE JUL 1   4376          4174    202     4898

 COOLING
  TODAY            0             0      0        0
  MONTH TO DATE    1             0      1        0
  SINCE MAR 1      1             0      1        0
  SINCE JAN 1      1             0      1        0
......................................................


WIND (MPH)
  HIGHEST WIND SPEED    24   HIGHEST WIND DIRECTION     S (160)
  HIGHEST GUST SPEED    29   HIGHEST GUST DIRECTION     S (160)
  AVERAGE WIND SPEED    13.5


SKY COVER
  AVERAGE SKY COVER 0.2


WEATHER CONDITIONS
 THE FOLLOWING WEATHER WAS RECORDED TODAY.
  LIGHT RAIN


RELATIVE HUMIDITY (PERCENT)
 HIGHEST    76          1200 AM
 LOWEST     48           400 PM
 AVERAGE    62

..........................................................


THE SEDALIA MO CLIMATE NORMALS FOR TOMORROW
                         NORMAL
 MAXIMUM TEMPERATURE (F)   62
 MINIMUM TEMPERATURE (F)   41


SUNRISE AND SUNSET
MARCH 29 2015.........SUNRISE   702 AM CDT   SUNSET   733 PM CDT
MARCH 30 2015.........SUNRISE   701 AM CDT   SUNSET   734 PM CDT


-  INDICATES NEGATIVE NUMBERS.
R  INDICATES RECORD WAS SET OR TIED.
MM INDICATES DATA IS MISSING.
T  INDICATES TRACE AMOUNT.




$$
