000
CDUS43 KEAX 260632
CLIDMO


CLIMATE REPORT
NATIONAL WEATHER SERVICE KANSAS CITY/PLEASANT HILL MO
131 AM CDT FRI MAY 26 2017


...................................

...THE SEDALIA MO CLIMATE SUMMARY FOR MAY 25 2017...

CLIMATE NORMAL PERIOD 1981 TO 2010
CLIMATE RECORD PERIOD 9999 TO 9999


WEATHER ITEM   OBSERVED TIME   NORMAL DEPARTURE LAST
                VALUE   (LST)  VALUE  FROM      YEAR
                                      NORMAL
......................................................
TEMPERATURE (F)
 YESTERDAY
  MAXIMUM         77    435 PM  79     -2       84
  MINIMUM         49    516 AM  58     -9       62
  AVERAGE         63            68     -5       73

PRECIPITATION (IN)
  YESTERDAY        0.00          0.13  -0.13     0.00
  MONTH TO DATE    3.05          3.82  -0.77     2.27
  SINCE MAR 1     13.84         10.68   3.16     5.87
  SINCE JAN 1     15.26         14.28   0.98     7.02

DEGREE DAYS
 HEATING
  YESTERDAY        2             1      1        0
  MONTH TO DATE   72            77     -5      110
  SINCE MAR 1    721           942   -221      692
  SINCE JUL 1   3604          4559   -955     3680

 COOLING
  YESTERDAY        0             5     -5        8
  MONTH TO DATE   77            71      6       44
  SINCE MAR 1    127           105     22       68
  SINCE JAN 1    127           105     22       68
......................................................


WIND (MPH)
  HIGHEST WIND SPEED    16   HIGHEST WIND DIRECTION    SE (150)
  HIGHEST GUST SPEED    19   HIGHEST GUST DIRECTION     S (160)
  AVERAGE WIND SPEED     7.9


SKY COVER
  AVERAGE SKY COVER 0.0


WEATHER CONDITIONS
 THE FOLLOWING WEATHER WAS RECORDED YESTERDAY.
  NO SIGNIFICANT WEATHER WAS OBSERVED.


RELATIVE HUMIDITY (PERCENT)
 HIGHEST   100          1200 AM
 LOWEST     46           100 PM
 AVERAGE    73

..........................................................


THE SEDALIA MO CLIMATE NORMALS FOR TODAY
                         NORMAL
 MAXIMUM TEMPERATURE (F)   79
 MINIMUM TEMPERATURE (F)   59


SUNRISE AND SUNSET
MAY 26 2017...........SUNRISE   552 AM CDT   SUNSET   827 PM CDT
MAY 27 2017...........SUNRISE   552 AM CDT   SUNSET   828 PM CDT


-  INDICATES NEGATIVE NUMBERS.
R  INDICATES RECORD WAS SET OR TIED.
MM INDICATES DATA IS MISSING.
T  INDICATES TRACE AMOUNT.




$$
