000
CDUS43 KEAX 211249
CLIDMO


CLIMATE REPORT
NATIONAL WEATHER SERVICE KANSAS CITY/PLEASANT HILL MO
749 AM CDT MON APR 21 2014


...................................

...THE SEDALIA MO CLIMATE SUMMARY FOR APRIL 21 2014...
VALID AS OF 0700 AM LOCAL TIME.

CLIMATE NORMAL PERIOD 1981 TO 2010
CLIMATE RECORD PERIOD 9999 TO 9999


WEATHER ITEM   OBSERVED TIME   NORMAL DEPARTURE LAST
                VALUE   (LST)  VALUE  FROM      YEAR
                                      NORMAL
......................................................
TEMPERATURE (F)
 TODAY
  MAXIMUM         65   1203 AM  69     -4       70
  MINIMUM         60    320 AM  48     12       47
  AVERAGE         63            58      5       59

PRECIPITATION (IN)
  TODAY            0.01          0.15  -0.14     0.00
  MONTH TO DATE    5.43          2.62   2.81     4.70
  SINCE MAR 1      6.36          5.23   1.13     7.10
  SINCE JAN 1      7.14          8.83  -1.69    12.37

DEGREE DAYS
 HEATING
  TODAY            2             8     -6        6
  MONTH TO DATE  238           223     15      270
  SINCE MAR 1    932           808    124     1073
  SINCE JUL 1   5151          4425    726     4511

 COOLING
  TODAY            0             1     -1        0
  MONTH TO DATE    9            20    -11       12
  SINCE MAR 1      9            23    -14       12
  SINCE JAN 1      9            23    -14       13
......................................................


WIND (MPH)
  HIGHEST WIND SPEED    10   HIGHEST WIND DIRECTION    SW (220)
  HIGHEST GUST SPEED    13   HIGHEST GUST DIRECTION    SW (230)
  AVERAGE WIND SPEED     4.6


SKY COVER
  AVERAGE SKY COVER 0.5


WEATHER CONDITIONS
 THE FOLLOWING WEATHER WAS RECORDED TODAY.
  LIGHT RAIN


RELATIVE HUMIDITY (PERCENT)
 HIGHEST    78           100 AM
 LOWEST     72          1200 AM
 AVERAGE    75

..........................................................


THE SEDALIA MO CLIMATE NORMALS FOR TOMORROW
                         NORMAL
 MAXIMUM TEMPERATURE (F)   69
 MINIMUM TEMPERATURE (F)   48


SUNRISE AND SUNSET
APRIL 21 2014.........SUNRISE   628 AM CDT   SUNSET   755 PM CDT
APRIL 22 2014.........SUNRISE   626 AM CDT   SUNSET   756 PM CDT


-  INDICATES NEGATIVE NUMBERS.
R  INDICATES RECORD WAS SET OR TIED.
MM INDICATES DATA IS MISSING.
T  INDICATES TRACE AMOUNT.




$$
