000
CDUS43 KEAX 260633
CLIDMO


CLIMATE REPORT
NATIONAL WEATHER SERVICE KANSAS CITY/PLEASANT HILL MO
132 AM CDT MON SEP 26 2016


...................................

...THE SEDALIA MO CLIMATE SUMMARY FOR SEPTEMBER 25 2016...

CLIMATE NORMAL PERIOD 1981 TO 2010
CLIMATE RECORD PERIOD 9999 TO 9999


WEATHER ITEM   OBSERVED TIME   NORMAL DEPARTURE LAST
                VALUE   (LST)  VALUE  FROM      YEAR
                                      NORMAL
......................................................
TEMPERATURE (F)
 YESTERDAY
  MAXIMUM         79    151 PM  76      3       87
  MINIMUM         61   1135 PM  55      6       60
  AVERAGE         70            65      5       74

PRECIPITATION (IN)
  YESTERDAY        T             0.13  -0.13     0.00
  MONTH TO DATE    4.47          3.49   0.98     0.96
  SINCE SEP 1      4.47          3.49   0.98     0.96
  SINCE JAN 1     28.83         31.43  -2.60    29.19

DEGREE DAYS
 HEATING
  YESTERDAY        0             3     -3        0
  MONTH TO DATE    0            24    -24        8
  SINCE SEP 1      0            24    -24        8
  SINCE JUL 1      0            25    -25        8

 COOLING
  YESTERDAY        5             3      2        9
  MONTH TO DATE  255           150    105      246
  SINCE SEP 1    255           150    105      246
  SINCE JAN 1   1668          1435    233     1485
......................................................


WIND (MPH)
  HIGHEST WIND SPEED    20   HIGHEST WIND DIRECTION    NW (310)
  HIGHEST GUST SPEED    25   HIGHEST GUST DIRECTION    NW (310)
  AVERAGE WIND SPEED     7.1


SKY COVER
  AVERAGE SKY COVER 0.7


WEATHER CONDITIONS
 THE FOLLOWING WEATHER WAS RECORDED YESTERDAY.
  LIGHT RAIN


RELATIVE HUMIDITY (PERCENT)
 HIGHEST    93           600 AM
 LOWEST     62          1200 PM
 AVERAGE    78

..........................................................


THE SEDALIA MO CLIMATE NORMALS FOR TODAY
                         NORMAL
 MAXIMUM TEMPERATURE (F)   75
 MINIMUM TEMPERATURE (F)   55


SUNRISE AND SUNSET
SEPTEMBER 26 2016.....SUNRISE   704 AM CDT   SUNSET   702 PM CDT
SEPTEMBER 27 2016.....SUNRISE   705 AM CDT   SUNSET   701 PM CDT


-  INDICATES NEGATIVE NUMBERS.
R  INDICATES RECORD WAS SET OR TIED.
MM INDICATES DATA IS MISSING.
T  INDICATES TRACE AMOUNT.




$$
