000
CDUS43 KEAX 180041
CLIDMO


CLIMATE REPORT
NATIONAL WEATHER SERVICE KANSAS CITY/PLEASANT HILL MO
740 PM CDT WED SEP 17 2014


...................................

...THE SEDALIA MO CLIMATE SUMMARY FOR SEPTEMBER 17 2014...
VALID TODAY AS OF 0700 PM LOCAL TIME.

CLIMATE NORMAL PERIOD 1981 TO 2010
CLIMATE RECORD PERIOD 9999 TO 9999


WEATHER ITEM   OBSERVED TIME   NORMAL DEPARTURE LAST
                VALUE   (LST)  VALUE  FROM      YEAR
                                      NORMAL
......................................................
TEMPERATURE (F)
 TODAY
  MAXIMUM         74    335 PM  79     -5       69
  MINIMUM         61   1245 AM  58      3       62
  AVERAGE         68            68      0       66

PRECIPITATION (IN)
  TODAY            0.33          0.11   0.22     0.46
  MONTH TO DATE    1.81          2.50  -0.69     2.39
  SINCE SEP 1      1.81          2.50  -0.69     2.39
  SINCE JAN 1     23.38         30.44  -7.06    32.30

DEGREE DAYS
 HEATING
  TODAY            0             1     -1        0
  MONTH TO DATE   39             7     32        4
  SINCE SEP 1     39             7     32        4
  SINCE JUL 1     39             8     31        4

 COOLING
  TODAY            3             5     -2        1
  MONTH TO DATE   98           121    -23      168
  SINCE SEP 1     98           121    -23      168
  SINCE JAN 1   1315          1406    -91     1383
......................................................


WIND (MPH)
  HIGHEST WIND SPEED    10   HIGHEST WIND DIRECTION     S (170)
  HIGHEST GUST SPEED    13   HIGHEST GUST DIRECTION     S (170)
  AVERAGE WIND SPEED     4.8


SKY COVER
  AVERAGE SKY COVER 1.0


WEATHER CONDITIONS
 THE FOLLOWING WEATHER WAS RECORDED TODAY.
  THUNDERSTORM
  HEAVY RAIN
  RAIN
  LIGHT RAIN
  FOG


RELATIVE HUMIDITY (PERCENT)
 HIGHEST    93           400 AM
 LOWEST     79           300 PM
 AVERAGE    86

..........................................................


THE SEDALIA MO CLIMATE NORMALS FOR TOMORROW
                         NORMAL
 MAXIMUM TEMPERATURE (F)   78
 MINIMUM TEMPERATURE (F)   58


SUNRISE AND SUNSET
SEPTEMBER 17 2014.....SUNRISE   656 AM CDT   SUNSET   717 PM CDT
SEPTEMBER 18 2014.....SUNRISE   657 AM CDT   SUNSET   716 PM CDT


-  INDICATES NEGATIVE NUMBERS.
R  INDICATES RECORD WAS SET OR TIED.
MM INDICATES DATA IS MISSING.
T  INDICATES TRACE AMOUNT.




$$
