000
CDUS43 KEAX 011235
CLIDMO


CLIMATE REPORT
NATIONAL WEATHER SERVICE KANSAS CITY/PLEASANT HILL MO
635 AM CST SUN MAR 1 2015


...................................

...THE SEDALIA MO CLIMATE SUMMARY FOR MARCH 1 2015...
VALID AS OF 0600 AM LOCAL TIME.

CLIMATE NORMAL PERIOD 1981 TO 2010
CLIMATE RECORD PERIOD 9999 TO 9999


WEATHER ITEM   OBSERVED TIME   NORMAL DEPARTURE LAST
                VALUE   (LST)  VALUE  FROM      YEAR
                                      NORMAL
......................................................
TEMPERATURE (F)
 TODAY
  MAXIMUM         24    559 AM  51    -27       40
  MINIMUM         24    559 AM  31     -7       16
  AVERAGE         24            41    -17       28

PRECIPITATION (IN)
  TODAY            0.01          0.07  -0.06      T
  MONTH TO DATE    0.01          0.07  -0.06      T
  SINCE MAR 1      0.01          0.07  -0.06      T
  SINCE JAN 1      2.09          3.67  -1.58     0.94

DEGREE DAYS
 HEATING
  TODAY           41            24     17       37
  MONTH TO DATE   41            24     17       37
  SINCE MAR 1     41            24     17       37
  SINCE JUL 1   3889          3641    248     4256

 COOLING
  TODAY            0             0      0        0
  MONTH TO DATE    0             0      0        0
  SINCE MAR 1      0             0      0        0
  SINCE JAN 1      0             0      0        0
......................................................


WIND (MPH)
  HIGHEST WIND SPEED     7   HIGHEST WIND DIRECTION     S (180)
  HIGHEST GUST SPEED    14   HIGHEST GUST DIRECTION     S (200)
  AVERAGE WIND SPEED     2.6


SKY COVER
  AVERAGE SKY COVER 1.0


WEATHER CONDITIONS
 THE FOLLOWING WEATHER WAS RECORDED TODAY.
  LIGHT SNOW
  FOG


RELATIVE HUMIDITY (PERCENT)
 HIGHEST    88          1200 AM
 LOWEST     81           300 AM
 AVERAGE    85

..........................................................


THE SEDALIA MO CLIMATE NORMALS FOR TOMORROW
                         NORMAL
 MAXIMUM TEMPERATURE (F)   51
 MINIMUM TEMPERATURE (F)   31


SUNRISE AND SUNSET
MARCH  1 2015.........SUNRISE   645 AM CST   SUNSET   605 PM CST
MARCH  2 2015.........SUNRISE   644 AM CST   SUNSET   606 PM CST


-  INDICATES NEGATIVE NUMBERS.
R  INDICATES RECORD WAS SET OR TIED.
MM INDICATES DATA IS MISSING.
T  INDICATES TRACE AMOUNT.




$$
