498
CDUS43 KEAX 250631
CLIDMO


CLIMATE REPORT
NATIONAL WEATHER SERVICE KANSAS CITY/PLEASANT HILL MO
1231 AM CST SAT NOV 25 2017


...................................

...THE SEDALIA MO CLIMATE SUMMARY FOR NOVEMBER 24 2017...

CLIMATE NORMAL PERIOD 1981 TO 2010
CLIMATE RECORD PERIOD 9999 TO 9999


WEATHER ITEM   OBSERVED TIME   NORMAL DEPARTURE LAST
                VALUE   (LST)  VALUE  FROM      YEAR
                                      NORMAL
......................................................
TEMPERATURE (F)
 YESTERDAY
  MAXIMUM         76    218 PM  51     25       52
  MINIMUM         47   1210 AM  34     13       38
  AVERAGE         62            43     19       45

PRECIPITATION (IN)
  YESTERDAY        0.00          0.10  -0.10     0.00
  MONTH TO DATE    0.59          2.50  -1.91     0.41
  SINCE SEP 1      6.00         10.25  -4.25     6.81
  SINCE JAN 1     35.20         38.19  -2.99    31.17

DEGREE DAYS
 HEATING
  YESTERDAY        3            22    -19       20
  MONTH TO DATE  442           409     33      279
  SINCE SEP 1    679           699    -20      394
  SINCE JUL 1    684           700    -16      394

 COOLING
  YESTERDAY        0             0      0        0
  MONTH TO DATE    0             0      0       23
  SINCE SEP 1    317           202    115      362
  SINCE JAN 1   1491          1487      4     1775
......................................................


WIND (MPH)
  HIGHEST WIND SPEED    32   HIGHEST WIND DIRECTION    SW (220)
  HIGHEST GUST SPEED    39   HIGHEST GUST DIRECTION    SW (220)
  AVERAGE WIND SPEED    15.2


SKY COVER
  AVERAGE SKY COVER 0.0


WEATHER CONDITIONS
 THE FOLLOWING WEATHER WAS RECORDED YESTERDAY.
  LIGHT RAIN


RELATIVE HUMIDITY (PERCENT)
 HIGHEST    65          1200 AM
 LOWEST     27           200 PM
 AVERAGE    46

..........................................................


THE SEDALIA MO CLIMATE NORMALS FOR TODAY
                         NORMAL
 MAXIMUM TEMPERATURE (F)   51
 MINIMUM TEMPERATURE (F)   34


SUNRISE AND SUNSET
NOVEMBER 25 2017......SUNRISE   706 AM CST   SUNSET   453 PM CST
NOVEMBER 26 2017......SUNRISE   707 AM CST   SUNSET   453 PM CST


-  INDICATES NEGATIVE NUMBERS.
R  INDICATES RECORD WAS SET OR TIED.
MM INDICATES DATA IS MISSING.
T  INDICATES TRACE AMOUNT.




$$
