000
CDUS42 KCAE 190540
CLIDNL


CLIMATE REPORT
NATIONAL WEATHER SERVICE COLUMBIA SC
1239 AM EST THU JAN 19 2017


...................................

...THE AUGUSTA DANIEL FIELD GA CLIMATE SUMMARY FOR JANUARY 18 2017...

CLIMATE NORMAL PERIOD 1981 TO 2010
CLIMATE RECORD PERIOD 9999 TO 9999


WEATHER ITEM   OBSERVED TIME   NORMAL DEPARTURE LAST
                VALUE   (LST)  VALUE  FROM      YEAR
                                      NORMAL
......................................................
TEMPERATURE (F)
 YESTERDAY
  MAXIMUM         80    316 PM  56     24       46
  MINIMUM         63   1159 PM  38     25       30
  AVERAGE         72            47     25       38

PRECIPITATION (IN)
  YESTERDAY        0.00          0.13  -0.13     0.00
  MONTH TO DATE    7.06          2.19   4.87     0.87
  SINCE DEC 1     11.27          5.81   5.46     6.35
  SINCE JAN 1      7.06          2.19   4.87     0.87

DEGREE DAYS
 HEATING
  YESTERDAY        0            18    -18       27
  MONTH TO DATE  171           339   -168      330
  SINCE DEC 1    566           844   -278      493
  SINCE JUL 1    735          1178   -443      684

 COOLING
  YESTERDAY        7             0      7        0
  MONTH TO DATE   11             0     11        0
  SINCE DEC 1     15             5     10       64
  SINCE JAN 1     11             0     11        0
......................................................


WIND (MPH)
  HIGHEST WIND SPEED    17   HIGHEST WIND DIRECTION    NW (310)
  HIGHEST GUST SPEED    25   HIGHEST GUST DIRECTION    NW (320)
  AVERAGE WIND SPEED     7.9


SKY COVER
  AVERAGE SKY COVER 0.2


WEATHER CONDITIONS
 THE FOLLOWING WEATHER WAS RECORDED YESTERDAY.
  NO SIGNIFICANT WEATHER WAS OBSERVED.


RELATIVE HUMIDITY (PERCENT)
 HIGHEST    84           600 AM
 LOWEST     42           300 PM

..........................................................


THE AUGUSTA DANIEL FIELD GA CLIMATE NORMALS FOR TODAY
                         NORMAL    RECORD    YEAR
 MAXIMUM TEMPERATURE (F)   56        MM        MM
 MINIMUM TEMPERATURE (F)   38        MM        MM


SUNRISE AND SUNSET
JANUARY 19 2017.......SUNRISE   731 AM EST   SUNSET   547 PM EST
JANUARY 20 2017.......SUNRISE   731 AM EST   SUNSET   548 PM EST


-  INDICATES NEGATIVE NUMBERS.
R  INDICATES RECORD WAS SET OR TIED.
MM INDICATES DATA IS MISSING.
T  INDICATES TRACE AMOUNT.




$$
