000
CDUS42 KCAE 190542
CLIDNL


CLIMATE REPORT
NATIONAL WEATHER SERVICE COLUMBIA SC
142 AM EDT THU OCT 19 2017


...................................

...THE AUGUSTA DANIEL FIELD GA CLIMATE SUMMARY FOR OCTOBER 18 2017...

CLIMATE NORMAL PERIOD 1981 TO 2010
CLIMATE RECORD PERIOD 9999 TO 9999


WEATHER ITEM   OBSERVED TIME   NORMAL DEPARTURE LAST
                VALUE   (LST)  VALUE  FROM      YEAR
                                      NORMAL
......................................................
TEMPERATURE (F)
 YESTERDAY
  MAXIMUM         75    354 PM  75      0       87
  MINIMUM         49    634 AM  55     -6       65
  AVERAGE         62            65     -3       76

PRECIPITATION (IN)
  YESTERDAY        0.00          0.11  -0.11     0.00
  MONTH TO DATE    0.41          2.15  -1.74     1.86
  SINCE SEP 1      4.80          5.52  -0.72     7.19
  SINCE JAN 1     35.10         38.68  -3.58    30.86

DEGREE DAYS
 HEATING
  YESTERDAY        3             2      1        0
  MONTH TO DATE    7            26    -19        0
  SINCE SEP 1      7            29    -22        0
  SINCE JUL 1      7            29    -22        0

 COOLING
  YESTERDAY        0             3     -3       11
  MONTH TO DATE  197            81    116      120
  SINCE SEP 1    609           401    208      580
  SINCE JAN 1   2910          2212    698     2950
......................................................


WIND (MPH)
  HIGHEST WIND SPEED    16   HIGHEST WIND DIRECTION     E (70)
  HIGHEST GUST SPEED    22   HIGHEST GUST DIRECTION    NE (50)
  AVERAGE WIND SPEED     7.4


SKY COVER
  AVERAGE SKY COVER 0.0


WEATHER CONDITIONS
 THE FOLLOWING WEATHER WAS RECORDED YESTERDAY.
  NO SIGNIFICANT WEATHER WAS OBSERVED.


RELATIVE HUMIDITY (PERCENT)
 HIGHEST    68           700 AM
 LOWEST     23           300 PM

..........................................................


THE AUGUSTA DANIEL FIELD GA CLIMATE NORMALS FOR TODAY
                         NORMAL    RECORD    YEAR
 MAXIMUM TEMPERATURE (F)   75        MM        MM
 MINIMUM TEMPERATURE (F)   55        MM        MM


SUNRISE AND SUNSET
OCTOBER 19 2017.......SUNRISE   736 AM EDT   SUNSET   649 PM EDT
OCTOBER 20 2017.......SUNRISE   737 AM EDT   SUNSET   648 PM EDT


-  INDICATES NEGATIVE NUMBERS.
R  INDICATES RECORD WAS SET OR TIED.
MM INDICATES DATA IS MISSING.
T  INDICATES TRACE AMOUNT.




$$
