000
CDUS42 KCAE 272127
CLIDNL


CLIMATE REPORT
NATIONAL WEATHER SERVICE COLUMBIA SC
526 PM EDT TUE JUN 27 2017


...................................

...THE AUGUSTA DANIEL FIELD GA CLIMATE SUMMARY FOR JUNE 27 2017...
VALID TODAY AS OF 0500 PM LOCAL TIME.

CLIMATE NORMAL PERIOD 1981 TO 2010
CLIMATE RECORD PERIOD 9999 TO 9999


WEATHER ITEM   OBSERVED TIME   NORMAL DEPARTURE LAST
                VALUE   (LST)  VALUE  FROM      YEAR
                                      NORMAL
......................................................
TEMPERATURE (F)
 TODAY
  MAXIMUM         90    310 PM  91     -1       95
  MINIMUM         70    617 AM  71     -1       75
  AVERAGE         80            81     -1

PRECIPITATION (IN)
  TODAY            0.00          0.13  -0.13     0.14
  MONTH TO DATE    1.27          3.88  -2.61     1.07
  SINCE JUN 1      1.27          3.88  -2.61     1.07
  SINCE JAN 1     22.06         22.56  -0.50    14.04

DEGREE DAYS
 HEATING
  TODAY            0             0      0        0
  MONTH TO DATE    0             0      0        0
  SINCE JUN 1      0             0      0        0
  SINCE JUL 1   1245          2170   -925     1463

 COOLING
  TODAY           15            16     -1       20
  MONTH TO DATE  437           386     51      512
  SINCE JUN 1    437           386     51      512
  SINCE JAN 1   1086           743    343     1034
......................................................


WIND (MPH)
  HIGHEST WIND SPEED    12   HIGHEST WIND DIRECTION     N (340)
  HIGHEST GUST SPEED    17   HIGHEST GUST DIRECTION     N (360)
  AVERAGE WIND SPEED     3.3


SKY COVER
  AVERAGE SKY COVER 0.0


WEATHER CONDITIONS
 THE FOLLOWING WEATHER WAS RECORDED TODAY.
  NO SIGNIFICANT WEATHER WAS OBSERVED.


RELATIVE HUMIDITY (PERCENT)
 HIGHEST    73           600 AM
 LOWEST     31           200 PM

..........................................................


THE AUGUSTA DANIEL FIELD GA CLIMATE NORMALS FOR TOMORROW
                         NORMAL
 MAXIMUM TEMPERATURE (F)   91
 MINIMUM TEMPERATURE (F)   71


SUNRISE AND SUNSET
JUNE 27 2017..........SUNRISE   621 AM EDT   SUNSET   842 PM EDT
JUNE 28 2017..........SUNRISE   621 AM EDT   SUNSET   842 PM EDT


-  INDICATES NEGATIVE NUMBERS.
R  INDICATES RECORD WAS SET OR TIED.
MM INDICATES DATA IS MISSING.
T  INDICATES TRACE AMOUNT.




$$
