000
CDUS42 KCAE 272126
CLIDNL


CLIMATE REPORT
NATIONAL WEATHER SERVICE COLUMBIA SC
526 PM EDT TUE SEP 27 2016


...................................

...THE AUGUSTA DANIEL FIELD GA CLIMATE SUMMARY FOR SEPTEMBER 27 2016...
VALID TODAY AS OF 0500 PM LOCAL TIME.

CLIMATE NORMAL PERIOD 1981 TO 2010
CLIMATE RECORD PERIOD 9999 TO 9999


WEATHER ITEM   OBSERVED TIME   NORMAL DEPARTURE LAST
                VALUE   (LST)  VALUE  FROM      YEAR
                                      NORMAL
......................................................
TEMPERATURE (F)
 TODAY
  MAXIMUM         89    307 PM  82      7       75
  MINIMUM         69    625 AM  63      6       68
  AVERAGE         79            72      7

PRECIPITATION (IN)
  TODAY            0.00          0.10  -0.10      T
  MONTH TO DATE    5.33          3.09   2.24     2.72
  SINCE SEP 1      5.33          3.09   2.24     2.72
  SINCE JAN 1     29.00         36.25  -7.25    27.66

DEGREE DAYS
 HEATING
  TODAY            0             0      0        0
  MONTH TO DATE    0             0      0        0
  SINCE SEP 1      0             0      0        0
  SINCE JUL 1      0             0      0        0

 COOLING
  TODAY           14             8      6        7
  MONTH TO DATE  420           298    122      336
  SINCE SEP 1    420           298    122      336
  SINCE JAN 1   2790          2109    681     2583
......................................................


WIND (MPH)
  HIGHEST WIND SPEED     9   HIGHEST WIND DIRECTION    SE (120)
  HIGHEST GUST SPEED    12   HIGHEST GUST DIRECTION    SE (140)
  AVERAGE WIND SPEED     2.8


SKY COVER
  AVERAGE SKY COVER 0.1


WEATHER CONDITIONS
 THE FOLLOWING WEATHER WAS RECORDED TODAY.
  FOG
  FOG W/VISIBILITY <= 1/4 MILE


RELATIVE HUMIDITY (PERCENT)
 HIGHEST    90           500 AM
 LOWEST     38           200 PM

..........................................................


THE AUGUSTA DANIEL FIELD GA CLIMATE NORMALS FOR TOMORROW
                         NORMAL
 MAXIMUM TEMPERATURE (F)   82
 MINIMUM TEMPERATURE (F)   62


SUNRISE AND SUNSET
SEPTEMBER 27 2016.....SUNRISE   720 AM EDT   SUNSET   717 PM EDT
SEPTEMBER 28 2016.....SUNRISE   721 AM EDT   SUNSET   716 PM EDT


-  INDICATES NEGATIVE NUMBERS.
R  INDICATES RECORD WAS SET OR TIED.
MM INDICATES DATA IS MISSING.
T  INDICATES TRACE AMOUNT.




$$
