000
CDUS42 KCAE 160532
CLIDNL


CLIMATE REPORT
NATIONAL WEATHER SERVICE COLUMBIA SC
132 AM EDT WED APR 16 2014


...................................

...THE AUGUSTA DANIEL FIELD GA CLIMATE SUMMARY FOR APRIL 15 2014...

CLIMATE NORMAL PERIOD 1981 TO 2010
CLIMATE RECORD PERIOD 9999 TO 9999


WEATHER ITEM   OBSERVED TIME   RECORD YEAR NORMAL DEPARTURE LAST
                VALUE   (LST)  VALUE       VALUE  FROM      YEAR
                                                  NORMAL
..................................................................
TEMPERATURE (F)
 YESTERDAY
  MAXIMUM         71    105 PM  MM      MM  75     -4       74
  MINIMUM         45   1159 PM  MM      MM  53     -8       61
  AVERAGE         58                        64     -6       68

PRECIPITATION (IN)
  YESTERDAY        0.24         MM      MM   0.09   0.15      T
  MONTH TO DATE    2.18                      1.88   0.30     1.34
  SINCE MAR 1      4.86                      6.19  -1.33     4.18
  SINCE JAN 1     11.15                     14.43  -3.28    13.33

DEGREE DAYS
 HEATING
  YESTERDAY        7                         3      4        0
  MONTH TO DATE   22                        64    -42       58
  SINCE MAR 1    342                       314     28      476
  SINCE JUL 1   2178                      2127     51     2049

 COOLING
  YESTERDAY        0                         2     -2        3
  MONTH TO DATE   58                        26     32       32
  SINCE MAR 1     63                        48     15       37
  SINCE JAN 1     71                        52     19       57
..................................................................


WIND (MPH)
  HIGHEST WIND SPEED    21   HIGHEST WIND DIRECTION    NW (300)
  HIGHEST GUST SPEED    34   HIGHEST GUST DIRECTION    NW (310)
  AVERAGE WIND SPEED    10.3


SKY COVER
  AVERAGE SKY COVER 0.6


WEATHER CONDITIONS
 THE FOLLOWING WEATHER WAS RECORDED YESTERDAY.
  THUNDERSTORM
  HEAVY RAIN
  RAIN
  LIGHT RAIN
  FOG


RELATIVE HUMIDITY (PERCENT)
 HIGHEST    93           400 AM
 LOWEST     54           800 PM

..........................................................


THE AUGUSTA DANIEL FIELD GA CLIMATE NORMALS FOR TODAY
                         NORMAL    RECORD    YEAR
 MAXIMUM TEMPERATURE (F)   75        MM        MM
 MINIMUM TEMPERATURE (F)   53        MM        MM


SUNRISE AND SUNSET
APRIL 16 2014.........SUNRISE   657 AM EDT   SUNSET   800 PM EDT
APRIL 17 2014.........SUNRISE   655 AM EDT   SUNSET   800 PM EDT


-  INDICATES NEGATIVE NUMBERS.
R  INDICATES RECORD WAS SET OR TIED.
MM INDICATES DATA IS MISSING.
T  INDICATES TRACE AMOUNT.




$$
