000
CDUS42 KCAE 040707
CLIDNL


CLIMATE REPORT
NATIONAL WEATHER SERVICE COLUMBIA SC
207 AM EST WED MAR 4 2015


...................................

...THE AUGUSTA DANIEL FIELD GA CLIMATE SUMMARY FOR MARCH 3 2015...

CLIMATE NORMAL PERIOD 1981 TO 2010
CLIMATE RECORD PERIOD 9999 TO 9999


WEATHER ITEM   OBSERVED TIME   NORMAL DEPARTURE LAST
                VALUE   (LST)  VALUE  FROM      YEAR
                                      NORMAL
......................................................
TEMPERATURE (F)
 YESTERDAY
  MAXIMUM         64   1215 AM  65     -1       68
  MINIMUM         52   1159 PM  44      8       37
  AVERAGE         58            54      4       53

PRECIPITATION (IN)
  YESTERDAY        0.02          0.13  -0.11      T
  MONTH TO DATE    0.25          0.40  -0.15      T
  SINCE MAR 1      0.25          0.40  -0.15      T
  SINCE JAN 1      5.18          8.64  -3.46     6.29

DEGREE DAYS
 HEATING
  YESTERDAY        7            11     -4       12
  MONTH TO DATE   36            33      3       28
  SINCE MAR 1     36            33      3       28
  SINCE JUL 1   1891          1846     45     1864

 COOLING
  YESTERDAY        0             1     -1        0
  MONTH TO DATE    0             1     -1        0
  SINCE MAR 1      0             1     -1        0
  SINCE JAN 1      0             5     -5        8
......................................................


WIND (MPH)
  HIGHEST WIND SPEED    10   HIGHEST WIND DIRECTION     E (110)
  HIGHEST GUST SPEED    13   HIGHEST GUST DIRECTION     E (100)
  AVERAGE WIND SPEED     5.7


SKY COVER
  AVERAGE SKY COVER 1.0


WEATHER CONDITIONS
 THE FOLLOWING WEATHER WAS RECORDED YESTERDAY.
  LIGHT RAIN
  FOG
  FOG W/VISIBILITY <= 1/4 MILE


RELATIVE HUMIDITY (PERCENT)
 HIGHEST   100          1000 PM
 LOWEST     72           100 AM

..........................................................


THE AUGUSTA DANIEL FIELD GA CLIMATE NORMALS FOR TODAY
                         NORMAL    RECORD    YEAR
 MAXIMUM TEMPERATURE (F)   65        MM        MM
 MINIMUM TEMPERATURE (F)   44        MM        MM


SUNRISE AND SUNSET
MARCH  4 2015.........SUNRISE   653 AM EST   SUNSET   627 PM EST
MARCH  5 2015.........SUNRISE   652 AM EST   SUNSET   628 PM EST


-  INDICATES NEGATIVE NUMBERS.
R  INDICATES RECORD WAS SET OR TIED.
MM INDICATES DATA IS MISSING.
T  INDICATES TRACE AMOUNT.




$$
