000
CDUS45 KGJT 300800
CLIDRO


CLIMATE REPORT
NATIONAL WEATHER SERVICE GRAND JUNCTION CO
130 AM MDT TUE JUN 30 2015


...................................

...THE DURANGO AIRPORT CO CLIMATE SUMMARY FOR JUNE 29 2015...

CLIMATE NORMAL PERIOD 1981 TO 2010
CLIMATE RECORD PERIOD 9999 TO 9999


WEATHER ITEM   OBSERVED TIME   RECORD YEAR NORMAL DEPARTURE LAST
                VALUE   (LST)  VALUE       VALUE  FROM      YEAR
                                                  NORMAL
..................................................................
TEMPERATURE (F)
 YESTERDAY
  MAXIMUM         89   1227 PM  MM      MM  85      4       92
  MINIMUM         52    506 AM  MM      MM  47      5       47
  AVERAGE         71                        66      5       70

PRECIPITATION (IN)
  YESTERDAY        0.18         MM      MM   0.03   0.15     0.00
  MONTH TO DATE    1.66                      0.60   1.06      T
  SINCE JUN 1      1.66                      0.60   1.06      T
  SINCE JAN 1      9.16                      6.03   3.13     2.40

SNOWFALL (IN)
  YESTERDAY       MM            MM      MM  MM     MM       MM
  MONTH TO DATE   MM                        MM     MM       MM
  SINCE JUN 1     MM                        MM     MM       MM
  SINCE JUL 1     MM                        MM     MM       MM
  SNOW DEPTH      MM

DEGREE DAYS
 HEATING
  YESTERDAY        0                         1     -1        0
  MONTH TO DATE   81                       114    -33       88
  SINCE JUN 1     81                       114    -33       88
  SINCE JUL 1   6262                      7122   -860     6841

 COOLING
  YESTERDAY        6                         2      4        5
  MONTH TO DATE   62                        26     36        9
  SINCE JUN 1     62                        26     36        9
  SINCE JAN 1     62                        27     35       14
..................................................................


WIND (MPH)
  HIGHEST WIND SPEED    36   HIGHEST WIND DIRECTION    NE (60)
  HIGHEST GUST SPEED    49   HIGHEST GUST DIRECTION    NE (60)
  AVERAGE WIND SPEED     5.4


SKY COVER
  POSSIBLE SUNSHINE  MM
  AVERAGE SKY COVER 0.0


WEATHER CONDITIONS
 THE FOLLOWING WEATHER WAS RECORDED YESTERDAY.
  THUNDERSTORM
  LIGHT RAIN


RELATIVE HUMIDITY (PERCENT)
 HIGHEST    84          1000 PM
 LOWEST     21           100 PM
 AVERAGE    53

..........................................................


THE DURANGO AIRPORT CO CLIMATE NORMALS FOR TODAY
                         NORMAL    RECORD    YEAR
 MAXIMUM TEMPERATURE (F)   85        MM        MM
 MINIMUM TEMPERATURE (F)   47        MM        MM


SUNRISE AND SUNSET
JUNE 30 2015..........SUNRISE   554 AM MDT   SUNSET   835 PM MDT
JULY  1 2015..........SUNRISE   555 AM MDT   SUNSET   835 PM MDT


-  INDICATES NEGATIVE NUMBERS.
R  INDICATES RECORD WAS SET OR TIED.
MM INDICATES DATA IS MISSING.
T  INDICATES TRACE AMOUNT.




$$
