435
CDUS44 KEWX 180005
CLIDRT


CLIMATE REPORT
NATIONAL WEATHER SERVICE AUSTIN/SAN ANTONIO, TX
603 PM CST WED JAN 17 2018


...................................

...THE DEL RIO CLIMATE SUMMARY FOR JANUARY 17 2018...
VALID TODAY AS OF 0600 PM LOCAL TIME.

CLIMATE NORMAL PERIOD 1981 TO 2010
CLIMATE RECORD PERIOD 1906 TO 2018


WEATHER ITEM   OBSERVED TIME   RECORD YEAR NORMAL DEPARTURE LAST
                VALUE   (LST)  VALUE       VALUE  FROM      YEAR
                                                  NORMAL
..................................................................
TEMPERATURE (F)
 TODAY
  MAXIMUM         38    500 PM  83    1971  64    -26       60
  MINIMUM         33        MM  16    1930  41     -8       48
  AVERAGE         36                        52    -16       54

PRECIPITATION (IN)
  TODAY            0.00          1.06 1947   0.02  -0.02     0.17
  MONTH TO DATE    T                         0.37  -0.37     0.18
  SINCE DEC 1      1.74                      1.02   0.72     2.66
  SINCE JAN 1      T                         0.37  -0.37     0.18

SNOWFALL (IN)
  TODAY            0.0
  MONTH TO DATE    T
  SINCE DEC 1      T
  SINCE JUL 1      T
  SNOW DEPTH      MM

DEGREE DAYS
 HEATING
  TODAY           29                        13     16       11
  MONTH TO DATE  304                       230     74      161
  SINCE DEC 1    713                       624     89      494
  SINCE JUL 1    864                       821     43      563

 COOLING
  TODAY            0                         0      0        0
  MONTH TO DATE    0                         0      0       11
  SINCE DEC 1     10                         3      7       23
  SINCE JAN 1      0                         0      0       11
..................................................................


WIND (MPH)
  HIGHEST WIND SPEED    10   HIGHEST WIND DIRECTION    SE (120)
  HIGHEST GUST SPEED    MM   HIGHEST GUST DIRECTION    MM
  AVERAGE WIND SPEED     6.0



WEATHER CONDITIONS
 THE FOLLOWING WEATHER WAS RECORDED TODAY.
  NO SIGNIFICANT WEATHER WAS OBSERVED.


RELATIVE HUMIDITY (PERCENT)
 HIGHEST    32           500 PM
 LOWEST     24          1200 AM
 AVERAGE    28

..........................................................


THE DEL RIO CLIMATE NORMALS FOR TOMORROW
                         NORMAL    RECORD    YEAR
 MAXIMUM TEMPERATURE (F)   64        85      1938
                                             1906
 MINIMUM TEMPERATURE (F)   41        15      1930


SUNRISE AND SUNSET
JANUARY 17 2018.......SUNRISE   739 AM CST   SUNSET   609 PM CST
JANUARY 18 2018.......SUNRISE   738 AM CST   SUNSET   610 PM CST


-  INDICATES NEGATIVE NUMBERS.
R  INDICATES RECORD WAS SET OR TIED.
MM INDICATES DATA IS MISSING.
T  INDICATES TRACE AMOUNT.




$$
