000
CDUS44 KEWX 280746
CLIDRT


CLIMATE REPORT
NATIONAL WEATHER SERVICE AUSTIN/SAN ANTONIO, TX
244 AM CDT TUE MAR 28 2017


...................................

...THE DEL RIO CLIMATE SUMMARY FOR MARCH 27 2017...

CLIMATE NORMAL PERIOD 1981 TO 2010
CLIMATE RECORD PERIOD 1906 TO 2017


WEATHER ITEM   OBSERVED TIME   RECORD YEAR NORMAL DEPARTURE LAST
                VALUE   (LST)  VALUE       VALUE  FROM      YEAR
                                                  NORMAL
..................................................................
TEMPERATURE (F)
 YESTERDAY
  MAXIMUM         89    401 PM  97    1956  79     10       76
  MINIMUM         64    723 AM  31    1913  55      9       54
  AVERAGE         77                        67     10       65

PRECIPITATION (IN)
  YESTERDAY        0.00          1.64 1999   0.03  -0.03     0.00
  MONTH TO DATE    0.16                      1.02  -0.86     2.08
  SINCE MAR 1      0.16                      1.02  -0.86     2.08
  SINCE JAN 1      1.13                      2.62  -1.49     2.83

SNOWFALL (IN)
  YESTERDAY        0.0
  MONTH TO DATE    0.0
  SINCE MAR 1      0.0
  SINCE JUL 1      0.0

DEGREE DAYS
 HEATING
  YESTERDAY        0                         2     -2        0
  MONTH TO DATE   37                       105    -68       49
  SINCE MAR 1     37                       105    -68       49
  SINCE JUL 1    830                      1341   -511     1029

 COOLING
  YESTERDAY       12                         4      8        0
  MONTH TO DATE  134                        70     64       70
  SINCE MAR 1    134                        70     64       70
  SINCE JAN 1    197                        89    108      105
..................................................................


WIND (MPH)
  HIGHEST WIND SPEED    15   HIGHEST WIND DIRECTION     E (110)
  HIGHEST GUST SPEED    20   HIGHEST GUST DIRECTION    SE (120)
  AVERAGE WIND SPEED     6.6


SKY COVER
  AVERAGE SKY COVER 0.3


WEATHER CONDITIONS
 THE FOLLOWING WEATHER WAS RECORDED YESTERDAY.
  FOG
  HAZE


RELATIVE HUMIDITY (PERCENT)
 HIGHEST    93           600 AM
 LOWEST     28           400 PM
 AVERAGE    61

..........................................................


THE DEL RIO CLIMATE NORMALS FOR TODAY
                         NORMAL    RECORD    YEAR
 MAXIMUM TEMPERATURE (F)   79       103      1928
 MINIMUM TEMPERATURE (F)   55        27      1955


SUNRISE AND SUNSET
MARCH 28 2017.........SUNRISE   738 AM CDT   SUNSET   800 PM CDT
MARCH 29 2017.........SUNRISE   737 AM CDT   SUNSET   801 PM CDT


-  INDICATES NEGATIVE NUMBERS.
R  INDICATES RECORD WAS SET OR TIED.
MM INDICATES DATA IS MISSING.
T  INDICATES TRACE AMOUNT.




$$
