000
CDUS44 KEWX 182221
CLIDRT


CLIMATE REPORT
NATIONAL WEATHER SERVICE AUSTIN/SAN ANTONIO, TX
521 PM CDT FRI APR 18 2014


...................................

...THE DEL RIO CLIMATE SUMMARY FOR APRIL 18 2014...
VALID TODAY AS OF 520 PM LOCAL TIME.

CLIMATE NORMAL PERIOD 1981 TO 2010
CLIMATE RECORD PERIOD 1906 TO 2014


WEATHER ITEM   OBSERVED TIME   RECORD YEAR NORMAL DEPARTURE LAST
                VALUE   (LST)  VALUE       VALUE  FROM      YEAR
                                                  NORMAL
..................................................................
TEMPERATURE (F)
 TODAY
  MAXIMUM         80    359 PM 104    2006  84     -4       77
  MINIMUM         63    806 AM  42    1921  60      3       59
  AVERAGE         72                        72      0       68

PRECIPITATION (IN)
  TODAY            0.01          2.01 1968   0.06  -0.05     0.03
  MONTH TO DATE    0.01                      0.88  -0.87     0.36
  SINCE MAR 1      0.33                      2.02  -1.69     0.42
  SINCE JAN 1      0.55                      3.62  -3.07     1.75

SNOWFALL (IN)
  TODAY            0.0
  MONTH TO DATE    0.0
  SINCE MAR 1      0.0
  SINCE JUL 1      0.0
  SNOW DEPTH       0

DEGREE DAYS
 HEATING
  TODAY            0                         1     -1        0
  MONTH TO DATE   14                        22     -8       12
  SINCE MAR 1    148                       136     12      104
  SINCE JUL 1   1555                      1372    183      997

 COOLING
  TODAY            7                         8     -1        3
  MONTH TO DATE  134                       113     21      154
  SINCE MAR 1    218                       200     18      302
  SINCE JAN 1    263                       219     44      341
..................................................................


WIND (MPH)
  HIGHEST WIND SPEED    16   HIGHEST WIND DIRECTION    SE (150)
  HIGHEST GUST SPEED    22   HIGHEST GUST DIRECTION    SE (140)
  AVERAGE WIND SPEED     9.6



WEATHER CONDITIONS
 THE FOLLOWING WEATHER WAS RECORDED TODAY.
  LIGHT RAIN
  FOG


RELATIVE HUMIDITY (PERCENT)
 HIGHEST   100           800 AM
 LOWEST     39           400 PM
 AVERAGE    70

..........................................................


THE DEL RIO CLIMATE NORMALS FOR TOMORROW
                         NORMAL    RECORD    YEAR
 MAXIMUM TEMPERATURE (F)   84       102      1995
 MINIMUM TEMPERATURE (F)   61        46      2013
                                             1953
                                             1940


SUNRISE AND SUNSET
APRIL 18 2014.........SUNRISE   714 AM CDT   SUNSET   812 PM CDT
APRIL 19 2014.........SUNRISE   713 AM CDT   SUNSET   813 PM CDT


-  INDICATES NEGATIVE NUMBERS.
R  INDICATES RECORD WAS SET OR TIED.
MM INDICATES DATA IS MISSING.
T  INDICATES TRACE AMOUNT.




$$
