000
CDUS44 KEWX 060715
CLIDRT


CLIMATE REPORT
NATIONAL WEATHER SERVICE AUSTIN/SAN ANTONIO, TX
215 AM CDT MON JUL 6 2015


...................................

...THE DEL RIO CLIMATE SUMMARY FOR JULY 5 2015...

CLIMATE NORMAL PERIOD 1981 TO 2010
CLIMATE RECORD PERIOD 1906 TO 2015


WEATHER ITEM   OBSERVED TIME   RECORD YEAR NORMAL DEPARTURE LAST
                VALUE   (LST)  VALUE       VALUE  FROM      YEAR
                                                  NORMAL
..................................................................
TEMPERATURE (F)
 YESTERDAY
  MAXIMUM         92    526 PM 103    2009  96     -4       95
  MINIMUM         74    624 AM  68    1985  75     -1       75
                                      1976
                                      1916
  AVERAGE         83                        86     -3       85

PRECIPITATION (IN)
  YESTERDAY        0.00          0.64 2010   0.06  -0.06     0.00
  MONTH TO DATE    T                         0.29  -0.29     0.00
  SINCE JUN 1      3.48                      2.64   0.84     4.69
  SINCE JAN 1     18.56                      9.84   8.72     6.04

SNOWFALL (IN)
  YESTERDAY        0.0
  MONTH TO DATE    0.0
  SINCE JUN 1      0.0
  SINCE JUL 1      0.0

DEGREE DAYS
 HEATING
  YESTERDAY        0                         0      0        0
  MONTH TO DATE    0                         0      0        0
  SINCE JUN 1      0                         0      0        0
  SINCE JUL 1      0                         0      0        0

 COOLING
  YESTERDAY       18                        20     -2       20
  MONTH TO DATE   87                       100    -13      104
  SINCE JUN 1    588                       671    -83      732
  SINCE JAN 1   1268                      1430   -162     1582
..................................................................


WIND (MPH)
  HIGHEST WIND SPEED    22   HIGHEST WIND DIRECTION    SE (130)
  HIGHEST GUST SPEED    29   HIGHEST GUST DIRECTION    SE (130)
  AVERAGE WIND SPEED    12.9


SKY COVER
  AVERAGE SKY COVER 0.1


WEATHER CONDITIONS
 THE FOLLOWING WEATHER WAS RECORDED YESTERDAY.
  NO SIGNIFICANT WEATHER WAS OBSERVED.


RELATIVE HUMIDITY (PERCENT)
 HIGHEST    84           600 AM
 LOWEST     44           600 PM
 AVERAGE    64

..........................................................


THE DEL RIO CLIMATE NORMALS FOR TODAY
                         NORMAL    RECORD    YEAR
 MAXIMUM TEMPERATURE (F)   96       106      1998
 MINIMUM TEMPERATURE (F)   75        65      1906


SUNRISE AND SUNSET
JULY  6 2015..........SUNRISE   650 AM CDT   SUNSET   847 PM CDT
JULY  7 2015..........SUNRISE   650 AM CDT   SUNSET   847 PM CDT


-  INDICATES NEGATIVE NUMBERS.
R  INDICATES RECORD WAS SET OR TIED.
MM INDICATES DATA IS MISSING.
T  INDICATES TRACE AMOUNT.




$$
