000
CDUS44 KDRT 242301
CLIDRT


CLIMATE REPORT
NATIONAL WEATHER SERVICE AUSTIN/SAN ANTONIO, TX
600 PM CDT SUN JUL 24 2016


...................................

...THE DEL RIO CLIMATE SUMMARY FOR JULY 24 2016...
VALID TODAY AS OF 600 PM LOCAL TIME.

CLIMATE NORMAL PERIOD 1981 TO 2010
CLIMATE RECORD PERIOD 1906 TO 2016


WEATHER ITEM   OBSERVED TIME   RECORD YEAR NORMAL DEPARTURE LAST
                VALUE   (LST)  VALUE       VALUE  FROM      YEAR
                                                  NORMAL
..................................................................
TEMPERATURE (F)
 TODAY
  MAXIMUM        104R   426 PM 104    2000  97      7       98
                                      1998
                                      1995
  MINIMUM         80    642 AM  68    1915  75      5       77
  AVERAGE         92                        86      6       88

PRECIPITATION (IN)
  TODAY            0.00          1.08 1919   0.06  -0.06     0.00
  MONTH TO DATE    0.00                      1.40  -1.40     0.04
  SINCE JUN 1      2.93                      3.75  -0.82     3.52
  SINCE JAN 1     11.54                     10.95   0.59    18.60

SNOWFALL (IN)
  TODAY            0.0
  MONTH TO DATE    0.0
  SINCE JUN 1      0.0
  SINCE JUL 1      0.0
  SNOW DEPTH       0

DEGREE DAYS
 HEATING
  TODAY            0                         0      0        0
  MONTH TO DATE    0                         0      0        0
  SINCE JUN 1      0                         0      0        0
  SINCE JUL 1      0                         0      0        0

 COOLING
  TODAY           27                        21      6       23
  MONTH TO DATE  623                       498    125      494
  SINCE JUN 1   1202                      1069    133      995
  SINCE JAN 1   1928                      1828    100     1675
..................................................................


WIND (MPH)
  HIGHEST WIND SPEED    17   HIGHEST WIND DIRECTION    SE (120)
  HIGHEST GUST SPEED    24   HIGHEST GUST DIRECTION     E (110)
  AVERAGE WIND SPEED    10.2



WEATHER CONDITIONS
 THE FOLLOWING WEATHER WAS RECORDED TODAY.
  NO SIGNIFICANT WEATHER WAS OBSERVED.


RELATIVE HUMIDITY (PERCENT)
 HIGHEST    74           600 AM
 LOWEST     25           400 PM
 AVERAGE    50

..........................................................


THE DEL RIO CLIMATE NORMALS FOR TOMORROW
                         NORMAL    RECORD    YEAR
 MAXIMUM TEMPERATURE (F)   97       107      1944
 MINIMUM TEMPERATURE (F)   75        67      1984
                                             1915
                                             1911


SUNRISE AND SUNSET
JULY 24 2016..........SUNRISE   700 AM CDT   SUNSET   841 PM CDT
JULY 25 2016..........SUNRISE   700 AM CDT   SUNSET   840 PM CDT


-  INDICATES NEGATIVE NUMBERS.
R  INDICATES RECORD WAS SET OR TIED.
MM INDICATES DATA IS MISSING.
T  INDICATES TRACE AMOUNT.




$$
