000
CDUS43 KDTX 100535
CLIDTW


CLIMATE REPORT
NATIONAL WEATHER SERVICE DETROIT/PONTIAC MI
135 AM EDT THU JUL 10 2014


...................................

...THE DETROIT MI CLIMATE SUMMARY FOR JULY 9 2014...

CLIMATE NORMAL PERIOD 1981 TO 2010
CLIMATE RECORD PERIOD 1874 TO 2014


WEATHER ITEM   OBSERVED TIME   RECORD YEAR NORMAL DEPARTURE LAST
                VALUE   (LST)  VALUE       VALUE  FROM      YEAR
                                                  NORMAL
..................................................................
TEMPERATURE (F)
 YESTERDAY
  MAXIMUM         78    457 PM 102    1936  84     -6       89
  MINIMUM         61    532 AM  50    1883  64     -3       71
  AVERAGE         70                        74     -4       80

PRECIPITATION (IN)
  YESTERDAY        0.00          2.51 1937   0.10  -0.10     0.34
  MONTH TO DATE    1.07                      0.92   0.15     2.50
  SINCE JUN 1      5.07                      4.44   0.63     8.51
  SINCE JAN 1     19.74                     16.98   2.76    23.36

SNOWFALL (IN)
  YESTERDAY        0.0           0.0    MM   0.0    0.0      0.0
  MONTH TO DATE    0.0                       0.0    0.0      0.0
  SINCE JUN 1      0.0                       0.0    0.0      0.0
  SINCE JUL 1      0.0                       0.0    0.0      0.0
  SNOW DEPTH       0

DEGREE DAYS
 HEATING
  YESTERDAY        0                         0      0        0
  MONTH TO DATE    0                         0      0        0
  SINCE JUN 1     12                        35    -23       23
  SINCE JUL 1      0                         0      0        0

 COOLING
  YESTERDAY        5                         9     -4       15
  MONTH TO DATE   55                        78    -23       84
  SINCE JUN 1    240                       245     -5      254
  SINCE JAN 1    304                       293     11      357
..................................................................


WIND (MPH)
  HIGHEST WIND SPEED    16   HIGHEST WIND DIRECTION    NW (300)
  HIGHEST GUST SPEED    26   HIGHEST GUST DIRECTION    SW (220)
  AVERAGE WIND SPEED     5.8


SKY COVER
  POSSIBLE SUNSHINE  MM
  AVERAGE SKY COVER 0.7


WEATHER CONDITIONS
 THE FOLLOWING WEATHER WAS RECORDED YESTERDAY.
  NO SIGNIFICANT WEATHER WAS OBSERVED.


RELATIVE HUMIDITY (PERCENT)
 HIGHEST    97           500 AM
 LOWEST     50           200 PM
 AVERAGE    74

..........................................................


THE DETROIT MI CLIMATE NORMALS FOR TODAY
                         NORMAL    RECORD    YEAR
 MAXIMUM TEMPERATURE (F)   84       102      1936
 MINIMUM TEMPERATURE (F)   64        51      1895


SUNRISE AND SUNSET
JULY 10 2014..........SUNRISE   606 AM EDT   SUNSET   911 PM EDT
JULY 11 2014..........SUNRISE   607 AM EDT   SUNSET   910 PM EDT


-  INDICATES NEGATIVE NUMBERS.
R  INDICATES RECORD WAS SET OR TIED.
MM INDICATES DATA IS MISSING.
T  INDICATES TRACE AMOUNT.




$$
