000
CDUS43 KDTX 240542
CLIDTW


CLIMATE REPORT
NATIONAL WEATHER SERVICE DETROIT/PONTIAC MI
1242 AM EST MON NOV 24 2014


...................................

...THE DETROIT MI CLIMATE SUMMARY FOR NOVEMBER 23 2014...

CLIMATE NORMAL PERIOD 1981 TO 2010
CLIMATE RECORD PERIOD 1874 TO 2014


WEATHER ITEM   OBSERVED TIME   RECORD YEAR NORMAL DEPARTURE LAST
                VALUE   (LST)  VALUE       VALUE  FROM      YEAR
                                                  NORMAL
..................................................................
TEMPERATURE (F)
 YESTERDAY
  MAXIMUM         53    618 PM  69    1931  45      8       31
  MINIMUM         44   1006 AM   8    1880  32     12       17
  AVERAGE         49                        38     11       24

PRECIPITATION (IN)
  YESTERDAY        0.76          1.24 1891   0.10   0.66      T
  MONTH TO DATE    1.23                      2.15  -0.92     1.80
  SINCE SEP 1      8.30                      7.94   0.36     6.48
  SINCE JAN 1     35.72                     30.37   5.35    37.46

SNOWFALL (IN)
  YESTERDAY        0.0           2.3  2005   0.1   -0.1      0.1
  MONTH TO DATE    3.7                       0.8    2.9      0.6
  SINCE SEP 1      3.7                       0.9    2.8      0.6
  SINCE JUL 1      3.7                       0.9    2.8      0.6
  SNOW DEPTH       0

DEGREE DAYS
 HEATING
  YESTERDAY       16                        26    -10       41
  MONTH TO DATE  668                       507    161      551
  SINCE SEP 1   1167                      1008    159     1024
  SINCE JUL 1   1180                      1018    162     1036

 COOLING
  YESTERDAY        0                         0      0        0
  MONTH TO DATE    0                         0      0        0
  SINCE SEP 1     72                        92    -20       98
  SINCE JAN 1    704                       803    -99      891
..................................................................


WIND (MPH)
  HIGHEST WIND SPEED    23   HIGHEST WIND DIRECTION    SE (120)
  HIGHEST GUST SPEED    30   HIGHEST GUST DIRECTION    SE (130)
  AVERAGE WIND SPEED     9.8


SKY COVER
  POSSIBLE SUNSHINE  MM
  AVERAGE SKY COVER 1.0


WEATHER CONDITIONS
 THE FOLLOWING WEATHER WAS RECORDED YESTERDAY.
  HEAVY RAIN
  RAIN
  LIGHT RAIN
  FOG


RELATIVE HUMIDITY (PERCENT)
 HIGHEST    93          1200 PM
 LOWEST     71           400 AM
 AVERAGE    82

..........................................................


THE DETROIT MI CLIMATE NORMALS FOR TODAY
                         NORMAL    RECORD    YEAR
 MAXIMUM TEMPERATURE (F)   45        62      2001
                                             1973
 MINIMUM TEMPERATURE (F)   32         7      1950


SUNRISE AND SUNSET
NOVEMBER 24 2014......SUNRISE   735 AM EST   SUNSET   505 PM EST
NOVEMBER 25 2014......SUNRISE   736 AM EST   SUNSET   505 PM EST


-  INDICATES NEGATIVE NUMBERS.
R  INDICATES RECORD WAS SET OR TIED.
MM INDICATES DATA IS MISSING.
T  INDICATES TRACE AMOUNT.




$$
