000
CDUS43 KDTX 290537
CLIDTW


CLIMATE REPORT
NATIONAL WEATHER SERVICE DETROIT/PONTIAC MI
137 AM EDT FRI MAY 29 2015


...................................

...THE DETROIT MI CLIMATE SUMMARY FOR MAY 28 2015...

CLIMATE NORMAL PERIOD 1981 TO 2010
CLIMATE RECORD PERIOD 1874 TO 2015


WEATHER ITEM   OBSERVED TIME   RECORD YEAR NORMAL DEPARTURE LAST
                VALUE   (LST)  VALUE       VALUE  FROM      YEAR
                                                  NORMAL
..................................................................
TEMPERATURE (F)
 YESTERDAY
  MAXIMUM         77    548 PM  95    2012  74      3       69
  MINIMUM         58    425 AM  35    1907  53      5       59
                                      1894
                                      1889
  AVERAGE         68                        64      4       64

PRECIPITATION (IN)
  YESTERDAY        0.00          2.02 1935   0.11  -0.11     0.07
  MONTH TO DATE    3.19                      3.04   0.15     4.87
  SINCE MAR 1      6.60                      8.22  -1.62     8.93
  SINCE JAN 1      9.40                     12.20  -2.80    14.67

SNOWFALL (IN)
  YESTERDAY        0.0           0.0    MM   0.0    0.0      0.0
  MONTH TO DATE    0.0                       0.0    0.0      0.0
  SINCE MAR 1      2.8                       8.6   -5.8     15.7
  SINCE JUL 1     47.5                      42.5    5.0     94.9
  SNOW DEPTH       0

DEGREE DAYS
 HEATING
  YESTERDAY        0                         4     -4        1
  MONTH TO DATE   96                       198   -102      169
  SINCE MAR 1   1474                      1539    -65     1761
  SINCE JUL 1   6585                      6092    493     7011

 COOLING
  YESTERDAY        3                         2      1        0
  MONTH TO DATE   92                        32     60       58
  SINCE MAR 1     92                        38     54       58
  SINCE JAN 1     92                        38     54       58
..................................................................


WIND (MPH)
  HIGHEST WIND SPEED    14   HIGHEST WIND DIRECTION    SE (150)
  HIGHEST GUST SPEED    35   HIGHEST GUST DIRECTION     N (340)
  AVERAGE WIND SPEED     4.5


SKY COVER
  POSSIBLE SUNSHINE  MM
  AVERAGE SKY COVER 0.3


WEATHER CONDITIONS
 THE FOLLOWING WEATHER WAS RECORDED YESTERDAY.
  FOG
  HAZE


RELATIVE HUMIDITY (PERCENT)
 HIGHEST    87           400 AM
 LOWEST     38           500 PM
 AVERAGE    63

..........................................................


THE DETROIT MI CLIMATE NORMALS FOR TODAY
                         NORMAL    RECORD    YEAR
 MAXIMUM TEMPERATURE (F)   74        92      2006
                                             1987
                                             1929
 MINIMUM TEMPERATURE (F)   54        32      1966


SUNRISE AND SUNSET
MAY 29 2015...........SUNRISE   601 AM EDT   SUNSET   901 PM EDT
MAY 30 2015...........SUNRISE   601 AM EDT   SUNSET   901 PM EDT


-  INDICATES NEGATIVE NUMBERS.
R  INDICATES RECORD WAS SET OR TIED.
MM INDICATES DATA IS MISSING.
T  INDICATES TRACE AMOUNT.




$$
