000
CDUS43 KDTX 290543
CLIDTW


CLIMATE REPORT
NATIONAL WEATHER SERVICE DETROIT/PONTIAC MI
142 AM EDT FRI AUG 29 2014


...................................

...THE DETROIT MI CLIMATE SUMMARY FOR AUGUST 28 2014...

CLIMATE NORMAL PERIOD 1981 TO 2010
CLIMATE RECORD PERIOD 1874 TO 2014


WEATHER ITEM   OBSERVED TIME   RECORD YEAR NORMAL DEPARTURE LAST
                VALUE   (LST)  VALUE       VALUE  FROM      YEAR
                                                  NORMAL
..................................................................
TEMPERATURE (F)
 YESTERDAY
  MAXIMUM         76    351 PM  97    1948  80     -4       84
  MINIMUM         60    632 AM  43    1986  61     -1       72
  AVERAGE         68                        70     -2       78

PRECIPITATION (IN)
  YESTERDAY        0.00          2.38 1932   0.10  -0.10     0.36
  MONTH TO DATE    6.28                      2.71   3.57     3.89
  SINCE JUN 1     12.71                      9.60   3.11    14.04
  SINCE JAN 1     27.38                     22.14   5.24    28.89

SNOWFALL (IN)
  YESTERDAY        0.0           0.0    MM   0.0    0.0      0.0
  MONTH TO DATE    0.0                       0.0    0.0      0.0
  SINCE JUN 1      0.0                       0.0    0.0      0.0
  SINCE JUL 1      0.0                       0.0    0.0      0.0
  SNOW DEPTH       0

DEGREE DAYS
 HEATING
  YESTERDAY        0                         0      0        0
  MONTH TO DATE    5                         0      5        8
  SINCE JUN 1     25                        37    -12       35
  SINCE JUL 1     13                         2     11       12

 COOLING
  YESTERDAY        3                         6     -3       13
  MONTH TO DATE  190                       207    -17      190
  SINCE JUN 1    542                       645   -103      653
  SINCE JAN 1    606                       693    -87      756
..................................................................


WIND (MPH)
  HIGHEST WIND SPEED    10   HIGHEST WIND DIRECTION     N (340)
  HIGHEST GUST SPEED    14   HIGHEST GUST DIRECTION    NW (320)
  AVERAGE WIND SPEED     4.5


SKY COVER
  POSSIBLE SUNSHINE  MM
  AVERAGE SKY COVER 0.6


WEATHER CONDITIONS
 THE FOLLOWING WEATHER WAS RECORDED YESTERDAY.
  NO SIGNIFICANT WEATHER WAS OBSERVED.


RELATIVE HUMIDITY (PERCENT)
 HIGHEST    84           500 AM
 LOWEST     38           400 PM
 AVERAGE    61

..........................................................


THE DETROIT MI CLIMATE NORMALS FOR TODAY
                         NORMAL    RECORD    YEAR
 MAXIMUM TEMPERATURE (F)   80        96      1953
 MINIMUM TEMPERATURE (F)   61        38      1982


SUNRISE AND SUNSET
AUGUST 29 2014........SUNRISE   655 AM EDT   SUNSET   812 PM EDT
AUGUST 30 2014........SUNRISE   657 AM EDT   SUNSET   811 PM EDT


-  INDICATES NEGATIVE NUMBERS.
R  INDICATES RECORD WAS SET OR TIED.
MM INDICATES DATA IS MISSING.
T  INDICATES TRACE AMOUNT.




$$
