000
CDUS43 KDTX 230535
CLIDTW


CLIMATE REPORT
NATIONAL WEATHER SERVICE DETROIT/PONTIAC MI
135 AM EDT WED JUL 23 2014


...................................

...THE DETROIT MI CLIMATE SUMMARY FOR JULY 22 2014...

CLIMATE NORMAL PERIOD 1981 TO 2010
CLIMATE RECORD PERIOD 1874 TO 2014


WEATHER ITEM   OBSERVED TIME   RECORD YEAR NORMAL DEPARTURE LAST
                VALUE   (LST)  VALUE       VALUE  FROM      YEAR
                                                  NORMAL
..................................................................
TEMPERATURE (F)
 YESTERDAY
  MAXIMUM         94    336 PM  96    1940  83     11       81
  MINIMUM         65    536 AM  49    1970  64      1       70
  AVERAGE         80                        74      6       76

PRECIPITATION (IN)
  YESTERDAY        0.00          1.73 1994   0.11  -0.11     0.01
  MONTH TO DATE    1.29                      2.32  -1.03     3.32
  SINCE JUN 1      5.29                      5.84  -0.55     9.33
  SINCE JAN 1     19.96                     18.38   1.58    24.18

SNOWFALL (IN)
  YESTERDAY        0.0           0.0    MM   0.0    0.0      0.0
  MONTH TO DATE    0.0                       0.0    0.0      0.0
  SINCE JUN 1      0.0                       0.0    0.0      0.0
  SINCE JUL 1      0.0                       0.0    0.0      0.0
  SNOW DEPTH       0

DEGREE DAYS
 HEATING
  YESTERDAY        0                         0      0        0
  MONTH TO DATE    3                         0      3        0
  SINCE JUN 1     15                        35    -20       23
  SINCE JUL 1      3                         0      3        0

 COOLING
  YESTERDAY       15                         9      6       11
  MONTH TO DATE  136                       195    -59      267
  SINCE JUN 1    321                       362    -41      437
  SINCE JAN 1    385                       410    -25      540
..................................................................


WIND (MPH)
  HIGHEST WIND SPEED    21   HIGHEST WIND DIRECTION     S (190)
  HIGHEST GUST SPEED    24   HIGHEST GUST DIRECTION    SW (210)
  AVERAGE WIND SPEED     7.7


SKY COVER
  POSSIBLE SUNSHINE  MM
  AVERAGE SKY COVER 0.2


WEATHER CONDITIONS
 THE FOLLOWING WEATHER WAS RECORDED YESTERDAY.
  FOG
  HAZE


RELATIVE HUMIDITY (PERCENT)
 HIGHEST    87           400 AM
 LOWEST     41           400 PM
 AVERAGE    64

..........................................................


THE DETROIT MI CLIMATE NORMALS FOR TODAY
                         NORMAL    RECORD    YEAR
 MAXIMUM TEMPERATURE (F)   83        98      2012
                                             1933
 MINIMUM TEMPERATURE (F)   64        50      1981


SUNRISE AND SUNSET
JULY 23 2014..........SUNRISE   617 AM EDT   SUNSET   902 PM EDT
JULY 24 2014..........SUNRISE   618 AM EDT   SUNSET   901 PM EDT


-  INDICATES NEGATIVE NUMBERS.
R  INDICATES RECORD WAS SET OR TIED.
MM INDICATES DATA IS MISSING.
T  INDICATES TRACE AMOUNT.




$$
